-- Table structure for table `design_change`
--

CREATE TABLE `design_change` (
  `design_change_id` int(11) NOT NULL AUTO_INCREMENT COMMENT 'Design Change ID',
  `store_id` smallint(5) unsigned NOT NULL DEFAULT '0' COMMENT 'Store ID',
  `design` varchar(255) DEFAULT NULL COMMENT 'Design',
  `date_from` date DEFAULT NULL COMMENT 'First Date of Design Activity',
  `date_to` date DEFAULT NULL COMMENT 'Last Date of Design Activity',
  PRIMARY KEY (`design_change_id`),
  KEY `DESIGN_CHANGE_STORE_ID` (`store_id`),
  CONSTRAINT `DESIGN_CHANGE_STORE_ID_STORE_STORE_ID` FOREIGN KEY (`store_id`) REFERENCES `store` (`store_id`) ON DELETE CASCADE
) ENGINE=InnoDB DEFAULT CHARSET=utf8 COMMENT='Design Changes';

--
-- Dumping data for table `design_change`
--


--
-- Table structure for table `design_config_grid_flat`
--

CREATE TABLE `design_config_grid_flat` (
  `entity_id` int(10) unsigned NOT NULL COMMENT 'Entity ID',
  `store_website_id` int(11) DEFAULT NULL COMMENT 'Store_website_id',
  `store_group_id` int(11) DEFAULT NULL COMMENT 'Store_group_id',
  `store_id` int(11) DEFAULT NULL COMMENT 'Store_id',
  `theme_theme_id` varchar(255) DEFAULT NULL COMMENT 'Theme_theme_id',
  PRIMARY KEY (`entity_id`),
  KEY `DESIGN_CONFIG_GRID_FLAT_STORE_WEBSITE_ID` (`store_website_id`),
  KEY `DESIGN_CONFIG_GRID_FLAT_STORE_GROUP_ID` (`store_group_id`),
  KEY `DESIGN_CONFIG_GRID_FLAT_STORE_ID` (`store_id`),
  FULLTEXT KEY `DESIGN_CONFIG_GRID_FLAT_THEME_THEME_ID` (`theme_theme_id`)
) ENGINE=InnoDB DEFAULT CHARSET=utf8 COMMENT='design_config_grid_flat';

--
-- Dumping data for table `design_config_grid_flat`
--

INSERT INTO `design_config_grid_flat` VALUES (0,NULL,NULL,NULL,'3'),(1,1,NULL,NULL,'3'),(2,1,1,1,'3'),(3,2,NULL,NULL,'3'),(4,2,2,2,'3'),(5,3,NULL,NULL,'3'),(6,3,3,3,'3'),(7,4,NULL,NULL,'3'),(8,4,4,4,'3'),(9,5,NULL,NULL,'3'),(10,5,5,5,'3'),(11,6,NULL,NULL,'3'),(12,6,6,6,'3'),(13,7,NULL,NULL,'3'),(14,7,7,7,'3'),(15,8,NULL,NULL,'3'),(16,8,8,8,'3'),(17,9,NULL,NULL,'3'),(18,9,9,9,'3'),(19,10,NULL,NULL,'3'),(20,10,10,10,'3'),(21,11,NULL,NULL,'3'),(22,11,11,11,'3'),(23,12,NULL,NULL,'3'),(24,12,12,12,'3'),(25,13,NULL,NULL,'3'),(26,13,13,13,'3');

--
-- Table structure for table `directory_country`
--

CREATE TABLE `directory_country` (
  `country_id` varchar(2) NOT NULL COMMENT 'Country ID in ISO-2',
  `iso2_code` varchar(2) DEFAULT NULL COMMENT 'Country ISO-2 format',
  `iso3_code` varchar(3) DEFAULT NULL COMMENT 'Country ISO-3',
  PRIMARY KEY (`country_id`)
) ENGINE=InnoDB DEFAULT CHARSET=utf8 COMMENT='Directory Country';

--
-- Dumping data for table `directory_country`
--

INSERT INTO `directory_country` VALUES ('AD','AD','AND'),('AE','AE','ARE'),('AF','AF','AFG'),('AG','AG','ATG'),('AI','AI','AIA'),('AL','AL','ALB'),('AM','AM','ARM'),('AN','AN','ANT'),('AO','AO','AGO'),('AQ','AQ','ATA'),('AR','AR','ARG'),('AS','AS','ASM'),('AT','AT','AUT'),('AU','AU','AUS'),('AW','AW','ABW'),('AX','AX','ALA'),('AZ','AZ','AZE'),('BA','BA','BIH'),('BB','BB','BRB'),('BD','BD','BGD'),('BE','BE','BEL'),('BF','BF','BFA'),('BG','BG','BGR'),('BH','BH','BHR'),('BI','BI','BDI'),('BJ','BJ','BEN'),('BL','BL','BLM'),('BM','BM','BMU'),('BN','BN','BRN'),('BO','BO','BOL'),('BQ','BQ','BES'),('BR','BR','BRA'),('BS','BS','BHS'),('BT','BT','BTN'),('BV','BV','BVT'),('BW','BW','BWA'),('BY','BY','BLR'),('BZ','BZ','BLZ'),('CA','CA','CAN'),('CC','CC','CCK'),('CD','CD','COD'),('CF','CF','CAF'),('CG','CG','COG'),('CH','CH','CHE'),('CI','CI','CIV'),('CK','CK','COK'),('CL','CL','CHL'),('CM','CM','CMR'),('CN','CN','CHN'),('CO','CO','COL'),('CR','CR','CRI'),('CU','CU','CUB'),('CV','CV','CPV'),('CW','CW','CUW'),('CX','CX','CXR'),('CY','CY','CYP'),('CZ','CZ','CZE'),('DE','DE','DEU'),('DJ','DJ','DJI'),('DK','DK','DNK'),('DM','DM','DMA'),('DO','DO','DOM'),('DZ','DZ','DZA'),('EC','EC','ECU'),('EE','EE','EST'),('EG','EG','EGY'),('EH','EH','ESH'),('ER','ER','ERI'),('ES','ES','ESP'),('ET','ET','ETH'),('FI','FI','FIN'),('FJ','FJ','FJI'),('FK','FK','FLK'),('FM','FM','FSM'),('FO','FO','FRO'),('FR','FR','FRA'),('GA','GA','GAB'),('GB','GB','GBR'),('GD','GD','GRD'),('GE','GE','GEO'),('GF','GF','GUF'),('GG','GG','GGY'),('GH','GH','GHA'),('GI','GI','GIB'),('GL','GL','GRL'),('GM','GM','GMB'),('GN','GN','GIN'),('GP','GP','GLP'),('GQ','GQ','GNQ'),('GR','GR','GRC'),('GS','GS','SGS'),('GT','GT','GTM'),('GU','GU','GUM'),('GW','GW','GNB'),('GY','GY','GUY'),('HK','HK','HKG'),('HM','HM','HMD'),('HN','HN','HND'),('HR','HR','HRV'),('HT','HT','HTI'),('HU','HU','HUN'),('ID','ID','IDN'),('IE','IE','IRL'),('IL','IL','ISR'),('IM','IM','IMN'),('IN','IN','IND'),('IO','IO','IOT'),('IQ','IQ','IRQ'),('IR','IR','IRN'),('IS','IS','ISL'),('IT','IT','ITA'),('JE','JE','JEY'),('JM','JM','JAM'),('JO','JO','JOR'),('JP','JP','JPN'),('KE','KE','KEN'),('KG','KG','KGZ'),('KH','KH','KHM'),('KI','KI','KIR'),('KM','KM','COM'),('KN','KN','KNA'),('KP','KP','PRK'),('KR','KR','KOR'),('KW','KW','KWT'),('KY','KY','CYM'),('KZ','KZ','KAZ'),('LA','LA','LAO'),('LB','LB','LBN'),('LC','LC','LCA'),('LI','LI','LIE'),('LK','LK','LKA'),('LR','LR','LBR'),('LS','LS','LSO'),('LT','LT','LTU'),('LU','LU','LUX'),('LV','LV','LVA'),('LY','LY','LBY'),('MA','MA','MAR'),('MC','MC','MCO'),('MD','MD','MDA'),('ME','ME','MNE'),('MF','MF','MAF'),('MG','MG','MDG'),('MH','MH','MHL'),('MK','MK','MKD'),('ML','ML','MLI'),('MM','MM','MMR'),('MN','MN','MNG'),('MO','MO','MAC'),('MP','MP','MNP'),('MQ','MQ','MTQ'),('MR','MR','MRT'),('MS','MS','MSR'),('MT','MT','MLT'),('MU','MU','MUS'),('MV','MV','MDV'),('MW','MW','MWI'),('MX','MX','MEX'),('MY','MY','MYS'),('MZ','MZ','MOZ'),('NA','NA','NAM'),('NC','NC','NCL'),('NE','NE','NER'),('NF','NF','NFK'),('NG','NG','NGA'),('NI','NI','NIC'),('NL','NL','NLD'),('NO','NO','NOR'),('NP','NP','NPL'),('NR','NR','NRU'),('NU','NU','NIU'),('NZ','NZ','NZL'),('OM','OM','OMN'),('PA','PA','PAN'),('PE','PE','PER'),('PF','PF','PYF'),('PG','PG','PNG'),('PH','PH','PHL'),('PK','PK','PAK'),('PL','PL','POL'),('PM','PM','SPM'),('PN','PN','PCN'),('PS','PS','PSE'),('PT','PT','PRT'),('PW','PW','PLW'),('PY','PY','PRY'),('QA','QA','QAT'),('RE','RE','REU'),('RO','RO','ROU'),('RS','RS','SRB'),('RU','RU','RUS'),('RW','RW','RWA'),('SA','SA','SAU'),('SB','SB','SLB'),('SC','SC','SYC'),('SD','SD','SDN'),('SE','SE','SWE'),('SG','SG','SGP'),('SH','SH','SHN'),('SI','SI','SVN'),('SJ','SJ','SJM'),('SK','SK','SVK'),('SL','SL','SLE'),('SM','SM','SMR'),('SN','SN','SEN'),('SO','SO','SOM'),('SR','SR','SUR'),('ST','ST','STP'),('SV','SV','SLV'),('SX','SX','SXM'),('SY','SY','SYR'),('SZ','SZ','SWZ'),('TC','TC','TCA'),('TD','TD','TCD'),('TF','TF','ATF'),('TG','TG','TGO'),('TH','TH','THA'),('TJ','TJ','TJK'),('TK','TK','TKL'),('TL','TL','TLS'),('TM','TM','TKM'),('TN','TN','TUN'),('TO','TO','TON'),('TR','TR','TUR'),('TT','TT','TTO'),('TV','TV','TUV'),('TW','TW','TWN'),('TZ','TZ','TZA'),('UA','UA','UKR'),('UG','UG','UGA'),('UM','UM','UMI'),('US','US','USA'),('UY','UY','URY'),('UZ','UZ','UZB'),('VA','VA','VAT'),('VC','VC','VCT'),('VE','VE','VEN'),('VG','VG','VGB'),('VI','VI','VIR'),('VN','VN','VNM'),('VU','VU','VUT'),('WF','WF','WLF'),('WS','WS','WSM'),('XK','XK','XKX'),('YE','YE','YEM'),('YT','YT','MYT'),('ZA','ZA','ZAF'),('ZM','ZM','ZMB'),('ZW','ZW','ZWE');

--
-- Table structure for table `directory_country_format`
--

CREATE TABLE `directory_country_format` (
  `country_format_id` int(10) unsigned NOT NULL AUTO_INCREMENT COMMENT 'Country Format ID',
  `country_id` varchar(2) DEFAULT NULL COMMENT 'Country ID in ISO-2',
  `type` varchar(30) DEFAULT NULL COMMENT 'Country Format Type',
  `format` text NOT NULL COMMENT 'Country Format',
  PRIMARY KEY (`country_format_id`),
  UNIQUE KEY `DIRECTORY_COUNTRY_FORMAT_COUNTRY_ID_TYPE` (`country_id`,`type`)
) ENGINE=InnoDB DEFAULT CHARSET=utf8 COMMENT='Directory Country Format';

--
-- Dumping data for table `directory_country_format`
--


--
-- Table structure for table `directory_country_region`
--

CREATE TABLE `directory_country_region` (
  `region_id` int(10) unsigned NOT NULL AUTO_INCREMENT COMMENT 'Region ID',
  `country_id` varchar(4) NOT NULL DEFAULT '0' COMMENT 'Country ID in ISO-2',
  `code` varchar(32) DEFAULT NULL COMMENT 'Region code',
  `default_name` varchar(255) DEFAULT NULL COMMENT 'Region Name',
  PRIMARY KEY (`region_id`),
  KEY `DIRECTORY_COUNTRY_REGION_COUNTRY_ID` (`country_id`)
) ENGINE=InnoDB AUTO_INCREMENT=1101 DEFAULT CHARSET=utf8 COMMENT='Directory Country Region';

--
-- Dumping data for table `directory_country_region`
--

INSERT INTO `directory_country_region` VALUES (1,'US','AL','Alabama'),(2,'US','AK','Alaska'),(3,'US','AS','American Samoa'),(4,'US','AZ','Arizona'),(5,'US','AR','Arkansas'),(6,'US','AE','Armed Forces Africa'),(7,'US','AA','Armed Forces Americas'),(8,'US','AE','Armed Forces Canada'),(9,'US','AE','Armed Forces Europe'),(10,'US','AE','Armed Forces Middle East'),(11,'US','AP','Armed Forces Pacific'),(12,'US','CA','California'),(13,'US','CO','Colorado'),(14,'US','CT','Connecticut'),(15,'US','DE','Delaware'),(16,'US','DC','District of Columbia'),(17,'US','FM','Federated States Of Micronesia'),(18,'US','FL','Florida'),(19,'US','GA','Georgia'),(20,'US','GU','Guam'),(21,'US','HI','Hawaii'),(22,'US','ID','Idaho'),(23,'US','IL','Illinois'),(24,'US','IN','Indiana'),(25,'US','IA','Iowa'),(26,'US','KS','Kansas'),(27,'US','KY','Kentucky'),(28,'US','LA','Louisiana'),(29,'US','ME','Maine'),(30,'US','MH','Marshall Islands'),(31,'US','MD','Maryland'),(32,'US','MA','Massachusetts'),(33,'US','MI','Michigan'),(34,'US','MN','Minnesota'),(35,'US','MS','Mississippi'),(36,'US','MO','Missouri'),(37,'US','MT','Montana'),(38,'US','NE','Nebraska'),(39,'US','NV','Nevada'),(40,'US','NH','New Hampshire'),(41,'US','NJ','New Jersey'),(42,'US','NM','New Mexico'),(43,'US','NY','New York'),(44,'US','NC','North Carolina'),(45,'US','ND','North Dakota'),(46,'US','MP','Northern Mariana Islands'),(47,'US','OH','Ohio'),(48,'US','OK','Oklahoma'),(49,'US','OR','Oregon'),(50,'US','PW','Palau'),(51,'US','PA','Pennsylvania'),(52,'US','PR','Puerto Rico'),(53,'US','RI','Rhode Island'),(54,'US','SC','South Carolina'),(55,'US','SD','South Dakota'),(56,'US','TN','Tennessee'),(57,'US','TX','Texas'),(58,'US','UT','Utah'),(59,'US','VT','Vermont'),(60,'US','VI','Virgin Islands'),(61,'US','VA','Virginia'),(62,'US','WA','Washington'),(63,'US','WV','West Virginia'),(64,'US','WI','Wisconsin'),(65,'US','WY','Wyoming'),(66,'CA','AB','Alberta'),(67,'CA','BC','British Columbia'),(68,'CA','MB','Manitoba'),(69,'CA','NL','Newfoundland and Labrador'),(70,'CA','NB','New Brunswick'),(71,'CA','NS','Nova Scotia'),(72,'CA','NT','Northwest Territories'),(73,'CA','NU','Nunavut'),(74,'CA','ON','Ontario'),(75,'CA','PE','Prince Edward Island'),(76,'CA','QC','Quebec'),(77,'CA','SK','Saskatchewan'),(78,'CA','YT','Yukon Territory'),(79,'DE','NDS','Niedersachsen'),(80,'DE','BAW','Baden-Württemberg'),(81,'DE','BAY','Bayern'),(82,'DE','BER','Berlin'),(83,'DE','BRG','Brandenburg'),(84,'DE','BRE','Bremen'),(85,'DE','HAM','Hamburg'),(86,'DE','HES','Hessen'),(87,'DE','MEC','Mecklenburg-Vorpommern'),(88,'DE','NRW','Nordrhein-Westfalen'),(89,'DE','RHE','Rheinland-Pfalz'),(90,'DE','SAR','Saarland'),(91,'DE','SAS','Sachsen'),(92,'DE','SAC','Sachsen-Anhalt'),(93,'DE','SCN','Schleswig-Holstein'),(94,'DE','THE','Thüringen'),(95,'AT','WI','Wien'),(96,'AT','NO','Niederösterreich'),(97,'AT','OO','Oberösterreich'),(98,'AT','SB','Salzburg'),(99,'AT','KN','Kärnten'),(100,'AT','ST','Steiermark'),(101,'AT','TI','Tirol'),(102,'AT','BL','Burgenland'),(103,'AT','VB','Vorarlberg'),(104,'CH','AG','Aargau'),(105,'CH','AI','Appenzell Innerrhoden'),(106,'CH','AR','Appenzell Ausserrhoden'),(107,'CH','BE','Bern'),(108,'CH','BL','Basel-Landschaft'),(109,'CH','BS','Basel-Stadt'),(110,'CH','FR','Freiburg'),(111,'CH','GE','Genf'),(112,'CH','GL','Glarus'),(113,'CH','GR','Graubünden'),(114,'CH','JU','Jura'),(115,'CH','LU','Luzern'),(116,'CH','NE','Neuenburg'),(117,'CH','NW','Nidwalden'),(118,'CH','OW','Obwalden'),(119,'CH','SG','St. Gallen'),(120,'CH','SH','Schaffhausen'),(121,'CH','SO','Solothurn'),(122,'CH','SZ','Schwyz'),(123,'CH','TG','Thurgau'),(124,'CH','TI','Tessin'),(125,'CH','UR','Uri'),(126,'CH','VD','Waadt'),(127,'CH','VS','Wallis'),(128,'CH','ZG','Zug'),(129,'CH','ZH','Zürich'),(130,'ES','A Coruсa','A Coruña'),(131,'ES','Alava','Alava'),(132,'ES','Albacete','Albacete'),(133,'ES','Alicante','Alicante'),(134,'ES','Almeria','Almeria'),(135,'ES','Asturias','Asturias'),(136,'ES','Avila','Avila'),(137,'ES','Badajoz','Badajoz'),(138,'ES','Baleares','Baleares'),(139,'ES','Barcelona','Barcelona'),(140,'ES','Burgos','Burgos'),(141,'ES','Caceres','Caceres'),(142,'ES','Cadiz','Cadiz'),(143,'ES','Cantabria','Cantabria'),(144,'ES','Castellon','Castellon'),(145,'ES','Ceuta','Ceuta'),(146,'ES','Ciudad Real','Ciudad Real'),(147,'ES','Cordoba','Cordoba'),(148,'ES','Cuenca','Cuenca'),(149,'ES','Girona','Girona'),(150,'ES','Granada','Granada'),(151,'ES','Guadalajara','Guadalajara'),(152,'ES','Guipuzcoa','Guipuzcoa'),(153,'ES','Huelva','Huelva'),(154,'ES','Huesca','Huesca'),(155,'ES','Jaen','Jaen'),(156,'ES','La Rioja','La Rioja'),(157,'ES','Las Palmas','Las Palmas'),(158,'ES','Leon','Leon'),(159,'ES','Lleida','Lleida'),(160,'ES','Lugo','Lugo'),(161,'ES','Madrid','Madrid'),(162,'ES','Malaga','Malaga'),(163,'ES','Melilla','Melilla'),(164,'ES','Murcia','Murcia'),(165,'ES','Navarra','Navarra'),(166,'ES','Ourense','Ourense'),(167,'ES','Palencia','Palencia'),(168,'ES','Pontevedra','Pontevedra'),(169,'ES','Salamanca','Salamanca'),(170,'ES','Santa Cruz de Tenerife','Santa Cruz de Tenerife'),(171,'ES','Segovia','Segovia'),(172,'ES','Sevilla','Sevilla'),(173,'ES','Soria','Soria'),(174,'ES','Tarragona','Tarragona'),(175,'ES','Teruel','Teruel'),(176,'ES','Toledo','Toledo'),(177,'ES','Valencia','Valencia'),(178,'ES','Valladolid','Valladolid'),(179,'ES','Vizcaya','Vizcaya'),(180,'ES','Zamora','Zamora'),(181,'ES','Zaragoza','Zaragoza'),(182,'FR','1','Ain'),(183,'FR','2','Aisne'),(184,'FR','3','Allier'),(185,'FR','4','Alpes-de-Haute-Provence'),(186,'FR','5','Hautes-Alpes'),(187,'FR','6','Alpes-Maritimes'),(188,'FR','7','Ardèche'),(189,'FR','8','Ardennes'),(190,'FR','9','Ariège'),(191,'FR','10','Aube'),(192,'FR','11','Aude'),(193,'FR','12','Aveyron'),(194,'FR','13','Bouches-du-Rhône'),(195,'FR','14','Calvados'),(196,'FR','15','Cantal'),(197,'FR','16','Charente'),(198,'FR','17','Charente-Maritime'),(199,'FR','18','Cher'),(200,'FR','19','Corrèze'),(201,'FR','2A','Corse-du-Sud'),(202,'FR','2B','Haute-Corse'),(203,'FR','21','Côte-d\'Or'),(204,'FR','22','Côtes-d\'Armor'),(205,'FR','23','Creuse'),(206,'FR','24','Dordogne'),(207,'FR','25','Doubs'),(208,'FR','26','Drôme'),(209,'FR','27','Eure'),(210,'FR','28','Eure-et-Loir'),(211,'FR','29','Finistère'),(212,'FR','30','Gard'),(213,'FR','31','Haute-Garonne'),(214,'FR','32','Gers'),(215,'FR','33','Gironde'),(216,'FR','34','Hérault'),(217,'FR','35','Ille-et-Vilaine'),(218,'FR','36','Indre'),(219,'FR','37','Indre-et-Loire'),(220,'FR','38','Isère'),(221,'FR','39','Jura'),(222,'FR','40','Landes'),(223,'FR','41','Loir-et-Cher'),(224,'FR','42','Loire'),(225,'FR','43','Haute-Loire'),(226,'FR','44','Loire-Atlantique'),(227,'FR','45','Loiret'),(228,'FR','46','Lot'),(229,'FR','47','Lot-et-Garonne'),(230,'FR','48','Lozère'),(231,'FR','49','Maine-et-Loire'),(232,'FR','50','Manche'),(233,'FR','51','Marne'),(234,'FR','52','Haute-Marne'),(235,'FR','53','Mayenne'),(236,'FR','54','Meurthe-et-Moselle'),(237,'FR','55','Meuse'),(238,'FR','56','Morbihan'),(239,'FR','57','Moselle'),(240,'FR','58','Nièvre'),(241,'FR','59','Nord'),(242,'FR','60','Oise'),(243,'FR','61','Orne'),(244,'FR','62','Pas-de-Calais'),(245,'FR','63','Puy-de-Dôme'),(246,'FR','64','Pyrénées-Atlantiques'),(247,'FR','65','Hautes-Pyrénées'),(248,'FR','66','Pyrénées-Orientales'),(249,'FR','67','Bas-Rhin'),(250,'FR','68','Haut-Rhin'),(251,'FR','69','Rhône'),(252,'FR','70','Haute-Saône'),(253,'FR','71','Saône-et-Loire'),(254,'FR','72','Sarthe'),(255,'FR','73','Savoie'),(256,'FR','74','Haute-Savoie'),(257,'FR','75','Paris'),(258,'FR','76','Seine-Maritime'),(259,'FR','77','Seine-et-Marne'),(260,'FR','78','Yvelines'),(261,'FR','79','Deux-Sèvres'),(262,'FR','80','Somme'),(263,'FR','81','Tarn'),(264,'FR','82','Tarn-et-Garonne'),(265,'FR','83','Var'),(266,'FR','84','Vaucluse'),(267,'FR','85','Vendée'),(268,'FR','86','Vienne'),(269,'FR','87','Haute-Vienne'),(270,'FR','88','Vosges'),(271,'FR','89','Yonne'),(272,'FR','90','Territoire-de-Belfort'),(273,'FR','91','Essonne'),(274,'FR','92','Hauts-de-Seine'),(275,'FR','93','Seine-Saint-Denis'),(276,'FR','94','Val-de-Marne'),(277,'FR','95','Val-d\'Oise'),(278,'RO','AB','Alba'),(279,'RO','AR','Arad'),(280,'RO','AG','Argeş'),(281,'RO','BC','Bacău'),(282,'RO','BH','Bihor'),(283,'RO','BN','Bistriţa-Năsăud'),(284,'RO','BT','Botoşani'),(285,'RO','BV','Braşov'),(286,'RO','BR','Brăila'),(287,'RO','B','Bucureşti'),(288,'RO','BZ','Buzău'),(289,'RO','CS','Caraş-Severin'),(290,'RO','CL','Călăraşi'),(291,'RO','CJ','Cluj'),(292,'RO','CT','Constanţa'),(293,'RO','CV','Covasna'),(294,'RO','DB','Dâmboviţa'),(295,'RO','DJ','Dolj'),(296,'RO','GL','Galaţi'),(297,'RO','GR','Giurgiu'),(298,'RO','GJ','Gorj'),(299,'RO','HR','Harghita'),(300,'RO','HD','Hunedoara'),(301,'RO','IL','Ialomiţa'),(302,'RO','IS','Iaşi'),(303,'RO','IF','Ilfov'),(304,'RO','MM','Maramureş'),(305,'RO','MH','Mehedinţi'),(306,'RO','MS','Mureş'),(307,'RO','NT','Neamţ'),(308,'RO','OT','Olt'),(309,'RO','PH','Prahova'),(310,'RO','SM','Satu-Mare'),(311,'RO','SJ','Sălaj'),(312,'RO','SB','Sibiu'),(313,'RO','SV','Suceava'),(314,'RO','TR','Teleorman'),(315,'RO','TM','Timiş'),(316,'RO','TL','Tulcea'),(317,'RO','VS','Vaslui'),(318,'RO','VL','Vâlcea'),(319,'RO','VN','Vrancea'),(320,'FI','Lappi','Lappi'),(321,'FI','Pohjois-Pohjanmaa','Pohjois-Pohjanmaa'),(322,'FI','Kainuu','Kainuu'),(323,'FI','Pohjois-Karjala','Pohjois-Karjala'),(324,'FI','Pohjois-Savo','Pohjois-Savo'),(325,'FI','Etelä-Savo','Etelä-Savo'),(326,'FI','Etelä-Pohjanmaa','Etelä-Pohjanmaa'),(327,'FI','Pohjanmaa','Pohjanmaa'),(328,'FI','Pirkanmaa','Pirkanmaa'),(329,'FI','Satakunta','Satakunta'),(330,'FI','Keski-Pohjanmaa','Keski-Pohjanmaa'),(331,'FI','Keski-Suomi','Keski-Suomi'),(332,'FI','Varsinais-Suomi','Varsinais-Suomi'),(333,'FI','Etelä-Karjala','Etelä-Karjala'),(334,'FI','Päijät-Häme','Päijät-Häme'),(335,'FI','Kanta-Häme','Kanta-Häme'),(336,'FI','Uusimaa','Uusimaa'),(337,'FI','Itä-Uusimaa','Itä-Uusimaa'),(338,'FI','Kymenlaakso','Kymenlaakso'),(339,'FI','Ahvenanmaa','Ahvenanmaa'),(340,'EE','EE-37','Harjumaa'),(341,'EE','EE-39','Hiiumaa'),(342,'EE','EE-44','Ida-Virumaa'),(343,'EE','EE-49','Jõgevamaa'),(344,'EE','EE-51','Järvamaa'),(345,'EE','EE-57','Läänemaa'),(346,'EE','EE-59','Lääne-Virumaa'),(347,'EE','EE-65','Põlvamaa'),(348,'EE','EE-67','Pärnumaa'),(349,'EE','EE-70','Raplamaa'),(350,'EE','EE-74','Saaremaa'),(351,'EE','EE-78','Tartumaa'),(352,'EE','EE-82','Valgamaa'),(353,'EE','EE-84','Viljandimaa'),(354,'EE','EE-86','Võrumaa'),(355,'LV','LV-DGV','Daugavpils'),(356,'LV','LV-JEL','Jelgava'),(357,'LV','Jēkabpils','Jēkabpils'),(358,'LV','LV-JUR','Jūrmala'),(359,'LV','LV-LPX','Liepāja'),(360,'LV','LV-LE','Liepājas novads'),(361,'LV','LV-REZ','Rēzekne'),(362,'LV','LV-RIX','Rīga'),(363,'LV','LV-RI','Rīgas novads'),(364,'LV','Valmiera','Valmiera'),(365,'LV','LV-VEN','Ventspils'),(366,'LV','Aglonas novads','Aglonas novads'),(367,'LV','LV-AI','Aizkraukles novads'),(368,'LV','Aizputes novads','Aizputes novads'),(369,'LV','Aknīstes novads','Aknīstes novads'),(370,'LV','Alojas novads','Alojas novads'),(371,'LV','Alsungas novads','Alsungas novads'),(372,'LV','LV-AL','Alūksnes novads'),(373,'LV','Amatas novads','Amatas novads'),(374,'LV','Apes novads','Apes novads'),(375,'LV','Auces novads','Auces novads'),(376,'LV','Babītes novads','Babītes novads'),(377,'LV','Baldones novads','Baldones novads'),(378,'LV','Baltinavas novads','Baltinavas novads'),(379,'LV','LV-BL','Balvu novads'),(380,'LV','LV-BU','Bauskas novads'),(381,'LV','Beverīnas novads','Beverīnas novads'),(382,'LV','Brocēnu novads','Brocēnu novads'),(383,'LV','Burtnieku novads','Burtnieku novads'),(384,'LV','Carnikavas novads','Carnikavas novads'),(385,'LV','Cesvaines novads','Cesvaines novads'),(386,'LV','Ciblas novads','Ciblas novads'),(387,'LV','LV-CE','Cēsu novads'),(388,'LV','Dagdas novads','Dagdas novads'),(389,'LV','LV-DA','Daugavpils novads'),(390,'LV','LV-DO','Dobeles novads'),(391,'LV','Dundagas novads','Dundagas novads'),(392,'LV','Durbes novads','Durbes novads'),(393,'LV','Engures novads','Engures novads'),(394,'LV','Garkalnes novads','Garkalnes novads'),(395,'LV','Grobiņas novads','Grobiņas novads'),(396,'LV','LV-GU','Gulbenes novads'),(397,'LV','Iecavas novads','Iecavas novads'),(398,'LV','Ikšķiles novads','Ikšķiles novads'),(399,'LV','Ilūkstes novads','Ilūkstes novads'),(400,'LV','Inčukalna novads','Inčukalna novads'),(401,'LV','Jaunjelgavas novads','Jaunjelgavas novads'),(402,'LV','Jaunpiebalgas novads','Jaunpiebalgas novads'),(403,'LV','Jaunpils novads','Jaunpils novads'),(404,'LV','LV-JL','Jelgavas novads'),(405,'LV','LV-JK','Jēkabpils novads'),(406,'LV','Kandavas novads','Kandavas novads'),(407,'LV','Kokneses novads','Kokneses novads'),(408,'LV','Krimuldas novads','Krimuldas novads'),(409,'LV','Krustpils novads','Krustpils novads'),(410,'LV','LV-KR','Krāslavas novads'),(411,'LV','LV-KU','Kuldīgas novads'),(412,'LV','Kārsavas novads','Kārsavas novads'),(413,'LV','Lielvārdes novads','Lielvārdes novads'),(414,'LV','LV-LM','Limbažu novads'),(415,'LV','Lubānas novads','Lubānas novads'),(416,'LV','LV-LU','Ludzas novads'),(417,'LV','Līgatnes novads','Līgatnes novads'),(418,'LV','Līvānu novads','Līvānu novads'),(419,'LV','LV-MA','Madonas novads'),(420,'LV','Mazsalacas novads','Mazsalacas novads'),(421,'LV','Mālpils novads','Mālpils novads'),(422,'LV','Mārupes novads','Mārupes novads'),(423,'LV','Naukšēnu novads','Naukšēnu novads'),(424,'LV','Neretas novads','Neretas novads'),(425,'LV','Nīcas novads','Nīcas novads'),(426,'LV','LV-OG','Ogres novads'),(427,'LV','Olaines novads','Olaines novads'),(428,'LV','Ozolnieku novads','Ozolnieku novads'),(429,'LV','LV-PR','Preiļu novads'),(430,'LV','Priekules novads','Priekules novads'),(431,'LV','Priekuļu novads','Priekuļu novads'),(432,'LV','Pārgaujas novads','Pārgaujas novads'),(433,'LV','Pāvilostas novads','Pāvilostas novads'),(434,'LV','Pļaviņu novads','Pļaviņu novads'),(435,'LV','Raunas novads','Raunas novads'),(436,'LV','Riebiņu novads','Riebiņu novads'),(437,'LV','Rojas novads','Rojas novads'),(438,'LV','Ropažu novads','Ropažu novads'),(439,'LV','Rucavas novads','Rucavas novads'),(440,'LV','Rugāju novads','Rugāju novads'),(441,'LV','Rundāles novads','Rundāles novads'),(442,'LV','LV-RE','Rēzeknes novads'),(443,'LV','Rūjienas novads','Rūjienas novads'),(444,'LV','Salacgrīvas novads','Salacgrīvas novads'),(445,'LV','Salas novads','Salas novads'),(446,'LV','Salaspils novads','Salaspils novads'),(447,'LV','LV-SA','Saldus novads'),(448,'LV','Saulkrastu novads','Saulkrastu novads'),(449,'LV','Siguldas novads','Siguldas novads'),(450,'LV','Skrundas novads','Skrundas novads'),(451,'LV','Skrīveru novads','Skrīveru novads'),(452,'LV','Smiltenes novads','Smiltenes novads'),(453,'LV','Stopiņu novads','Stopiņu novads'),(454,'LV','Strenču novads','Strenču novads'),(455,'LV','Sējas novads','Sējas novads'),(456,'LV','LV-TA','Talsu novads'),(457,'LV','LV-TU','Tukuma novads'),(458,'LV','Tērvetes novads','Tērvetes novads'),(459,'LV','Vaiņodes novads','Vaiņodes novads'),(460,'LV','LV-VK','Valkas novads'),(461,'LV','LV-VM','Valmieras novads'),(462,'LV','Varakļānu novads','Varakļānu novads'),(463,'LV','Vecpiebalgas novads','Vecpiebalgas novads'),(464,'LV','Vecumnieku novads','Vecumnieku novads'),(465,'LV','LV-VE','Ventspils novads'),(466,'LV','Viesītes novads','Viesītes novads'),(467,'LV','Viļakas novads','Viļakas novads'),(468,'LV','Viļānu novads','Viļānu novads'),(469,'LV','Vārkavas novads','Vārkavas novads'),(470,'LV','Zilupes novads','Zilupes novads'),(471,'LV','Ādažu novads','Ādažu novads'),(472,'LV','Ērgļu novads','Ērgļu novads'),(473,'LV','Ķeguma novads','Ķeguma novads'),(474,'LV','Ķekavas novads','Ķekavas novads'),(475,'LT','LT-AL','Alytaus Apskritis'),(476,'LT','LT-KU','Kauno Apskritis'),(477,'LT','LT-KL','Klaipėdos Apskritis'),(478,'LT','LT-MR','Marijampolės Apskritis'),(479,'LT','LT-PN','Panevėžio Apskritis'),(480,'LT','LT-SA','Šiaulių Apskritis'),(481,'LT','LT-TA','Tauragės Apskritis'),(482,'LT','LT-TE','Telšių Apskritis'),(483,'LT','LT-UT','Utenos Apskritis'),(484,'LT','LT-VL','Vilniaus Apskritis'),(485,'BR','AC','Acre'),(486,'BR','AL','Alagoas'),(487,'BR','AP','Amapá'),(488,'BR','AM','Amazonas'),(489,'BR','BA','Bahia'),(490,'BR','CE','Ceará'),(491,'BR','ES','Espírito Santo'),(492,'BR','GO','Goiás'),(493,'BR','MA','Maranhão'),(494,'BR','MT','Mato Grosso'),(495,'BR','MS','Mato Grosso do Sul'),(496,'BR','MG','Minas Gerais'),(497,'BR','PA','Pará'),(498,'BR','PB','Paraíba'),(499,'BR','PR','Paraná'),(500,'BR','PE','Pernambuco'),(501,'BR','PI','Piauí'),(502,'BR','RJ','Rio de Janeiro'),(503,'BR','RN','Rio Grande do Norte'),(504,'BR','RS','Rio Grande do Sul'),(505,'BR','RO','Rondônia'),(506,'BR','RR','Roraima'),(507,'BR','SC','Santa Catarina'),(508,'BR','SP','São Paulo'),(509,'BR','SE','Sergipe'),(510,'BR','TO','Tocantins'),(511,'BR','DF','Distrito Federal'),(512,'AL','AL-01','Berat'),(513,'AL','AL-09','Dibër'),(514,'AL','AL-02','Durrës'),(515,'AL','AL-03','Elbasan'),(516,'AL','AL-04','Fier'),(517,'AL','AL-05','Gjirokastër'),(518,'AL','AL-06','Korçë'),(519,'AL','AL-07','Kukës'),(520,'AL','AL-08','Lezhë'),(521,'AL','AL-10','Shkodër'),(522,'AL','AL-11','Tiranë'),(523,'AL','AL-12','Vlorë'),(524,'AR','AR-C','Ciudad Autónoma de Buenos Aires'),(525,'AR','AR-B','Buenos Aires'),(526,'AR','AR-K','Catamarca'),(527,'AR','AR-H','Chaco'),(528,'AR','AR-U','Chubut'),(529,'AR','AR-X','Córdoba'),(530,'AR','AR-W','Corrientes'),(531,'AR','AR-E','Entre Ríos'),(532,'AR','AR-P','Formosa'),(533,'AR','AR-Y','Jujuy'),(534,'AR','AR-L','La Pampa'),(535,'AR','AR-F','La Rioja'),(536,'AR','AR-M','Mendoza'),(537,'AR','AR-N','Misiones'),(538,'AR','AR-Q','Neuquén'),(539,'AR','AR-R','Río Negro'),(540,'AR','AR-A','Salta'),(541,'AR','AR-J','San Juan'),(542,'AR','AR-D','San Luis'),(543,'AR','AR-Z','Santa Cruz'),(544,'AR','AR-S','Santa Fe'),(545,'AR','AR-G','Santiago del Estero'),(546,'AR','AR-V','Tierra del Fuego'),(547,'AR','AR-T','Tucumán'),(548,'HR','HR-01','Zagrebačka županija'),(549,'HR','HR-02','Krapinsko-zagorska županija'),(550,'HR','HR-03','Sisačko-moslavačka županija'),(551,'HR','HR-04','Karlovačka županija'),(552,'HR','HR-05','Varaždinska županija'),(553,'HR','HR-06','Koprivničko-križevačka županija'),(554,'HR','HR-07','Bjelovarsko-bilogorska županija'),(555,'HR','HR-08','Primorsko-goranska županija'),(556,'HR','HR-09','Ličko-senjska županija'),(557,'HR','HR-10','Virovitičko-podravska županija'),(558,'HR','HR-11','Požeško-slavonska županija'),(559,'HR','HR-12','Brodsko-posavska županija'),(560,'HR','HR-13','Zadarska županija'),(561,'HR','HR-14','Osječko-baranjska županija'),(562,'HR','HR-15','Šibensko-kninska županija'),(563,'HR','HR-16','Vukovarsko-srijemska županija'),(564,'HR','HR-17','Splitsko-dalmatinska županija'),(565,'HR','HR-18','Istarska županija'),(566,'HR','HR-19','Dubrovačko-neretvanska županija'),(567,'HR','HR-20','Međimurska županija'),(568,'HR','HR-21','Grad Zagreb'),(569,'IN','AN','Andaman and Nicobar Islands'),(570,'IN','AP','Andhra Pradesh'),(571,'IN','AR','Arunachal Pradesh'),(572,'IN','AS','Assam'),(573,'IN','BR','Bihar'),(574,'IN','CH','Chandigarh'),(575,'IN','CT','Chhattisgarh'),(576,'IN','DN','Dadra and Nagar Haveli'),(577,'IN','DD','Daman and Diu'),(578,'IN','DL','Delhi'),(579,'IN','GA','Goa'),(580,'IN','GJ','Gujarat'),(581,'IN','HR','Haryana'),(582,'IN','HP','Himachal Pradesh'),(583,'IN','JK','Jammu and Kashmir'),(584,'IN','JH','Jharkhand'),(585,'IN','KA','Karnataka'),(586,'IN','KL','Kerala'),(587,'IN','LD','Lakshadweep'),(588,'IN','MP','Madhya Pradesh'),(589,'IN','MH','Maharashtra'),(590,'IN','MN','Manipur'),(591,'IN','ML','Meghalaya'),(592,'IN','MZ','Mizoram'),(593,'IN','NL','Nagaland'),(594,'IN','OR','Odisha'),(595,'IN','PY','Puducherry'),(596,'IN','PB','Punjab'),(597,'IN','RJ','Rajasthan'),(598,'IN','SK','Sikkim'),(599,'IN','TN','Tamil Nadu'),(600,'IN','TG','Telangana'),(601,'IN','TR','Tripura'),(602,'IN','UP','Uttar Pradesh'),(603,'IN','UT','Uttarakhand'),(604,'IN','WB','West Bengal'),(605,'AU','ACT','Australian Capital Territory'),(606,'AU','NSW','New South Wales'),(607,'AU','VIC','Victoria'),(608,'AU','QLD','Queensland'),(609,'AU','SA','South Australia'),(610,'AU','TAS','Tasmania'),(611,'AU','WA','Western Australia'),(612,'AU','NT','Northern Territory'),(613,'BE','VAN','Antwerpen'),(614,'BE','WBR','Brabant wallon'),(615,'BE','BRU','Brussels-Capital Region'),(616,'BE','WHT','Hainaut'),(617,'BE','VLI','Limburg'),(618,'BE','WLG','Liège'),(619,'BE','WLX','Luxembourg'),(620,'BE','WNA','Namur'),(621,'BE','VOV','Oost-Vlaanderen'),(622,'BE','VBR','Vlaams-Brabant'),(623,'BE','VWV','West-Vlaanderen'),(624,'BO','BO-C','Cochabamba'),(625,'BO','BO-H','Chuquisaca'),(626,'BO','BO-B','El Beni'),(627,'BO','BO-L','La Paz'),(628,'BO','BO-O','Oruro'),(629,'BO','BO-N','Pando'),(630,'BO','BO-P','Potosí'),(631,'BO','BO-S','Santa Cruz'),(632,'BO','BO-T','Tarija'),(633,'BG','BG-01','Blagoevgrad'),(634,'BG','BG-02','Burgas'),(635,'BG','BG-03','Varna'),(636,'BG','BG-04','Veliko Tarnovo'),(637,'BG','BG-05','Vidin'),(638,'BG','BG-06','Vratsa'),(639,'BG','BG-07','Gabrovo'),(640,'BG','BG-08','Dobrich'),(641,'BG','BG-09','Kardzhali'),(642,'BG','BG-10','Kyustendil'),(643,'BG','BG-11','Lovech'),(644,'BG','BG-12','Montana'),(645,'BG','BG-13','Pazardzhik'),(646,'BG','BG-14','Pernik'),(647,'BG','BG-15','Pleven'),(648,'BG','BG-16','Plovdiv'),(649,'BG','BG-17','Razgrad'),(650,'BG','BG-18','Ruse'),(651,'BG','BG-19','Silistra'),(652,'BG','BG-20','Sliven'),(653,'BG','BG-21','Smolyan'),(654,'BG','BG-22','Sofia City'),(655,'BG','BG-23','Sofia Province'),(656,'BG','BG-24','Stara Zagora'),(657,'BG','BG-25','Targovishte'),(658,'BG','BG-26','Haskovo'),(659,'BG','BG-27','Shumen'),(660,'BG','BG-28','Yambol'),(661,'CL','CL-AI','Aisén del General Carlos Ibañez del Campo'),(662,'CL','CL-AN','Antofagasta'),(663,'CL','CL-AP','Arica y Parinacota'),(664,'CL','CL-AR','La Araucanía'),(665,'CL','CL-AT','Atacama'),(666,'CL','CL-BI','Biobío'),(667,'CL','CL-CO','Coquimbo'),(668,'CL','CL-LI','Libertador General Bernardo O\'Higgins'),(669,'CL','CL-LL','Los Lagos'),(670,'CL','CL-LR','Los Ríos'),(671,'CL','CL-MA','Magallanes'),(672,'CL','CL-ML','Maule'),(673,'CL','CL-NB','Ñuble'),(674,'CL','CL-RM','Región Metropolitana de Santiago'),(675,'CL','CL-TA','Tarapacá'),(676,'CL','CL-VS','Valparaíso'),(677,'CN','CN-AH','Anhui Sheng'),(678,'CN','CN-BJ','Beijing Shi'),(679,'CN','CN-CQ','Chongqing Shi'),(680,'CN','CN-FJ','Fujian Sheng'),(681,'CN','CN-GS','Gansu Sheng'),(682,'CN','CN-GD','Guangdong Sheng'),(683,'CN','CN-GX','Guangxi Zhuangzu Zizhiqu'),(684,'CN','CN-GZ','Guizhou Sheng'),(685,'CN','CN-HI','Hainan Sheng'),(686,'CN','CN-HE','Hebei Sheng'),(687,'CN','CN-HL','Heilongjiang Sheng'),(688,'CN','CN-HA','Henan Sheng'),(689,'CN','CN-HK','Hong Kong SAR'),(690,'CN','CN-HB','Hubei Sheng'),(691,'CN','CN-HN','Hunan Sheng'),(692,'CN','CN-JS','Jiangsu Sheng'),(693,'CN','CN-JX','Jiangxi Sheng'),(694,'CN','CN-JL','Jilin Sheng'),(695,'CN','CN-LN','Liaoning Sheng'),(696,'CN','CN-MO','Macao SAR'),(697,'CN','CN-NM','Nei Mongol Zizhiqu'),(698,'CN','CN-NX','Ningxia Huizi Zizhiqu'),(699,'CN','CN-QH','Qinghai Sheng'),(700,'CN','CN-SN','Shaanxi Sheng'),(701,'CN','CN-SD','Shandong Sheng'),(702,'CN','CN-SH','Shanghai Shi'),(703,'CN','CN-SX','Shanxi Sheng'),(704,'CN','CN-SC','Sichuan Sheng'),(705,'CN','CN-TW','Taiwan Sheng'),(706,'CN','CN-TJ','Tianjin Shi'),(707,'CN','CN-XJ','Xinjiang Uygur Zizhiqu'),(708,'CN','CN-XZ','Xizang Zizhiqu'),(709,'CN','CN-YN','Yunnan Sheng'),(710,'CN','CN-ZJ','Zhejiang Sheng'),(711,'CO','CO-AMA','Amazonas'),(712,'CO','CO-ANT','Antioquia'),(713,'CO','CO-ARA','Arauca'),(714,'CO','CO-ATL','Atlántico'),(715,'CO','CO-BOL','Bolívar'),(716,'CO','CO-BOY','Boyacá'),(717,'CO','CO-CAL','Caldas'),(718,'CO','CO-CAQ','Caquetá'),(719,'CO','CO-CAS','Casanare'),(720,'CO','CO-CAU','Cauca'),(721,'CO','CO-CES','Cesar'),(722,'CO','CO-CHO','Chocó'),(723,'CO','CO-COR','Córdoba'),(724,'CO','CO-CUN','Cundinamarca'),(725,'CO','CO-GUA','Guainía'),(726,'CO','CO-GUV','Guaviare'),(727,'CO','CO-HUL','Huila'),(728,'CO','CO-LAG','La Guajira'),(729,'CO','CO-MAG','Magdalena'),(730,'CO','CO-MET','Meta'),(731,'CO','CO-NAR','Nariño'),(732,'CO','CO-NSA','Norte de Santander'),(733,'CO','CO-PUT','Putumayo'),(734,'CO','CO-QUI','Quindío'),(735,'CO','CO-RIS','Risaralda'),(736,'CO','CO-SAP','San Andrés y Providencia'),(737,'CO','CO-SAN','Santander'),(738,'CO','CO-SUC','Sucre'),(739,'CO','CO-TOL','Tolima'),(740,'CO','CO-VAC','Valle del Cauca'),(741,'CO','CO-VAU','Vaupés'),(742,'CO','CO-VID','Vichada'),(743,'DK','DK-84','Hovedstaden'),(744,'DK','DK-82','Midtjylland'),(745,'DK','DK-81','Nordjylland'),(746,'DK','DK-85','Sjælland'),(747,'DK','DK-83','Syddanmark'),(748,'EC','EC-A','Azuay'),(749,'EC','EC-B','Bolívar'),(750,'EC','EC-F','Cañar'),(751,'EC','EC-C','Carchi'),(752,'EC','EC-H','Chimborazo'),(753,'EC','EC-X','Cotopaxi'),(754,'EC','EC-O','El Oro'),(755,'EC','EC-E','Esmeraldas'),(756,'EC','EC-W','Galápagos'),(757,'EC','EC-G','Guayas'),(758,'EC','EC-I','Imbabura'),(759,'EC','EC-L','Loja'),(760,'EC','EC-R','Los Ríos'),(761,'EC','EC-M','Manabí'),(762,'EC','EC-S','Morona Santiago'),(763,'EC','EC-N','Napo'),(764,'EC','EC-D','Orellana'),(765,'EC','EC-Y','Pastaza'),(766,'EC','EC-P','Pichincha'),(767,'EC','EC-SE','Santa Elena'),(768,'EC','EC-SD','Santo Domingo de los Tsáchilas'),(769,'EC','EC-U','Sucumbíos'),(770,'EC','EC-T','Tungurahua'),(771,'EC','EC-Z','Zamora Chinchipe'),(772,'GR','GR-A','Anatolikí Makedonía kai Thráki'),(773,'GR','GR-I','Attikí'),(774,'GR','GR-G','Dytikí Elláda'),(775,'GR','GR-C','Dytikí Makedonía'),(776,'GR','GR-F','Ionía Nísia'),(777,'GR','GR-D','Ípeiros'),(778,'GR','GR-B','Kentrikí Makedonía'),(779,'GR','GR-M','Kríti'),(780,'GR','GR-L','Nótio Aigaío'),(781,'GR','GR-J','Pelopónnisos'),(782,'GR','GR-H','Stereá Elláda'),(783,'GR','GR-E','Thessalía'),(784,'GR','GR-K','Vóreio Aigaío'),(785,'GR','GR-69','Ágion Óros'),(786,'GY','GY-BA','Barima-Waini'),(787,'GY','GY-CU','Cuyuni-Mazaruni'),(788,'GY','GY-DE','Demerara-Mahaica'),(789,'GY','GY-EB','East Berbice-Corentyne'),(790,'GY','GY-ES','Essequibo Islands-West Demerara'),(791,'GY','GY-MA','Mahaica-Berbice'),(792,'GY','GY-PM','Pomeroon-Supenaam'),(793,'GY','GY-PT','Potaro-Siparuni'),(794,'GY','GY-UD','Upper Demerara-Berbice'),(795,'GY','GY-UT','Upper Takutu-Upper Essequibo'),(796,'IS','IS-01','Höfuðborgarsvæði'),(797,'IS','IS-02','Suðurnes'),(798,'IS','IS-03','Vesturland'),(799,'IS','IS-04','Vestfirðir'),(800,'IS','IS-05','Norðurland vestra'),(801,'IS','IS-06','Norðurland eystra'),(802,'IS','IS-07','Austurland'),(803,'IS','IS-08','Suðurland'),(804,'IT','AG','Agrigento'),(805,'IT','AL','Alessandria'),(806,'IT','AN','Ancona'),(807,'IT','AO','Aosta'),(808,'IT','AQ','L\'Aquila'),(809,'IT','AR','Arezzo'),(810,'IT','AP','Ascoli-Piceno'),(811,'IT','AT','Asti'),(812,'IT','AV','Avellino'),(813,'IT','BA','Bari'),(814,'IT','BT','Barletta-Andria-Trani'),(815,'IT','BL','Belluno'),(816,'IT','BN','Benevento'),(817,'IT','BG','Bergamo'),(818,'IT','BI','Biella'),(819,'IT','BO','Bologna'),(820,'IT','BZ','Bolzano'),(821,'IT','BS','Brescia'),(822,'IT','BR','Brindisi'),(823,'IT','CA','Cagliari'),(824,'IT','CL','Caltanissetta'),(825,'IT','CB','Campobasso'),(826,'IT','CI','Carbonia Iglesias'),(827,'IT','CE','Caserta'),(828,'IT','CT','Catania'),(829,'IT','CZ','Catanzaro'),(830,'IT','CH','Chieti'),(831,'IT','CO','Como'),(832,'IT','CS','Cosenza'),(833,'IT','CR','Cremona'),(834,'IT','KR','Crotone'),(835,'IT','CN','Cuneo'),(836,'IT','EN','Enna'),(837,'IT','FM','Fermo'),(838,'IT','FE','Ferrara'),(839,'IT','FI','Firenze'),(840,'IT','FG','Foggia'),(841,'IT','FC','Forli-Cesena'),(842,'IT','FR','Frosinone'),(843,'IT','GE','Genova'),(844,'IT','GO','Gorizia'),(845,'IT','GR','Grosseto'),(846,'IT','IM','Imperia'),(847,'IT','IS','Isernia'),(848,'IT','SP','La-Spezia'),(849,'IT','LT','Latina'),(850,'IT','LE','Lecce'),(851,'IT','LC','Lecco'),(852,'IT','LI','Livorno'),(853,'IT','LO','Lodi'),(854,'IT','LU','Lucca'),(855,'IT','MC','Macerata'),(856,'IT','MN','Mantova'),(857,'IT','MS','Massa-Carrara'),(858,'IT','MT','Matera'),(859,'IT','VS','Medio Campidano'),(860,'IT','ME','Messina'),(861,'IT','MI','Milano'),(862,'IT','MO','Modena'),(863,'IT','MB','Monza-Brianza'),(864,'IT','NA','Napoli'),(865,'IT','NO','Novara'),(866,'IT','NU','Nuoro'),(867,'IT','OG','Ogliastra'),(868,'IT','OT','Olbia Tempio'),(869,'IT','OR','Oristano'),(870,'IT','PD','Padova'),(871,'IT','PA','Palermo'),(872,'IT','PR','Parma'),(873,'IT','PV','Pavia'),(874,'IT','PG','Perugia'),(875,'IT','PU','Pesaro-Urbino'),(876,'IT','PE','Pescara'),(877,'IT','PC','Piacenza'),(878,'IT','PI','Pisa'),(879,'IT','PT','Pistoia'),(880,'IT','PN','Pordenone'),(881,'IT','PZ','Potenza'),(882,'IT','PO','Prato'),(883,'IT','RG','Ragusa'),(884,'IT','RA','Ravenna'),(885,'IT','RC','Reggio-Calabria'),(886,'IT','RE','Reggio-Emilia'),(887,'IT','RI','Rieti'),(888,'IT','RN','Rimini'),(889,'IT','RM','Roma'),(890,'IT','RO','Rovigo'),(891,'IT','SA','Salerno'),(892,'IT','SS','Sassari'),(893,'IT','SV','Savona'),(894,'IT','SI','Siena'),(895,'IT','SR','Siracusa'),(896,'IT','SO','Sondrio'),(897,'IT','TA','Taranto'),(898,'IT','TE','Teramo'),(899,'IT','TR','Terni'),(900,'IT','TO','Torino'),(901,'IT','TP','Trapani'),(902,'IT','TN','Trento'),(903,'IT','TV','Treviso'),(904,'IT','TS','Trieste'),(905,'IT','UD','Udine'),(906,'IT','VA','Varese'),(907,'IT','VE','Venezia'),(908,'IT','VB','Verbania'),(909,'IT','VC','Vercelli'),(910,'IT','VR','Verona'),(911,'IT','VV','Vibo-Valentia'),(912,'IT','VI','Vicenza'),(913,'IT','VT','Viterbo'),(914,'MX','AGU','Aguascalientes'),(915,'MX','BCN','Baja California'),(916,'MX','BCS','Baja California Sur'),(917,'MX','CAM','Campeche'),(918,'MX','CHP','Chiapas'),(919,'MX','CHH','Chihuahua'),(920,'MX','CMX','Ciudad de México'),(921,'MX','COA','Coahuila'),(922,'MX','COL','Colima'),(923,'MX','DUR','Durango'),(924,'MX','MEX','Estado de México'),(925,'MX','GUA','Guanajuato'),(926,'MX','GRO','Guerrero'),(927,'MX','HID','Hidalgo'),(928,'MX','JAL','Jalisco'),(929,'MX','MIC','Michoacán'),(930,'MX','MOR','Morelos'),(931,'MX','NAY','Nayarit'),(932,'MX','NLE','Nuevo León'),(933,'MX','OAX','Oaxaca'),(934,'MX','PUE','Puebla'),(935,'MX','QUE','Querétaro'),(936,'MX','ROO','Quintana Roo'),(937,'MX','SLP','San Luis Potosí'),(938,'MX','SIN','Sinaloa'),(939,'MX','SON','Sonora'),(940,'MX','TAB','Tabasco'),(941,'MX','TAM','Tamaulipas'),(942,'MX','TLA','Tlaxcala'),(943,'MX','VER','Veracruz'),(944,'MX','YUC','Yucatán'),(945,'MX','ZAC','Zacatecas'),(946,'PY','PY-ASU','Asunción'),(947,'PY','PY-16','Alto Paraguay'),(948,'PY','PY-10','Alto Paraná'),(949,'PY','PY-13','Amambay'),(950,'PY','PY-19','Boquerón'),(951,'PY','PY-5','Caaguazú'),(952,'PY','PY-6','Caazapá'),(953,'PY','PY-14','Canindeyú'),(954,'PY','PY-11','Central'),(955,'PY','PY-1','Concepción'),(956,'PY','PY-3','Cordillera'),(957,'PY','PY-4','Guairá'),(958,'PY','PY-7','Itapúa'),(959,'PY','PY-8','Misiones'),(960,'PY','PY-12','Ñeembucú'),(961,'PY','PY-9','Paraguarí'),(962,'PY','PY-15','Presidente Hayes'),(963,'PY','PY-2','San Pedro'),(964,'PE','PE-LMA','Municipalidad Metropolitana de Lima'),(965,'PE','PE-AMA','Amazonas'),(966,'PE','PE-ANC','Ancash'),(967,'PE','PE-APU','Apurímac'),(968,'PE','PE-ARE','Arequipa'),(969,'PE','PE-AYA','Ayacucho'),(970,'PE','PE-CAJ','Cajamarca'),(971,'PE','PE-CUS','Cusco'),(972,'PE','PE-CAL','El Callao'),(973,'PE','PE-HUV','Huancavelica'),(974,'PE','PE-HUC','Huánuco'),(975,'PE','PE-ICA','Ica'),(976,'PE','PE-JUN','Junín'),(977,'PE','PE-LAL','La Libertad'),(978,'PE','PE-LAM','Lambayeque'),(979,'PE','PE-LIM','Lima'),(980,'PE','PE-LOR','Loreto'),(981,'PE','PE-MDD','Madre de Dios'),(982,'PE','PE-MOQ','Moquegua'),(983,'PE','PE-PAS','Pasco'),(984,'PE','PE-PIU','Piura'),(985,'PE','PE-PUN','Puno'),(986,'PE','PE-SAM','San Martín'),(987,'PE','PE-TAC','Tacna'),(988,'PE','PE-TUM','Tumbes'),(989,'PE','PE-UCA','Ucayali'),(990,'PL','PL-02','dolnośląskie'),(991,'PL','PL-04','kujawsko-pomorskie'),(992,'PL','PL-06','lubelskie'),(993,'PL','PL-08','lubuskie'),(994,'PL','PL-10','łódzkie'),(995,'PL','PL-12','małopolskie'),(996,'PL','PL-14','mazowieckie'),(997,'PL','PL-16','opolskie'),(998,'PL','PL-18','podkarpackie'),(999,'PL','PL-20','podlaskie'),(1000,'PL','PL-22','pomorskie'),(1001,'PL','PL-24','śląskie'),(1002,'PL','PL-26','świętokrzyskie'),(1003,'PL','PL-28','warmińsko-mazurskie'),(1004,'PL','PL-30','wielkopolskie'),(1005,'PL','PL-32','zachodniopomorskie'),(1006,'PT','PT-01','Aveiro'),(1007,'PT','PT-02','Beja'),(1008,'PT','PT-03','Braga'),(1009,'PT','PT-04','Bragança'),(1010,'PT','PT-05','Castelo Branco'),(1011,'PT','PT-06','Coimbra'),(1012,'PT','PT-07','Évora'),(1013,'PT','PT-08','Faro'),(1014,'PT','PT-09','Guarda'),(1015,'PT','PT-10','Leiria'),(1016,'PT','PT-11','Lisboa'),(1017,'PT','PT-12','Portalegre'),(1018,'PT','PT-13','Porto'),(1019,'PT','PT-14','Santarém'),(1020,'PT','PT-15','Setúbal'),(1021,'PT','PT-16','Viana do Castelo'),(1022,'PT','PT-17','Vila Real'),(1023,'PT','PT-18','Viseu'),(1024,'PT','PT-20','Região Autónoma dos Açores'),(1025,'PT','PT-30','Região Autónoma da Madeira'),(1026,'SR','SR-BR','Brokopondo'),(1027,'SR','SR-CM','Commewijne'),(1028,'SR','SR-CR','Coronie'),(1029,'SR','SR-MA','Marowijne'),(1030,'SR','SR-NI','Nickerie'),(1031,'SR','SR-PR','Para'),(1032,'SR','SR-PM','Paramaribo'),(1033,'SR','SR-SA','Saramacca'),(1034,'SR','SR-SI','Sipaliwini'),(1035,'SR','SR-WA','Wanica'),(1036,'SE','SE-K','Blekinge län'),(1037,'SE','SE-W','Dalarnas län'),(1038,'SE','SE-I','Gotlands län'),(1039,'SE','SE-X','Gävleborgs län'),(1040,'SE','SE-N','Hallands län'),(1041,'SE','SE-Z','Jämtlands län'),(1042,'SE','SE-F','Jönköpings län'),(1043,'SE','SE-H','Kalmar län'),(1044,'SE','SE-G','Kronobergs län'),(1045,'SE','SE-BD','Norrbottens län'),(1046,'SE','SE-M','Skåne län'),(1047,'SE','SE-AB','Stockholms län'),(1048,'SE','SE-D','Södermanlands län'),(1049,'SE','SE-C','Uppsala län'),(1050,'SE','SE-S','Värmlands län'),(1051,'SE','SE-AC','Västerbottens län'),(1052,'SE','SE-Y','Västernorrlands län'),(1053,'SE','SE-U','Västmanlands län'),(1054,'SE','SE-O','Västra Götalands län'),(1055,'SE','SE-T','Örebro län'),(1056,'SE','SE-E','Östergötlands län'),(1057,'UY','UY-AR','Artigas'),(1058,'UY','UY-CA','Canelones'),(1059,'UY','UY-CL','Cerro Largo'),(1060,'UY','UY-CO','Colonia'),(1061,'UY','UY-DU','Durazno'),(1062,'UY','UY-FS','Flores'),(1063,'UY','UY-FD','Florida'),(1064,'UY','UY-LA','Lavalleja'),(1065,'UY','UY-MA','Maldonado'),(1066,'UY','UY-MO','Montevideo'),(1067,'UY','UY-PA','Paysandu'),(1068,'UY','UY-RN','Río Negro'),(1069,'UY','UY-RV','Rivera'),(1070,'UY','UY-RO','Rocha'),(1071,'UY','UY-SA','Salto'),(1072,'UY','UY-SJ','San José'),(1073,'UY','UY-SO','Soriano'),(1074,'UY','UY-TA','Tacuarembó'),(1075,'UY','UY-TT','Treinta y Tres'),(1076,'VE','VE-W','Dependencias Federales'),(1077,'VE','VE-A','Distrito Capital'),(1078,'VE','VE-Z','Amazonas'),(1079,'VE','VE-B','Anzoátegui'),(1080,'VE','VE-C','Apure'),(1081,'VE','VE-D','Aragua'),(1082,'VE','VE-E','Barinas'),(1083,'VE','VE-F','Bolívar'),(1084,'VE','VE-G','Carabobo'),(1085,'VE','VE-H','Cojedes'),(1086,'VE','VE-Y','Delta Amacuro'),(1087,'VE','VE-I','Falcón'),(1088,'VE','VE-J','Guárico'),(1089,'VE','VE-K','Lara'),(1090,'VE','VE-L','Mérida'),(1091,'VE','VE-M','Miranda'),(1092,'VE','VE-N','Monagas'),(1093,'VE','VE-O','Nueva Esparta'),(1094,'VE','VE-P','Portuguesa'),(1095,'VE','VE-R','Sucre'),(1096,'VE','VE-S','Táchira'),(1097,'VE','VE-T','Trujillo'),(1098,'VE','VE-X','Vargas'),(1099,'VE','VE-U','Yaracuy'),(1100,'VE','VE-V','Zulia');

--
-- Table structure for table `directory_country_region_name`
--

CREATE TABLE `directory_country_region_name` (
  `locale` varchar(16) NOT NULL COMMENT 'Locale',
  `region_id` int(10) unsigned NOT NULL DEFAULT '0' COMMENT 'Region ID',
  `name` varchar(255) DEFAULT NULL COMMENT 'Region Name',
  PRIMARY KEY (`locale`,`region_id`),
  KEY `DIRECTORY_COUNTRY_REGION_NAME_REGION_ID` (`region_id`),
  CONSTRAINT `DIR_COUNTRY_REGION_NAME_REGION_ID_DIR_COUNTRY_REGION_REGION_ID` FOREIGN KEY (`region_id`) REFERENCES `directory_country_region` (`region_id`) ON DELETE CASCADE
) ENGINE=InnoDB DEFAULT CHARSET=utf8 COMMENT='Directory Country Region Name';

--
-- Dumping data for table `directory_country_region_name`
--

INSERT INTO `directory_country_region_name` VALUES ('en_US',1,'Alabama'),('en_US',2,'Alaska'),('en_US',3,'American Samoa'),('en_US',4,'Arizona'),('en_US',5,'Arkansas'),('en_US',6,'Armed Forces Africa'),('en_US',7,'Armed Forces Americas'),('en_US',8,'Armed Forces Canada'),('en_US',9,'Armed Forces Europe'),('en_US',10,'Armed Forces Middle East'),('en_US',11,'Armed Forces Pacific'),('en_US',12,'California'),('en_US',13,'Colorado'),('en_US',14,'Connecticut'),('en_US',15,'Delaware'),('en_US',16,'District of Columbia'),('en_US',17,'Federated States Of Micronesia'),('en_US',18,'Florida'),('en_US',19,'Georgia'),('en_US',20,'Guam'),('en_US',21,'Hawaii'),('en_US',22,'Idaho'),('en_US',23,'Illinois'),('en_US',24,'Indiana'),('en_US',25,'Iowa'),('en_US',26,'Kansas'),('en_US',27,'Kentucky'),('en_US',28,'Louisiana'),('en_US',29,'Maine'),('en_US',30,'Marshall Islands'),('en_US',31,'Maryland'),('en_US',32,'Massachusetts'),('en_US',33,'Michigan'),('en_US',34,'Minnesota'),('en_US',35,'Mississippi'),('en_US',36,'Missouri'),('en_US',37,'Montana'),('en_US',38,'Nebraska'),('en_US',39,'Nevada'),('en_US',40,'New Hampshire'),('en_US',41,'New Jersey'),('en_US',42,'New Mexico'),('en_US',43,'New York'),('en_US',44,'North Carolina'),('en_US',45,'North Dakota'),('en_US',46,'Northern Mariana Islands'),('en_US',47,'Ohio'),('en_US',48,'Oklahoma'),('en_US',49,'Oregon'),('en_US',50,'Palau'),('en_US',51,'Pennsylvania'),('en_US',52,'Puerto Rico'),('en_US',53,'Rhode Island'),('en_US',54,'South Carolina'),('en_US',55,'South Dakota'),('en_US',56,'Tennessee'),('en_US',57,'Texas'),('en_US',58,'Utah'),('en_US',59,'Vermont'),('en_US',60,'Virgin Islands'),('en_US',61,'Virginia'),('en_US',62,'Washington'),('en_US',63,'West Virginia'),('en_US',64,'Wisconsin'),('en_US',65,'Wyoming'),('en_US',66,'Alberta'),('en_US',67,'British Columbia'),('en_US',68,'Manitoba'),('en_US',69,'Newfoundland and Labrador'),('en_US',70,'New Brunswick'),('en_US',71,'Nova Scotia'),('en_US',72,'Northwest Territories'),('en_US',73,'Nunavut'),('en_US',74,'Ontario'),('en_US',75,'Prince Edward Island'),('en_US',76,'Quebec'),('en_US',77,'Saskatchewan'),('en_US',78,'Yukon Territory'),('en_US',79,'Niedersachsen'),('en_US',80,'Baden-Württemberg'),('en_US',81,'Bayern'),('en_US',82,'Berlin'),('en_US',83,'Brandenburg'),('en_US',84,'Bremen'),('en_US',85,'Hamburg'),('en_US',86,'Hessen'),('en_US',87,'Mecklenburg-Vorpommern'),('en_US',88,'Nordrhein-Westfalen'),('en_US',89,'Rheinland-Pfalz'),('en_US',90,'Saarland'),('en_US',91,'Sachsen'),('en_US',92,'Sachsen-Anhalt'),('en_US',93,'Schleswig-Holstein'),('en_US',94,'Thüringen'),('en_US',95,'Wien'),('en_US',96,'Niederösterreich'),('en_US',97,'Oberösterreich'),('en_US',98,'Salzburg'),('en_US',99,'Kärnten'),('en_US',100,'Steiermark'),('en_US',101,'Tirol'),('en_US',102,'Burgenland'),('en_US',103,'Vorarlberg'),('en_US',104,'Aargau'),('en_US',105,'Appenzell Innerrhoden'),('en_US',106,'Appenzell Ausserrhoden'),('en_US',107,'Bern'),('en_US',108,'Basel-Landschaft'),('en_US',109,'Basel-Stadt'),('en_US',110,'Freiburg'),('en_US',111,'Genf'),('en_US',112,'Glarus'),('en_US',113,'Graubünden'),('en_US',114,'Jura'),('en_US',115,'Luzern'),('en_US',116,'Neuenburg'),('en_US',117,'Nidwalden'),('en_US',118,'Obwalden'),('en_US',119,'St. Gallen'),('en_US',120,'Schaffhausen'),('en_US',121,'Solothurn'),('en_US',122,'Schwyz'),('en_US',123,'Thurgau'),('en_US',124,'Tessin'),('en_US',125,'Uri'),('en_US',126,'Waadt'),('en_US',127,'Wallis'),('en_US',128,'Zug'),('en_US',129,'Zürich'),('en_US',130,'A Coruña'),('en_US',131,'Alava'),('en_US',132,'Albacete'),('en_US',133,'Alicante'),('en_US',134,'Almeria'),('en_US',135,'Asturias'),('en_US',136,'Avila'),('en_US',137,'Badajoz'),('en_US',138,'Baleares'),('en_US',139,'Barcelona'),('en_US',140,'Burgos'),('en_US',141,'Caceres'),('en_US',142,'Cadiz'),('en_US',143,'Cantabria'),('en_US',144,'Castellon'),('en_US',145,'Ceuta'),('en_US',146,'Ciudad Real'),('en_US',147,'Cordoba'),('en_US',148,'Cuenca'),('en_US',149,'Girona'),('en_US',150,'Granada'),('en_US',151,'Guadalajara'),('en_US',152,'Guipuzcoa'),('en_US',153,'Huelva'),('en_US',154,'Huesca'),('en_US',155,'Jaen'),('en_US',156,'La Rioja'),('en_US',157,'Las Palmas'),('en_US',158,'Leon'),('en_US',159,'Lleida'),('en_US',160,'Lugo'),('en_US',161,'Madrid'),('en_US',162,'Malaga'),('en_US',163,'Melilla'),('en_US',164,'Murcia'),('en_US',165,'Navarra'),('en_US',166,'Ourense'),('en_US',167,'Palencia'),('en_US',168,'Pontevedra'),('en_US',169,'Salamanca'),('en_US',170,'Santa Cruz de Tenerife'),('en_US',171,'Segovia'),('en_US',172,'Sevilla'),('en_US',173,'Soria'),('en_US',174,'Tarragona'),('en_US',175,'Teruel'),('en_US',176,'Toledo'),('en_US',177,'Valencia'),('en_US',178,'Valladolid'),('en_US',179,'Vizcaya'),('en_US',180,'Zamora'),('en_US',181,'Zaragoza'),('en_US',182,'Ain'),('en_US',183,'Aisne'),('en_US',184,'Allier'),('en_US',185,'Alpes-de-Haute-Provence'),('en_US',186,'Hautes-Alpes'),('en_US',187,'Alpes-Maritimes'),('en_US',188,'Ardèche'),('en_US',189,'Ardennes'),('en_US',190,'Ariège'),('en_US',191,'Aube'),('en_US',192,'Aude'),('en_US',193,'Aveyron'),('en_US',194,'Bouches-du-Rhône'),('en_US',195,'Calvados'),('en_US',196,'Cantal'),('en_US',197,'Charente'),('en_US',198,'Charente-Maritime'),('en_US',199,'Cher'),('en_US',200,'Corrèze'),('en_US',201,'Corse-du-Sud'),('en_US',202,'Haute-Corse'),('en_US',203,'Côte-d\'Or'),('en_US',204,'Côtes-d\'Armor'),('en_US',205,'Creuse'),('en_US',206,'Dordogne'),('en_US',207,'Doubs'),('en_US',208,'Drôme'),('en_US',209,'Eure'),('en_US',210,'Eure-et-Loir'),('en_US',211,'Finistère'),('en_US',212,'Gard'),('en_US',213,'Haute-Garonne'),('en_US',214,'Gers'),('en_US',215,'Gironde'),('en_US',216,'Hérault'),('en_US',217,'Ille-et-Vilaine'),('en_US',218,'Indre'),('en_US',219,'Indre-et-Loire'),('en_US',220,'Isère'),('en_US',221,'Jura'),('en_US',222,'Landes'),('en_US',223,'Loir-et-Cher'),('en_US',224,'Loire'),('en_US',225,'Haute-Loire'),('en_US',226,'Loire-Atlantique'),('en_US',227,'Loiret'),('en_US',228,'Lot'),('en_US',229,'Lot-et-Garonne'),('en_US',230,'Lozère'),('en_US',231,'Maine-et-Loire'),('en_US',232,'Manche'),('en_US',233,'Marne'),('en_US',234,'Haute-Marne'),('en_US',235,'Mayenne'),('en_US',236,'Meurthe-et-Moselle'),('en_US',237,'Meuse'),('en_US',238,'Morbihan'),('en_US',239,'Moselle'),('en_US',240,'Nièvre'),('en_US',241,'Nord'),('en_US',242,'Oise'),('en_US',243,'Orne'),('en_US',244,'Pas-de-Calais'),('en_US',245,'Puy-de-Dôme'),('en_US',246,'Pyrénées-Atlantiques'),('en_US',247,'Hautes-Pyrénées'),('en_US',248,'Pyrénées-Orientales'),('en_US',249,'Bas-Rhin'),('en_US',250,'Haut-Rhin'),('en_US',251,'Rhône'),('en_US',252,'Haute-Saône'),('en_US',253,'Saône-et-Loire'),('en_US',254,'Sarthe'),('en_US',255,'Savoie'),('en_US',256,'Haute-Savoie'),('en_US',257,'Paris'),('en_US',258,'Seine-Maritime'),('en_US',259,'Seine-et-Marne'),('en_US',260,'Yvelines'),('en_US',261,'Deux-Sèvres'),('en_US',262,'Somme'),('en_US',263,'Tarn'),('en_US',264,'Tarn-et-Garonne'),('en_US',265,'Var'),('en_US',266,'Vaucluse'),('en_US',267,'Vendée'),('en_US',268,'Vienne'),('en_US',269,'Haute-Vienne'),('en_US',270,'Vosges'),('en_US',271,'Yonne'),('en_US',272,'Territoire-de-Belfort'),('en_US',273,'Essonne'),('en_US',274,'Hauts-de-Seine'),('en_US',275,'Seine-Saint-Denis'),('en_US',276,'Val-de-Marne'),('en_US',277,'Val-d\'Oise'),('en_US',278,'Alba'),('en_US',279,'Arad'),('en_US',280,'Argeş'),('en_US',281,'Bacău'),('en_US',282,'Bihor'),('en_US',283,'Bistriţa-Năsăud'),('en_US',284,'Botoşani'),('en_US',285,'Braşov'),('en_US',286,'Brăila'),('en_US',287,'Bucureşti'),('en_US',288,'Buzău'),('en_US',289,'Caraş-Severin'),('en_US',290,'Călăraşi'),('en_US',291,'Cluj'),('en_US',292,'Constanţa'),('en_US',293,'Covasna'),('en_US',294,'Dâmboviţa'),('en_US',295,'Dolj'),('en_US',296,'Galaţi'),('en_US',297,'Giurgiu'),('en_US',298,'Gorj'),('en_US',299,'Harghita'),('en_US',300,'Hunedoara'),('en_US',301,'Ialomiţa'),('en_US',302,'Iaşi'),('en_US',303,'Ilfov'),('en_US',304,'Maramureş'),('en_US',305,'Mehedinţi'),('en_US',306,'Mureş'),('en_US',307,'Neamţ'),('en_US',308,'Olt'),('en_US',309,'Prahova'),('en_US',310,'Satu-Mare'),('en_US',311,'Sălaj'),('en_US',312,'Sibiu'),('en_US',313,'Suceava'),('en_US',314,'Teleorman'),('en_US',315,'Timiş'),('en_US',316,'Tulcea'),('en_US',317,'Vaslui'),('en_US',318,'Vâlcea'),('en_US',319,'Vrancea'),('en_US',320,'Lappi'),('en_US',321,'Pohjois-Pohjanmaa'),('en_US',322,'Kainuu'),('en_US',323,'Pohjois-Karjala'),('en_US',324,'Pohjois-Savo'),('en_US',325,'Etelä-Savo'),('en_US',326,'Etelä-Pohjanmaa'),('en_US',327,'Pohjanmaa'),('en_US',328,'Pirkanmaa'),('en_US',329,'Satakunta'),('en_US',330,'Keski-Pohjanmaa'),('en_US',331,'Keski-Suomi'),('en_US',332,'Varsinais-Suomi'),('en_US',333,'Etelä-Karjala'),('en_US',334,'Päijät-Häme'),('en_US',335,'Kanta-Häme'),('en_US',336,'Uusimaa'),('en_US',337,'Itä-Uusimaa'),('en_US',338,'Kymenlaakso'),('en_US',339,'Ahvenanmaa'),('en_US',340,'Harjumaa'),('en_US',341,'Hiiumaa'),('en_US',342,'Ida-Virumaa'),('en_US',343,'Jõgevamaa'),('en_US',344,'Järvamaa'),('en_US',345,'Läänemaa'),('en_US',346,'Lääne-Virumaa'),('en_US',347,'Põlvamaa'),('en_US',348,'Pärnumaa'),('en_US',349,'Raplamaa'),('en_US',350,'Saaremaa'),('en_US',351,'Tartumaa'),('en_US',352,'Valgamaa'),('en_US',353,'Viljandimaa'),('en_US',354,'Võrumaa'),('en_US',355,'Daugavpils'),('en_US',356,'Jelgava'),('en_US',357,'Jēkabpils'),('en_US',358,'Jūrmala'),('en_US',359,'Liepāja'),('en_US',360,'Liepājas novads'),('en_US',361,'Rēzekne'),('en_US',362,'Rīga'),('en_US',363,'Rīgas novads'),('en_US',364,'Valmiera'),('en_US',365,'Ventspils'),('en_US',366,'Aglonas novads'),('en_US',367,'Aizkraukles novads'),('en_US',368,'Aizputes novads'),('en_US',369,'Aknīstes novads'),('en_US',370,'Alojas novads'),('en_US',371,'Alsungas novads'),('en_US',372,'Alūksnes novads'),('en_US',373,'Amatas novads'),('en_US',374,'Apes novads'),('en_US',375,'Auces novads'),('en_US',376,'Babītes novads'),('en_US',377,'Baldones novads'),('en_US',378,'Baltinavas novads'),('en_US',379,'Balvu novads'),('en_US',380,'Bauskas novads'),('en_US',381,'Beverīnas novads'),('en_US',382,'Brocēnu novads'),('en_US',383,'Burtnieku novads'),('en_US',384,'Carnikavas novads'),('en_US',385,'Cesvaines novads'),('en_US',386,'Ciblas novads'),('en_US',387,'Cēsu novads'),('en_US',388,'Dagdas novads'),('en_US',389,'Daugavpils novads'),('en_US',390,'Dobeles novads'),('en_US',391,'Dundagas novads'),('en_US',392,'Durbes novads'),('en_US',393,'Engures novads'),('en_US',394,'Garkalnes novads'),('en_US',395,'Grobiņas novads'),('en_US',396,'Gulbenes novads'),('en_US',397,'Iecavas novads'),('en_US',398,'Ikšķiles novads'),('en_US',399,'Ilūkstes novads'),('en_US',400,'Inčukalna novads'),('en_US',401,'Jaunjelgavas novads'),('en_US',402,'Jaunpiebalgas novads'),('en_US',403,'Jaunpils novads'),('en_US',404,'Jelgavas novads'),('en_US',405,'Jēkabpils novads'),('en_US',406,'Kandavas novads'),('en_US',407,'Kokneses novads'),('en_US',408,'Krimuldas novads'),('en_US',409,'Krustpils novads'),('en_US',410,'Krāslavas novads'),('en_US',411,'Kuldīgas novads'),('en_US',412,'Kārsavas novads'),('en_US',413,'Lielvārdes novads'),('en_US',414,'Limbažu novads'),('en_US',415,'Lubānas novads'),('en_US',416,'Ludzas novads'),('en_US',417,'Līgatnes novads'),('en_US',418,'Līvānu novads'),('en_US',419,'Madonas novads'),('en_US',420,'Mazsalacas novads'),('en_US',421,'Mālpils novads'),('en_US',422,'Mārupes novads'),('en_US',423,'Naukšēnu novads'),('en_US',424,'Neretas novads'),('en_US',425,'Nīcas novads'),('en_US',426,'Ogres novads'),('en_US',427,'Olaines novads'),('en_US',428,'Ozolnieku novads'),('en_US',429,'Preiļu novads'),('en_US',430,'Priekules novads'),('en_US',431,'Priekuļu novads'),('en_US',432,'Pārgaujas novads'),('en_US',433,'Pāvilostas novads'),('en_US',434,'Pļaviņu novads'),('en_US',435,'Raunas novads'),('en_US',436,'Riebiņu novads'),('en_US',437,'Rojas novads'),('en_US',438,'Ropažu novads'),('en_US',439,'Rucavas novads'),('en_US',440,'Rugāju novads'),('en_US',441,'Rundāles novads'),('en_US',442,'Rēzeknes novads'),('en_US',443,'Rūjienas novads'),('en_US',444,'Salacgrīvas novads'),('en_US',445,'Salas novads'),('en_US',446,'Salaspils novads'),('en_US',447,'Saldus novads'),('en_US',448,'Saulkrastu novads'),('en_US',449,'Siguldas novads'),('en_US',450,'Skrundas novads'),('en_US',451,'Skrīveru novads'),('en_US',452,'Smiltenes novads'),('en_US',453,'Stopiņu novads'),('en_US',454,'Strenču novads'),('en_US',455,'Sējas novads'),('en_US',456,'Talsu novads'),('en_US',457,'Tukuma novads'),('en_US',458,'Tērvetes novads'),('en_US',459,'Vaiņodes novads'),('en_US',460,'Valkas novads'),('en_US',461,'Valmieras novads'),('en_US',462,'Varakļānu novads'),('en_US',463,'Vecpiebalgas novads'),('en_US',464,'Vecumnieku novads'),('en_US',465,'Ventspils novads'),('en_US',466,'Viesītes novads'),('en_US',467,'Viļakas novads'),('en_US',468,'Viļānu novads'),('en_US',469,'Vārkavas novads'),('en_US',470,'Zilupes novads'),('en_US',471,'Ādažu novads'),('en_US',472,'Ērgļu novads'),('en_US',473,'Ķeguma novads'),('en_US',474,'Ķekavas novads'),('en_US',475,'Alytaus Apskritis'),('en_US',476,'Kauno Apskritis'),('en_US',477,'Klaipėdos Apskritis'),('en_US',478,'Marijampolės Apskritis'),('en_US',479,'Panevėžio Apskritis'),('en_US',480,'Šiaulių Apskritis'),('en_US',481,'Tauragės Apskritis'),('en_US',482,'Telšių Apskritis'),('en_US',483,'Utenos Apskritis'),('en_US',484,'Vilniaus Apskritis'),('en_US',485,'Acre'),('en_US',486,'Alagoas'),('en_US',487,'Amapá'),('en_US',488,'Amazonas'),('en_US',489,'Bahia'),('en_US',490,'Ceará'),('en_US',491,'Espírito Santo'),('en_US',492,'Goiás'),('en_US',493,'Maranhão'),('en_US',494,'Mato Grosso'),('en_US',495,'Mato Grosso do Sul'),('en_US',496,'Minas Gerais'),('en_US',497,'Pará'),('en_US',498,'Paraíba'),('en_US',499,'Paraná'),('en_US',500,'Pernambuco'),('en_US',501,'Piauí'),('en_US',502,'Rio de Janeiro'),('en_US',503,'Rio Grande do Norte'),('en_US',504,'Rio Grande do Sul'),('en_US',505,'Rondônia'),('en_US',506,'Roraima'),('en_US',507,'Santa Catarina'),('en_US',508,'São Paulo'),('en_US',509,'Sergipe'),('en_US',510,'Tocantins'),('en_US',511,'Distrito Federal'),('en_US',512,'Berat'),('en_US',513,'Dibër'),('en_US',514,'Durrës'),('en_US',515,'Elbasan'),('en_US',516,'Fier'),('en_US',517,'Gjirokastër'),('en_US',518,'Korçë'),('en_US',519,'Kukës'),('en_US',520,'Lezhë'),('en_US',521,'Shkodër'),('en_US',522,'Tiranë'),('en_US',523,'Vlorë'),('en_US',524,'Ciudad Autónoma de Buenos Aires'),('en_US',525,'Buenos Aires'),('en_US',526,'Catamarca'),('en_US',527,'Chaco'),('en_US',528,'Chubut'),('en_US',529,'Córdoba'),('en_US',530,'Corrientes'),('en_US',531,'Entre Ríos'),('en_US',532,'Formosa'),('en_US',533,'Jujuy'),('en_US',534,'La Pampa'),('en_US',535,'La Rioja'),('en_US',536,'Mendoza'),('en_US',537,'Misiones'),('en_US',538,'Neuquén'),('en_US',539,'Río Negro'),('en_US',540,'Salta'),('en_US',541,'San Juan'),('en_US',542,'San Luis'),('en_US',543,'Santa Cruz'),('en_US',544,'Santa Fe'),('en_US',545,'Santiago del Estero'),('en_US',546,'Tierra del Fuego'),('en_US',547,'Tucumán'),('en_US',548,'Zagrebačka županija'),('en_US',549,'Krapinsko-zagorska županija'),('en_US',550,'Sisačko-moslavačka županija'),('en_US',551,'Karlovačka županija'),('en_US',552,'Varaždinska županija'),('en_US',553,'Koprivničko-križevačka županija'),('en_US',554,'Bjelovarsko-bilogorska županija'),('en_US',555,'Primorsko-goranska županija'),('en_US',556,'Ličko-senjska županija'),('en_US',557,'Virovitičko-podravska županija'),('en_US',558,'Požeško-slavonska županija'),('en_US',559,'Brodsko-posavska županija'),('en_US',560,'Zadarska županija'),('en_US',561,'Osječko-baranjska županija'),('en_US',562,'Šibensko-kninska županija'),('en_US',563,'Vukovarsko-srijemska županija'),('en_US',564,'Splitsko-dalmatinska županija'),('en_US',565,'Istarska županija'),('en_US',566,'Dubrovačko-neretvanska županija'),('en_US',567,'Međimurska županija'),('en_US',568,'Grad Zagreb'),('en_US',569,'Andaman and Nicobar Islands'),('en_US',570,'Andhra Pradesh'),('en_US',571,'Arunachal Pradesh'),('en_US',572,'Assam'),('en_US',573,'Bihar'),('en_US',574,'Chandigarh'),('en_US',575,'Chhattisgarh'),('en_US',576,'Dadra and Nagar Haveli'),('en_US',577,'Daman and Diu'),('en_US',578,'Delhi'),('en_US',579,'Goa'),('en_US',580,'Gujarat'),('en_US',581,'Haryana'),('en_US',582,'Himachal Pradesh'),('en_US',583,'Jammu and Kashmir'),('en_US',584,'Jharkhand'),('en_US',585,'Karnataka'),('en_US',586,'Kerala'),('en_US',587,'Lakshadweep'),('en_US',588,'Madhya Pradesh'),('en_US',589,'Maharashtra'),('en_US',590,'Manipur'),('en_US',591,'Meghalaya'),('en_US',592,'Mizoram'),('en_US',593,'Nagaland'),('en_US',594,'Odisha'),('en_US',595,'Puducherry'),('en_US',596,'Punjab'),('en_US',597,'Rajasthan'),('en_US',598,'Sikkim'),('en_US',599,'Tamil Nadu'),('en_US',600,'Telangana'),('en_US',601,'Tripura'),('en_US',602,'Uttar Pradesh'),('en_US',603,'Uttarakhand'),('en_US',604,'West Bengal'),('en_US',605,'Australian Capital Territory'),('en_US',606,'New South Wales'),('en_US',607,'Victoria'),('en_US',608,'Queensland'),('en_US',609,'South Australia'),('en_US',610,'Tasmania'),('en_US',611,'Western Australia'),('en_US',612,'Northern Territory'),('en_US',613,'Antwerpen'),('en_US',614,'Brabant wallon'),('en_US',615,'Brussels-Capital Region'),('en_US',616,'Hainaut'),('en_US',617,'Limburg'),('en_US',618,'Liège'),('en_US',619,'Luxembourg'),('en_US',620,'Namur'),('en_US',621,'Oost-Vlaanderen'),('en_US',622,'Vlaams-Brabant'),('en_US',623,'West-Vlaanderen'),('en_US',624,'Cochabamba'),('en_US',625,'Chuquisaca'),('en_US',626,'El Beni'),('en_US',627,'La Paz'),('en_US',628,'Oruro'),('en_US',629,'Pando'),('en_US',630,'Potosí'),('en_US',631,'Santa Cruz'),('en_US',632,'Tarija'),('en_US',633,'Blagoevgrad'),('en_US',634,'Burgas'),('en_US',635,'Varna'),('en_US',636,'Veliko Tarnovo'),('en_US',637,'Vidin'),('en_US',638,'Vratsa'),('en_US',639,'Gabrovo'),('en_US',640,'Dobrich'),('en_US',641,'Kardzhali'),('en_US',642,'Kyustendil'),('en_US',643,'Lovech'),('en_US',644,'Montana'),('en_US',645,'Pazardzhik'),('en_US',646,'Pernik'),('en_US',647,'Pleven'),('en_US',648,'Plovdiv'),('en_US',649,'Razgrad'),('en_US',650,'Ruse'),('en_US',651,'Silistra'),('en_US',652,'Sliven'),('en_US',653,'Smolyan'),('en_US',654,'Sofia City'),('en_US',655,'Sofia Province'),('en_US',656,'Stara Zagora'),('en_US',657,'Targovishte'),('en_US',658,'Haskovo'),('en_US',659,'Shumen'),('en_US',660,'Yambol'),('en_US',661,'Aisén del General Carlos Ibañez del Campo'),('en_US',662,'Antofagasta'),('en_US',663,'Arica y Parinacota'),('en_US',664,'La Araucanía'),('en_US',665,'Atacama'),('en_US',666,'Biobío'),('en_US',667,'Coquimbo'),('en_US',668,'Libertador General Bernardo O\'Higgins'),('en_US',669,'Los Lagos'),('en_US',670,'Los Ríos'),('en_US',671,'Magallanes'),('en_US',672,'Maule'),('en_US',673,'Ñuble'),('en_US',674,'Región Metropolitana de Santiago'),('en_US',675,'Tarapacá'),('en_US',676,'Valparaíso'),('en_US',677,'Anhui Sheng'),('en_US',678,'Beijing Shi'),('en_US',679,'Chongqing Shi'),('en_US',680,'Fujian Sheng'),('en_US',681,'Gansu Sheng'),('en_US',682,'Guangdong Sheng'),('en_US',683,'Guangxi Zhuangzu Zizhiqu'),('en_US',684,'Guizhou Sheng'),('en_US',685,'Hainan Sheng'),('en_US',686,'Hebei Sheng'),('en_US',687,'Heilongjiang Sheng'),('en_US',688,'Henan Sheng'),('en_US',689,'Hong Kong SAR'),('en_US',690,'Hubei Sheng'),('en_US',691,'Hunan Sheng'),('en_US',692,'Jiangsu Sheng'),('en_US',693,'Jiangxi Sheng'),('en_US',694,'Jilin Sheng'),('en_US',695,'Liaoning Sheng'),('en_US',696,'Macao SAR'),('en_US',697,'Nei Mongol Zizhiqu'),('en_US',698,'Ningxia Huizi Zizhiqu'),('en_US',699,'Qinghai Sheng'),('en_US',700,'Shaanxi Sheng'),('en_US',701,'Shandong Sheng'),('en_US',702,'Shanghai Shi'),('en_US',703,'Shanxi Sheng'),('en_US',704,'Sichuan Sheng'),('en_US',705,'Taiwan Sheng'),('en_US',706,'Tianjin Shi'),('en_US',707,'Xinjiang Uygur Zizhiqu'),('en_US',708,'Xizang Zizhiqu'),('en_US',709,'Yunnan Sheng'),('en_US',710,'Zhejiang Sheng'),('en_US',711,'Amazonas'),('en_US',712,'Antioquia'),('en_US',713,'Arauca'),('en_US',714,'Atlántico'),('en_US',715,'Bolívar'),('en_US',716,'Boyacá'),('en_US',717,'Caldas'),('en_US',718,'Caquetá'),('en_US',719,'Casanare'),('en_US',720,'Cauca'),('en_US',721,'Cesar'),('en_US',722,'Chocó'),('en_US',723,'Córdoba'),('en_US',724,'Cundinamarca'),('en_US',725,'Guainía'),('en_US',726,'Guaviare'),('en_US',727,'Huila'),('en_US',728,'La Guajira'),('en_US',729,'Magdalena'),('en_US',730,'Meta'),('en_US',731,'Nariño'),('en_US',732,'Norte de Santander'),('en_US',733,'Putumayo'),('en_US',734,'Quindío'),('en_US',735,'Risaralda'),('en_US',736,'San Andrés y Providencia'),('en_US',737,'Santander'),('en_US',738,'Sucre'),('en_US',739,'Tolima'),('en_US',740,'Valle del Cauca'),('en_US',741,'Vaupés'),('en_US',742,'Vichada'),('en_US',743,'Hovedstaden'),('en_US',744,'Midtjylland'),('en_US',745,'Nordjylland'),('en_US',746,'Sjælland'),('en_US',747,'Syddanmark'),('en_US',748,'Azuay'),('en_US',749,'Bolívar'),('en_US',750,'Cañar'),('en_US',751,'Carchi'),('en_US',752,'Chimborazo'),('en_US',753,'Cotopaxi'),('en_US',754,'El Oro'),('en_US',755,'Esmeraldas'),('en_US',756,'Galápagos'),('en_US',757,'Guayas'),('en_US',758,'Imbabura'),('en_US',759,'Loja'),('en_US',760,'Los Ríos'),('en_US',761,'Manabí'),('en_US',762,'Morona Santiago'),('en_US',763,'Napo'),('en_US',764,'Orellana'),('en_US',765,'Pastaza'),('en_US',766,'Pichincha'),('en_US',767,'Santa Elena'),('en_US',768,'Santo Domingo de los Tsáchilas'),('en_US',769,'Sucumbíos'),('en_US',770,'Tungurahua'),('en_US',771,'Zamora Chinchipe'),('en_US',772,'Anatolikí Makedonía kai Thráki'),('en_US',773,'Attikí'),('en_US',774,'Dytikí Elláda'),('en_US',775,'Dytikí Makedonía'),('en_US',776,'Ionía Nísia'),('en_US',777,'Ípeiros'),('en_US',778,'Kentrikí Makedonía'),('en_US',779,'Kríti'),('en_US',780,'Nótio Aigaío'),('en_US',781,'Pelopónnisos'),('en_US',782,'Stereá Elláda'),('en_US',783,'Thessalía'),('en_US',784,'Vóreio Aigaío'),('en_US',785,'Ágion Óros'),('en_US',786,'Barima-Waini'),('en_US',787,'Cuyuni-Mazaruni'),('en_US',788,'Demerara-Mahaica'),('en_US',789,'East Berbice-Corentyne'),('en_US',790,'Essequibo Islands-West Demerara'),('en_US',791,'Mahaica-Berbice'),('en_US',792,'Pomeroon-Supenaam'),('en_US',793,'Potaro-Siparuni'),('en_US',794,'Upper Demerara-Berbice'),('en_US',795,'Upper Takutu-Upper Essequibo'),('en_US',796,'Höfuðborgarsvæði'),('en_US',797,'Suðurnes'),('en_US',798,'Vesturland'),('en_US',799,'Vestfirðir'),('en_US',800,'Norðurland vestra'),('en_US',801,'Norðurland eystra'),('en_US',802,'Austurland'),('en_US',803,'Suðurland'),('en_US',804,'Agrigento'),('en_US',805,'Alessandria'),('en_US',806,'Ancona'),('en_US',807,'Aosta'),('en_US',808,'L\'Aquila'),('en_US',809,'Arezzo'),('en_US',810,'Ascoli-Piceno'),('en_US',811,'Asti'),('en_US',812,'Avellino'),('en_US',813,'Bari'),('en_US',814,'Barletta-Andria-Trani'),('en_US',815,'Belluno'),('en_US',816,'Benevento'),('en_US',817,'Bergamo'),('en_US',818,'Biella'),('en_US',819,'Bologna'),('en_US',820,'Bolzano'),('en_US',821,'Brescia'),('en_US',822,'Brindisi'),('en_US',823,'Cagliari'),('en_US',824,'Caltanissetta'),('en_US',825,'Campobasso'),('en_US',826,'Carbonia Iglesias'),('en_US',827,'Caserta'),('en_US',828,'Catania'),('en_US',829,'Catanzaro'),('en_US',830,'Chieti'),('en_US',831,'Como'),('en_US',832,'Cosenza'),('en_US',833,'Cremona'),('en_US',834,'Crotone'),('en_US',835,'Cuneo'),('en_US',836,'Enna'),('en_US',837,'Fermo'),('en_US',838,'Ferrara'),('en_US',839,'Firenze'),('en_US',840,'Foggia'),('en_US',841,'Forli-Cesena'),('en_US',842,'Frosinone'),('en_US',843,'Genova'),('en_US',844,'Gorizia'),('en_US',845,'Grosseto'),('en_US',846,'Imperia'),('en_US',847,'Isernia'),('en_US',848,'La-Spezia'),('en_US',849,'Latina'),('en_US',850,'Lecce'),('en_US',851,'Lecco'),('en_US',852,'Livorno'),('en_US',853,'Lodi'),('en_US',854,'Lucca'),('en_US',855,'Macerata'),('en_US',856,'Mantova'),('en_US',857,'Massa-Carrara'),('en_US',858,'Matera'),('en_US',859,'Medio Campidano'),('en_US',860,'Messina'),('en_US',861,'Milano'),('en_US',862,'Modena'),('en_US',863,'Monza-Brianza'),('en_US',864,'Napoli'),('en_US',865,'Novara'),('en_US',866,'Nuoro'),('en_US',867,'Ogliastra'),('en_US',868,'Olbia Tempio'),('en_US',869,'Oristano'),('en_US',870,'Padova'),('en_US',871,'Palermo'),('en_US',872,'Parma'),('en_US',873,'Pavia'),('en_US',874,'Perugia'),('en_US',875,'Pesaro-Urbino'),('en_US',876,'Pescara'),('en_US',877,'Piacenza'),('en_US',878,'Pisa'),('en_US',879,'Pistoia'),('en_US',880,'Pordenone'),('en_US',881,'Potenza'),('en_US',882,'Prato'),('en_US',883,'Ragusa'),('en_US',884,'Ravenna'),('en_US',885,'Reggio-Calabria'),('en_US',886,'Reggio-Emilia'),('en_US',887,'Rieti'),('en_US',888,'Rimini'),('en_US',889,'Roma'),('en_US',890,'Rovigo'),('en_US',891,'Salerno'),('en_US',892,'Sassari'),('en_US',893,'Savona'),('en_US',894,'Siena'),('en_US',895,'Siracusa'),('en_US',896,'Sondrio'),('en_US',897,'Taranto'),('en_US',898,'Teramo'),('en_US',899,'Terni'),('en_US',900,'Torino'),('en_US',901,'Trapani'),('en_US',902,'Trento'),('en_US',903,'Treviso'),('en_US',904,'Trieste'),('en_US',905,'Udine'),('en_US',906,'Varese'),('en_US',907,'Venezia'),('en_US',908,'Verbania'),('en_US',909,'Vercelli'),('en_US',910,'Verona'),('en_US',911,'Vibo-Valentia'),('en_US',912,'Vicenza'),('en_US',913,'Viterbo'),('en_US',914,'Aguascalientes'),('en_US',915,'Baja California'),('en_US',916,'Baja California Sur'),('en_US',917,'Campeche'),('en_US',918,'Chiapas'),('en_US',919,'Chihuahua'),('en_US',920,'Ciudad de México'),('en_US',921,'Coahuila'),('en_US',922,'Colima'),('en_US',923,'Durango'),('en_US',924,'Estado de México'),('en_US',925,'Guanajuato'),('en_US',926,'Guerrero'),('en_US',927,'Hidalgo'),('en_US',928,'Jalisco'),('en_US',929,'Michoacán'),('en_US',930,'Morelos'),('en_US',931,'Nayarit'),('en_US',932,'Nuevo León'),('en_US',933,'Oaxaca'),('en_US',934,'Puebla'),('en_US',935,'Querétaro'),('en_US',936,'Quintana Roo'),('en_US',937,'San Luis Potosí'),('en_US',938,'Sinaloa'),('en_US',939,'Sonora'),('en_US',940,'Tabasco'),('en_US',941,'Tamaulipas'),('en_US',942,'Tlaxcala'),('en_US',943,'Veracruz'),('en_US',944,'Yucatán'),('en_US',945,'Zacatecas'),('en_US',946,'Asunción'),('en_US',947,'Alto Paraguay'),('en_US',948,'Alto Paraná'),('en_US',949,'Amambay'),('en_US',950,'Boquerón'),('en_US',951,'Caaguazú'),('en_US',952,'Caazapá'),('en_US',953,'Canindeyú'),('en_US',954,'Central'),('en_US',955,'Concepción'),('en_US',956,'Cordillera'),('en_US',957,'Guairá'),('en_US',958,'Itapúa'),('en_US',959,'Misiones'),('en_US',960,'Ñeembucú'),('en_US',961,'Paraguarí'),('en_US',962,'Presidente Hayes'),('en_US',963,'San Pedro'),('en_US',964,'Municipalidad Metropolitana de Lima'),('en_US',965,'Amazonas'),('en_US',966,'Ancash'),('en_US',967,'Apurímac'),('en_US',968,'Arequipa'),('en_US',969,'Ayacucho'),('en_US',970,'Cajamarca'),('en_US',971,'Cusco'),('en_US',972,'El Callao'),('en_US',973,'Huancavelica'),('en_US',974,'Huánuco'),('en_US',975,'Ica'),('en_US',976,'Junín'),('en_US',977,'La Libertad'),('en_US',978,'Lambayeque'),('en_US',979,'Lima'),('en_US',980,'Loreto'),('en_US',981,'Madre de Dios'),('en_US',982,'Moquegua'),('en_US',983,'Pasco'),('en_US',984,'Piura'),('en_US',985,'Puno'),('en_US',986,'San Martín'),('en_US',987,'Tacna'),('en_US',988,'Tumbes'),('en_US',989,'Ucayali'),('en_US',990,'dolnośląskie'),('en_US',991,'kujawsko-pomorskie'),('en_US',992,'lubelskie'),('en_US',993,'lubuskie'),('en_US',994,'łódzkie'),('en_US',995,'małopolskie'),('en_US',996,'mazowieckie'),('en_US',997,'opolskie'),('en_US',998,'podkarpackie'),('en_US',999,'podlaskie'),('en_US',1000,'pomorskie'),('en_US',1001,'śląskie'),('en_US',1002,'świętokrzyskie'),('en_US',1003,'warmińsko-mazurskie'),('en_US',1004,'wielkopolskie'),('en_US',1005,'zachodniopomorskie'),('en_US',1006,'Aveiro'),('en_US',1007,'Beja'),('en_US',1008,'Braga'),('en_US',1009,'Bragança'),('en_US',1010,'Castelo Branco'),('en_US',1011,'Coimbra'),('en_US',1012,'Évora'),('en_US',1013,'Faro'),('en_US',1014,'Guarda'),('en_US',1015,'Leiria'),('en_US',1016,'Lisboa'),('en_US',1017,'Portalegre'),('en_US',1018,'Porto'),('en_US',1019,'Santarém'),('en_US',1020,'Setúbal'),('en_US',1021,'Viana do Castelo'),('en_US',1022,'Vila Real'),('en_US',1023,'Viseu'),('en_US',1024,'Região Autónoma dos Açores'),('en_US',1025,'Região Autónoma da Madeira'),('en_US',1026,'Brokopondo'),('en_US',1027,'Commewijne'),('en_US',1028,'Coronie'),('en_US',1029,'Marowijne'),('en_US',1030,'Nickerie'),('en_US',1031,'Para'),('en_US',1032,'Paramaribo'),('en_US',1033,'Saramacca'),('en_US',1034,'Sipaliwini'),('en_US',1035,'Wanica'),('en_US',1036,'Blekinge län'),('en_US',1037,'Dalarnas län'),('en_US',1038,'Gotlands län'),('en_US',1039,'Gävleborgs län'),('en_US',1040,'Hallands län'),('en_US',1041,'Jämtlands län'),('en_US',1042,'Jönköpings län'),('en_US',1043,'Kalmar län'),('en_US',1044,'Kronobergs län'),('en_US',1045,'Norrbottens län'),('en_US',1046,'Skåne län'),('en_US',1047,'Stockholms län'),('en_US',1048,'Södermanlands län'),('en_US',1049,'Uppsala län'),('en_US',1050,'Värmlands län'),('en_US',1051,'Västerbottens län'),('en_US',1052,'Västernorrlands län'),('en_US',1053,'Västmanlands län'),('en_US',1054,'Västra Götalands län'),('en_US',1055,'Örebro län'),('en_US',1056,'Östergötlands län'),('en_US',1057,'Artigas'),('en_US',1058,'Canelones'),('en_US',1059,'Cerro Largo'),('en_US',1060,'Colonia'),('en_US',1061,'Durazno'),('en_US',1062,'Flores'),('en_US',1063,'Florida'),('en_US',1064,'Lavalleja'),('en_US',1065,'Maldonado'),('en_US',1066,'Montevideo'),('en_US',1067,'Paysandu'),('en_US',1068,'Río Negro'),('en_US',1069,'Rivera'),('en_US',1070,'Rocha'),('en_US',1071,'Salto'),('en_US',1072,'San José'),('en_US',1073,'Soriano'),('en_US',1074,'Tacuarembó'),('en_US',1075,'Treinta y Tres'),('en_US',1076,'Dependencias Federales'),('en_US',1077,'Distrito Capital'),('en_US',1078,'Amazonas'),('en_US',1079,'Anzoátegui'),('en_US',1080,'Apure'),('en_US',1081,'Aragua'),('en_US',1082,'Barinas'),('en_US',1083,'Bolívar'),('en_US',1084,'Carabobo'),('en_US',1085,'Cojedes'),('en_US',1086,'Delta Amacuro'),('en_US',1087,'Falcón'),('en_US',1088,'Guárico'),('en_US',1089,'Lara'),('en_US',1090,'Mérida'),('en_US',1091,'Miranda'),('en_US',1092,'Monagas'),('en_US',1093,'Nueva Esparta'),('en_US',1094,'Portuguesa'),('en_US',1095,'Sucre'),('en_US',1096,'Táchira'),('en_US',1097,'Trujillo'),('en_US',1098,'Vargas'),('en_US',1099,'Yaracuy'),('en_US',1100,'Zulia');

--
-- Table structure for table `directory_currency_rate`
--

CREATE TABLE `directory_currency_rate` (
  `currency_from` varchar(3) NOT NULL COMMENT 'Currency Code Convert From',
  `currency_to` varchar(3) NOT NULL COMMENT 'Currency Code Convert To',
  `rate` decimal(24,12) NOT NULL DEFAULT '0.000000000000' COMMENT 'Currency Conversion Rate',
  PRIMARY KEY (`currency_from`,`currency_to`),
  KEY `DIRECTORY_CURRENCY_RATE_CURRENCY_TO` (`currency_to`)
) ENGINE=InnoDB DEFAULT CHARSET=utf8 COMMENT='Directory Currency Rate';

--
-- Dumping data for table `directory_currency_rate`
--

INSERT INTO `directory_currency_rate` VALUES ('EUR','EUR',1.000000000000),('EUR','USD',1.415000000000),('USD','EUR',0.706700000000),('USD','USD',1.000000000000);

--
-- Table structure for table `downloadable_link`
--

CREATE TABLE `downloadable_link` (
  `link_id` int(10) unsigned NOT NULL AUTO_INCREMENT COMMENT 'Link ID',
  `product_id` int(10) unsigned NOT NULL DEFAULT '0' COMMENT 'Product ID',
  `sort_order` int(10) unsigned NOT NULL DEFAULT '0' COMMENT 'Sort order',
  `number_of_downloads` int(11) DEFAULT NULL COMMENT 'Number of downloads',
  `is_shareable` smallint(5) unsigned NOT NULL DEFAULT '0' COMMENT 'Shareable flag',
  `link_url` varchar(255) DEFAULT NULL COMMENT 'Link Url',
  `link_file` varchar(255) DEFAULT NULL COMMENT 'Link File',
  `link_type` varchar(20) DEFAULT NULL COMMENT 'Link Type',
  `sample_url` varchar(255) DEFAULT NULL COMMENT 'Sample Url',
  `sample_file` varchar(255) DEFAULT NULL COMMENT 'Sample File',
  `sample_type` varchar(20) DEFAULT NULL COMMENT 'Sample Type',
  PRIMARY KEY (`link_id`),
  KEY `DOWNLOADABLE_LINK_PRODUCT_ID_SORT_ORDER` (`product_id`,`sort_order`),
  CONSTRAINT `DOWNLOADABLE_LINK_PRODUCT_ID_CATALOG_PRODUCT_ENTITY_ENTITY_ID` FOREIGN KEY (`product_id`) REFERENCES `catalog_product_entity` (`entity_id`) ON DELETE CASCADE
) ENGINE=InnoDB AUTO_INCREMENT=9 DEFAULT CHARSET=utf8 COMMENT='Downloadable Link Table';

--
-- Dumping data for table `downloadable_link`
--

INSERT INTO `downloadable_link` VALUES (1,45,1,0,2,NULL,'/l/u/luma_background_-_model_against_fence_4_sec_.mp4','file',NULL,NULL,NULL),(2,46,1,0,2,NULL,'/l/u/luma_background_-_model_against_fence_4_sec_.mp4','file',NULL,NULL,NULL),(3,47,1,0,2,NULL,'/l/u/luma_background_-_model_against_fence_4_sec_.mp4','file',NULL,NULL,NULL),(4,48,1,0,2,NULL,'/l/u/luma_background_-_model_against_fence_4_sec_.mp4','file',NULL,NULL,NULL),(5,49,1,0,2,NULL,'/l/u/luma_background_-_model_against_fence_4_sec_.mp4','file',NULL,NULL,NULL),(6,50,1,0,2,NULL,'/l/u/luma_background_-_model_against_fence_4_sec_.mp4','file',NULL,NULL,NULL),(7,50,1,0,2,NULL,'/l/u/luma_background_-_model_against_fence_4_sec_.mp4','file',NULL,NULL,NULL),(8,50,1,0,2,NULL,'/l/u/luma_background_-_model_against_fence_4_sec_.mp4','file',NULL,NULL,NULL);

--
-- Table structure for table `downloadable_link_price`
--

CREATE TABLE `downloadable_link_price` (
  `price_id` int(10) unsigned NOT NULL AUTO_INCREMENT COMMENT 'Price ID',
  `link_id` int(10) unsigned NOT NULL DEFAULT '0' COMMENT 'Link ID',
  `website_id` smallint(5) unsigned NOT NULL DEFAULT '0' COMMENT 'Website ID',
  `price` decimal(20,6) NOT NULL DEFAULT '0.000000' COMMENT 'Price',
  PRIMARY KEY (`price_id`),
  KEY `DOWNLOADABLE_LINK_PRICE_LINK_ID` (`link_id`),
  KEY `DOWNLOADABLE_LINK_PRICE_WEBSITE_ID` (`website_id`),
  CONSTRAINT `DOWNLOADABLE_LINK_PRICE_LINK_ID_DOWNLOADABLE_LINK_LINK_ID` FOREIGN KEY (`link_id`) REFERENCES `downloadable_link` (`link_id`) ON DELETE CASCADE,
  CONSTRAINT `DOWNLOADABLE_LINK_PRICE_WEBSITE_ID_STORE_WEBSITE_WEBSITE_ID` FOREIGN KEY (`website_id`) REFERENCES `store_website` (`website_id`) ON DELETE CASCADE
) ENGINE=InnoDB AUTO_INCREMENT=9 DEFAULT CHARSET=utf8 COMMENT='Downloadable Link Price Table';

--
-- Dumping data for table `downloadable_link_price`
--

INSERT INTO `downloadable_link_price` VALUES (1,1,0,6.000000),(2,2,0,14.000000),(3,3,0,22.000000),(4,4,0,14.000000),(5,5,0,18.000000),(6,6,0,9.000000),(7,7,0,9.000000),(8,8,0,9.000000);

--
-- Table structure for table `downloadable_link_purchased`
--

CREATE TABLE `downloadable_link_purchased` (
  `purchased_id` int(10) unsigned NOT NULL AUTO_INCREMENT COMMENT 'Purchased ID',
  `order_id` int(10) unsigned DEFAULT '0' COMMENT 'Order ID',
  `order_increment_id` varchar(50) DEFAULT NULL COMMENT 'Order Increment ID',
  `order_item_id` int(10) unsigned NOT NULL DEFAULT '0' COMMENT 'Order Item ID',
  `created_at` timestamp NOT NULL DEFAULT CURRENT_TIMESTAMP COMMENT 'Date of creation',
  `updated_at` timestamp NOT NULL DEFAULT CURRENT_TIMESTAMP ON UPDATE CURRENT_TIMESTAMP COMMENT 'Date of modification',
  `customer_id` int(10) unsigned DEFAULT '0' COMMENT 'Customer ID',
  `product_name` varchar(255) DEFAULT NULL COMMENT 'Product name',
  `product_sku` varchar(255) DEFAULT NULL COMMENT 'Product sku',
  `link_section_title` varchar(255) DEFAULT NULL COMMENT 'Link_section_title',
  PRIMARY KEY (`purchased_id`),
  KEY `DOWNLOADABLE_LINK_PURCHASED_ORDER_ID` (`order_id`),
  KEY `DOWNLOADABLE_LINK_PURCHASED_ORDER_ITEM_ID` (`order_item_id`),
  KEY `DOWNLOADABLE_LINK_PURCHASED_CUSTOMER_ID` (`customer_id`),
  CONSTRAINT `DL_LNK_PURCHASED_CSTR_ID_CSTR_ENTT_ENTT_ID` FOREIGN KEY (`customer_id`) REFERENCES `customer_entity` (`entity_id`) ON DELETE SET NULL,
  CONSTRAINT `DOWNLOADABLE_LINK_PURCHASED_ORDER_ID_SALES_ORDER_ENTITY_ID` FOREIGN KEY (`order_id`) REFERENCES `sales_order` (`entity_id`) ON DELETE SET NULL
) ENGINE=InnoDB AUTO_INCREMENT=4 DEFAULT CHARSET=utf8 COMMENT='Downloadable Link Purchased Table';

--
-- Dumping data for table `downloadable_link_purchased`
--

INSERT INTO `downloadable_link_purchased` VALUES (1,40,'000000006',51,'2023-05-19 05:09:05','2023-05-19 05:09:05',1,'Beginner\'s Yoga','240-LV04','Downloads'),(2,56,'000000019',85,'2023-08-11 05:48:34','2023-08-11 05:48:34',37,'Beginner\'s Yoga','240-LV04','Downloads'),(3,110,'000000025',157,'2023-11-10 05:57:02','2023-11-10 05:57:02',1,'Advanced Pilates & Yoga (Strength)','240-LV08','Downloads');

--
-- Table structure for table `downloadable_link_purchased_item`
--

CREATE TABLE `downloadable_link_purchased_item` (
  `item_id` int(10) unsigned NOT NULL AUTO_INCREMENT COMMENT 'Item ID',
  `purchased_id` int(10) unsigned NOT NULL DEFAULT '0' COMMENT 'Purchased ID',
  `order_item_id` int(10) unsigned DEFAULT '0' COMMENT 'Order Item ID',
  `product_id` int(10) unsigned DEFAULT '0' COMMENT 'Product ID',
  `link_hash` varchar(255) DEFAULT NULL COMMENT 'Link hash',
  `number_of_downloads_bought` int(10) unsigned NOT NULL DEFAULT '0' COMMENT 'Number of downloads bought',
  `number_of_downloads_used` int(10) unsigned NOT NULL DEFAULT '0' COMMENT 'Number of downloads used',
  `link_id` int(10) unsigned NOT NULL DEFAULT '0' COMMENT 'Link ID',
  `link_title` varchar(255) DEFAULT NULL COMMENT 'Link Title',
  `is_shareable` smallint(5) unsigned NOT NULL DEFAULT '0' COMMENT 'Shareable Flag',
  `link_url` varchar(255) DEFAULT NULL COMMENT 'Link Url',
  `link_file` varchar(255) DEFAULT NULL COMMENT 'Link File',
  `link_type` varchar(255) DEFAULT NULL COMMENT 'Link Type',
  `status` varchar(50) DEFAULT NULL COMMENT 'Status',
  `created_at` timestamp NOT NULL DEFAULT CURRENT_TIMESTAMP COMMENT 'Creation Time',
  `updated_at` timestamp NOT NULL DEFAULT CURRENT_TIMESTAMP ON UPDATE CURRENT_TIMESTAMP COMMENT 'Update Time',
  PRIMARY KEY (`item_id`),
  KEY `DOWNLOADABLE_LINK_PURCHASED_ITEM_LINK_HASH` (`link_hash`),
  KEY `DOWNLOADABLE_LINK_PURCHASED_ITEM_ORDER_ITEM_ID` (`order_item_id`),
  KEY `DOWNLOADABLE_LINK_PURCHASED_ITEM_PURCHASED_ID` (`purchased_id`),
  CONSTRAINT `DL_LNK_PURCHASED_ITEM_ORDER_ITEM_ID_SALES_ORDER_ITEM_ITEM_ID` FOREIGN KEY (`order_item_id`) REFERENCES `sales_order_item` (`item_id`) ON DELETE SET NULL,
  CONSTRAINT `DL_LNK_PURCHASED_ITEM_PURCHASED_ID_DL_LNK_PURCHASED_PURCHASED_ID` FOREIGN KEY (`purchased_id`) REFERENCES `downloadable_link_purchased` (`purchased_id`) ON DELETE CASCADE
) ENGINE=InnoDB AUTO_INCREMENT=4 DEFAULT CHARSET=utf8 COMMENT='Downloadable Link Purchased Item Table';

--
-- Dumping data for table `downloadable_link_purchased_item`
--

INSERT INTO `downloadable_link_purchased_item` VALUES (1,1,51,45,'MC4xMTkyMjAwMCAxNjg0NDcyOTQ1MTUxNDU,',0,0,1,'Beginner&#039;s Yoga',2,NULL,'/l/u/luma_background_-_model_against_fence_4_sec_.mp4','file','pending','2023-05-19 05:09:05','2023-05-19 05:09:05'),(2,2,85,45,'MC4wODA4MDcwMCAxNjkxNzMyOTE0Mjg1NDU,',0,0,1,'Beginner&#039;s Yoga',2,NULL,'/l/u/luma_background_-_model_against_fence_4_sec_.mp4','file','pending','2023-08-11 05:48:34','2023-08-11 05:48:34'),(3,3,157,49,'MC43MzQzNDYwMCAxNjk5NTk1ODIyMzE1NzQ5',0,0,5,'Advanced Pilates & Yoga (Strength)',2,NULL,'/l/u/luma_background_-_model_against_fence_4_sec_.mp4','file','pending','2023-11-10 05:57:02','2023-11-10 05:57:02');

--
-- Table structure for table `downloadable_link_title`
--

CREATE TABLE `downloadable_link_title` (
  `title_id` int(10) unsigned NOT NULL AUTO_INCREMENT COMMENT 'Title ID',
  `link_id` int(10) unsigned NOT NULL DEFAULT '0' COMMENT 'Link ID',
  `store_id` smallint(5) unsigned NOT NULL DEFAULT '0' COMMENT 'Store ID',
  `title` varchar(255) DEFAULT NULL COMMENT 'Title',
  PRIMARY KEY (`title_id`),
  UNIQUE KEY `DOWNLOADABLE_LINK_TITLE_LINK_ID_STORE_ID` (`link_id`,`store_id`),
  KEY `DOWNLOADABLE_LINK_TITLE_STORE_ID` (`store_id`),
  CONSTRAINT `DOWNLOADABLE_LINK_TITLE_LINK_ID_DOWNLOADABLE_LINK_LINK_ID` FOREIGN KEY (`link_id`) REFERENCES `downloadable_link` (`link_id`) ON DELETE CASCADE,
  CONSTRAINT `DOWNLOADABLE_LINK_TITLE_STORE_ID_STORE_STORE_ID` FOREIGN KEY (`store_id`) REFERENCES `store` (`store_id`) ON DELETE CASCADE
) ENGINE=InnoDB AUTO_INCREMENT=9 DEFAULT CHARSET=utf8 COMMENT='Link Title Table';

--
-- Dumping data for table `downloadable_link_title`
--

INSERT INTO `downloadable_link_title` VALUES (1,1,0,'Beginner&#039;s Yoga'),(2,2,0,'LifeLong Fitness IV'),(3,3,0,'Yoga Adventure'),(4,4,0,'Solo Power Circuit'),(5,5,0,'Advanced Pilates & Yoga (Strength)'),(6,6,0,'Episode 1'),(7,7,0,'Episode 2'),(8,8,0,'Episode 3');

--
-- Table structure for table `downloadable_sample`
--

CREATE TABLE `downloadable_sample` (
  `sample_id` int(10) unsigned NOT NULL AUTO_INCREMENT COMMENT 'Sample ID',
  `product_id` int(10) unsigned NOT NULL DEFAULT '0' COMMENT 'Product ID',
  `sample_url` varchar(255) DEFAULT NULL COMMENT 'Sample URL',
  `sample_file` varchar(255) DEFAULT NULL COMMENT 'Sample file',
  `sample_type` varchar(20) DEFAULT NULL COMMENT 'Sample Type',
  `sort_order` int(10) unsigned NOT NULL DEFAULT '0' COMMENT 'Sort Order',
  PRIMARY KEY (`sample_id`),
  KEY `DOWNLOADABLE_SAMPLE_PRODUCT_ID` (`product_id`),
  CONSTRAINT `DOWNLOADABLE_SAMPLE_PRODUCT_ID_CATALOG_PRODUCT_ENTITY_ENTITY_ID` FOREIGN KEY (`product_id`) REFERENCES `catalog_product_entity` (`entity_id`) ON DELETE CASCADE
) ENGINE=InnoDB AUTO_INCREMENT=19 DEFAULT CHARSET=utf8 COMMENT='Downloadable Sample Table';

--
-- Dumping data for table `downloadable_sample`
--

INSERT INTO `downloadable_sample` VALUES (1,45,NULL,'/l/u/luma_background_-_model_against_fence_4_sec_.mp4','file',2),(2,45,NULL,'/l/u/luma_background_-_model_against_fence_4_sec_.mp4','file',1),(3,45,NULL,'/l/u/luma_background_-_model_against_fence_4_sec_.mp4','file',1),(4,46,NULL,'/l/u/luma_background_-_model_against_fence_4_sec_.mp4','file',1),(5,46,NULL,'/l/u/luma_background_-_model_against_fence_4_sec_.mp4','file',1),(6,46,NULL,'/l/u/luma_background_-_model_against_fence_4_sec_.mp4','file',1),(7,47,NULL,'/l/u/luma_background_-_model_against_fence_4_sec_.mp4','file',1),(8,47,NULL,'/l/u/luma_background_-_model_against_fence_4_sec_.mp4','file',1),(9,47,NULL,'/l/u/luma_background_-_model_against_fence_4_sec_.mp4','file',1),(10,48,NULL,'/l/u/luma_background_-_model_against_fence_4_sec_.mp4','file',1),(11,48,NULL,'/l/u/luma_background_-_model_against_fence_4_sec_.mp4','file',1),(12,48,NULL,'/l/u/luma_background_-_model_against_fence_4_sec_.mp4','file',1),(13,49,NULL,'/l/u/luma_background_-_model_against_fence_4_sec_.mp4','file',1),(14,49,NULL,'/l/u/luma_background_-_model_against_fence_4_sec_.mp4','file',1),(15,49,NULL,'/l/u/luma_background_-_model_against_fence_4_sec_.mp4','file',1),(16,50,NULL,'/l/u/luma_background_-_model_against_fence_4_sec_.mp4','file',1),(17,50,NULL,'/l/u/luma_background_-_model_against_fence_4_sec_.mp4','file',1),(18,50,NULL,'/l/u/luma_background_-_model_against_fence_4_sec_.mp4','file',1);

--
-- Table structure for table `downloadable_sample_title`
--

CREATE TABLE `downloadable_sample_title` (
  `title_id` int(10) unsigned NOT NULL AUTO_INCREMENT COMMENT 'Title ID',
  `sample_id` int(10) unsigned NOT NULL DEFAULT '0' COMMENT 'Sample ID',
  `store_id` smallint(5) unsigned NOT NULL DEFAULT '0' COMMENT 'Store ID',
  `title` varchar(255) DEFAULT NULL COMMENT 'Title',
  PRIMARY KEY (`title_id`),
  UNIQUE KEY `DOWNLOADABLE_SAMPLE_TITLE_SAMPLE_ID_STORE_ID` (`sample_id`,`store_id`),
  KEY `DOWNLOADABLE_SAMPLE_TITLE_STORE_ID` (`store_id`),
  CONSTRAINT `DL_SAMPLE_TTL_SAMPLE_ID_DL_SAMPLE_SAMPLE_ID` FOREIGN KEY (`sample_id`) REFERENCES `downloadable_sample` (`sample_id`) ON DELETE CASCADE,
  CONSTRAINT `DOWNLOADABLE_SAMPLE_TITLE_STORE_ID_STORE_STORE_ID` FOREIGN KEY (`store_id`) REFERENCES `store` (`store_id`) ON DELETE CASCADE
) ENGINE=InnoDB AUTO_INCREMENT=19 DEFAULT CHARSET=utf8 COMMENT='Downloadable Sample Title Table';

--
-- Dumping data for table `downloadable_sample_title`
--

INSERT INTO `downloadable_sample_title` VALUES (1,1,0,'Trailer #1'),(2,2,0,'Trailer #2'),(3,3,0,'Trailer #3'),(4,4,0,'Trailer #1'),(5,5,0,'Trailer #2'),(6,6,0,'Trailer #3'),(7,7,0,'Trailer #1'),(8,8,0,'Trailer #2'),(9,9,0,'Trailer #3'),(10,10,0,'Trailer #1'),(11,11,0,'Trailer #2'),(12,12,0,'Trailer #3'),(13,13,0,'Trailer #1'),(14,14,0,'Trailer #2'),(15,15,0,'Trailer #3'),(16,16,0,'Trailer #1'),(17,17,0,'Trailer #2'),(18,18,0,'Trailer #3');

--
-- Table structure for table `eav_attribute`
--

CREATE TABLE `eav_attribute` (
  `attribute_id` smallint(5) unsigned NOT NULL AUTO_INCREMENT COMMENT 'Attribute ID',
  `entity_type_id` smallint(5) unsigned NOT NULL DEFAULT '0' COMMENT 'Entity Type ID',
  `attribute_code` varchar(255) NOT NULL COMMENT 'Attribute Code',
  `attribute_model` varchar(255) DEFAULT NULL COMMENT 'Attribute Model',
  `backend_model` varchar(255) DEFAULT NULL COMMENT 'Backend Model',
  `backend_type` varchar(8) NOT NULL DEFAULT 'static' COMMENT 'Backend Type',
  `backend_table` varchar(255) DEFAULT NULL COMMENT 'Backend Table',
  `frontend_model` varchar(255) DEFAULT NULL COMMENT 'Frontend Model',
  `frontend_input` varchar(50) DEFAULT NULL COMMENT 'Frontend Input',
  `frontend_label` varchar(255) DEFAULT NULL COMMENT 'Frontend Label',
  `frontend_class` varchar(255) DEFAULT NULL COMMENT 'Frontend Class',
  `source_model` varchar(255) DEFAULT NULL COMMENT 'Source Model',
  `is_required` smallint(5) unsigned NOT NULL DEFAULT '0' COMMENT 'Defines Is Required',
  `is_user_defined` smallint(5) unsigned NOT NULL DEFAULT '0' COMMENT 'Defines Is User Defined',
  `default_value` text COMMENT 'Default Value',
  `is_unique` smallint(5) unsigned NOT NULL DEFAULT '0' COMMENT 'Defines Is Unique',
  `note` varchar(255) DEFAULT NULL COMMENT 'Note',
  PRIMARY KEY (`attribute_id`),
  UNIQUE KEY `EAV_ATTRIBUTE_ENTITY_TYPE_ID_ATTRIBUTE_CODE` (`entity_type_id`,`attribute_code`),
  KEY `EAV_ATTRIBUTE_FRONTEND_INPUT_ENTITY_TYPE_ID_IS_USER_DEFINED` (`frontend_input`,`entity_type_id`,`is_user_defined`),
  CONSTRAINT `EAV_ATTRIBUTE_ENTITY_TYPE_ID_EAV_ENTITY_TYPE_ENTITY_TYPE_ID` FOREIGN KEY (`entity_type_id`) REFERENCES `eav_entity_type` (`entity_type_id`) ON DELETE CASCADE
) ENGINE=InnoDB AUTO_INCREMENT=163 DEFAULT CHARSET=utf8 COMMENT='Eav Attribute';

--
-- Dumping data for table `eav_attribute`
--



--
-- Table structure for table `eav_attribute_group`
--

CREATE TABLE `eav_attribute_group` (
  `attribute_group_id` smallint(5) unsigned NOT NULL AUTO_INCREMENT COMMENT 'Attribute Group ID',
  `attribute_set_id` smallint(5) unsigned NOT NULL DEFAULT '0' COMMENT 'Attribute Set ID',
  `attribute_group_name` varchar(255) DEFAULT NULL COMMENT 'Attribute Group Name',
  `sort_order` smallint(6) NOT NULL DEFAULT '0' COMMENT 'Sort Order',
  `default_id` smallint(5) unsigned DEFAULT '0' COMMENT 'Default ID',
  `attribute_group_code` varchar(255) NOT NULL COMMENT 'Attribute Group Code',
  `tab_group_code` varchar(255) DEFAULT NULL COMMENT 'Tab Group Code',
  PRIMARY KEY (`attribute_group_id`),
  UNIQUE KEY `EAV_ATTRIBUTE_GROUP_ATTRIBUTE_SET_ID_ATTRIBUTE_GROUP_CODE` (`attribute_set_id`,`attribute_group_code`),
  UNIQUE KEY `EAV_ATTRIBUTE_GROUP_ATTRIBUTE_SET_ID_ATTRIBUTE_GROUP_NAME` (`attribute_set_id`,`attribute_group_name`),
  KEY `EAV_ATTRIBUTE_GROUP_ATTRIBUTE_SET_ID_SORT_ORDER` (`attribute_set_id`,`sort_order`),
  CONSTRAINT `EAV_ATTR_GROUP_ATTR_SET_ID_EAV_ATTR_SET_ATTR_SET_ID` FOREIGN KEY (`attribute_set_id`) REFERENCES `eav_attribute_set` (`attribute_set_id`) ON DELETE CASCADE
) ENGINE=InnoDB AUTO_INCREMENT=99 DEFAULT CHARSET=utf8 COMMENT='Eav Attribute Group';

--
-- Dumping data for table `eav_attribute_group`
--

INSERT INTO `eav_attribute_group` VALUES (1,1,'General',1,1,'general',NULL),(2,2,'General',1,1,'general',NULL),(3,3,'General',10,1,'general',NULL),(4,3,'General Information',2,0,'general-information',NULL),(5,3,'Display Settings',20,0,'display-settings',NULL),(6,3,'Custom Design',30,0,'custom-design',NULL),(7,4,'General',10,1,'product-details','basic'),(8,4,'Advanced Pricing',40,0,'advanced-pricing','advanced'),(9,4,'Search Engine Optimization',30,0,'search-engine-optimization','basic'),(10,4,'Images',20,0,'image-management','basic'),(11,4,'Design',50,0,'design','advanced'),(12,4,'Autosettings',60,0,'autosettings','advanced'),(13,4,'Content',15,0,'content','basic'),(14,4,'Schedule Design Update',55,0,'schedule-design-update','advanced'),(15,4,'Bundle Items',16,0,'bundle-items',NULL),(16,5,'General',1,1,'general',NULL),(17,6,'General',1,1,'general',NULL),(18,7,'General',1,1,'general',NULL),(19,8,'General',1,1,'general',NULL),(20,9,'Autosettings',60,0,'autosettings','advanced'),(21,9,'Schedule Design Update',55,0,'schedule-design-update','advanced'),(22,9,'Design',50,0,'design','advanced'),(23,9,'Advanced Pricing',40,0,'advanced-pricing','advanced'),(24,9,'Search Engine Optimization',30,0,'search-engine-optimization','basic'),(25,9,'Images',20,0,'image-management','basic'),(26,9,'Bundle Items',16,0,'bundle-items',NULL),(27,9,'Content',15,0,'content','basic'),(28,9,'General',10,1,'product-details','basic'),(29,10,'Autosettings',60,0,'autosettings','advanced'),(30,10,'Schedule Design Update',55,0,'schedule-design-update','advanced'),(31,10,'Design',50,0,'design','advanced'),(32,10,'Advanced Pricing',40,0,'advanced-pricing','advanced'),(33,10,'Search Engine Optimization',30,0,'search-engine-optimization','basic'),(34,10,'Images',20,0,'image-management','basic'),(35,10,'Bundle Items',16,0,'bundle-items',NULL),(36,10,'Content',15,0,'content','basic'),(37,10,'General',10,1,'product-details','basic'),(38,11,'Autosettings',60,0,'autosettings','advanced'),(39,11,'Schedule Design Update',55,0,'schedule-design-update','advanced'),(40,11,'Design',50,0,'design','advanced'),(41,11,'Advanced Pricing',40,0,'advanced-pricing','advanced'),(42,11,'Search Engine Optimization',30,0,'search-engine-optimization','basic'),(43,11,'Images',20,0,'image-management','basic'),(44,11,'Bundle Items',16,0,'bundle-items',NULL),(45,11,'Content',15,0,'content','basic'),(46,11,'General',10,1,'product-details','basic'),(47,12,'Autosettings',60,0,'autosettings','advanced'),(48,12,'Schedule Design Update',55,0,'schedule-design-update','advanced'),(49,12,'Design',50,0,'design','advanced'),(50,12,'Advanced Pricing',40,0,'advanced-pricing','advanced'),(51,12,'Search Engine Optimization',30,0,'search-engine-optimization','basic'),(52,12,'Images',20,0,'image-management','basic'),(53,12,'Bundle Items',16,0,'bundle-items',NULL),(54,12,'Content',15,0,'content','basic'),(55,12,'General',10,1,'product-details','basic'),(56,13,'Autosettings',60,0,'autosettings','advanced'),(57,13,'Schedule Design Update',55,0,'schedule-design-update','advanced'),(58,13,'Design',50,0,'design','advanced'),(59,13,'Advanced Pricing',40,0,'advanced-pricing','advanced'),(60,13,'Search Engine Optimization',30,0,'search-engine-optimization','basic'),(61,13,'Images',20,0,'image-management','basic'),(62,13,'Bundle Items',16,0,'bundle-items',NULL),(63,13,'Content',15,0,'content','basic'),(64,13,'General',10,1,'product-details','basic'),(65,14,'Autosettings',60,0,'autosettings','advanced'),(66,14,'Schedule Design Update',55,0,'schedule-design-update','advanced'),(67,14,'Design',50,0,'design','advanced'),(68,14,'Advanced Pricing',40,0,'advanced-pricing','advanced'),(69,14,'Search Engine Optimization',30,0,'search-engine-optimization','basic'),(70,14,'Images',20,0,'image-management','basic'),(71,14,'Bundle Items',16,0,'bundle-items',NULL),(72,14,'Content',15,0,'content','basic'),(73,14,'General',10,1,'product-details','basic'),(74,15,'Autosettings',60,0,'autosettings','advanced'),(75,15,'Schedule Design Update',55,0,'schedule-design-update','advanced'),(76,15,'Design',50,0,'design','advanced'),(77,15,'Advanced Pricing',40,0,'advanced-pricing','advanced'),(78,15,'Search Engine Optimization',30,0,'search-engine-optimization','basic'),(79,15,'Images',20,0,'image-management','basic'),(80,15,'Bundle Items',16,0,'bundle-items',NULL),(81,15,'Content',15,0,'content','basic'),(82,15,'General',10,1,'product-details','basic'),(83,4,'Gift Options',61,0,'gift-options',NULL),(84,9,'Gift Options',61,0,'gift-options',NULL),(85,10,'Gift Options',61,0,'gift-options',NULL),(86,11,'Gift Options',61,0,'gift-options',NULL),(87,12,'Gift Options',61,0,'gift-options',NULL),(88,13,'Gift Options',61,0,'gift-options',NULL),(89,14,'Gift Options',61,0,'gift-options',NULL),(90,15,'Gift Options',61,0,'gift-options',NULL),(91,15,'Sample Product',62,0,'sample-product',NULL),(92,10,'Sample Product',62,0,'sample-product',NULL),(93,4,'Sample Product',62,0,'sample-product',NULL),(94,14,'Sample Product',62,0,'sample-product',NULL),(95,11,'Sample Product',62,0,'sample-product',NULL),(96,12,'Sample Product',62,0,'sample-product',NULL),(97,13,'Sample Product',62,0,'sample-product',NULL),(98,9,'Sample Product',62,0,'sample-product',NULL);

--
-- Table structure for table `eav_attribute_label`
--

CREATE TABLE `eav_attribute_label` (
  `attribute_label_id` int(10) unsigned NOT NULL AUTO_INCREMENT COMMENT 'Attribute Label ID',
  `attribute_id` smallint(5) unsigned NOT NULL DEFAULT '0' COMMENT 'Attribute ID',
  `store_id` smallint(5) unsigned NOT NULL DEFAULT '0' COMMENT 'Store ID',
  `value` varchar(255) DEFAULT NULL COMMENT 'Value',
  PRIMARY KEY (`attribute_label_id`),
  KEY `EAV_ATTRIBUTE_LABEL_STORE_ID` (`store_id`),
  KEY `EAV_ATTRIBUTE_LABEL_ATTRIBUTE_ID_STORE_ID` (`attribute_id`,`store_id`),
  CONSTRAINT `EAV_ATTRIBUTE_LABEL_ATTRIBUTE_ID_EAV_ATTRIBUTE_ATTRIBUTE_ID` FOREIGN KEY (`attribute_id`) REFERENCES `eav_attribute` (`attribute_id`) ON DELETE CASCADE,
  CONSTRAINT `EAV_ATTRIBUTE_LABEL_STORE_ID_STORE_STORE_ID` FOREIGN KEY (`store_id`) REFERENCES `store` (`store_id`) ON DELETE CASCADE
) ENGINE=InnoDB AUTO_INCREMENT=18 DEFAULT CHARSET=utf8 COMMENT='Eav Attribute Label';

--
-- Dumping data for table `eav_attribute_label`
--

INSERT INTO `eav_attribute_label` VALUES (2,136,1,'Style'),(6,141,1,'Category'),(11,150,1,'Style'),(13,151,1,'Style'),(17,142,1,'Size');

--
-- Table structure for table `eav_attribute_option`
--

CREATE TABLE `eav_attribute_option` (
  `option_id` int(10) unsigned NOT NULL AUTO_INCREMENT COMMENT 'Option ID',
  `attribute_id` smallint(5) unsigned NOT NULL DEFAULT '0' COMMENT 'Attribute ID',
  `sort_order` smallint(5) unsigned NOT NULL DEFAULT '0' COMMENT 'Sort Order',
  PRIMARY KEY (`option_id`),
  KEY `EAV_ATTRIBUTE_OPTION_ATTRIBUTE_ID` (`attribute_id`),
  CONSTRAINT `EAV_ATTRIBUTE_OPTION_ATTRIBUTE_ID_EAV_ATTRIBUTE_ATTRIBUTE_ID` FOREIGN KEY (`attribute_id`) REFERENCES `eav_attribute` (`attribute_id`) ON DELETE CASCADE
) ENGINE=InnoDB AUTO_INCREMENT=233 DEFAULT CHARSET=utf8 COMMENT='Eav Attribute Option';

--
-- Dumping data for table `eav_attribute_option`
--

INSERT INTO `eav_attribute_option` VALUES (1,20,0),(2,20,1),(3,20,3),(4,135,0),(5,135,1),(6,135,2),(7,135,3),(8,135,4),(9,135,5),(10,135,6),(11,135,7),(12,135,8),(13,135,9),(14,135,10),(15,135,11),(16,135,12),(17,135,13),(18,135,14),(19,135,15),(20,135,16),(21,135,17),(22,135,18),(23,135,19),(24,136,0),(25,136,1),(26,136,2),(27,136,3),(28,136,4),(29,136,5),(30,136,6),(31,137,0),(32,137,1),(33,137,2),(34,137,3),(35,137,4),(36,137,5),(37,137,6),(38,137,7),(39,137,8),(40,137,9),(41,137,10),(42,137,11),(43,137,12),(44,137,13),(45,137,14),(46,137,15),(47,137,16),(48,137,17),(49,93,0),(50,93,1),(51,93,2),(52,93,3),(53,93,4),(54,93,5),(55,93,6),(56,93,7),(57,93,8),(58,93,9),(59,93,10),(60,93,11),(61,138,0),(62,138,1),(63,138,2),(64,138,3),(65,138,4),(66,138,5),(67,138,6),(68,138,7),(69,139,0),(70,139,1),(71,139,2),(72,139,3),(73,139,4),(74,139,5),(75,139,6),(76,139,7),(77,139,8),(78,139,9),(79,139,10),(80,140,0),(81,140,1),(82,140,2),(83,140,3),(84,140,4),(85,141,0),(86,141,1),(87,141,2),(88,141,3),(89,141,4),(90,141,5),(91,142,0),(92,142,2),(93,142,4),(94,142,6),(95,142,8),(96,142,10),(97,143,0),(98,144,0),(99,145,0),(100,146,0),(101,147,0),(102,149,0),(103,149,1),(104,150,0),(105,150,1),(106,150,2),(107,150,3),(108,150,4),(109,150,5),(110,150,6),(111,150,7),(112,150,8),(113,150,9),(114,150,10),(115,150,11),(116,151,0),(117,151,1),(118,151,2),(119,151,3),(120,151,4),(121,151,5),(122,151,6),(123,151,7),(124,151,8),(125,151,9),(126,151,10),(127,151,11),(128,151,12),(129,151,13),(130,151,14),(131,151,15),(132,151,16),(133,151,17),(134,151,18),(135,151,19),(136,151,20),(137,151,21),(138,151,22),(139,151,23),(140,151,24),(141,151,25),(142,137,0),(143,137,1),(144,137,2),(145,137,3),(146,137,4),(147,137,5),(148,137,6),(149,137,7),(150,137,8),(151,137,9),(152,137,10),(153,137,11),(154,137,12),(155,137,13),(156,137,14),(157,137,15),(158,137,16),(159,137,17),(160,152,0),(161,152,1),(162,152,2),(163,152,3),(164,152,4),(165,152,5),(166,142,1),(167,142,3),(168,142,5),(169,142,7),(170,142,9),(171,142,11),(172,142,12),(173,142,13),(174,142,14),(175,142,15),(176,142,16),(177,142,17),(178,142,18),(179,142,19),(180,153,0),(181,153,1),(182,153,2),(183,153,3),(184,153,4),(185,153,5),(186,153,6),(187,153,7),(188,153,8),(189,153,9),(190,153,10),(191,153,11),(192,154,0),(193,154,1),(194,154,2),(195,154,3),(196,154,4),(197,154,5),(198,154,6),(199,154,7),(200,154,8),(201,155,0),(202,155,1),(203,155,2),(204,155,3),(205,155,4),(206,155,5),(207,155,6),(208,155,7),(209,155,8),(210,155,9),(211,155,10),(212,159,1),(213,159,2),(214,159,3),(215,159,4),(216,159,5),(217,159,6),(218,159,7),(219,159,8),(220,159,9),(221,159,10),(222,159,11),(223,161,1),(224,161,2),(225,161,3),(226,161,4),(227,161,5),(228,161,6),(229,161,7),(230,161,8),(231,159,12),(232,161,9);

--
-- Table structure for table `eav_attribute_option_swatch`
--

CREATE TABLE `eav_attribute_option_swatch` (
  `swatch_id` int(10) unsigned NOT NULL AUTO_INCREMENT COMMENT 'Swatch ID',
  `option_id` int(10) unsigned NOT NULL COMMENT 'Option ID',
  `store_id` smallint(5) unsigned NOT NULL COMMENT 'Store ID',
  `type` smallint(5) unsigned NOT NULL COMMENT 'Swatch type: 0 - text, 1 - visual color, 2 - visual image',
  `value` varchar(255) DEFAULT NULL COMMENT 'Swatch Value',
  PRIMARY KEY (`swatch_id`),
  UNIQUE KEY `EAV_ATTRIBUTE_OPTION_SWATCH_STORE_ID_OPTION_ID` (`store_id`,`option_id`),
  KEY `EAV_ATTR_OPT_SWATCH_OPT_ID_EAV_ATTR_OPT_OPT_ID` (`option_id`),
  KEY `EAV_ATTRIBUTE_OPTION_SWATCH_SWATCH_ID` (`swatch_id`),
  CONSTRAINT `EAV_ATTRIBUTE_OPTION_SWATCH_STORE_ID_STORE_STORE_ID` FOREIGN KEY (`store_id`) REFERENCES `store` (`store_id`) ON DELETE CASCADE,
  CONSTRAINT `EAV_ATTR_OPT_SWATCH_OPT_ID_EAV_ATTR_OPT_OPT_ID` FOREIGN KEY (`option_id`) REFERENCES `eav_attribute_option` (`option_id`) ON DELETE CASCADE
) ENGINE=InnoDB AUTO_INCREMENT=53 DEFAULT CHARSET=utf8 COMMENT='Magento Swatches table';

--
-- Dumping data for table `eav_attribute_option_swatch`
--

INSERT INTO `eav_attribute_option_swatch` VALUES (1,49,0,1,'#000000'),(2,50,0,1,'#1857f7'),(3,51,0,1,'#945454'),(4,52,0,1,'#8f8f8f'),(5,53,0,1,'#53a828'),(6,54,0,1,'#ce64d4'),(7,55,0,1,'#ffffff'),(8,56,0,1,'#eb6703'),(9,57,0,1,'#ef3dff'),(10,58,0,1,'#ff0000'),(11,59,0,1,'#ffffff'),(12,60,0,1,'#ffd500'),(13,91,0,0,'55 cm'),(14,91,1,0,'55 cm'),(15,166,0,0,'XS'),(16,166,1,0,'XS'),(17,92,0,0,'65 cm'),(18,92,1,0,'65 cm'),(19,167,0,0,'S'),(20,167,1,0,'S'),(21,93,0,0,'75 cm'),(22,93,1,0,'75 cm'),(23,168,0,0,'M'),(24,168,1,0,'M'),(25,94,0,0,'6 foot'),(26,94,1,0,'6 foot'),(27,169,0,0,'L'),(28,169,1,0,'L'),(29,95,0,0,'8 foot'),(30,95,1,0,'8 foot'),(31,170,0,0,'XL'),(32,170,1,0,'XL'),(33,96,0,0,'10 foot'),(34,96,1,0,'10 foot'),(35,171,0,0,'28'),(36,171,1,0,'28'),(37,172,0,0,'29'),(38,172,1,0,'29'),(39,173,0,0,'30'),(40,173,1,0,'30'),(41,174,0,0,'31'),(42,174,1,0,'31'),(43,175,0,0,'32'),(44,175,1,0,'32'),(45,176,0,0,'33'),(46,176,1,0,'33'),(47,177,0,0,'34'),(48,177,1,0,'34'),(49,178,0,0,'36'),(50,178,1,0,'36'),(51,179,0,0,'38'),(52,179,1,0,'38');

--
-- Table structure for table `eav_attribute_option_value`
--

CREATE TABLE `eav_attribute_option_value` (
  `value_id` int(10) unsigned NOT NULL AUTO_INCREMENT COMMENT 'Value ID',
  `option_id` int(10) unsigned NOT NULL DEFAULT '0' COMMENT 'Option ID',
  `store_id` smallint(5) unsigned NOT NULL DEFAULT '0' COMMENT 'Store ID',
  `value` varchar(255) DEFAULT NULL COMMENT 'Value',
  PRIMARY KEY (`value_id`),
  KEY `EAV_ATTRIBUTE_OPTION_VALUE_OPTION_ID` (`option_id`),
  KEY `EAV_ATTRIBUTE_OPTION_VALUE_STORE_ID` (`store_id`),
  CONSTRAINT `EAV_ATTRIBUTE_OPTION_VALUE_STORE_ID_STORE_STORE_ID` FOREIGN KEY (`store_id`) REFERENCES `store` (`store_id`) ON DELETE CASCADE,
  CONSTRAINT `EAV_ATTR_OPT_VAL_OPT_ID_EAV_ATTR_OPT_OPT_ID` FOREIGN KEY (`option_id`) REFERENCES `eav_attribute_option` (`option_id`) ON DELETE CASCADE
) ENGINE=InnoDB AUTO_INCREMENT=1019 DEFAULT CHARSET=utf8 COMMENT='Eav Attribute Option Value';

--
-- Dumping data for table `eav_attribute_option_value`
--

INSERT INTO `eav_attribute_option_value` VALUES (1,1,0,'Male'),(2,2,0,'Female'),(3,3,0,'Not Specified'),(4,4,0,'Hike'),(5,5,0,'Outdoor'),(6,6,0,'Running'),(7,7,0,'Warmup'),(8,8,0,'Yoga'),(9,9,0,'Recreation'),(10,10,0,'Lounge'),(11,11,0,'Gym'),(12,12,0,'Climbing'),(13,13,0,'Crosstraining'),(14,14,0,'Post-workout'),(15,15,0,'Cycling'),(16,16,0,'Athletic'),(17,17,0,'Sports'),(18,18,0,'Hiking'),(19,19,0,'Overnight'),(20,20,0,'School'),(21,21,0,'Trail'),(22,22,0,'Travel'),(23,23,0,'Urban'),(24,24,0,'Backpack'),(25,25,0,'Luggage'),(26,26,0,'Duffel'),(27,27,0,'Messenger'),(28,28,0,'Laptop'),(29,29,0,'Exercise'),(30,30,0,'Tote'),(31,31,0,'Burlap'),(32,32,0,'Canvas'),(33,33,0,'Cotton'),(34,34,0,'Faux Leather'),(35,35,0,'Leather'),(36,36,0,'Mesh'),(37,37,0,'Nylon'),(38,38,0,'Polyester'),(39,39,0,'Rayon'),(40,40,0,'Ripstop'),(41,41,0,'Suede'),(42,42,0,'Foam'),(43,43,0,'Metal'),(44,44,0,'Plastic'),(45,45,0,'Rubber'),(46,46,0,'Synthetic'),(47,47,0,'Stainless Steel'),(48,48,0,'Silicone'),(61,61,0,'Adjustable'),(62,62,0,'Cross Body'),(63,63,0,'Detachable'),(64,64,0,'Double'),(65,65,0,'Padded'),(66,66,0,'Shoulder'),(67,67,0,'Single'),(68,68,0,'Telescoping'),(69,69,0,'Audio Pocket'),(70,70,0,'Wheeled'),(71,71,0,'Hydration Pocket'),(72,72,0,'Audio Pocket'),(73,73,0,'Flapover'),(74,74,0,'Waterproof'),(75,75,0,'Lightweight'),(76,76,0,'TSA Approved'),(77,77,0,'Reflective'),(78,78,0,'Laptop Sleeve'),(79,79,0,'Lockable'),(80,80,0,'Men'),(81,81,0,'Women'),(82,82,0,'Boys'),(83,83,0,'Girls'),(84,84,0,'Unisex'),(85,85,0,'Cardio'),(86,86,0,'Electronic'),(87,87,0,'Exercise'),(88,88,0,'Fashion'),(89,89,0,'Hydration'),(90,90,0,'Timepiece'),(97,102,0,'Download'),(98,103,0,'DVD'),(99,104,0,'Base Layer'),(100,105,0,'Basic'),(101,106,0,'Capri'),(102,107,0,'Compression'),(103,108,0,'Leggings'),(104,109,0,'Parachute'),(105,110,0,'Skort'),(106,111,0,'Snug'),(107,112,0,'Sweatpants'),(108,113,0,'Tights'),(109,114,0,'Track Pants'),(110,115,0,'Workout Pants'),(111,116,0,'Insulated'),(112,117,0,'Jacket'),(113,118,0,'Vest'),(114,119,0,'Lightweight'),(115,120,0,'Hooded'),(116,121,0,'Heavy Duty'),(117,122,0,'Rain Coat'),(118,123,0,'Hard Shell'),(119,124,0,'Soft Shell'),(120,125,0,'Windbreaker'),(121,126,0,'&frac12; zip'),(122,127,0,'&frac14; zip'),(123,128,0,'Full Zip'),(124,129,0,'Reversible'),(125,130,0,'Bra'),(126,131,0,'Hoodie'),(127,132,0,'Sweatshirt'),(128,133,0,'Polo'),(129,134,0,'Tank'),(130,135,0,'Tee'),(131,136,0,'Pullover'),(132,137,0,'Hoodie'),(133,138,0,'Cardigan'),(134,139,0,'Henley'),(135,140,0,'Tunic'),(136,141,0,'Camisole'),(137,142,0,'Cocona&reg; performance fabric'),(138,143,0,'Wool'),(139,144,0,'Fleece'),(140,145,0,'Hemp'),(141,146,0,'Jersey'),(142,147,0,'LumaTech&trade;'),(143,148,0,'Lycra&reg;'),(144,149,0,'Microfiber'),(145,150,0,'Spandex'),(146,151,0,'HeatTec&reg;'),(147,152,0,'EverCool&trade;'),(148,153,0,'Organic Cotton'),(149,154,0,'TENCEL'),(150,155,0,'CoolTech&trade;'),(151,156,0,'Khaki'),(152,157,0,'Linen'),(153,158,0,'Wool'),(154,159,0,'Terry'),(155,160,0,'Sleeve'),(156,161,0,'Long-Sleeve'),(157,162,0,'Short-Sleeve'),(158,163,0,'Sleeveless'),(159,164,0,'Tank'),(160,165,0,'Strap'),(175,180,0,'N/A'),(176,181,0,'? zip'),(177,182,0,'Boat Neck'),(178,183,0,'Crew'),(179,184,0,'Full zip'),(180,185,0,'V-neck'),(181,186,0,'Ballet'),(182,187,0,'Scoop'),(183,188,0,'High Collar'),(184,189,0,'Stand Collar'),(185,190,0,'Roll Neck'),(186,191,0,'Square Neck'),(187,192,0,'Color-Blocked'),(188,193,0,'Checked'),(189,194,0,'Color-Blocked'),(190,195,0,'Graphic Print'),(191,196,0,'Solid'),(192,197,0,'Solid-Highlight'),(193,198,0,'Striped'),(194,199,0,'Camo'),(195,200,0,'Geometric'),(196,201,0,'All-Weather'),(197,202,0,'Cold'),(198,203,0,'Cool'),(199,204,0,'Indoor'),(200,205,0,'Mild'),(201,206,0,'Rainy'),(202,207,0,'Spring'),(203,208,0,'Warm'),(204,209,0,'Windy'),(205,210,0,'Wintry'),(206,211,0,'Hot'),(207,49,0,'Black'),(208,50,0,'Blue'),(209,51,0,'Brown'),(210,52,0,'Gray'),(211,53,0,'Green'),(212,54,0,'Lavender'),(213,55,0,'Multi'),(214,56,0,'Orange'),(215,57,0,'Purple'),(216,58,0,'Red'),(217,59,0,'White'),(218,60,0,'Yellow'),(219,91,0,'55 cm'),(220,166,0,'XS'),(221,92,0,'65 cm'),(222,167,0,'S'),(223,93,0,'75 cm'),(224,168,0,'M'),(225,94,0,'6 foot'),(226,169,0,'L'),(227,95,0,'8 foot'),(228,170,0,'XL'),(229,96,0,'10 foot'),(230,171,0,'28'),(231,172,0,'29'),(232,173,0,'30'),(233,174,0,'31'),(234,175,0,'32'),(235,176,0,'33'),(236,177,0,'34'),(237,178,0,'36'),(238,179,0,'38'),(977,212,0,'New Arrival'),(978,212,5,'New Arrival'),(979,213,0,'Back in Stock'),(980,213,5,'Back in Stock'),(981,214,0,'New Collection'),(982,214,5,'New Collection'),(983,215,0,'Coming soon'),(984,215,5,'Coming soon'),(985,216,0,'Free shipping'),(986,216,5,'Free shipping'),(987,217,0,'Out Of Stock'),(988,217,5,'Out Of Stock'),(989,218,0,'Special-Price'),(990,218,5,'Special-Price'),(991,219,0,'Back-Order'),(992,219,5,'Back-Order'),(993,220,0,'Only {qty} left in stock!'),(994,220,5,'Only {qty} left in stock!'),(995,221,0,'On Sale'),(996,221,5,'On Sale'),(997,222,0,'Available Tomorrow'),(998,222,5,'Available Tomorrow'),(999,231,0,'ONLY {qty} Left'),(1000,231,5,'ONLY {qty} Left'),(1001,223,0,'New Arrival'),(1002,223,5,'New Arrival'),(1003,224,0,'Back in Stock'),(1004,224,5,'Back in Stock'),(1005,225,0,'New Collection'),(1006,225,5,'New Collection'),(1007,226,0,'Coming soon'),(1008,226,5,'Coming soon'),(1009,227,0,'Free shipping'),(1010,227,5,'Free shipping'),(1011,228,0,'Special-Price'),(1012,228,5,'Special-Price'),(1013,229,0,'Back-Order'),(1014,229,5,'Back-Order'),(1015,230,0,'ONLY {qty} Left'),(1016,230,5,'ONLY {qty} Left'),(1017,232,0,'Out Of Stock'),(1018,232,5,'Out Of Stock');

--
-- Table structure for table `eav_attribute_set`
--

CREATE TABLE `eav_attribute_set` (
  `attribute_set_id` smallint(5) unsigned NOT NULL AUTO_INCREMENT COMMENT 'Attribute Set ID',
  `entity_type_id` smallint(5) unsigned NOT NULL DEFAULT '0' COMMENT 'Entity Type ID',
  `attribute_set_name` varchar(255) DEFAULT NULL COMMENT 'Attribute Set Name',
  `sort_order` smallint(6) NOT NULL DEFAULT '0' COMMENT 'Sort Order',
  PRIMARY KEY (`attribute_set_id`),
  UNIQUE KEY `EAV_ATTRIBUTE_SET_ENTITY_TYPE_ID_ATTRIBUTE_SET_NAME` (`entity_type_id`,`attribute_set_name`),
  KEY `EAV_ATTRIBUTE_SET_ENTITY_TYPE_ID_SORT_ORDER` (`entity_type_id`,`sort_order`),
  CONSTRAINT `EAV_ATTRIBUTE_SET_ENTITY_TYPE_ID_EAV_ENTITY_TYPE_ENTITY_TYPE_ID` FOREIGN KEY (`entity_type_id`) REFERENCES `eav_entity_type` (`entity_type_id`) ON DELETE CASCADE
) ENGINE=InnoDB AUTO_INCREMENT=16 DEFAULT CHARSET=utf8 COMMENT='Eav Attribute Set';

--
-- Dumping data for table `eav_attribute_set`
--

INSERT INTO `eav_attribute_set` VALUES (1,1,'Default',2),(2,2,'Default',2),(3,3,'Default',1),(4,4,'Default',1),(5,5,'Default',1),(6,6,'Default',1),(7,7,'Default',1),(8,8,'Default',1),(9,4,'Top',0),(10,4,'Bottom',0),(11,4,'Gear',0),(12,4,'Sprite Stasis Ball',0),(13,4,'Sprite Yoga Strap',0),(14,4,'Downloadable',0),(15,4,'Bag',0);

--
-- Table structure for table `eav_entity`
--

CREATE TABLE `eav_entity` (
  `entity_id` int(10) unsigned NOT NULL AUTO_INCREMENT COMMENT 'Entity ID',
  `entity_type_id` smallint(5) unsigned NOT NULL DEFAULT '0' COMMENT 'Entity Type ID',
  `attribute_set_id` smallint(5) unsigned NOT NULL DEFAULT '0' COMMENT 'Attribute Set ID',
  `increment_id` varchar(50) DEFAULT NULL COMMENT 'Increment ID',
  `parent_id` int(10) unsigned NOT NULL DEFAULT '0' COMMENT 'Parent ID',
  `store_id` smallint(5) unsigned NOT NULL DEFAULT '0' COMMENT 'Store ID',
  `created_at` timestamp NOT NULL DEFAULT CURRENT_TIMESTAMP COMMENT 'Created At',
  `updated_at` timestamp NOT NULL DEFAULT CURRENT_TIMESTAMP ON UPDATE CURRENT_TIMESTAMP COMMENT 'Updated At',
  `is_active` smallint(5) unsigned NOT NULL DEFAULT '1' COMMENT 'Defines Is Entity Active',
  PRIMARY KEY (`entity_id`),
  KEY `EAV_ENTITY_ENTITY_TYPE_ID` (`entity_type_id`),
  KEY `EAV_ENTITY_STORE_ID` (`store_id`),
  CONSTRAINT `EAV_ENTITY_ENTITY_TYPE_ID_EAV_ENTITY_TYPE_ENTITY_TYPE_ID` FOREIGN KEY (`entity_type_id`) REFERENCES `eav_entity_type` (`entity_type_id`) ON DELETE CASCADE,
  CONSTRAINT `EAV_ENTITY_STORE_ID_STORE_STORE_ID` FOREIGN KEY (`store_id`) REFERENCES `store` (`store_id`) ON DELETE CASCADE
) ENGINE=InnoDB DEFAULT CHARSET=utf8 COMMENT='Eav Entity';

--
-- Dumping data for table `eav_entity`
--


--
-- Table structure for table `eav_entity_attribute`
--

CREATE TABLE `eav_entity_attribute` (
  `entity_attribute_id` int(10) unsigned NOT NULL AUTO_INCREMENT COMMENT 'Entity Attribute ID',
  `entity_type_id` smallint(5) unsigned NOT NULL DEFAULT '0' COMMENT 'Entity Type ID',
  `attribute_set_id` smallint(5) unsigned NOT NULL DEFAULT '0' COMMENT 'Attribute Set ID',
  `attribute_group_id` smallint(5) unsigned NOT NULL DEFAULT '0' COMMENT 'Attribute Group ID',
  `attribute_id` smallint(5) unsigned NOT NULL DEFAULT '0' COMMENT 'Attribute ID',
  `sort_order` smallint(6) NOT NULL DEFAULT '0' COMMENT 'Sort Order',
  PRIMARY KEY (`entity_attribute_id`),
  UNIQUE KEY `EAV_ENTITY_ATTRIBUTE_ATTRIBUTE_SET_ID_ATTRIBUTE_ID` (`attribute_set_id`,`attribute_id`),
  UNIQUE KEY `EAV_ENTITY_ATTRIBUTE_ATTRIBUTE_GROUP_ID_ATTRIBUTE_ID` (`attribute_group_id`,`attribute_id`),
  KEY `EAV_ENTITY_ATTRIBUTE_ATTRIBUTE_SET_ID_SORT_ORDER` (`attribute_set_id`,`sort_order`),
  KEY `EAV_ENTITY_ATTRIBUTE_ATTRIBUTE_ID` (`attribute_id`),
  CONSTRAINT `EAV_ENTITY_ATTRIBUTE_ATTRIBUTE_ID_EAV_ATTRIBUTE_ATTRIBUTE_ID` FOREIGN KEY (`attribute_id`) REFERENCES `eav_attribute` (`attribute_id`) ON DELETE CASCADE,
  CONSTRAINT `EAV_ENTT_ATTR_ATTR_GROUP_ID_EAV_ATTR_GROUP_ATTR_GROUP_ID` FOREIGN KEY (`attribute_group_id`) REFERENCES `eav_attribute_group` (`attribute_group_id`) ON DELETE CASCADE
) ENGINE=InnoDB AUTO_INCREMENT=724 DEFAULT CHARSET=utf8 COMMENT='Eav Entity Attributes';

--
-- Dumping data for table `eav_entity_attribute`
--

INSERT INTO `eav_entity_attribute` VALUES (1,1,1,1,1,10),(2,1,1,1,2,20),(3,1,1,1,3,20),(4,1,1,1,4,30),(5,1,1,1,5,40),(6,1,1,1,6,50),(7,1,1,1,7,60),(8,1,1,1,8,70),(9,1,1,1,9,80),(10,1,1,1,10,25),(11,1,1,1,11,90),(12,1,1,1,12,81),(13,1,1,1,13,115),(14,1,1,1,14,120),(15,1,1,1,15,82),(16,1,1,1,16,83),(17,1,1,1,17,100),(18,1,1,1,18,0),(19,1,1,1,19,0),(20,1,1,1,20,110),(21,1,1,1,21,28),(22,2,2,2,22,10),(23,2,2,2,23,20),(24,2,2,2,24,30),(25,2,2,2,25,40),(26,2,2,2,26,50),(27,2,2,2,27,60),(28,2,2,2,28,70),(29,2,2,2,29,100),(30,2,2,2,30,80),(31,2,2,2,31,90),(32,2,2,2,32,90),(33,2,2,2,33,110),(34,2,2,2,34,120),(35,2,2,2,35,130),(36,2,2,2,36,140),(37,2,2,2,37,132),(38,2,2,2,38,133),(39,2,2,2,39,134),(40,2,2,2,40,135),(41,1,1,1,41,87),(42,1,1,1,42,100),(43,1,1,1,43,110),(44,1,1,1,44,120),(45,3,3,4,45,1),(46,3,3,4,46,2),(47,3,3,4,47,4),(48,3,3,4,48,5),(49,3,3,4,49,6),(50,3,3,4,50,7),(51,3,3,4,51,8),(52,3,3,5,52,10),(53,3,3,5,53,20),(54,3,3,5,54,30),(55,3,3,4,55,12),(56,3,3,4,56,13),(57,3,3,4,57,14),(58,3,3,4,58,15),(59,3,3,4,59,16),(60,3,3,6,60,10),(61,3,3,6,61,30),(62,3,3,6,62,40),(63,3,3,6,63,50),(64,3,3,6,64,60),(65,3,3,4,65,24),(66,3,3,4,66,25),(67,3,3,5,67,40),(68,3,3,5,68,50),(69,3,3,4,69,10),(70,3,3,6,70,5),(71,3,3,6,71,6),(72,3,3,5,72,51),(73,4,4,7,73,10),(74,4,4,7,74,20),(75,4,4,13,75,110),(76,4,4,13,76,100),(77,4,4,7,77,30),(78,4,4,8,78,3),(79,4,4,8,79,4),(80,4,4,8,80,5),(81,4,4,8,81,6),(82,4,4,7,82,70),(83,4,4,9,84,20),(84,4,4,9,85,30),(85,4,4,9,86,40),(86,4,4,10,87,1),(87,4,4,10,88,2),(88,4,4,10,89,3),(89,4,4,10,90,4),(90,4,4,7,91,6),(91,4,4,8,92,7),(92,4,4,7,94,90),(93,4,4,7,95,100),(94,4,4,10,96,5),(95,4,4,7,97,5),(96,4,4,8,98,8),(97,4,4,7,99,80),(98,4,4,14,100,40),(99,4,4,14,101,20),(100,4,4,14,102,30),(101,4,4,11,103,10),(102,4,4,11,104,5),(103,4,4,7,105,80),(104,4,4,11,106,6),(105,4,4,7,107,14),(106,4,4,7,108,15),(107,4,4,7,109,16),(108,4,4,7,110,17),(109,4,4,7,111,18),(110,4,4,7,112,19),(111,4,4,7,113,20),(112,4,4,7,114,110),(113,4,4,7,115,60),(114,4,4,14,116,50),(115,4,4,11,117,51),(116,3,3,6,118,51),(117,4,4,8,119,9),(118,4,4,8,120,10),(119,4,4,7,121,31),(120,4,4,7,122,21),(121,4,4,7,123,71),(122,4,4,8,124,11),(123,4,4,15,125,1),(124,3,3,4,126,3),(125,3,3,4,127,17),(126,4,4,9,128,10),(127,4,4,7,129,11),(128,4,4,7,130,111),(129,4,4,7,131,112),(130,4,4,7,132,113),(131,4,4,7,133,114),(132,4,4,7,134,40),(133,4,9,21,101,20),(134,4,9,21,102,30),(135,4,9,21,100,40),(136,4,9,21,116,50),(137,4,9,22,104,5),(138,4,9,22,106,6),(139,4,9,22,103,10),(140,4,9,22,117,51),(141,4,9,23,78,3),(142,4,9,23,79,4),(143,4,9,23,80,5),(144,4,9,23,81,6),(145,4,9,23,92,7),(146,4,9,23,98,8),(147,4,9,23,119,9),(148,4,9,23,120,10),(149,4,9,23,124,11),(150,4,9,24,128,10),(151,4,9,24,84,20),(152,4,9,24,85,30),(153,4,9,24,86,40),(154,4,9,25,87,1),(155,4,9,25,88,2),(156,4,9,25,89,3),(157,4,9,25,90,4),(158,4,9,25,96,5),(159,4,9,26,125,1),(160,4,9,27,76,100),(161,4,9,27,75,110),(162,4,9,28,97,5),(163,4,9,28,91,6),(164,4,9,28,73,10),(165,4,9,28,129,11),(166,4,9,28,107,14),(167,4,9,28,108,15),(168,4,9,28,109,16),(169,4,9,28,110,17),(170,4,9,28,111,18),(171,4,9,28,112,19),(172,4,9,28,74,20),(173,4,9,28,113,20),(174,4,9,28,122,21),(175,4,9,28,77,30),(176,4,9,28,121,31),(177,4,9,28,134,40),(178,4,9,28,115,60),(179,4,9,28,82,70),(180,4,9,28,123,71),(181,4,9,28,105,80),(182,4,9,28,99,80),(183,4,9,28,94,90),(184,4,9,28,95,100),(185,4,9,28,114,110),(186,4,9,28,130,111),(187,4,9,28,131,112),(188,4,9,28,132,113),(189,4,9,28,133,114),(191,4,9,28,135,1000),(192,4,10,30,101,20),(193,4,10,30,102,30),(194,4,10,30,100,40),(195,4,10,30,116,50),(196,4,10,31,104,5),(197,4,10,31,106,6),(198,4,10,31,103,10),(199,4,10,31,117,51),(200,4,10,32,78,3),(201,4,10,32,79,4),(202,4,10,32,80,5),(203,4,10,32,81,6),(204,4,10,32,92,7),(205,4,10,32,98,8),(206,4,10,32,119,9),(207,4,10,32,120,10),(208,4,10,32,124,11),(209,4,10,33,128,10),(210,4,10,33,84,20),(211,4,10,33,85,30),(212,4,10,33,86,40),(213,4,10,34,87,1),(214,4,10,34,88,2),(215,4,10,34,89,3),(216,4,10,34,90,4),(217,4,10,34,96,5),(218,4,10,35,125,1),(219,4,10,36,76,100),(220,4,10,36,75,110),(221,4,10,37,97,5),(222,4,10,37,91,6),(223,4,10,37,73,10),(224,4,10,37,129,11),(225,4,10,37,107,14),(226,4,10,37,108,15),(227,4,10,37,109,16),(228,4,10,37,110,17),(229,4,10,37,111,18),(230,4,10,37,112,19),(232,4,10,37,113,20),(233,4,10,37,122,21),(234,4,10,37,77,30),(235,4,10,37,121,31),(236,4,10,37,134,40),(237,4,10,37,115,60),(238,4,10,37,82,70),(239,4,10,37,123,71),(240,4,10,37,105,80),(241,4,10,37,99,80),(242,4,10,37,94,90),(243,4,10,37,95,100),(244,4,10,37,114,110),(245,4,10,37,130,111),(246,4,10,37,131,112),(247,4,10,37,132,113),(248,4,10,37,133,114),(250,4,10,37,135,1001),(251,4,11,39,101,20),(252,4,11,39,102,30),(253,4,11,39,100,40),(254,4,11,39,116,50),(255,4,11,40,104,5),(256,4,11,40,106,6),(257,4,11,40,103,10),(258,4,11,40,117,51),(259,4,11,41,78,3),(260,4,11,41,79,4),(261,4,11,41,80,5),(262,4,11,41,81,6),(263,4,11,41,92,7),(264,4,11,41,98,8),(265,4,11,41,119,9),(266,4,11,41,120,10),(267,4,11,41,124,11),(268,4,11,42,128,10),(269,4,11,42,84,20),(270,4,11,42,85,30),(271,4,11,42,86,40),(272,4,11,43,87,1),(273,4,11,43,88,2),(274,4,11,43,89,3),(275,4,11,43,90,4),(276,4,11,43,96,5),(277,4,11,44,125,1),(278,4,11,45,76,100),(279,4,11,45,75,110),(280,4,11,46,97,5),(281,4,11,46,91,6),(282,4,11,46,73,10),(283,4,11,46,129,11),(284,4,11,46,107,14),(285,4,11,46,108,15),(286,4,11,46,109,16),(287,4,11,46,110,17),(288,4,11,46,111,18),(289,4,11,46,112,19),(290,4,11,46,74,20),(291,4,11,46,113,20),(292,4,11,46,122,21),(293,4,11,46,77,30),(294,4,11,46,121,31),(295,4,11,46,134,40),(296,4,11,46,115,60),(297,4,11,46,82,70),(298,4,11,46,123,71),(299,4,11,46,105,80),(300,4,11,46,99,80),(301,4,11,46,94,90),(302,4,11,46,95,100),(303,4,11,46,114,110),(304,4,11,46,130,111),(305,4,11,46,131,112),(306,4,11,46,132,113),(307,4,11,46,133,114),(309,4,11,46,135,1002),(310,4,12,48,101,20),(311,4,12,48,102,30),(312,4,12,48,100,40),(313,4,12,48,116,50),(314,4,12,49,104,5),(315,4,12,49,106,6),(316,4,12,49,103,10),(317,4,12,49,117,51),(318,4,12,50,78,3),(319,4,12,50,79,4),(320,4,12,50,80,5),(321,4,12,50,81,6),(322,4,12,50,92,7),(323,4,12,50,98,8),(324,4,12,50,119,9),(325,4,12,50,120,10),(326,4,12,50,124,11),(327,4,12,51,128,10),(328,4,12,51,84,20),(329,4,12,51,85,30),(330,4,12,51,86,40),(331,4,12,52,87,1),(332,4,12,52,88,2),(333,4,12,52,89,3),(334,4,12,52,90,4),(335,4,12,52,96,5),(336,4,12,53,125,1),(337,4,12,54,76,100),(338,4,12,54,75,110),(339,4,12,55,97,5),(340,4,12,55,91,6),(341,4,12,55,73,10),(342,4,12,55,129,11),(343,4,12,55,107,14),(344,4,12,55,108,15),(345,4,12,55,109,16),(346,4,12,55,110,17),(347,4,12,55,111,18),(348,4,12,55,112,19),(349,4,12,55,74,20),(350,4,12,55,113,20),(351,4,12,55,122,21),(352,4,12,55,77,30),(353,4,12,55,121,31),(354,4,12,55,134,40),(355,4,12,55,115,60),(356,4,12,55,82,70),(357,4,12,55,123,71),(358,4,12,55,105,80),(359,4,12,55,99,80),(360,4,12,55,94,90),(361,4,12,55,95,100),(362,4,12,55,114,110),(363,4,12,55,130,111),(364,4,12,55,131,112),(365,4,12,55,132,113),(366,4,12,55,133,114),(368,4,12,55,135,1003),(369,4,13,57,101,20),(370,4,13,57,102,30),(371,4,13,57,100,40),(372,4,13,57,116,50),(373,4,13,58,104,5),(374,4,13,58,106,6),(375,4,13,58,103,10),(376,4,13,58,117,51),(377,4,13,59,78,3),(378,4,13,59,79,4),(379,4,13,59,80,5),(380,4,13,59,81,6),(381,4,13,59,92,7),(382,4,13,59,98,8),(383,4,13,59,119,9),(384,4,13,59,120,10),(385,4,13,59,124,11),(386,4,13,60,128,10),(387,4,13,60,84,20),(388,4,13,60,85,30),(389,4,13,60,86,40),(390,4,13,61,87,1),(391,4,13,61,88,2),(392,4,13,61,89,3),(393,4,13,61,90,4),(394,4,13,61,96,5),(395,4,13,62,125,1),(396,4,13,63,76,100),(397,4,13,63,75,110),(398,4,13,64,97,5),(399,4,13,64,91,6),(400,4,13,64,73,10),(401,4,13,64,129,11),(402,4,13,64,107,14),(403,4,13,64,108,15),(404,4,13,64,109,16),(405,4,13,64,110,17),(406,4,13,64,111,18),(407,4,13,64,112,19),(408,4,13,64,74,20),(409,4,13,64,113,20),(410,4,13,64,122,21),(411,4,13,64,77,30),(412,4,13,64,121,31),(413,4,13,64,134,40),(414,4,13,64,115,60),(415,4,13,64,82,70),(416,4,13,64,123,71),(417,4,13,64,105,80),(418,4,13,64,99,80),(419,4,13,64,94,90),(420,4,13,64,95,100),(421,4,13,64,114,110),(422,4,13,64,130,111),(423,4,13,64,131,112),(424,4,13,64,132,113),(425,4,13,64,133,114),(427,4,13,64,135,1004),(428,4,14,66,101,20),(429,4,14,66,102,30),(430,4,14,66,100,40),(431,4,14,66,116,50),(432,4,14,67,104,5),(433,4,14,67,106,6),(434,4,14,67,103,10),(435,4,14,67,117,51),(436,4,14,68,78,3),(437,4,14,68,79,4),(438,4,14,68,80,5),(439,4,14,68,81,6),(440,4,14,68,92,7),(441,4,14,68,98,8),(442,4,14,68,119,9),(443,4,14,68,120,10),(444,4,14,68,124,11),(445,4,14,69,128,10),(446,4,14,69,84,20),(447,4,14,69,85,30),(448,4,14,69,86,40),(449,4,14,70,87,1),(450,4,14,70,88,2),(451,4,14,70,89,3),(452,4,14,70,90,4),(453,4,14,70,96,5),(454,4,14,71,125,1),(455,4,14,72,76,100),(456,4,14,72,75,110),(457,4,14,73,97,5),(458,4,14,73,91,6),(459,4,14,73,73,10),(460,4,14,73,129,11),(461,4,14,73,107,14),(462,4,14,73,108,15),(463,4,14,73,109,16),(464,4,14,73,110,17),(465,4,14,73,111,18),(466,4,14,73,112,19),(467,4,14,73,74,20),(468,4,14,73,113,20),(469,4,14,73,122,21),(470,4,14,73,77,30),(471,4,14,73,121,31),(472,4,14,73,134,40),(473,4,14,73,115,60),(474,4,14,73,82,70),(475,4,14,73,123,71),(476,4,14,73,105,80),(477,4,14,73,99,80),(478,4,14,73,94,90),(479,4,14,73,95,100),(480,4,14,73,114,110),(481,4,14,73,130,111),(482,4,14,73,131,112),(483,4,14,73,132,113),(484,4,14,73,133,114),(486,4,14,73,135,1005),(487,4,15,75,101,20),(488,4,15,75,102,30),(489,4,15,75,100,40),(490,4,15,75,116,50),(491,4,15,76,104,5),(492,4,15,76,106,6),(493,4,15,76,103,10),(494,4,15,76,117,51),(495,4,15,77,78,3),(496,4,15,77,79,4),(497,4,15,77,80,5),(498,4,15,77,81,6),(499,4,15,77,92,7),(500,4,15,77,98,8),(501,4,15,77,119,9),(502,4,15,77,120,10),(503,4,15,77,124,11),(504,4,15,78,128,10),(505,4,15,78,84,20),(506,4,15,78,85,30),(507,4,15,78,86,40),(508,4,15,79,87,1),(509,4,15,79,88,2),(510,4,15,79,89,3),(511,4,15,79,90,4),(512,4,15,79,96,5),(513,4,15,80,125,1),(514,4,15,81,76,100),(515,4,15,81,75,110),(516,4,15,82,97,5),(517,4,15,82,91,6),(518,4,15,82,73,10),(519,4,15,82,129,11),(520,4,15,82,107,14),(521,4,15,82,108,15),(522,4,15,82,109,16),(523,4,15,82,110,17),(524,4,15,82,111,18),(525,4,15,82,112,19),(526,4,15,82,74,20),(527,4,15,82,113,20),(528,4,15,82,122,21),(529,4,15,82,77,30),(530,4,15,82,121,31),(531,4,15,82,134,40),(532,4,15,82,115,60),(533,4,15,82,82,70),(534,4,15,82,123,71),(535,4,15,82,105,80),(536,4,15,82,99,80),(537,4,15,82,94,90),(538,4,15,82,95,100),(539,4,15,82,114,110),(540,4,15,82,130,111),(541,4,15,82,131,112),(542,4,15,82,132,113),(543,4,15,82,133,114),(545,4,15,82,135,1006),(547,4,15,82,136,1007),(549,4,11,46,137,1008),(551,4,12,55,137,1009),(553,4,13,64,137,1010),(559,4,15,82,137,1013),(561,4,9,28,93,1014),(563,4,10,37,93,1015),(565,4,15,82,93,1016),(567,4,11,46,93,1017),(569,4,12,55,93,1018),(571,4,13,64,93,1019),(573,4,15,82,138,1020),(575,4,15,82,139,1021),(577,4,11,46,140,1022),(579,4,12,55,140,1023),(581,4,13,64,140,1024),(583,4,11,46,141,1025),(585,4,12,55,141,1026),(587,4,13,64,141,1027),(589,4,12,55,142,1028),(591,4,13,64,142,1029),(593,4,11,46,143,1030),(595,4,15,82,143,1031),(597,4,9,28,143,1032),(599,4,10,37,143,1033),(601,4,11,46,144,1034),(603,4,15,82,144,1035),(605,4,9,28,144,1036),(607,4,10,37,144,1037),(609,4,11,46,145,1038),(611,4,15,82,145,1039),(613,4,9,28,145,1040),(615,4,10,37,145,1041),(617,4,11,46,146,1042),(619,4,15,82,146,1043),(621,4,9,28,146,1044),(623,4,10,37,146,1045),(625,4,11,46,147,1046),(627,4,15,82,147,1047),(629,4,9,28,147,1048),(631,4,10,37,147,1049),(632,4,4,83,148,10),(633,4,9,84,148,1),(634,4,10,85,148,1),(635,4,11,86,148,1),(636,4,12,87,148,1),(637,4,13,88,148,1),(638,4,14,89,148,1),(639,4,15,90,148,1),(641,4,14,73,149,1000),(643,4,10,37,150,1000),(645,4,9,28,151,1001),(647,4,9,28,137,1002),(649,4,10,37,137,1003),(651,4,9,28,152,1004),(653,4,10,37,142,1005),(655,4,9,28,142,1006),(657,4,9,28,153,1007),(659,4,9,28,154,1008),(661,4,10,37,154,1009),(663,4,9,28,155,1010),(665,4,10,37,155,1011),(667,4,10,37,74,20),(668,4,15,82,156,3),(669,4,10,37,156,3),(670,4,4,10,156,3),(671,4,14,73,156,3),(672,4,11,46,156,3),(673,4,12,55,156,3),(674,4,13,64,156,3),(675,4,9,28,156,3),(676,4,15,91,157,1),(677,4,10,92,157,1),(678,4,4,93,157,1),(679,4,14,94,157,1),(680,4,11,95,157,1),(681,4,12,96,157,1),(682,4,13,97,157,1),(683,4,9,98,157,1),(684,4,15,91,158,2),(685,4,10,92,158,2),(686,4,4,93,158,2),(687,4,14,94,158,2),(688,4,11,95,158,2),(689,4,12,96,158,2),(690,4,13,97,158,2),(691,4,9,98,158,2),(692,4,15,82,159,1048),(693,4,10,37,159,1050),(694,4,4,7,159,115),(695,4,14,73,159,1006),(696,4,11,46,159,1047),(697,4,12,55,159,1029),(698,4,13,64,159,1030),(699,4,9,28,159,1049),(700,4,15,82,160,1049),(701,4,10,37,160,1051),(702,4,4,7,160,116),(703,4,14,73,160,1007),(704,4,11,46,160,1048),(705,4,12,55,160,1030),(706,4,13,64,160,1031),(707,4,9,28,160,1050),(708,4,15,82,161,1050),(709,4,10,37,161,1052),(710,4,4,7,161,117),(711,4,14,73,161,1008),(712,4,11,46,161,1049),(713,4,12,55,161,1031),(714,4,13,64,161,1032),(715,4,9,28,161,1051),(716,4,15,82,162,1051),(717,4,10,37,162,1053),(718,4,4,7,162,118),(719,4,14,73,162,1009),(720,4,11,46,162,1050),(721,4,12,55,162,1032),(722,4,13,64,162,1033),(723,4,9,28,162,1052);

--
-- Table structure for table `eav_entity_datetime`
--

CREATE TABLE `eav_entity_datetime` (
  `value_id` int(11) NOT NULL AUTO_INCREMENT COMMENT 'Value ID',
  `entity_type_id` smallint(5) unsigned NOT NULL DEFAULT '0' COMMENT 'Entity Type ID',
  `attribute_id` smallint(5) unsigned NOT NULL DEFAULT '0' COMMENT 'Attribute ID',
  `store_id` smallint(5) unsigned NOT NULL DEFAULT '0' COMMENT 'Store ID',
  `entity_id` int(10) unsigned NOT NULL DEFAULT '0' COMMENT 'Entity ID',
  `value` datetime DEFAULT NULL COMMENT 'Attribute Value',
  PRIMARY KEY (`value_id`),
  UNIQUE KEY `EAV_ENTITY_DATETIME_ENTITY_ID_ATTRIBUTE_ID_STORE_ID` (`entity_id`,`attribute_id`,`store_id`),
  KEY `EAV_ENTITY_DATETIME_STORE_ID` (`store_id`),
  KEY `EAV_ENTITY_DATETIME_ATTRIBUTE_ID_VALUE` (`attribute_id`,`value`),
  KEY `EAV_ENTITY_DATETIME_ENTITY_TYPE_ID_VALUE` (`entity_type_id`,`value`),
  CONSTRAINT `EAV_ENTITY_DATETIME_ENTITY_ID_EAV_ENTITY_ENTITY_ID` FOREIGN KEY (`entity_id`) REFERENCES `eav_entity` (`entity_id`) ON DELETE CASCADE,
  CONSTRAINT `EAV_ENTITY_DATETIME_STORE_ID_STORE_STORE_ID` FOREIGN KEY (`store_id`) REFERENCES `store` (`store_id`) ON DELETE CASCADE,
  CONSTRAINT `EAV_ENTT_DTIME_ENTT_TYPE_ID_EAV_ENTT_TYPE_ENTT_TYPE_ID` FOREIGN KEY (`entity_type_id`) REFERENCES `eav_entity_type` (`entity_type_id`) ON DELETE CASCADE
) ENGINE=InnoDB DEFAULT CHARSET=utf8 COMMENT='Eav Entity Value Prefix';

--
-- Dumping data for table `eav_entity_datetime`
--


--
-- Table structure for table `eav_entity_decimal`
--

CREATE TABLE `eav_entity_decimal` (
  `value_id` int(11) NOT NULL AUTO_INCREMENT COMMENT 'Value ID',
  `entity_type_id` smallint(5) unsigned NOT NULL DEFAULT '0' COMMENT 'Entity Type ID',
  `attribute_id` smallint(5) unsigned NOT NULL DEFAULT '0' COMMENT 'Attribute ID',
  `store_id` smallint(5) unsigned NOT NULL DEFAULT '0' COMMENT 'Store ID',
  `entity_id` int(10) unsigned NOT NULL DEFAULT '0' COMMENT 'Entity ID',
  `value` decimal(12,4) NOT NULL DEFAULT '0.0000' COMMENT 'Attribute Value',
  PRIMARY KEY (`value_id`),
  UNIQUE KEY `EAV_ENTITY_DECIMAL_ENTITY_ID_ATTRIBUTE_ID_STORE_ID` (`entity_id`,`attribute_id`,`store_id`),
  KEY `EAV_ENTITY_DECIMAL_STORE_ID` (`store_id`),
  KEY `EAV_ENTITY_DECIMAL_ATTRIBUTE_ID_VALUE` (`attribute_id`,`value`),
  KEY `EAV_ENTITY_DECIMAL_ENTITY_TYPE_ID_VALUE` (`entity_type_id`,`value`),
  CONSTRAINT `EAV_ENTITY_DECIMAL_ENTITY_ID_EAV_ENTITY_ENTITY_ID` FOREIGN KEY (`entity_id`) REFERENCES `eav_entity` (`entity_id`) ON DELETE CASCADE,
  CONSTRAINT `EAV_ENTITY_DECIMAL_ENTITY_TYPE_ID_EAV_ENTITY_TYPE_ENTITY_TYPE_ID` FOREIGN KEY (`entity_type_id`) REFERENCES `eav_entity_type` (`entity_type_id`) ON DELETE CASCADE,
  CONSTRAINT `EAV_ENTITY_DECIMAL_STORE_ID_STORE_STORE_ID` FOREIGN KEY (`store_id`) REFERENCES `store` (`store_id`) ON DELETE CASCADE
) ENGINE=InnoDB DEFAULT CHARSET=utf8 COMMENT='Eav Entity Value Prefix';

--
-- Dumping data for table `eav_entity_decimal`
--


--
-- Table structure for table `eav_entity_int`
--

CREATE TABLE `eav_entity_int` (
  `value_id` int(11) NOT NULL AUTO_INCREMENT COMMENT 'Value ID',
  `entity_type_id` smallint(5) unsigned NOT NULL DEFAULT '0' COMMENT 'Entity Type ID',
  `attribute_id` smallint(5) unsigned NOT NULL DEFAULT '0' COMMENT 'Attribute ID',
  `store_id` smallint(5) unsigned NOT NULL DEFAULT '0' COMMENT 'Store ID',
  `entity_id` int(10) unsigned NOT NULL DEFAULT '0' COMMENT 'Entity ID',
  `value` int(11) NOT NULL DEFAULT '0' COMMENT 'Attribute Value',
  PRIMARY KEY (`value_id`),
  UNIQUE KEY `EAV_ENTITY_INT_ENTITY_ID_ATTRIBUTE_ID_STORE_ID` (`entity_id`,`attribute_id`,`store_id`),
  KEY `EAV_ENTITY_INT_STORE_ID` (`store_id`),
  KEY `EAV_ENTITY_INT_ATTRIBUTE_ID_VALUE` (`attribute_id`,`value`),
  KEY `EAV_ENTITY_INT_ENTITY_TYPE_ID_VALUE` (`entity_type_id`,`value`),
  CONSTRAINT `EAV_ENTITY_INT_ENTITY_ID_EAV_ENTITY_ENTITY_ID` FOREIGN KEY (`entity_id`) REFERENCES `eav_entity` (`entity_id`) ON DELETE CASCADE,
  CONSTRAINT `EAV_ENTITY_INT_ENTITY_TYPE_ID_EAV_ENTITY_TYPE_ENTITY_TYPE_ID` FOREIGN KEY (`entity_type_id`) REFERENCES `eav_entity_type` (`entity_type_id`) ON DELETE CASCADE,
  CONSTRAINT `EAV_ENTITY_INT_STORE_ID_STORE_STORE_ID` FOREIGN KEY (`store_id`) REFERENCES `store` (`store_id`) ON DELETE CASCADE
) ENGINE=InnoDB DEFAULT CHARSET=utf8 COMMENT='Eav Entity Value Prefix';

--
-- Dumping data for table `eav_entity_int`
--


--
-- Table structure for table `eav_entity_store`
--

CREATE TABLE `eav_entity_store` (
  `entity_store_id` int(10) unsigned NOT NULL AUTO_INCREMENT COMMENT 'Entity Store ID',
  `entity_type_id` smallint(5) unsigned NOT NULL DEFAULT '0' COMMENT 'Entity Type ID',
  `store_id` smallint(5) unsigned NOT NULL DEFAULT '0' COMMENT 'Store ID',
  `increment_prefix` varchar(20) DEFAULT NULL COMMENT 'Increment Prefix',
  `increment_last_id` varchar(50) DEFAULT NULL COMMENT 'Last Incremented ID',
  PRIMARY KEY (`entity_store_id`),
  KEY `EAV_ENTITY_STORE_ENTITY_TYPE_ID` (`entity_type_id`),
  KEY `EAV_ENTITY_STORE_STORE_ID` (`store_id`),
  CONSTRAINT `EAV_ENTITY_STORE_ENTITY_TYPE_ID_EAV_ENTITY_TYPE_ENTITY_TYPE_ID` FOREIGN KEY (`entity_type_id`) REFERENCES `eav_entity_type` (`entity_type_id`) ON DELETE CASCADE,
  CONSTRAINT `EAV_ENTITY_STORE_STORE_ID_STORE_STORE_ID` FOREIGN KEY (`store_id`) REFERENCES `store` (`store_id`) ON DELETE CASCADE
) ENGINE=InnoDB DEFAULT CHARSET=utf8 COMMENT='Eav Entity Store';

--
-- Dumping data for table `eav_entity_store`
--


--
-- Table structure for table `eav_entity_text`
--

CREATE TABLE `eav_entity_text` (
  `value_id` int(11) NOT NULL AUTO_INCREMENT COMMENT 'Value ID',
  `entity_type_id` smallint(5) unsigned NOT NULL DEFAULT '0' COMMENT 'Entity Type ID',
  `attribute_id` smallint(5) unsigned NOT NULL DEFAULT '0' COMMENT 'Attribute ID',
  `store_id` smallint(5) unsigned NOT NULL DEFAULT '0' COMMENT 'Store ID',
  `entity_id` int(10) unsigned NOT NULL DEFAULT '0' COMMENT 'Entity ID',
  `value` text NOT NULL COMMENT 'Attribute Value',
  PRIMARY KEY (`value_id`),
  UNIQUE KEY `EAV_ENTITY_TEXT_ENTITY_ID_ATTRIBUTE_ID_STORE_ID` (`entity_id`,`attribute_id`,`store_id`),
  KEY `EAV_ENTITY_TEXT_ENTITY_TYPE_ID` (`entity_type_id`),
  KEY `EAV_ENTITY_TEXT_ATTRIBUTE_ID` (`attribute_id`),
  KEY `EAV_ENTITY_TEXT_STORE_ID` (`store_id`),
  CONSTRAINT `EAV_ENTITY_TEXT_ENTITY_ID_EAV_ENTITY_ENTITY_ID` FOREIGN KEY (`entity_id`) REFERENCES `eav_entity` (`entity_id`) ON DELETE CASCADE,
  CONSTRAINT `EAV_ENTITY_TEXT_ENTITY_TYPE_ID_EAV_ENTITY_TYPE_ENTITY_TYPE_ID` FOREIGN KEY (`entity_type_id`) REFERENCES `eav_entity_type` (`entity_type_id`) ON DELETE CASCADE,
  CONSTRAINT `EAV_ENTITY_TEXT_STORE_ID_STORE_STORE_ID` FOREIGN KEY (`store_id`) REFERENCES `store` (`store_id`) ON DELETE CASCADE
) ENGINE=InnoDB DEFAULT CHARSET=utf8 COMMENT='Eav Entity Value Prefix';

--
-- Dumping data for table `eav_entity_text`
--


--
-- Table structure for table `eav_entity_type`
--

CREATE TABLE `eav_entity_type` (
  `entity_type_id` smallint(5) unsigned NOT NULL AUTO_INCREMENT COMMENT 'Entity Type ID',
  `entity_type_code` varchar(50) NOT NULL COMMENT 'Entity Type Code',
  `entity_model` varchar(255) NOT NULL COMMENT 'Entity Model',
  `attribute_model` varchar(255) DEFAULT NULL COMMENT 'Attribute Model',
  `entity_table` varchar(255) DEFAULT NULL COMMENT 'Entity Table',
  `value_table_prefix` varchar(255) DEFAULT NULL COMMENT 'Value Table Prefix',
  `entity_id_field` varchar(255) DEFAULT NULL COMMENT 'Entity ID Field',
  `is_data_sharing` smallint(5) unsigned NOT NULL DEFAULT '1' COMMENT 'Defines Is Data Sharing',
  `data_sharing_key` varchar(100) DEFAULT 'default' COMMENT 'Data Sharing Key',
  `default_attribute_set_id` smallint(5) unsigned NOT NULL DEFAULT '0' COMMENT 'Default Attribute Set ID',
  `increment_model` varchar(255) DEFAULT NULL COMMENT 'Increment Model',
  `increment_per_store` smallint(5) unsigned NOT NULL DEFAULT '0' COMMENT 'Increment Per Store',
  `increment_pad_length` smallint(5) unsigned NOT NULL DEFAULT '8' COMMENT 'Increment Pad Length',
  `increment_pad_char` varchar(1) NOT NULL DEFAULT '0' COMMENT 'Increment Pad Char',
  `additional_attribute_table` varchar(255) DEFAULT NULL COMMENT 'Additional Attribute Table',
  `entity_attribute_collection` varchar(255) DEFAULT NULL COMMENT 'Entity Attribute Collection',
  PRIMARY KEY (`entity_type_id`),
  KEY `EAV_ENTITY_TYPE_ENTITY_TYPE_CODE` (`entity_type_code`)
) ENGINE=InnoDB AUTO_INCREMENT=9 DEFAULT CHARSET=utf8 COMMENT='Eav Entity Type';

--
-- Dumping data for table `eav_entity_type`
--

INSERT INTO `eav_entity_type` VALUES (1,'customer','Magento\\Customer\\Model\\ResourceModel\\Customer','Magento\\Customer\\Model\\Attribute','customer_entity',NULL,NULL,1,'default',1,'Magento\\Eav\\Model\\Entity\\Increment\\NumericValue',0,8,'0','customer_eav_attribute','Magento\\Customer\\Model\\ResourceModel\\Attribute\\Collection'),(2,'customer_address','Magento\\Customer\\Model\\ResourceModel\\Address','Magento\\Customer\\Model\\Attribute','customer_address_entity',NULL,NULL,1,'default',2,NULL,0,8,'0','customer_eav_attribute','Magento\\Customer\\Model\\ResourceModel\\Address\\Attribute\\Collection'),(3,'catalog_category','Magento\\Catalog\\Model\\ResourceModel\\Category','Magento\\Catalog\\Model\\ResourceModel\\Eav\\Attribute','catalog_category_entity',NULL,NULL,1,'default',3,NULL,0,8,'0','catalog_eav_attribute','Magento\\Catalog\\Model\\ResourceModel\\Category\\Attribute\\Collection'),(4,'catalog_product','Magento\\Catalog\\Model\\ResourceModel\\Product','Magento\\Catalog\\Model\\ResourceModel\\Eav\\Attribute','catalog_product_entity',NULL,NULL,1,'default',4,NULL,0,8,'0','catalog_eav_attribute','Magento\\Catalog\\Model\\ResourceModel\\Product\\Attribute\\Collection'),(5,'order','Magento\\Sales\\Model\\ResourceModel\\Order',NULL,'sales_order',NULL,NULL,1,'default',5,'Magento\\Eav\\Model\\Entity\\Increment\\NumericValue',1,8,'0',NULL,NULL),(6,'invoice','Magento\\Sales\\Model\\ResourceModel\\Order\\Invoice',NULL,'sales_invoice',NULL,NULL,1,'default',6,'Magento\\Eav\\Model\\Entity\\Increment\\NumericValue',1,8,'0',NULL,NULL),(7,'creditmemo','Magento\\Sales\\Model\\ResourceModel\\Order\\Creditmemo',NULL,'sales_creditmemo',NULL,NULL,1,'default',7,'Magento\\Eav\\Model\\Entity\\Increment\\NumericValue',1,8,'0',NULL,NULL),(8,'shipment','Magento\\Sales\\Model\\ResourceModel\\Order\\Shipment',NULL,'sales_shipment',NULL,NULL,1,'default',8,'Magento\\Eav\\Model\\Entity\\Increment\\NumericValue',1,8,'0',NULL,NULL);

--
-- Table structure for table `eav_entity_varchar`
--

CREATE TABLE `eav_entity_varchar` (
  `value_id` int(11) NOT NULL AUTO_INCREMENT COMMENT 'Value ID',
  `entity_type_id` smallint(5) unsigned NOT NULL DEFAULT '0' COMMENT 'Entity Type ID',
  `attribute_id` smallint(5) unsigned NOT NULL DEFAULT '0' COMMENT 'Attribute ID',
  `store_id` smallint(5) unsigned NOT NULL DEFAULT '0' COMMENT 'Store ID',
  `entity_id` int(10) unsigned NOT NULL DEFAULT '0' COMMENT 'Entity ID',
  `value` varchar(255) DEFAULT NULL COMMENT 'Attribute Value',
  PRIMARY KEY (`value_id`),
  UNIQUE KEY `EAV_ENTITY_VARCHAR_ENTITY_ID_ATTRIBUTE_ID_STORE_ID` (`entity_id`,`attribute_id`,`store_id`),
  KEY `EAV_ENTITY_VARCHAR_STORE_ID` (`store_id`),
  KEY `EAV_ENTITY_VARCHAR_ATTRIBUTE_ID_VALUE` (`attribute_id`,`value`),
  KEY `EAV_ENTITY_VARCHAR_ENTITY_TYPE_ID_VALUE` (`entity_type_id`,`value`),
  CONSTRAINT `EAV_ENTITY_VARCHAR_ENTITY_ID_EAV_ENTITY_ENTITY_ID` FOREIGN KEY (`entity_id`) REFERENCES `eav_entity` (`entity_id`) ON DELETE CASCADE,
  CONSTRAINT `EAV_ENTITY_VARCHAR_ENTITY_TYPE_ID_EAV_ENTITY_TYPE_ENTITY_TYPE_ID` FOREIGN KEY (`entity_type_id`) REFERENCES `eav_entity_type` (`entity_type_id`) ON DELETE CASCADE,
  CONSTRAINT `EAV_ENTITY_VARCHAR_STORE_ID_STORE_STORE_ID` FOREIGN KEY (`store_id`) REFERENCES `store` (`store_id`) ON DELETE CASCADE
) ENGINE=InnoDB DEFAULT CHARSET=utf8 COMMENT='Eav Entity Value Prefix';

--
-- Dumping data for table `eav_entity_varchar`
--


--
-- Table structure for table `eav_form_element`
--

CREATE TABLE `eav_form_element` (
  `element_id` int(10) unsigned NOT NULL AUTO_INCREMENT COMMENT 'Element ID',
  `type_id` smallint(5) unsigned NOT NULL COMMENT 'Type ID',
  `fieldset_id` smallint(5) unsigned DEFAULT NULL COMMENT 'Fieldset ID',
  `attribute_id` smallint(5) unsigned NOT NULL COMMENT 'Attribute ID',
  `sort_order` int(11) NOT NULL DEFAULT '0' COMMENT 'Sort Order',
  PRIMARY KEY (`element_id`),
  UNIQUE KEY `EAV_FORM_ELEMENT_TYPE_ID_ATTRIBUTE_ID` (`type_id`,`attribute_id`),
  KEY `EAV_FORM_ELEMENT_FIELDSET_ID` (`fieldset_id`),
  KEY `EAV_FORM_ELEMENT_ATTRIBUTE_ID` (`attribute_id`),
  CONSTRAINT `EAV_FORM_ELEMENT_ATTRIBUTE_ID_EAV_ATTRIBUTE_ATTRIBUTE_ID` FOREIGN KEY (`attribute_id`) REFERENCES `eav_attribute` (`attribute_id`) ON DELETE CASCADE,
  CONSTRAINT `EAV_FORM_ELEMENT_FIELDSET_ID_EAV_FORM_FIELDSET_FIELDSET_ID` FOREIGN KEY (`fieldset_id`) REFERENCES `eav_form_fieldset` (`fieldset_id`) ON DELETE SET NULL,
  CONSTRAINT `EAV_FORM_ELEMENT_TYPE_ID_EAV_FORM_TYPE_TYPE_ID` FOREIGN KEY (`type_id`) REFERENCES `eav_form_type` (`type_id`) ON DELETE CASCADE
) ENGINE=InnoDB AUTO_INCREMENT=43 DEFAULT CHARSET=utf8 COMMENT='Eav Form Element';

--
-- Dumping data for table `eav_form_element`
--

INSERT INTO `eav_form_element` VALUES (1,1,NULL,23,0),(2,1,NULL,25,1),(3,1,NULL,27,2),(4,1,NULL,9,3),(5,1,NULL,28,4),(6,1,NULL,29,5),(7,1,NULL,31,6),(8,1,NULL,33,7),(9,1,NULL,30,8),(10,1,NULL,34,9),(11,1,NULL,35,10),(12,2,NULL,23,0),(13,2,NULL,25,1),(14,2,NULL,27,2),(15,2,NULL,9,3),(16,2,NULL,28,4),(17,2,NULL,29,5),(18,2,NULL,31,6),(19,2,NULL,33,7),(20,2,NULL,30,8),(21,2,NULL,34,9),(22,2,NULL,35,10),(23,3,NULL,23,0),(24,3,NULL,25,1),(25,3,NULL,27,2),(26,3,NULL,28,3),(27,3,NULL,29,4),(28,3,NULL,31,5),(29,3,NULL,33,6),(30,3,NULL,30,7),(31,3,NULL,34,8),(32,3,NULL,35,9),(33,4,NULL,23,0),(34,4,NULL,25,1),(35,4,NULL,27,2),(36,4,NULL,28,3),(37,4,NULL,29,4),(38,4,NULL,31,5),(39,4,NULL,33,6),(40,4,NULL,30,7),(41,4,NULL,34,8),(42,4,NULL,35,9);

--
-- Table structure for table `eav_form_fieldset`
--

CREATE TABLE `eav_form_fieldset` (
  `fieldset_id` smallint(5) unsigned NOT NULL AUTO_INCREMENT COMMENT 'Fieldset ID',
  `type_id` smallint(5) unsigned NOT NULL COMMENT 'Type ID',
  `code` varchar(64) NOT NULL COMMENT 'Code',
  `sort_order` int(11) NOT NULL DEFAULT '0' COMMENT 'Sort Order',
  PRIMARY KEY (`fieldset_id`),
  UNIQUE KEY `EAV_FORM_FIELDSET_TYPE_ID_CODE` (`type_id`,`code`),
  CONSTRAINT `EAV_FORM_FIELDSET_TYPE_ID_EAV_FORM_TYPE_TYPE_ID` FOREIGN KEY (`type_id`) REFERENCES `eav_form_type` (`type_id`) ON DELETE CASCADE
) ENGINE=InnoDB DEFAULT CHARSET=utf8 COMMENT='Eav Form Fieldset';

--
-- Dumping data for table `eav_form_fieldset`
--


--
-- Table structure for table `eav_form_fieldset_label`
--

CREATE TABLE `eav_form_fieldset_label` (
  `fieldset_id` smallint(5) unsigned NOT NULL COMMENT 'Fieldset ID',
  `store_id` smallint(5) unsigned NOT NULL COMMENT 'Store ID',
  `label` varchar(255) NOT NULL COMMENT 'Label',
  PRIMARY KEY (`fieldset_id`,`store_id`),
  KEY `EAV_FORM_FIELDSET_LABEL_STORE_ID` (`store_id`),
  CONSTRAINT `EAV_FORM_FIELDSET_LABEL_STORE_ID_STORE_STORE_ID` FOREIGN KEY (`store_id`) REFERENCES `store` (`store_id`) ON DELETE CASCADE,
  CONSTRAINT `EAV_FORM_FSET_LBL_FSET_ID_EAV_FORM_FSET_FSET_ID` FOREIGN KEY (`fieldset_id`) REFERENCES `eav_form_fieldset` (`fieldset_id`) ON DELETE CASCADE
) ENGINE=InnoDB DEFAULT CHARSET=utf8 COMMENT='Eav Form Fieldset Label';

--
-- Dumping data for table `eav_form_fieldset_label`
--


--
-- Table structure for table `eav_form_type`
--

CREATE TABLE `eav_form_type` (
  `type_id` smallint(5) unsigned NOT NULL AUTO_INCREMENT COMMENT 'Type ID',
  `code` varchar(64) NOT NULL COMMENT 'Code',
  `label` varchar(255) NOT NULL COMMENT 'Label',
  `is_system` smallint(5) unsigned NOT NULL DEFAULT '0' COMMENT 'Is System',
  `theme` varchar(64) DEFAULT NULL COMMENT 'Theme',
  `store_id` smallint(5) unsigned NOT NULL COMMENT 'Store ID',
  PRIMARY KEY (`type_id`),
  UNIQUE KEY `EAV_FORM_TYPE_CODE_THEME_STORE_ID` (`code`,`theme`,`store_id`),
  KEY `EAV_FORM_TYPE_STORE_ID` (`store_id`),
  CONSTRAINT `EAV_FORM_TYPE_STORE_ID_STORE_STORE_ID` FOREIGN KEY (`store_id`) REFERENCES `store` (`store_id`) ON DELETE CASCADE
) ENGINE=InnoDB AUTO_INCREMENT=5 DEFAULT CHARSET=utf8 COMMENT='Eav Form Type';

--
-- Dumping data for table `eav_form_type`
--

INSERT INTO `eav_form_type` VALUES (1,'checkout_onepage_register','checkout_onepage_register',1,'',0),(2,'checkout_onepage_register_guest','checkout_onepage_register_guest',1,'',0),(3,'checkout_onepage_billing_address','checkout_onepage_billing_address',1,'',0),(4,'checkout_onepage_shipping_address','checkout_onepage_shipping_address',1,'',0);

--
-- Table structure for table `eav_form_type_entity`
--

CREATE TABLE `eav_form_type_entity` (
  `type_id` smallint(5) unsigned NOT NULL COMMENT 'Type ID',
  `entity_type_id` smallint(5) unsigned NOT NULL COMMENT 'Entity Type ID',
  PRIMARY KEY (`type_id`,`entity_type_id`),
  KEY `EAV_FORM_TYPE_ENTITY_ENTITY_TYPE_ID` (`entity_type_id`),
  CONSTRAINT `EAV_FORM_TYPE_ENTITY_TYPE_ID_EAV_FORM_TYPE_TYPE_ID` FOREIGN KEY (`type_id`) REFERENCES `eav_form_type` (`type_id`) ON DELETE CASCADE,
  CONSTRAINT `EAV_FORM_TYPE_ENTT_ENTT_TYPE_ID_EAV_ENTT_TYPE_ENTT_TYPE_ID` FOREIGN KEY (`entity_type_id`) REFERENCES `eav_entity_type` (`entity_type_id`) ON DELETE CASCADE
) ENGINE=InnoDB DEFAULT CHARSET=utf8 COMMENT='Eav Form Type Entity';

--
-- Dumping data for table `eav_form_type_entity`
--

INSERT INTO `eav_form_type_entity` VALUES (1,1),(2,1),(1,2),(2,2),(3,2),(4,2);

--
-- Table structure for table `email_abandoned_cart`
--

CREATE TABLE `email_abandoned_cart` (
  `id` int(10) unsigned NOT NULL AUTO_INCREMENT COMMENT 'Primary Key',
  `quote_id` int(10) unsigned DEFAULT NULL COMMENT 'Quote Id',
  `store_id` smallint(5) unsigned DEFAULT NULL COMMENT 'Store Id',
  `customer_id` int(10) unsigned DEFAULT NULL COMMENT 'Customer ID',
  `email` varchar(255) NOT NULL DEFAULT '' COMMENT 'Email',
  `status` varchar(255) NOT NULL DEFAULT '' COMMENT 'Contact Status',
  `is_active` smallint(5) unsigned NOT NULL DEFAULT '1' COMMENT 'Quote Active',
  `quote_updated_at` timestamp NULL DEFAULT NULL COMMENT 'Quote updated at',
  `abandoned_cart_number` smallint(5) unsigned NOT NULL DEFAULT '0' COMMENT 'Abandoned Cart number',
  `items_count` smallint(5) unsigned DEFAULT '0' COMMENT 'Quote items count',
  `items_ids` varchar(255) DEFAULT NULL COMMENT 'Quote item ids',
  `created_at` timestamp NULL DEFAULT NULL COMMENT 'Created At',
  `updated_at` timestamp NULL DEFAULT NULL COMMENT 'Updated at',
  PRIMARY KEY (`id`),
  KEY `EMAIL_ABANDONED_CART_QUOTE_ID` (`quote_id`),
  KEY `EMAIL_ABANDONED_CART_STORE_ID` (`store_id`),
  KEY `EMAIL_ABANDONED_CART_CUSTOMER_ID` (`customer_id`),
  KEY `EMAIL_ABANDONED_CART_EMAIL` (`email`)
) ENGINE=InnoDB DEFAULT CHARSET=utf8 COMMENT='Abandoned Carts Table';

--
-- Dumping data for table `email_abandoned_cart`
--


--
-- Table structure for table `email_automation`
--

CREATE TABLE `email_automation` (
  `id` int(10) unsigned NOT NULL AUTO_INCREMENT COMMENT 'Primary Key',
  `automation_type` varchar(255) DEFAULT NULL COMMENT 'Automation Type',
  `store_name` varchar(255) DEFAULT NULL COMMENT 'Automation Type',
  `enrolment_status` varchar(255) NOT NULL COMMENT 'Enrolment Status',
  `email` varchar(255) DEFAULT NULL COMMENT 'Email',
  `type_id` varchar(255) DEFAULT NULL COMMENT 'Type ID',
  `program_id` varchar(255) DEFAULT NULL COMMENT 'Program ID',
  `website_id` smallint(5) unsigned NOT NULL COMMENT 'Website Id',
  `message` varchar(255) NOT NULL COMMENT 'Message',
  `created_at` timestamp NULL DEFAULT NULL COMMENT 'Creation Time',
  `updated_at` timestamp NULL DEFAULT NULL COMMENT 'Update Time',
  PRIMARY KEY (`id`),
  KEY `EMAIL_AUTOMATION_AUTOMATION_TYPE` (`automation_type`),
  KEY `EMAIL_AUTOMATION_ENROLMENT_STATUS` (`enrolment_status`),
  KEY `EMAIL_AUTOMATION_TYPE_ID` (`type_id`),
  KEY `EMAIL_AUTOMATION_EMAIL` (`email`),
  KEY `EMAIL_AUTOMATION_PROGRAM_ID` (`program_id`),
  KEY `EMAIL_AUTOMATION_CREATED_AT` (`created_at`),
  KEY `EMAIL_AUTOMATION_UPDATED_AT` (`updated_at`),
  KEY `EMAIL_AUTOMATION_WEBSITE_ID` (`website_id`)
) ENGINE=InnoDB DEFAULT CHARSET=utf8 COMMENT='Automation Status';

--
-- Dumping data for table `email_automation`
--


--
-- Table structure for table `email_campaign`
--

CREATE TABLE `email_campaign` (
  `id` int(10) unsigned NOT NULL AUTO_INCREMENT COMMENT 'Primary Key',
  `campaign_id` int(10) unsigned NOT NULL COMMENT 'Campaign ID',
  `email` varchar(255) NOT NULL DEFAULT '' COMMENT 'Contact Email',
  `customer_id` int(10) unsigned NOT NULL COMMENT 'Customer ID',
  `sent_at` timestamp NULL DEFAULT NULL COMMENT 'Send Date',
  `order_increment_id` varchar(50) NOT NULL COMMENT 'Order Increment ID',
  `quote_id` int(10) unsigned NOT NULL COMMENT 'Sales Quote ID',
  `message` varchar(255) NOT NULL DEFAULT '' COMMENT 'Error Message',
  `checkout_method` varchar(255) NOT NULL DEFAULT '' COMMENT 'Checkout Method Used',
  `store_id` smallint(5) unsigned NOT NULL DEFAULT '0' COMMENT 'Store ID',
  `event_name` varchar(255) NOT NULL DEFAULT '' COMMENT 'Event Name',
  `send_id` varchar(255) NOT NULL DEFAULT '' COMMENT 'Send Id',
  `send_status` smallint(6) NOT NULL DEFAULT '0' COMMENT 'Campaign send status',
  `created_at` timestamp NULL DEFAULT NULL COMMENT 'Creation Time',
  `updated_at` timestamp NULL DEFAULT NULL COMMENT 'Update Time',
  PRIMARY KEY (`id`),
  KEY `EMAIL_CAMPAIGN_STORE_ID` (`store_id`),
  KEY `EMAIL_CAMPAIGN_CAMPAIGN_ID` (`campaign_id`),
  KEY `EMAIL_CAMPAIGN_EMAIL` (`email`),
  KEY `EMAIL_CAMPAIGN_SEND_ID` (`send_id`),
  KEY `EMAIL_CAMPAIGN_SEND_STATUS` (`send_status`),
  KEY `EMAIL_CAMPAIGN_CREATED_AT` (`created_at`),
  KEY `EMAIL_CAMPAIGN_UPDATED_AT` (`updated_at`),
  KEY `EMAIL_CAMPAIGN_SENT_AT` (`sent_at`),
  KEY `EMAIL_CAMPAIGN_EVENT_NAME` (`event_name`),
  KEY `EMAIL_CAMPAIGN_MESSAGE` (`message`),
  KEY `EMAIL_CAMPAIGN_QUOTE_ID` (`quote_id`),
  KEY `EMAIL_CAMPAIGN_CUSTOMER_ID` (`customer_id`),
  CONSTRAINT `EMAIL_CAMPAIGN_STORE_ID_CORE/STORE_STORE_ID` FOREIGN KEY (`store_id`) REFERENCES `store` (`store_id`) ON DELETE CASCADE
) ENGINE=InnoDB DEFAULT CHARSET=utf8 COMMENT='Connector Campaigns';

--
-- Dumping data for table `email_campaign`
--


--
-- Table structure for table `email_catalog`
--

CREATE TABLE `email_catalog` (
  `id` int(10) unsigned NOT NULL AUTO_INCREMENT COMMENT 'Primary Key',
  `product_id` int(10) unsigned NOT NULL COMMENT 'Product Id',
  `processed` smallint(5) unsigned NOT NULL COMMENT 'Product processed',
  `created_at` timestamp NULL DEFAULT NULL COMMENT 'Creation Time',
  `updated_at` timestamp NULL DEFAULT NULL COMMENT 'Update Time',
  `last_imported_at` timestamp NULL DEFAULT NULL COMMENT 'Last imported date',
  PRIMARY KEY (`id`),
  KEY `EMAIL_CATALOG_PRODUCT_ID` (`product_id`),
  KEY `EMAIL_CATALOG_PROCESSED` (`processed`),
  KEY `EMAIL_CATALOG_CREATED_AT` (`created_at`),
  KEY `EMAIL_CATALOG_UPDATED_AT` (`updated_at`),
  KEY `EMAIL_CATALOG_LAST_IMPORTED_AT` (`last_imported_at`),
  CONSTRAINT `EMAIL_CATALOG_PRODUCT_ID_CATALOG_PRODUCT_ENTITY_ENTITY_ID` FOREIGN KEY (`product_id`) REFERENCES `catalog_product_entity` (`entity_id`) ON DELETE CASCADE
) ENGINE=InnoDB AUTO_INCREMENT=2091 DEFAULT CHARSET=utf8 COMMENT='Connector Catalog';

--
-- Dumping data for table `email_catalog`
--

INSERT INTO `email_catalog` VALUES (1,1,0,'2022-10-12 05:27:59','2023-12-15 06:40:34',NULL),(2,2,0,'2022-10-12 05:27:59','2022-10-12 12:38:39',NULL),(3,3,0,'2022-10-12 05:27:59','2023-03-15 05:25:37',NULL),(4,4,0,'2022-10-12 05:27:59','2022-10-12 12:38:52',NULL),(5,5,0,'2022-10-12 05:27:59','2022-10-12 12:38:57',NULL),(6,6,0,'2022-10-12 05:27:59','2024-08-30 06:56:45',NULL),(7,7,0,'2022-10-12 05:28:00','2022-10-12 12:38:30',NULL),(8,8,0,'2022-10-12 05:28:00','2022-10-12 12:40:16',NULL),(9,9,0,'2022-10-12 05:28:00','2022-10-12 12:40:22',NULL),(10,10,0,'2022-10-12 05:28:00','2022-10-12 12:40:50',NULL),(11,11,0,'2022-10-12 05:28:00','2022-10-12 12:40:58',NULL),(12,12,0,'2022-10-12 05:28:00','2022-10-12 12:41:10',NULL),(13,13,0,'2022-10-12 05:28:00','2022-11-15 05:34:13',NULL),(14,14,0,'2022-10-12 05:28:00','2022-10-12 12:41:46',NULL),(15,15,0,'2022-10-12 05:28:00','2022-10-12 10:08:50',NULL),(16,16,0,'2022-10-12 05:28:00','2022-10-12 10:08:50',NULL),(17,17,0,'2022-10-12 05:28:01','2022-10-12 10:08:50',NULL),(18,18,0,'2022-10-12 05:28:01','2022-10-12 10:08:50',NULL),(19,19,0,'2022-10-12 05:28:01','2022-10-12 10:08:50',NULL),(20,20,0,'2022-10-12 05:28:01','2022-10-12 10:08:50',NULL),(21,21,0,'2022-10-12 05:28:01','2022-10-12 10:08:50',NULL),(22,22,0,'2022-10-12 05:28:01','2022-10-12 10:08:50',NULL),(23,23,0,'2022-10-12 05:28:01','2022-10-12 10:08:50',NULL),(24,24,0,'2022-10-12 05:28:01','2022-10-12 10:08:50',NULL),(25,25,0,'2022-10-12 05:28:01','2022-10-12 10:08:50',NULL),(26,26,0,'2022-10-12 05:28:01','2022-10-12 10:08:50',NULL),(27,27,0,'2022-10-12 05:28:01','2022-10-12 10:08:50',NULL),(28,28,0,'2022-10-12 05:28:01','2022-10-12 10:08:50',NULL),(29,29,0,'2022-10-12 05:28:01','2022-10-12 10:08:50',NULL),(30,30,0,'2022-10-12 05:28:01','2022-10-12 10:08:50',NULL),(31,31,0,'2022-10-12 05:28:02','2022-10-12 10:08:50',NULL),(32,32,0,'2022-10-12 05:28:02','2022-10-12 10:08:50',NULL),(33,33,0,'2022-10-12 05:28:02','2023-09-14 06:27:33',NULL),(34,34,0,'2022-10-12 05:28:02','2022-10-12 10:08:50',NULL),(35,35,0,'2022-10-12 05:28:02','2022-10-12 10:08:50',NULL),(36,36,0,'2022-10-12 05:28:02','2023-04-12 11:20:52',NULL),(37,37,0,'2022-10-12 05:28:02','2023-04-12 11:25:30',NULL),(38,38,0,'2022-10-12 05:28:02','2022-10-12 10:08:50',NULL),(39,39,0,'2022-10-12 05:28:02','2022-10-12 10:08:50',NULL),(40,40,0,'2022-10-12 05:28:02','2022-10-12 10:08:50',NULL),(41,41,0,'2022-10-12 05:28:03','2023-04-12 12:31:21',NULL),(42,42,0,'2022-10-12 05:28:03','2022-10-12 10:08:50',NULL),(43,43,0,'2022-10-12 05:28:03','2022-10-12 10:08:50',NULL),(44,44,0,'2022-10-12 05:28:03','2022-10-12 10:08:50',NULL),(45,45,0,'2022-10-12 05:28:09','2023-04-12 12:36:07',NULL),(46,46,0,'2022-10-12 05:28:09','2022-10-12 10:08:50',NULL),(47,47,0,'2022-10-12 05:28:09','2022-10-12 10:08:50',NULL),(48,48,0,'2022-10-12 05:28:09','2022-10-12 10:08:50',NULL),(49,49,0,'2022-10-12 05:28:09','2022-10-12 10:08:50',NULL),(50,50,0,'2022-10-12 05:28:09','2022-10-12 10:08:50',NULL),(51,51,0,'2022-10-12 05:28:11','2023-09-14 06:26:40',NULL),(52,52,0,'2022-10-12 05:28:11','2023-09-14 06:21:13',NULL),(53,53,0,'2022-10-12 05:28:13','2023-07-03 11:34:14',NULL),(54,54,0,'2022-10-12 05:28:14','2023-07-03 11:34:39',NULL),(55,55,0,'2022-10-12 05:28:14','2022-10-12 10:08:50',NULL),(56,56,0,'2022-10-12 05:28:14','2022-10-12 10:08:50',NULL),(57,57,0,'2022-10-12 05:28:14','2022-10-12 10:08:50',NULL),(58,58,0,'2022-10-12 05:28:14','2022-10-12 10:08:50',NULL),(59,59,0,'2022-10-12 05:28:14','2022-10-12 10:08:50',NULL),(60,60,0,'2022-10-12 05:28:14','2022-10-12 10:08:50',NULL),(61,61,0,'2022-10-12 05:28:14','2022-10-12 10:08:50',NULL),(62,62,0,'2022-10-12 05:28:14','2022-10-12 10:08:50',NULL),(63,63,0,'2022-10-12 05:28:14','2022-10-12 10:08:50',NULL),(64,64,0,'2022-10-12 05:28:14','2022-10-12 10:08:50',NULL),(65,65,0,'2022-10-12 05:28:14','2022-10-12 10:08:50',NULL),(66,66,0,'2022-10-12 05:28:14','2022-10-12 10:08:50',NULL),(67,67,0,'2022-10-12 05:28:14','2023-09-15 06:20:41',NULL),(68,68,0,'2022-10-12 05:28:14','2023-10-13 06:27:04',NULL),(69,69,0,'2022-10-12 05:28:14','2022-10-12 10:08:50',NULL),(70,70,0,'2022-10-12 05:28:14','2022-10-12 10:08:50',NULL),(71,71,0,'2022-10-12 05:28:14','2022-10-12 10:08:50',NULL),(72,72,0,'2022-10-12 05:28:14','2022-10-12 10:08:50',NULL),(73,73,0,'2022-10-12 05:28:14','2022-10-12 10:08:50',NULL),(74,74,0,'2022-10-12 05:28:14','2022-10-12 10:08:50',NULL),(75,75,0,'2022-10-12 05:28:14','2022-10-12 10:08:50',NULL),(76,76,0,'2022-10-12 05:28:14','2022-10-12 10:08:50',NULL),(77,77,0,'2022-10-12 05:28:14','2022-10-12 10:08:50',NULL),(78,78,0,'2022-10-12 05:28:14','2022-10-12 10:08:50',NULL),(79,79,0,'2022-10-12 05:28:14','2022-10-12 10:08:50',NULL),(80,80,0,'2022-10-12 05:28:14','2022-10-12 10:08:50',NULL),(81,81,0,'2022-10-12 05:28:14','2022-10-12 10:08:50',NULL),(82,82,0,'2022-10-12 05:28:14','2022-10-12 10:08:50',NULL),(83,83,0,'2022-10-12 05:28:14','2022-10-12 10:08:50',NULL),(84,84,0,'2022-10-12 05:28:14','2022-10-12 10:08:50',NULL),(85,85,0,'2022-10-12 05:28:14','2022-10-12 10:08:50',NULL),(86,86,0,'2022-10-12 05:28:14','2022-10-12 10:08:50',NULL),(87,87,0,'2022-10-12 05:28:14','2022-10-12 10:08:50',NULL),(88,88,0,'2022-10-12 05:28:14','2022-10-12 10:08:50',NULL),(89,89,0,'2022-10-12 05:28:14','2022-10-12 10:08:50',NULL),(90,90,0,'2022-10-12 05:28:14','2022-10-12 10:08:50',NULL),(91,91,0,'2022-10-12 05:28:14','2022-10-12 10:08:50',NULL),(92,92,0,'2022-10-12 05:28:14','2022-10-12 10:08:50',NULL),(93,93,0,'2022-10-12 05:28:14','2022-10-12 10:08:50',NULL),(94,94,0,'2022-10-12 05:28:14','2022-10-12 10:08:50',NULL),(95,95,0,'2022-10-12 05:28:14','2022-10-12 10:08:50',NULL),(96,96,0,'2022-10-12 05:28:14','2022-10-12 10:08:50',NULL),(97,97,0,'2022-10-12 05:28:14','2022-10-12 10:08:50',NULL),(98,98,0,'2022-10-12 05:28:14','2022-10-12 10:08:50',NULL),(99,99,0,'2022-10-12 05:28:14','2022-10-12 10:08:50',NULL),(100,100,0,'2022-10-12 05:28:14','2023-03-15 05:12:39',NULL),(101,101,0,'2022-10-12 05:28:14','2022-10-12 10:08:50',NULL),(102,102,0,'2022-10-12 05:28:14','2022-10-12 10:08:50',NULL),(103,103,0,'2022-10-12 05:28:14','2022-10-12 10:08:50',NULL),(104,104,0,'2022-10-12 05:28:15','2022-10-12 10:08:50',NULL),(105,105,0,'2022-10-12 05:28:15','2022-10-12 10:08:50',NULL),(106,106,0,'2022-10-12 05:28:15','2022-10-12 10:08:50',NULL),(107,107,0,'2022-10-12 05:28:15','2022-10-12 10:08:50',NULL),(108,108,0,'2022-10-12 05:28:15','2022-10-12 10:08:50',NULL),(109,109,0,'2022-10-12 05:28:15','2022-10-12 10:08:50',NULL),(110,110,0,'2022-10-12 05:28:15','2022-10-12 10:08:50',NULL),(111,111,0,'2022-10-12 05:28:15','2022-10-12 10:08:50',NULL),(112,112,0,'2022-10-12 05:28:15','2022-10-12 10:08:50',NULL),(113,113,0,'2022-10-12 05:28:15','2022-10-12 10:08:50',NULL),(114,114,0,'2022-10-12 05:28:15','2022-10-12 10:08:50',NULL),(115,115,0,'2022-10-12 05:28:15','2022-10-12 10:08:50',NULL),(116,116,0,'2022-10-12 05:28:15','2022-10-12 10:08:50',NULL),(117,117,0,'2022-10-12 05:28:15','2022-10-12 10:08:50',NULL),(118,118,0,'2022-10-12 05:28:15','2022-10-12 10:08:50',NULL),(119,119,0,'2022-10-12 05:28:15','2022-10-12 10:08:50',NULL),(120,120,0,'2022-10-12 05:28:15','2022-10-12 10:08:50',NULL),(121,121,0,'2022-10-12 05:28:15','2022-10-12 10:08:50',NULL),(122,122,0,'2022-10-12 05:28:15','2022-10-12 10:08:50',NULL),(123,123,0,'2022-10-12 05:28:15','2023-11-03 09:59:59',NULL),(124,124,0,'2022-10-12 05:28:15','2022-10-12 10:08:50',NULL),(125,125,0,'2022-10-12 05:28:15','2022-10-12 10:08:50',NULL),(126,126,0,'2022-10-12 05:28:15','2022-10-12 10:08:50',NULL),(127,127,0,'2022-10-12 05:28:15','2022-10-12 10:08:50',NULL),(128,128,0,'2022-10-12 05:28:15','2022-10-12 10:08:50',NULL),(129,129,0,'2022-10-12 05:28:15','2022-10-12 10:08:50',NULL),(130,130,0,'2022-10-12 05:28:15','2022-10-12 10:08:50',NULL),(131,131,0,'2022-10-12 05:28:15','2023-09-20 09:55:25',NULL),(132,132,0,'2022-10-12 05:28:15','2023-11-03 10:01:13',NULL),(133,133,0,'2022-10-12 05:28:15','2022-10-12 10:08:50',NULL),(134,134,0,'2022-10-12 05:28:15','2022-10-12 10:08:50',NULL),(135,135,0,'2022-10-12 05:28:15','2022-10-12 10:08:50',NULL),(136,136,0,'2022-10-12 05:28:15','2022-10-12 10:08:50',NULL),(137,137,0,'2022-10-12 05:28:15','2022-10-12 10:08:50',NULL),(138,138,0,'2022-10-12 05:28:15','2022-10-12 10:08:50',NULL),(139,139,0,'2022-10-12 05:28:15','2022-10-12 10:08:50',NULL),(140,140,0,'2022-10-12 05:28:15','2022-10-12 10:08:50',NULL),(141,141,0,'2022-10-12 05:28:15','2022-10-12 10:08:50',NULL),(142,142,0,'2022-10-12 05:28:15','2022-10-12 10:08:50',NULL),(143,143,0,'2022-10-12 05:28:15','2022-10-12 10:08:50',NULL),(144,144,0,'2022-10-12 05:28:15','2022-10-12 10:08:50',NULL),(145,145,0,'2022-10-12 05:28:15','2022-10-12 10:08:50',NULL),(146,146,0,'2022-10-12 05:28:15','2022-10-12 10:08:50',NULL),(147,147,0,'2022-10-12 05:28:15','2022-10-12 10:08:50',NULL),(148,148,0,'2022-10-12 05:28:15','2022-10-12 10:08:50',NULL),(149,149,0,'2022-10-12 05:28:15','2022-10-12 10:08:50',NULL),(150,150,0,'2022-10-12 05:28:15','2022-10-12 10:08:50',NULL),(151,151,0,'2022-10-12 05:28:15','2022-10-12 10:08:50',NULL),(152,152,0,'2022-10-12 05:28:15','2022-10-12 10:08:50',NULL),(153,153,0,'2022-10-12 05:28:15','2022-10-12 10:08:50',NULL),(154,154,0,'2022-10-12 05:28:15','2022-10-12 10:08:50',NULL),(155,155,0,'2022-10-12 05:28:16','2022-10-12 10:08:50',NULL),(156,156,0,'2022-10-12 05:28:16','2022-10-12 10:08:50',NULL),(157,157,0,'2022-10-12 05:28:16','2022-10-12 10:08:50',NULL),(158,158,0,'2022-10-12 05:28:16','2022-10-12 10:08:50',NULL),(159,159,0,'2022-10-12 05:28:16','2022-10-12 10:08:50',NULL),(160,160,0,'2022-10-12 05:28:16','2022-10-12 10:08:50',NULL),(161,161,0,'2022-10-12 05:28:16','2022-10-12 10:08:50',NULL),(162,162,0,'2022-10-12 05:28:16','2022-10-12 10:08:50',NULL),(163,163,0,'2022-10-12 05:28:16','2022-10-12 10:08:50',NULL),(164,164,0,'2022-10-12 05:28:16','2022-10-12 10:08:50',NULL),(165,165,0,'2022-10-12 05:28:16','2022-10-12 10:08:50',NULL),(166,166,0,'2022-10-12 05:28:16','2022-10-12 10:08:50',NULL),(167,167,0,'2022-10-12 05:28:16','2022-10-12 10:08:50',NULL),(168,168,0,'2022-10-12 05:28:16','2022-10-12 10:08:50',NULL),(169,169,0,'2022-10-12 05:28:16','2022-10-12 10:08:50',NULL),(170,170,0,'2022-10-12 05:28:16','2022-10-12 10:08:50',NULL),(171,171,0,'2022-10-12 05:28:16','2022-10-12 10:08:50',NULL),(172,172,0,'2022-10-12 05:28:16','2022-10-12 10:08:50',NULL),(173,173,0,'2022-10-12 05:28:16','2022-10-12 10:08:50',NULL),(174,174,0,'2022-10-12 05:28:16','2022-10-12 10:08:50',NULL),(175,175,0,'2022-10-12 05:28:16','2022-10-12 10:08:50',NULL),(176,176,0,'2022-10-12 05:28:16','2022-10-12 10:08:50',NULL),(177,177,0,'2022-10-12 05:28:16','2022-10-12 10:08:50',NULL),(178,178,0,'2022-10-12 05:28:16','2022-10-12 10:08:50',NULL),(179,179,0,'2022-10-12 05:28:16','2022-10-12 10:08:50',NULL),(180,180,0,'2022-10-12 05:28:16','2022-10-12 10:08:50',NULL),(181,181,0,'2022-10-12 05:28:16','2022-10-12 10:08:50',NULL),(182,182,0,'2022-10-12 05:28:16','2022-10-12 10:08:50',NULL),(183,183,0,'2022-10-12 05:28:16','2022-10-12 10:08:50',NULL),(184,184,0,'2022-10-12 05:28:16','2022-10-12 10:08:50',NULL),(185,185,0,'2022-10-12 05:28:16','2022-10-12 10:08:50',NULL),(186,186,0,'2022-10-12 05:28:16','2022-10-12 10:08:50',NULL),(187,187,0,'2022-10-12 05:28:16','2022-10-12 10:08:50',NULL),(188,188,0,'2022-10-12 05:28:16','2022-10-12 10:08:50',NULL),(189,189,0,'2022-10-12 05:28:16','2022-10-12 10:08:50',NULL),(190,190,0,'2022-10-12 05:28:16','2022-10-12 10:08:50',NULL),(191,191,0,'2022-10-12 05:28:16','2022-10-12 10:08:50',NULL),(192,192,0,'2022-10-12 05:28:16','2022-10-12 10:08:50',NULL),(193,193,0,'2022-10-12 05:28:16','2022-10-12 10:08:50',NULL),(194,194,0,'2022-10-12 05:28:16','2022-10-12 10:08:50',NULL),(195,195,0,'2022-10-12 05:28:16','2022-10-12 10:08:50',NULL),(196,196,0,'2022-10-12 05:28:16','2022-10-12 10:08:50',NULL),(197,197,0,'2022-10-12 05:28:16','2022-10-12 10:08:50',NULL),(198,198,0,'2022-10-12 05:28:16','2022-10-12 10:08:50',NULL),(199,199,0,'2022-10-12 05:28:16','2022-10-12 10:08:50',NULL),(200,200,0,'2022-10-12 05:28:16','2022-10-12 10:08:50',NULL),(201,201,0,'2022-10-12 05:28:16','2022-10-12 10:08:50',NULL),(202,202,0,'2022-10-12 05:28:16','2022-10-12 10:08:50',NULL),(203,203,0,'2022-10-12 05:28:16','2022-10-12 10:08:50',NULL),(204,204,0,'2022-10-12 05:28:16','2022-10-12 10:08:50',NULL),(205,205,0,'2022-10-12 05:28:16','2022-10-12 10:08:50',NULL),(206,206,0,'2022-10-12 05:28:16','2022-10-12 10:08:50',NULL),(207,207,0,'2022-10-12 05:28:16','2022-10-12 10:08:50',NULL),(208,208,0,'2022-10-12 05:28:16','2022-10-12 10:08:50',NULL),(209,209,0,'2022-10-12 05:28:16','2022-10-12 10:08:50',NULL),(210,210,0,'2022-10-12 05:28:16','2022-10-12 10:08:50',NULL),(211,211,0,'2022-10-12 05:28:16','2022-10-12 10:08:50',NULL),(212,212,0,'2022-10-12 05:28:16','2022-10-12 10:08:50',NULL),(213,213,0,'2022-10-12 05:28:16','2022-10-12 10:08:50',NULL),(214,214,0,'2022-10-12 05:28:16','2022-10-12 10:08:50',NULL),(215,215,0,'2022-10-12 05:28:17','2022-10-12 10:08:50',NULL),(216,216,0,'2022-10-12 05:28:17','2022-10-12 10:08:50',NULL),(217,217,0,'2022-10-12 05:28:17','2022-10-12 10:08:50',NULL),(218,218,0,'2022-10-12 05:28:17','2022-10-12 10:08:50',NULL),(219,219,0,'2022-10-12 05:28:17','2022-10-12 10:08:50',NULL),(220,220,0,'2022-10-12 05:28:17','2022-10-12 10:08:50',NULL),(221,221,0,'2022-10-12 05:28:17','2022-10-12 10:08:50',NULL),(222,222,0,'2022-10-12 05:28:17','2022-10-12 10:08:50',NULL),(223,223,0,'2022-10-12 05:28:17','2022-10-12 10:08:50',NULL),(224,224,0,'2022-10-12 05:28:17','2022-10-12 10:08:50',NULL),(225,225,0,'2022-10-12 05:28:17','2022-10-12 10:08:50',NULL),(226,226,0,'2022-10-12 05:28:17','2022-10-12 10:08:50',NULL),(227,227,0,'2022-10-12 05:28:17','2022-10-12 10:08:50',NULL),(228,228,0,'2022-10-12 05:28:17','2022-10-12 10:08:50',NULL),(229,229,0,'2022-10-12 05:28:17','2022-10-12 10:08:50',NULL),(230,230,0,'2022-10-12 05:28:17','2022-10-12 10:08:50',NULL),(231,231,0,'2022-10-12 05:28:17','2022-10-12 10:08:50',NULL),(232,232,0,'2022-10-12 05:28:17','2022-10-12 10:08:50',NULL),(233,233,0,'2022-10-12 05:28:17','2022-10-12 10:08:50',NULL),(234,234,0,'2022-10-12 05:28:17','2022-10-12 10:08:50',NULL),(235,235,0,'2022-10-12 05:28:17','2022-10-12 10:08:50',NULL),(236,236,0,'2022-10-12 05:28:17','2022-10-12 10:08:50',NULL),(237,237,0,'2022-10-12 05:28:17','2022-10-12 10:08:50',NULL),(238,238,0,'2022-10-12 05:28:17','2022-10-12 10:08:50',NULL),(239,239,0,'2022-10-12 05:28:17','2022-10-12 10:08:50',NULL),(240,240,0,'2022-10-12 05:28:17','2022-10-12 10:08:50',NULL),(241,241,0,'2022-10-12 05:28:17','2022-10-12 10:08:50',NULL),(242,242,0,'2022-10-12 05:28:17','2022-10-12 10:08:50',NULL),(243,243,0,'2022-10-12 05:28:17','2022-10-12 10:08:50',NULL),(244,244,0,'2022-10-12 05:28:17','2022-10-12 10:08:50',NULL),(245,245,0,'2022-10-12 05:28:17','2022-10-12 10:08:50',NULL),(246,246,0,'2022-10-12 05:28:17','2022-10-12 10:08:50',NULL),(247,247,0,'2022-10-12 05:28:17','2022-10-12 10:08:50',NULL),(248,248,0,'2022-10-12 05:28:17','2022-10-12 10:08:50',NULL),(249,249,0,'2022-10-12 05:28:17','2022-10-12 10:08:50',NULL),(250,250,0,'2022-10-12 05:28:17','2022-10-12 10:08:50',NULL),(251,251,0,'2022-10-12 05:28:17','2022-10-12 10:08:50',NULL),(252,252,0,'2022-10-12 05:28:17','2022-10-12 10:08:50',NULL),(253,253,0,'2022-10-12 05:28:17','2022-10-12 10:08:50',NULL),(254,254,0,'2022-10-12 05:28:17','2022-10-12 10:08:50',NULL),(255,255,0,'2022-10-12 05:28:18','2022-10-12 10:08:50',NULL),(256,256,0,'2022-10-12 05:28:18','2022-10-12 10:08:50',NULL),(257,257,0,'2022-10-12 05:28:18','2022-10-12 10:08:50',NULL),(258,258,0,'2022-10-12 05:28:18','2022-10-12 10:08:50',NULL),(259,259,0,'2022-10-12 05:28:18','2022-10-12 10:08:50',NULL),(260,260,0,'2022-10-12 05:28:18','2022-10-12 10:08:50',NULL),(261,261,0,'2022-10-12 05:28:18','2023-07-03 12:41:26',NULL),(262,262,0,'2022-10-12 05:28:18','2023-07-03 12:43:04',NULL),(263,263,0,'2022-10-12 05:28:18','2023-03-15 07:51:20',NULL),(264,264,0,'2022-10-12 05:28:18','2023-03-15 07:46:05',NULL),(265,265,0,'2022-10-12 05:28:18','2022-10-12 10:08:50',NULL),(266,266,0,'2022-10-12 05:28:18','2023-03-15 07:46:42',NULL),(267,267,0,'2022-10-12 05:28:18','2022-10-12 10:08:50',NULL),(268,268,0,'2022-10-12 05:28:18','2023-03-15 12:12:55',NULL),(269,269,0,'2022-10-12 05:28:18','2022-10-12 10:08:50',NULL),(270,270,0,'2022-10-12 05:28:18','2022-10-12 10:08:50',NULL),(271,271,0,'2022-10-12 05:28:18','2023-03-15 12:12:49',NULL),(272,272,0,'2022-10-12 05:28:18','2023-11-03 10:43:07',NULL),(273,273,0,'2022-10-12 05:28:18','2023-03-15 12:51:44',NULL),(274,274,0,'2022-10-12 05:28:18','2022-10-12 10:08:50',NULL),(275,275,0,'2022-10-12 05:28:18','2023-03-15 12:35:25',NULL),(276,276,0,'2022-10-12 05:28:18','2023-11-03 10:43:07',NULL),(277,277,0,'2022-10-12 05:28:18','2023-09-19 07:07:08',NULL),(278,278,0,'2022-10-12 05:28:18','2023-09-19 07:54:08',NULL),(279,279,0,'2022-10-12 05:28:18','2022-10-12 10:08:50',NULL),(280,280,0,'2022-10-12 05:28:18','2022-10-12 10:08:50',NULL),(281,281,0,'2022-10-12 05:28:18','2022-10-12 10:08:50',NULL),(282,282,0,'2022-10-12 05:28:18','2022-10-12 10:08:50',NULL),(283,283,0,'2022-10-12 05:28:18','2022-10-12 10:08:50',NULL),(284,284,0,'2022-10-12 05:28:18','2022-10-12 10:08:50',NULL),(285,285,0,'2022-10-12 05:28:18','2022-10-12 10:08:50',NULL),(286,286,0,'2022-10-12 05:28:18','2022-10-12 10:08:50',NULL),(287,287,0,'2022-10-12 05:28:18','2022-10-12 10:08:50',NULL),(288,288,0,'2022-10-12 05:28:18','2022-10-12 10:08:50',NULL),(289,289,0,'2022-10-12 05:28:18','2022-10-12 10:08:50',NULL),(290,290,0,'2022-10-12 05:28:18','2022-10-12 10:08:50',NULL),(291,291,0,'2022-10-12 05:28:18','2023-09-18 12:36:30',NULL),(292,292,0,'2022-10-12 05:28:18','2023-09-19 07:54:08',NULL),(293,293,0,'2022-10-12 05:28:18','2022-10-12 10:08:50',NULL),(294,294,0,'2022-10-12 05:28:18','2022-10-12 10:08:50',NULL),(295,295,0,'2022-10-12 05:28:18','2022-10-12 10:08:50',NULL),(296,296,0,'2022-10-12 05:28:18','2022-10-12 10:08:50',NULL),(297,297,0,'2022-10-12 05:28:18','2022-10-12 10:08:50',NULL),(298,298,0,'2022-10-12 05:28:18','2022-10-12 10:08:50',NULL),(299,299,0,'2022-10-12 05:28:18','2022-10-12 10:08:50',NULL),(300,300,0,'2022-10-12 05:28:18','2022-10-12 10:08:50',NULL),(301,301,0,'2022-10-12 05:28:18','2022-10-12 10:08:50',NULL),(302,302,0,'2022-10-12 05:28:18','2022-10-12 10:08:50',NULL),(303,303,0,'2022-10-12 05:28:18','2022-10-12 10:08:50',NULL),(304,304,0,'2022-10-12 05:28:18','2022-10-12 10:08:50',NULL),(305,305,0,'2022-10-12 05:28:18','2022-10-12 10:08:50',NULL),(306,306,0,'2022-10-12 05:28:18','2022-10-12 10:08:50',NULL),(307,307,0,'2022-10-12 05:28:18','2022-10-12 10:08:50',NULL),(308,308,0,'2022-10-12 05:28:18','2022-10-12 10:08:50',NULL),(309,309,0,'2022-10-12 05:28:18','2022-10-12 10:08:50',NULL),(310,310,0,'2022-10-12 05:28:18','2022-10-12 10:08:50',NULL),(311,311,0,'2022-10-12 05:28:18','2022-10-12 10:08:50',NULL),(312,312,0,'2022-10-12 05:28:18','2022-10-12 10:08:50',NULL),(313,313,0,'2022-10-12 05:28:18','2022-10-12 10:08:50',NULL),(314,314,0,'2022-10-12 05:28:18','2022-10-12 10:08:50',NULL),(315,315,0,'2022-10-12 05:28:18','2022-10-12 10:08:50',NULL),(316,316,0,'2022-10-12 05:28:18','2022-10-12 10:08:50',NULL),(317,317,0,'2022-10-12 05:28:18','2022-10-12 10:08:50',NULL),(318,318,0,'2022-10-12 05:28:18','2022-10-12 10:08:50',NULL),(319,319,0,'2022-10-12 05:28:18','2022-10-12 10:08:50',NULL),(320,320,0,'2022-10-12 05:28:18','2022-10-12 10:08:50',NULL),(321,321,0,'2022-10-12 05:28:18','2022-10-12 10:08:50',NULL),(322,322,0,'2022-10-12 05:28:18','2022-10-12 10:08:50',NULL),(323,323,0,'2022-10-12 05:28:18','2022-10-12 10:08:50',NULL),(324,324,0,'2022-10-12 05:28:19','2023-09-15 07:10:04',NULL),(325,325,0,'2022-10-12 05:28:19','2022-10-12 10:08:50',NULL),(326,326,0,'2022-10-12 05:28:19','2022-10-12 10:08:50',NULL),(327,327,0,'2022-10-12 05:28:19','2022-10-12 10:08:50',NULL),(328,328,0,'2022-10-12 05:28:19','2022-10-12 10:08:50',NULL),(329,329,0,'2022-10-12 05:28:19','2022-10-12 10:08:50',NULL),(330,330,0,'2022-10-12 05:28:19','2022-10-12 10:08:50',NULL),(331,331,0,'2022-10-12 05:28:19','2022-10-12 10:08:50',NULL),(332,332,0,'2022-10-12 05:28:19','2022-10-12 10:08:50',NULL),(333,333,0,'2022-10-12 05:28:19','2022-10-12 10:08:50',NULL),(334,334,0,'2022-10-12 05:28:19','2022-10-12 10:08:50',NULL),(335,335,0,'2022-10-12 05:28:19','2022-10-12 10:08:50',NULL),(336,336,0,'2022-10-12 05:28:19','2022-10-12 10:08:50',NULL),(337,337,0,'2022-10-12 05:28:19','2022-10-12 10:08:50',NULL),(338,338,0,'2022-10-12 05:28:19','2022-10-12 10:08:50',NULL),(339,339,0,'2022-10-12 05:28:19','2022-10-12 10:08:50',NULL),(340,340,0,'2022-10-12 05:28:19','2022-10-12 10:08:50',NULL),(341,341,0,'2022-10-12 05:28:19','2022-10-12 10:08:50',NULL),(342,342,0,'2022-10-12 05:28:19','2022-10-12 10:08:50',NULL),(343,343,0,'2022-10-12 05:28:19','2022-10-12 10:08:50',NULL),(344,344,0,'2022-10-12 05:28:19','2022-10-12 10:08:50',NULL),(345,345,0,'2022-10-12 05:28:19','2022-10-12 10:08:50',NULL),(346,346,0,'2022-10-12 05:28:19','2022-10-12 10:08:50',NULL),(347,347,0,'2022-10-12 05:28:19','2022-10-12 10:08:50',NULL),(348,348,0,'2022-10-12 05:28:19','2022-10-12 10:08:50',NULL),(349,349,0,'2022-10-12 05:28:19','2022-10-12 10:08:50',NULL),(350,350,0,'2022-10-12 05:28:19','2022-10-12 10:08:50',NULL),(351,351,0,'2022-10-12 05:28:19','2022-10-12 10:08:50',NULL),(352,352,0,'2022-10-12 05:28:19','2022-10-12 10:08:50',NULL),(353,353,0,'2022-10-12 05:28:19','2022-10-12 10:08:50',NULL),(354,354,0,'2022-10-12 05:28:19','2022-10-12 10:08:50',NULL),(355,355,0,'2022-10-12 05:28:19','2022-10-12 10:08:50',NULL),(356,356,0,'2022-10-12 05:28:19','2022-10-12 10:08:50',NULL),(357,357,0,'2022-10-12 05:28:19','2022-10-12 10:08:50',NULL),(358,358,0,'2022-10-12 05:28:19','2022-10-12 10:08:50',NULL),(359,359,0,'2022-10-12 05:28:19','2022-10-12 10:08:50',NULL),(360,360,0,'2022-10-12 05:28:19','2022-10-12 10:08:50',NULL),(361,361,0,'2022-10-12 05:28:19','2022-10-12 10:08:50',NULL),(362,362,0,'2022-10-12 05:28:19','2022-10-12 10:08:50',NULL),(363,363,0,'2022-10-12 05:28:19','2022-10-12 10:08:50',NULL),(364,364,0,'2022-10-12 05:28:19','2022-10-12 10:08:50',NULL),(365,365,0,'2022-10-12 05:28:19','2022-10-12 10:08:50',NULL),(366,366,0,'2022-10-12 05:28:19','2022-10-12 10:08:50',NULL),(367,367,0,'2022-10-12 05:28:19','2022-10-12 10:08:50',NULL),(368,368,0,'2022-10-12 05:28:19','2022-10-12 10:08:50',NULL),(369,369,0,'2022-10-12 05:28:19','2022-10-12 10:08:50',NULL),(370,370,0,'2022-10-12 05:28:19','2022-10-12 10:08:50',NULL),(371,371,0,'2022-10-12 05:28:19','2022-10-12 10:08:50',NULL),(372,372,0,'2022-10-12 05:28:19','2022-10-12 10:08:50',NULL),(373,373,0,'2022-10-12 05:28:19','2022-10-12 10:08:50',NULL),(374,374,0,'2022-10-12 05:28:20','2022-10-12 10:08:50',NULL),(375,375,0,'2022-10-12 05:28:20','2022-10-12 10:08:50',NULL),(376,376,0,'2022-10-12 05:28:20','2022-10-12 10:08:50',NULL),(377,377,0,'2022-10-12 05:28:20','2022-10-12 10:08:50',NULL),(378,378,0,'2022-10-12 05:28:20','2022-10-12 10:08:50',NULL),(379,379,0,'2022-10-12 05:28:20','2022-10-12 10:08:50',NULL),(380,380,0,'2022-10-12 05:28:20','2022-10-12 10:08:50',NULL),(381,381,0,'2022-10-12 05:28:20','2022-10-12 10:08:50',NULL),(382,382,0,'2022-10-12 05:28:20','2022-10-12 10:08:50',NULL),(383,383,0,'2022-10-12 05:28:20','2022-10-12 10:08:50',NULL),(384,384,0,'2022-10-12 05:28:20','2022-10-12 10:08:50',NULL),(385,385,0,'2022-10-12 05:28:20','2022-10-12 10:08:50',NULL),(386,386,0,'2022-10-12 05:28:20','2022-10-12 10:08:50',NULL),(387,387,0,'2022-10-12 05:28:20','2022-10-12 10:08:50',NULL),(388,388,0,'2022-10-12 05:28:20','2022-10-12 10:08:50',NULL),(389,389,0,'2022-10-12 05:28:20','2022-10-12 10:08:50',NULL),(390,390,0,'2022-10-12 05:28:20','2022-10-12 10:08:50',NULL),(391,391,0,'2022-10-12 05:28:20','2022-10-12 10:08:50',NULL),(392,392,0,'2022-10-12 05:28:20','2022-10-12 10:08:50',NULL),(393,393,0,'2022-10-12 05:28:20','2022-10-12 10:08:50',NULL),(394,394,0,'2022-10-12 05:28:20','2022-10-12 10:08:50',NULL),(395,395,0,'2022-10-12 05:28:20','2022-10-12 10:08:50',NULL),(396,396,0,'2022-10-12 05:28:20','2022-10-12 10:08:50',NULL),(397,397,0,'2022-10-12 05:28:20','2022-10-12 10:08:50',NULL),(398,398,0,'2022-10-12 05:28:20','2022-10-12 10:08:50',NULL),(399,399,0,'2022-10-12 05:28:20','2022-10-12 10:08:50',NULL),(400,400,0,'2022-10-12 05:28:20','2022-10-12 10:08:50',NULL),(401,401,0,'2022-10-12 05:28:20','2022-10-12 10:08:50',NULL),(402,402,0,'2022-10-12 05:28:20','2022-10-12 10:08:50',NULL),(403,403,0,'2022-10-12 05:28:20','2022-10-12 10:08:50',NULL),(404,404,0,'2022-10-12 05:28:20','2022-10-12 10:08:50',NULL),(405,405,0,'2022-10-12 05:28:20','2023-09-06 11:10:20',NULL),(406,406,0,'2022-10-12 05:28:20','2022-10-12 10:08:50',NULL),(407,407,0,'2022-10-12 05:28:20','2022-10-12 10:08:50',NULL),(408,408,0,'2022-10-12 05:28:20','2023-03-15 12:47:26',NULL),(409,409,0,'2022-10-12 05:28:20','2022-10-12 10:08:50',NULL),(410,410,0,'2022-10-12 05:28:20','2022-10-12 10:08:50',NULL),(411,411,0,'2022-10-12 05:28:20','2022-10-12 10:08:50',NULL),(412,412,0,'2022-10-12 05:28:20','2022-10-12 10:08:50',NULL),(413,413,0,'2022-10-12 05:28:20','2022-10-12 10:08:50',NULL),(414,414,0,'2022-10-12 05:28:20','2022-10-12 10:08:50',NULL),(415,415,0,'2022-10-12 05:28:20','2022-10-12 10:08:50',NULL),(416,416,0,'2022-10-12 05:28:20','2022-10-12 10:08:50',NULL),(417,417,0,'2022-10-12 05:28:20','2022-10-12 10:08:50',NULL),(418,418,0,'2022-10-12 05:28:20','2022-10-12 10:08:50',NULL),(419,419,0,'2022-10-12 05:28:20','2022-10-12 10:08:50',NULL),(420,420,0,'2022-10-12 05:28:20','2023-09-06 11:10:20',NULL),(421,421,0,'2022-10-12 05:28:20','2022-10-12 10:08:50',NULL),(422,422,0,'2022-10-12 05:28:20','2022-10-12 10:08:50',NULL),(423,423,0,'2022-10-12 05:28:20','2022-10-12 10:08:50',NULL),(424,424,0,'2022-10-12 05:28:20','2022-10-12 10:08:50',NULL),(425,425,0,'2022-10-12 05:28:20','2022-10-12 10:08:50',NULL),(426,426,0,'2022-10-12 05:28:20','2022-10-12 10:08:50',NULL),(427,427,0,'2022-10-12 05:28:20','2022-10-12 10:08:50',NULL),(428,428,0,'2022-10-12 05:28:20','2022-10-12 10:08:50',NULL),(429,429,0,'2022-10-12 05:28:20','2022-10-12 10:08:50',NULL),(430,430,0,'2022-10-12 05:28:20','2022-10-12 10:08:50',NULL),(431,431,0,'2022-10-12 05:28:20','2022-10-12 10:08:50',NULL),(432,432,0,'2022-10-12 05:28:20','2022-10-12 10:08:50',NULL),(433,433,0,'2022-10-12 05:28:20','2022-10-12 10:08:50',NULL),(434,434,0,'2022-10-12 05:28:20','2022-10-12 10:08:50',NULL),(435,435,0,'2022-10-12 05:28:20','2022-10-12 10:08:50',NULL),(436,436,0,'2022-10-12 05:28:20','2022-10-12 10:08:50',NULL),(437,437,0,'2022-10-12 05:28:20','2022-10-12 10:08:50',NULL),(438,438,0,'2022-10-12 05:28:21','2022-10-12 10:08:50',NULL),(439,439,0,'2022-10-12 05:28:21','2022-10-12 10:08:50',NULL),(440,440,0,'2022-10-12 05:28:21','2022-10-12 10:08:50',NULL),(441,441,0,'2022-10-12 05:28:21','2022-10-12 10:08:50',NULL),(442,442,0,'2022-10-12 05:28:21','2022-10-12 10:08:50',NULL),(443,443,0,'2022-10-12 05:28:21','2022-10-12 10:08:50',NULL),(444,444,0,'2022-10-12 05:28:21','2022-10-12 10:08:50',NULL),(445,445,0,'2022-10-12 05:28:21','2022-10-12 10:08:50',NULL),(446,446,0,'2022-10-12 05:28:21','2022-10-12 10:08:50',NULL),(447,447,0,'2022-10-12 05:28:21','2022-10-12 10:08:50',NULL),(448,448,0,'2022-10-12 05:28:21','2022-10-12 10:08:50',NULL),(449,449,0,'2022-10-12 05:28:21','2022-10-12 10:08:50',NULL),(450,450,0,'2022-10-12 05:28:21','2022-10-12 10:08:50',NULL),(451,451,0,'2022-10-12 05:28:21','2022-10-12 10:08:50',NULL),(452,452,0,'2022-10-12 05:28:21','2022-10-12 10:08:50',NULL),(453,453,0,'2022-10-12 05:28:21','2022-10-12 10:08:50',NULL),(454,454,0,'2022-10-12 05:28:21','2022-10-12 10:08:50',NULL),(455,455,0,'2022-10-12 05:28:21','2022-10-12 10:08:50',NULL),(456,456,0,'2022-10-12 05:28:21','2022-10-12 10:08:50',NULL),(457,457,0,'2022-10-12 05:28:21','2022-10-12 10:08:50',NULL),(458,458,0,'2022-10-12 05:28:21','2022-10-12 10:08:50',NULL),(459,459,0,'2022-10-12 05:28:21','2022-10-12 10:08:50',NULL),(460,460,0,'2022-10-12 05:28:21','2022-10-12 10:08:50',NULL),(461,461,0,'2022-10-12 05:28:21','2022-10-12 10:08:50',NULL),(462,462,0,'2022-10-12 05:28:21','2022-10-12 10:08:50',NULL),(463,463,0,'2022-10-12 05:28:21','2022-10-12 10:08:50',NULL),(464,464,0,'2022-10-12 05:28:21','2022-10-12 10:08:50',NULL),(465,465,0,'2022-10-12 05:28:21','2022-10-12 10:08:50',NULL),(466,466,0,'2022-10-12 05:28:21','2022-10-12 10:08:50',NULL),(467,467,0,'2022-10-12 05:28:21','2022-10-12 10:08:50',NULL),(468,468,0,'2022-10-12 05:28:21','2022-10-12 10:08:50',NULL),(469,469,0,'2022-10-12 05:28:21','2022-10-12 10:08:50',NULL),(470,470,0,'2022-10-12 05:28:21','2022-10-12 10:08:50',NULL),(471,471,0,'2022-10-12 05:28:21','2022-10-12 10:08:50',NULL),(472,472,0,'2022-10-12 05:28:21','2022-10-12 10:08:50',NULL),(473,473,0,'2022-10-12 05:28:21','2022-10-12 10:08:50',NULL),(474,474,0,'2022-10-12 05:28:21','2022-10-12 10:08:50',NULL),(475,475,0,'2022-10-12 05:28:21','2022-10-12 10:08:50',NULL),(476,476,0,'2022-10-12 05:28:21','2022-10-12 10:08:50',NULL),(477,477,0,'2022-10-12 05:28:21','2022-10-12 10:08:50',NULL),(478,478,0,'2022-10-12 05:28:21','2022-10-12 10:08:50',NULL),(479,479,0,'2022-10-12 05:28:21','2022-10-12 10:08:50',NULL),(480,480,0,'2022-10-12 05:28:21','2022-10-12 10:08:50',NULL),(481,481,0,'2022-10-12 05:28:21','2022-10-12 10:08:50',NULL),(482,482,0,'2022-10-12 05:28:21','2022-10-12 10:08:50',NULL),(483,483,0,'2022-10-12 05:28:21','2022-10-12 10:08:50',NULL),(484,484,0,'2022-10-12 05:28:21','2022-10-12 10:08:50',NULL),(485,485,0,'2022-10-12 05:28:21','2022-10-12 10:08:50',NULL),(486,486,0,'2022-10-12 05:28:21','2022-10-12 10:08:50',NULL),(487,487,0,'2022-10-12 05:28:21','2022-10-12 10:08:50',NULL),(488,488,0,'2022-10-12 05:28:21','2022-10-12 10:08:50',NULL),(489,489,0,'2022-10-12 05:28:21','2022-10-12 10:08:50',NULL),(490,490,0,'2022-10-12 05:28:21','2022-10-12 10:08:50',NULL),(491,491,0,'2022-10-12 05:28:21','2022-10-12 10:08:50',NULL),(492,492,0,'2022-10-12 05:28:21','2022-10-12 10:08:50',NULL),(493,493,0,'2022-10-12 05:28:21','2022-10-12 10:08:50',NULL),(494,494,0,'2022-10-12 05:28:21','2022-10-12 10:08:50',NULL),(495,495,0,'2022-10-12 05:28:21','2022-10-12 10:08:50',NULL),(496,496,0,'2022-10-12 05:28:21','2022-10-12 10:08:50',NULL),(497,497,0,'2022-10-12 05:28:21','2022-10-12 10:08:50',NULL),(498,498,0,'2022-10-12 05:28:21','2022-10-12 10:08:50',NULL),(499,499,0,'2022-10-12 05:28:21','2022-10-12 10:08:50',NULL),(500,500,0,'2022-10-12 05:28:21','2022-10-12 10:08:50',NULL),(512,501,0,'2022-10-12 05:28:21','2022-10-12 10:08:50',NULL),(513,502,0,'2022-10-12 05:28:21','2022-10-12 10:08:50',NULL),(514,503,0,'2022-10-12 05:28:21','2022-10-12 10:08:50',NULL),(515,504,0,'2022-10-12 05:28:22','2022-10-12 10:08:50',NULL),(516,505,0,'2022-10-12 05:28:22','2022-10-12 10:08:50',NULL),(517,506,0,'2022-10-12 05:28:22','2022-10-12 10:08:50',NULL),(518,507,0,'2022-10-12 05:28:22','2022-10-12 10:08:50',NULL),(519,508,0,'2022-10-12 05:28:22','2022-10-12 10:08:50',NULL),(520,509,0,'2022-10-12 05:28:22','2022-10-12 10:08:50',NULL),(521,510,0,'2022-10-12 05:28:22','2022-10-12 10:08:50',NULL),(522,511,0,'2022-10-12 05:28:22','2022-10-12 10:08:50',NULL),(523,512,0,'2022-10-12 05:28:22','2022-10-12 10:08:50',NULL),(524,513,0,'2022-10-12 05:28:22','2022-10-12 10:08:50',NULL),(525,514,0,'2022-10-12 05:28:22','2022-10-12 10:08:50',NULL),(526,515,0,'2022-10-12 05:28:22','2022-10-12 10:08:50',NULL),(527,516,0,'2022-10-12 05:28:22','2022-10-12 10:08:50',NULL),(528,517,0,'2022-10-12 05:28:22','2022-10-12 10:08:50',NULL),(529,518,0,'2022-10-12 05:28:22','2022-10-12 10:08:50',NULL),(530,519,0,'2022-10-12 05:28:22','2022-10-12 10:08:50',NULL),(531,520,0,'2022-10-12 05:28:22','2022-10-12 10:08:50',NULL),(532,521,0,'2022-10-12 05:28:22','2022-10-12 10:08:50',NULL),(533,522,0,'2022-10-12 05:28:22','2022-10-12 10:08:50',NULL),(534,523,0,'2022-10-12 05:28:22','2022-10-12 10:08:50',NULL),(535,524,0,'2022-10-12 05:28:22','2022-10-12 10:08:50',NULL),(536,525,0,'2022-10-12 05:28:22','2022-10-12 10:08:50',NULL),(537,526,0,'2022-10-12 05:28:22','2022-10-12 10:08:50',NULL),(538,527,0,'2022-10-12 05:28:22','2022-10-12 10:08:50',NULL),(539,528,0,'2022-10-12 05:28:22','2022-10-12 10:08:50',NULL),(540,529,0,'2022-10-12 05:28:22','2022-10-12 10:08:50',NULL),(541,530,0,'2022-10-12 05:28:22','2022-10-12 10:08:50',NULL),(542,531,0,'2022-10-12 05:28:22','2022-10-12 10:08:50',NULL),(543,532,0,'2022-10-12 05:28:22','2022-10-12 10:08:50',NULL),(544,533,0,'2022-10-12 05:28:22','2022-10-12 10:08:50',NULL),(545,534,0,'2022-10-12 05:28:22','2022-10-12 10:08:50',NULL),(546,535,0,'2022-10-12 05:28:22','2022-10-12 10:08:50',NULL),(547,536,0,'2022-10-12 05:28:22','2022-10-12 10:08:50',NULL),(548,537,0,'2022-10-12 05:28:22','2022-10-12 10:08:50',NULL),(549,538,0,'2022-10-12 05:28:22','2022-10-12 10:08:50',NULL),(550,539,0,'2022-10-12 05:28:22','2022-10-12 10:08:50',NULL),(551,540,0,'2022-10-12 05:28:22','2022-10-12 10:08:50',NULL),(552,541,0,'2022-10-12 05:28:22','2022-10-12 10:08:50',NULL),(553,542,0,'2022-10-12 05:28:22','2022-10-12 10:08:50',NULL),(554,543,0,'2022-10-12 05:28:22','2022-10-12 10:08:50',NULL),(555,544,0,'2022-10-12 05:28:22','2022-10-12 10:08:50',NULL),(556,545,0,'2022-10-12 05:28:22','2022-10-12 10:08:50',NULL),(557,546,0,'2022-10-12 05:28:22','2022-10-12 10:08:50',NULL),(558,547,0,'2022-10-12 05:28:22','2022-10-12 10:08:50',NULL),(559,548,0,'2022-10-12 05:28:22','2022-10-12 10:08:50',NULL),(560,549,0,'2022-10-12 05:28:22','2022-10-12 10:08:50',NULL),(561,550,0,'2022-10-12 05:28:22','2022-10-12 10:08:50',NULL),(562,551,0,'2022-10-12 05:28:22','2022-10-12 10:08:50',NULL),(563,552,0,'2022-10-12 05:28:22','2022-10-12 10:08:50',NULL),(564,553,0,'2022-10-12 05:28:22','2022-10-12 10:08:50',NULL),(565,554,0,'2022-10-12 05:28:23','2022-10-12 10:08:50',NULL),(566,555,0,'2022-10-12 05:28:23','2022-10-12 10:08:50',NULL),(567,556,0,'2022-10-12 05:28:23','2022-10-12 10:08:50',NULL),(568,557,0,'2022-10-12 05:28:23','2022-10-12 10:08:50',NULL),(569,558,0,'2022-10-12 05:28:23','2022-10-12 10:08:50',NULL),(570,559,0,'2022-10-12 05:28:23','2022-10-12 10:08:50',NULL),(571,560,0,'2022-10-12 05:28:23','2022-10-12 10:08:50',NULL),(572,561,0,'2022-10-12 05:28:23','2022-10-12 10:08:50',NULL),(573,562,0,'2022-10-12 05:28:23','2022-10-12 10:08:50',NULL),(574,563,0,'2022-10-12 05:28:23','2022-10-12 10:08:50',NULL),(575,564,0,'2022-10-12 05:28:23','2022-10-12 10:08:50',NULL),(576,565,0,'2022-10-12 05:28:23','2022-10-12 10:08:50',NULL),(577,566,0,'2022-10-12 05:28:23','2022-10-12 10:08:50',NULL),(578,567,0,'2022-10-12 05:28:23','2022-10-12 10:08:50',NULL),(579,568,0,'2022-10-12 05:28:23','2022-10-12 10:08:50',NULL),(580,569,0,'2022-10-12 05:28:23','2022-10-12 10:08:50',NULL),(581,570,0,'2022-10-12 05:28:23','2022-10-12 10:08:50',NULL),(582,571,0,'2022-10-12 05:28:23','2022-10-12 10:08:50',NULL),(583,572,0,'2022-10-12 05:28:23','2022-10-12 10:08:50',NULL),(584,573,0,'2022-10-12 05:28:23','2022-10-12 10:08:50',NULL),(585,574,0,'2022-10-12 05:28:23','2022-10-12 10:08:50',NULL),(586,575,0,'2022-10-12 05:28:23','2022-10-12 10:08:50',NULL),(587,576,0,'2022-10-12 05:28:23','2022-10-12 10:08:50',NULL),(588,577,0,'2022-10-12 05:28:23','2022-10-12 10:08:50',NULL),(589,578,0,'2022-10-12 05:28:23','2022-10-12 10:08:50',NULL),(590,579,0,'2022-10-12 05:28:23','2022-10-12 10:08:50',NULL),(591,580,0,'2022-10-12 05:28:23','2022-10-12 10:08:50',NULL),(592,581,0,'2022-10-12 05:28:23','2022-10-12 10:08:50',NULL),(593,582,0,'2022-10-12 05:28:23','2022-10-12 10:08:50',NULL),(594,583,0,'2022-10-12 05:28:23','2022-10-12 10:08:50',NULL),(595,584,0,'2022-10-12 05:28:23','2022-10-12 10:08:50',NULL),(596,585,0,'2022-10-12 05:28:23','2022-10-12 10:08:50',NULL),(597,586,0,'2022-10-12 05:28:23','2022-10-12 10:08:50',NULL),(598,587,0,'2022-10-12 05:28:23','2022-10-12 10:08:50',NULL),(599,588,0,'2022-10-12 05:28:23','2022-10-12 10:08:50',NULL),(600,589,0,'2022-10-12 05:28:23','2022-10-12 10:08:50',NULL),(601,590,0,'2022-10-12 05:28:23','2022-10-12 10:08:50',NULL),(602,591,0,'2022-10-12 05:28:23','2022-10-12 10:08:50',NULL),(603,592,0,'2022-10-12 05:28:23','2022-10-12 10:08:50',NULL),(604,593,0,'2022-10-12 05:28:23','2022-10-12 10:08:50',NULL),(605,594,0,'2022-10-12 05:28:23','2022-10-12 10:08:50',NULL),(606,595,0,'2022-10-12 05:28:23','2022-10-12 10:08:50',NULL),(607,596,0,'2022-10-12 05:28:23','2022-10-12 10:08:50',NULL),(608,597,0,'2022-10-12 05:28:23','2022-10-12 10:08:50',NULL),(609,598,0,'2022-10-12 05:28:23','2022-10-12 10:08:50',NULL),(610,599,0,'2022-10-12 05:28:23','2022-10-12 10:08:50',NULL),(611,600,0,'2022-10-12 05:28:23','2022-10-12 10:08:50',NULL),(612,601,0,'2022-10-12 05:28:23','2022-10-12 10:08:50',NULL),(613,602,0,'2022-10-12 05:28:23','2022-10-12 10:08:50',NULL),(614,603,0,'2022-10-12 05:28:23','2022-10-12 10:08:50',NULL),(615,604,0,'2022-10-12 05:28:23','2022-10-12 10:08:50',NULL),(616,605,0,'2022-10-12 05:28:23','2022-10-12 10:08:50',NULL),(617,606,0,'2022-10-12 05:28:23','2022-10-12 10:08:50',NULL),(618,607,0,'2022-10-12 05:28:23','2022-10-12 10:08:50',NULL),(619,608,0,'2022-10-12 05:28:23','2022-10-12 10:08:50',NULL),(620,609,0,'2022-10-12 05:28:23','2022-10-12 10:08:50',NULL),(621,610,0,'2022-10-12 05:28:23','2022-10-12 10:08:50',NULL),(622,611,0,'2022-10-12 05:28:23','2022-10-12 10:08:50',NULL),(623,612,0,'2022-10-12 05:28:23','2022-10-12 10:08:50',NULL),(624,613,0,'2022-10-12 05:28:23','2022-10-12 10:08:50',NULL),(625,614,0,'2022-10-12 05:28:23','2022-10-12 10:08:50',NULL),(626,615,0,'2022-10-12 05:28:24','2022-10-12 10:08:50',NULL),(627,616,0,'2022-10-12 05:28:24','2022-10-12 10:08:50',NULL),(628,617,0,'2022-10-12 05:28:24','2022-10-12 10:08:50',NULL),(629,618,0,'2022-10-12 05:28:24','2022-10-12 10:08:50',NULL),(630,619,0,'2022-10-12 05:28:24','2022-10-12 10:08:50',NULL),(631,620,0,'2022-10-12 05:28:24','2022-10-12 10:08:50',NULL),(632,621,0,'2022-10-12 05:28:24','2022-10-12 10:08:50',NULL),(633,622,0,'2022-10-12 05:28:24','2022-10-12 10:08:50',NULL),(634,623,0,'2022-10-12 05:28:24','2022-10-12 10:08:50',NULL),(635,624,0,'2022-10-12 05:28:24','2022-10-12 10:08:50',NULL),(636,625,0,'2022-10-12 05:28:24','2022-10-12 10:08:50',NULL),(637,626,0,'2022-10-12 05:28:24','2022-10-12 10:08:50',NULL),(638,627,0,'2022-10-12 05:28:24','2022-10-12 10:08:50',NULL),(639,628,0,'2022-10-12 05:28:24','2022-10-12 10:08:50',NULL),(640,629,0,'2022-10-12 05:28:24','2022-10-12 10:08:50',NULL),(641,630,0,'2022-10-12 05:28:24','2022-10-12 10:08:50',NULL),(642,631,0,'2022-10-12 05:28:24','2022-10-12 10:08:50',NULL),(643,632,0,'2022-10-12 05:28:24','2022-10-12 10:08:50',NULL),(644,633,0,'2022-10-12 05:28:24','2022-10-12 10:08:50',NULL),(645,634,0,'2022-10-12 05:28:24','2022-10-12 10:08:50',NULL),(646,635,0,'2022-10-12 05:28:24','2022-10-12 10:08:50',NULL),(647,636,0,'2022-10-12 05:28:24','2022-10-12 10:08:50',NULL),(648,637,0,'2022-10-12 05:28:24','2022-10-12 10:08:50',NULL),(649,638,0,'2022-10-12 05:28:24','2022-10-12 10:08:50',NULL),(650,639,0,'2022-10-12 05:28:24','2022-10-12 10:08:50',NULL),(651,640,0,'2022-10-12 05:28:24','2022-10-12 10:08:50',NULL),(652,641,0,'2022-10-12 05:28:24','2022-10-12 10:08:50',NULL),(653,642,0,'2022-10-12 05:28:24','2022-10-12 10:08:50',NULL),(654,643,0,'2022-10-12 05:28:24','2022-10-12 10:08:50',NULL),(655,644,0,'2022-10-12 05:28:24','2022-10-12 10:08:50',NULL),(656,645,0,'2022-10-12 05:28:24','2022-10-12 10:08:50',NULL),(657,646,0,'2022-10-12 05:28:24','2022-10-12 10:08:50',NULL),(658,647,0,'2022-10-12 05:28:24','2022-10-12 10:08:50',NULL),(659,648,0,'2022-10-12 05:28:24','2022-10-12 10:08:50',NULL),(660,649,0,'2022-10-12 05:28:24','2022-10-12 10:08:50',NULL),(661,650,0,'2022-10-12 05:28:24','2022-10-12 10:08:50',NULL),(662,651,0,'2022-10-12 05:28:24','2022-10-12 10:08:50',NULL),(663,652,0,'2022-10-12 05:28:24','2022-10-12 10:08:50',NULL),(664,653,0,'2022-10-12 05:28:24','2022-10-12 10:08:50',NULL),(665,654,0,'2022-10-12 05:28:24','2022-10-12 10:08:50',NULL),(666,655,0,'2022-10-12 05:28:24','2022-10-12 10:08:50',NULL),(667,656,0,'2022-10-12 05:28:24','2022-10-12 10:08:50',NULL),(668,657,0,'2022-10-12 05:28:24','2022-10-12 10:08:50',NULL),(669,658,0,'2022-10-12 05:28:24','2022-10-12 10:08:50',NULL),(670,659,0,'2022-10-12 05:28:24','2022-10-12 10:08:50',NULL),(671,660,0,'2022-10-12 05:28:24','2022-10-12 10:08:50',NULL),(672,661,0,'2022-10-12 05:28:24','2022-10-12 10:08:50',NULL),(673,662,0,'2022-10-12 05:28:24','2022-10-12 10:08:50',NULL),(674,663,0,'2022-10-12 05:28:24','2022-10-12 10:08:50',NULL),(675,664,0,'2022-10-12 05:28:25','2022-10-12 10:08:50',NULL),(676,665,0,'2022-10-12 05:28:25','2022-10-12 10:08:50',NULL),(677,666,0,'2022-10-12 05:28:25','2022-10-12 10:08:50',NULL),(678,667,0,'2022-10-12 05:28:25','2022-10-12 10:08:50',NULL),(679,668,0,'2022-10-12 05:28:25','2022-10-12 10:08:50',NULL),(680,669,0,'2022-10-12 05:28:25','2022-10-12 10:08:50',NULL),(681,670,0,'2022-10-12 05:28:25','2022-10-12 10:08:50',NULL),(682,671,0,'2022-10-12 05:28:25','2022-10-12 10:08:50',NULL),(683,672,0,'2022-10-12 05:28:25','2022-10-12 10:08:50',NULL),(684,673,0,'2022-10-12 05:28:25','2022-10-12 10:08:50',NULL),(685,674,0,'2022-10-12 05:28:25','2022-10-12 10:08:50',NULL),(686,675,0,'2022-10-12 05:28:25','2022-10-12 10:08:50',NULL),(687,676,0,'2022-10-12 05:28:25','2022-10-12 10:08:50',NULL),(688,677,0,'2022-10-12 05:28:25','2022-10-12 10:08:50',NULL),(689,678,0,'2022-10-12 05:28:25','2022-10-12 10:08:50',NULL),(690,679,0,'2022-10-12 05:28:25','2022-10-12 10:08:50',NULL),(691,680,0,'2022-10-12 05:28:25','2022-10-12 10:08:50',NULL),(692,681,0,'2022-10-12 05:28:25','2022-10-12 10:08:50',NULL),(693,682,0,'2022-10-12 05:28:25','2022-10-12 10:08:50',NULL),(694,683,0,'2022-10-12 05:28:25','2022-10-12 10:08:50',NULL),(695,684,0,'2022-10-12 05:28:25','2022-10-12 10:08:50',NULL),(696,685,0,'2022-10-12 05:28:25','2022-10-12 10:08:50',NULL),(697,686,0,'2022-10-12 05:28:25','2022-10-12 10:08:50',NULL),(698,687,0,'2022-10-12 05:28:25','2022-10-12 10:08:50',NULL),(699,688,0,'2022-10-12 05:28:25','2022-10-12 10:08:50',NULL),(700,689,0,'2022-10-12 05:28:25','2022-10-12 10:08:50',NULL),(701,690,0,'2022-10-12 05:28:25','2022-10-12 10:08:50',NULL),(702,691,0,'2022-10-12 05:28:25','2022-10-12 10:08:50',NULL),(703,692,0,'2022-10-12 05:28:25','2022-10-12 10:08:50',NULL),(704,693,0,'2022-10-12 05:28:25','2022-10-12 10:08:50',NULL),(705,694,0,'2022-10-12 05:28:25','2022-10-12 10:08:50',NULL),(706,695,0,'2022-10-12 05:28:25','2022-10-12 10:08:50',NULL),(707,696,0,'2022-10-12 05:28:25','2022-10-12 10:08:50',NULL),(708,697,0,'2022-10-12 05:28:25','2022-10-12 10:08:50',NULL),(709,698,0,'2022-10-12 05:28:25','2022-10-12 10:08:50',NULL),(710,699,0,'2022-10-12 05:28:25','2022-10-12 10:08:50',NULL),(711,700,0,'2022-10-12 05:28:25','2022-11-21 11:59:13',NULL),(712,701,0,'2022-10-12 05:28:25','2023-05-27 10:47:45',NULL),(713,702,0,'2022-10-12 05:28:25','2023-05-27 10:40:32',NULL),(714,703,0,'2022-10-12 05:28:25','2023-05-27 10:40:32',NULL),(715,704,0,'2022-10-12 05:28:25','2023-05-27 10:40:32',NULL),(716,705,0,'2022-10-12 05:28:25','2023-05-27 10:40:32',NULL),(717,706,0,'2022-10-12 05:28:25','2023-05-27 10:50:38',NULL),(718,707,0,'2022-10-12 05:28:25','2022-10-12 10:08:50',NULL),(719,708,0,'2022-10-12 05:28:25','2022-10-12 10:08:50',NULL),(720,709,0,'2022-10-12 05:28:25','2022-10-12 10:08:50',NULL),(721,710,0,'2022-10-12 05:28:25','2022-10-12 10:08:50',NULL),(722,711,0,'2022-10-12 05:28:25','2022-10-12 10:08:50',NULL),(723,712,0,'2022-10-12 05:28:25','2022-10-12 10:08:50',NULL),(724,713,0,'2022-10-12 05:28:25','2022-10-12 10:08:50',NULL),(725,714,0,'2022-10-12 05:28:25','2022-10-12 10:08:50',NULL),(726,715,0,'2022-10-12 05:28:25','2022-10-12 10:08:50',NULL),(727,716,0,'2022-10-12 05:28:25','2022-10-12 10:08:50',NULL),(728,717,0,'2022-10-12 05:28:25','2022-10-12 10:08:50',NULL),(729,718,0,'2022-10-12 05:28:25','2022-10-12 10:08:50',NULL),(730,719,0,'2022-10-12 05:28:25','2022-10-12 10:08:50',NULL),(731,720,0,'2022-10-12 05:28:25','2022-10-12 10:08:50',NULL),(732,721,0,'2022-10-12 05:28:25','2022-10-12 10:08:50',NULL),(733,722,0,'2022-10-12 05:28:25','2022-10-12 10:08:50',NULL),(734,723,0,'2022-10-12 05:28:25','2022-10-12 10:08:50',NULL),(735,724,0,'2022-10-12 05:28:25','2022-10-12 10:08:50',NULL),(736,725,0,'2022-10-12 05:28:25','2022-10-12 10:08:50',NULL),(737,726,0,'2022-10-12 05:28:26','2022-10-12 10:08:50',NULL),(738,727,0,'2022-10-12 05:28:26','2022-10-12 10:08:50',NULL),(739,728,0,'2022-10-12 05:28:26','2022-10-12 10:08:50',NULL),(740,729,0,'2022-10-12 05:28:26','2022-10-12 10:08:50',NULL),(741,730,0,'2022-10-12 05:28:26','2022-10-12 10:08:50',NULL),(742,731,0,'2022-10-12 05:28:26','2022-10-12 10:08:50',NULL),(743,732,0,'2022-10-12 05:28:26','2022-10-12 10:08:50',NULL),(744,733,0,'2022-10-12 05:28:26','2022-10-12 10:08:50',NULL),(745,734,0,'2022-10-12 05:28:26','2022-10-12 10:08:50',NULL),(746,735,0,'2022-10-12 05:28:26','2022-10-12 10:08:50',NULL),(747,736,0,'2022-10-12 05:28:26','2022-10-12 10:08:50',NULL),(748,737,0,'2022-10-12 05:28:26','2022-10-12 10:08:50',NULL),(749,738,0,'2022-10-12 05:28:26','2022-10-12 10:08:50',NULL),(750,739,0,'2022-10-12 05:28:26','2022-10-12 10:08:50',NULL),(751,740,0,'2022-10-12 05:28:26','2022-10-12 10:08:50',NULL),(752,741,0,'2022-10-12 05:28:26','2022-10-12 10:08:50',NULL),(753,742,0,'2022-10-12 05:28:26','2022-10-12 10:08:50',NULL),(754,743,0,'2022-10-12 05:28:26','2022-10-12 10:08:50',NULL),(755,744,0,'2022-10-12 05:28:26','2022-10-12 10:08:50',NULL),(756,745,0,'2022-10-12 05:28:26','2022-10-12 10:08:50',NULL),(757,746,0,'2022-10-12 05:28:26','2022-10-12 10:08:50',NULL),(758,747,0,'2022-10-12 05:28:26','2022-10-12 10:08:50',NULL),(759,748,0,'2022-10-12 05:28:26','2022-10-12 10:08:50',NULL),(760,749,0,'2022-10-12 05:28:26','2022-10-12 10:08:50',NULL),(761,750,0,'2022-10-12 05:28:26','2022-10-12 10:08:50',NULL),(762,751,0,'2022-10-12 05:28:26','2022-10-12 10:08:50',NULL),(763,752,0,'2022-10-12 05:28:26','2022-10-12 10:08:50',NULL),(764,753,0,'2022-10-12 05:28:26','2022-10-12 10:08:50',NULL),(765,754,0,'2022-10-12 05:28:26','2022-10-12 10:08:50',NULL),(766,755,0,'2022-10-12 05:28:26','2022-10-12 10:08:50',NULL),(767,756,0,'2022-10-12 05:28:26','2022-10-12 10:08:50',NULL),(768,757,0,'2022-10-12 05:28:26','2022-10-12 10:08:50',NULL),(769,758,0,'2022-10-12 05:28:26','2022-10-12 10:08:50',NULL),(770,759,0,'2022-10-12 05:28:26','2022-10-12 10:08:50',NULL),(771,760,0,'2022-10-12 05:28:26','2022-10-12 10:08:50',NULL),(772,761,0,'2022-10-12 05:28:26','2022-10-12 10:08:50',NULL),(773,762,0,'2022-10-12 05:28:26','2022-10-12 10:08:50',NULL),(774,763,0,'2022-10-12 05:28:26','2022-10-12 10:08:50',NULL),(775,764,0,'2022-10-12 05:28:26','2022-10-12 10:08:50',NULL),(776,765,0,'2022-10-12 05:28:26','2022-10-12 10:08:50',NULL),(777,766,0,'2022-10-12 05:28:26','2022-10-12 10:08:50',NULL),(778,767,0,'2022-10-12 05:28:26','2022-10-12 10:08:50',NULL),(779,768,0,'2022-10-12 05:28:26','2022-10-12 10:08:50',NULL),(780,769,0,'2022-10-12 05:28:26','2022-10-12 10:08:50',NULL),(781,770,0,'2022-10-12 05:28:26','2022-10-12 10:08:50',NULL),(782,771,0,'2022-10-12 05:28:26','2022-10-12 10:08:50',NULL),(783,772,0,'2022-10-12 05:28:26','2022-10-12 10:08:50',NULL),(784,773,0,'2022-10-12 05:28:26','2022-10-12 10:08:50',NULL),(785,774,0,'2022-10-12 05:28:26','2022-10-12 10:08:50',NULL),(786,775,0,'2022-10-12 05:28:26','2022-10-12 10:08:50',NULL),(787,776,0,'2022-10-12 05:28:26','2022-10-12 10:08:50',NULL),(788,777,0,'2022-10-12 05:28:26','2022-10-12 10:08:50',NULL),(789,778,0,'2022-10-12 05:28:26','2022-10-12 10:08:50',NULL),(790,779,0,'2022-10-12 05:28:26','2022-10-12 10:08:50',NULL),(791,780,0,'2022-10-12 05:28:26','2022-10-12 10:08:50',NULL),(792,781,0,'2022-10-12 05:28:26','2022-10-12 10:08:50',NULL),(793,782,0,'2022-10-12 05:28:26','2022-10-12 10:08:50',NULL),(794,783,0,'2022-10-12 05:28:26','2022-10-12 10:08:50',NULL),(795,784,0,'2022-10-12 05:28:26','2022-10-12 10:08:50',NULL),(796,785,0,'2022-10-12 05:28:26','2022-10-12 10:08:50',NULL),(797,786,0,'2022-10-12 05:28:26','2022-10-12 10:08:50',NULL),(798,787,0,'2022-10-12 05:28:26','2022-10-12 10:08:50',NULL),(799,788,0,'2022-10-12 05:28:26','2022-10-12 10:08:50',NULL),(800,789,0,'2022-10-12 05:28:26','2022-10-12 10:08:50',NULL),(801,790,0,'2022-10-12 05:28:26','2022-10-12 10:08:50',NULL),(802,791,0,'2022-10-12 05:28:26','2022-10-12 10:08:50',NULL),(803,792,0,'2022-10-12 05:28:26','2022-10-12 10:08:50',NULL),(804,793,0,'2022-10-12 05:28:26','2022-10-12 10:08:50',NULL),(805,794,0,'2022-10-12 05:28:26','2022-10-12 10:08:50',NULL),(806,795,0,'2022-10-12 05:28:26','2022-10-12 10:08:50',NULL),(807,796,0,'2022-10-12 05:28:26','2022-10-12 10:08:50',NULL),(808,797,0,'2022-10-12 05:28:26','2022-10-12 10:08:50',NULL),(809,798,0,'2022-10-12 05:28:26','2022-10-12 10:08:50',NULL),(810,799,0,'2022-10-12 05:28:26','2022-10-12 10:08:50',NULL),(811,800,0,'2022-10-12 05:28:26','2022-10-12 10:08:50',NULL),(812,801,0,'2022-10-12 05:28:26','2022-10-12 10:08:50',NULL),(813,802,0,'2022-10-12 05:28:26','2022-10-12 10:08:50',NULL),(814,803,0,'2022-10-12 05:28:26','2022-10-12 10:08:50',NULL),(815,804,0,'2022-10-12 05:28:26','2022-10-12 10:08:50',NULL),(816,805,0,'2022-10-12 05:28:26','2022-10-12 10:08:50',NULL),(817,806,0,'2022-10-12 05:28:26','2022-10-12 10:08:50',NULL),(818,807,0,'2022-10-12 05:28:26','2022-10-12 10:08:50',NULL),(819,808,0,'2022-10-12 05:28:26','2022-10-12 10:08:50',NULL),(820,809,0,'2022-10-12 05:28:26','2022-10-12 10:08:50',NULL),(821,810,0,'2022-10-12 05:28:26','2022-10-12 10:08:50',NULL),(822,811,0,'2022-10-12 05:28:27','2022-10-12 10:08:50',NULL),(823,812,0,'2022-10-12 05:28:27','2022-10-12 10:08:50',NULL),(824,813,0,'2022-10-12 05:28:27','2022-10-12 10:08:50',NULL),(825,814,0,'2022-10-12 05:28:27','2022-10-12 10:08:50',NULL),(826,815,0,'2022-10-12 05:28:27','2022-10-12 10:08:50',NULL),(827,816,0,'2022-10-12 05:28:27','2022-10-12 10:08:50',NULL),(828,817,0,'2022-10-12 05:28:27','2022-10-12 10:08:50',NULL),(829,818,0,'2022-10-12 05:28:27','2022-10-12 10:08:50',NULL),(830,819,0,'2022-10-12 05:28:27','2022-10-12 10:08:50',NULL),(831,820,0,'2022-10-12 05:28:27','2022-10-12 10:08:50',NULL),(832,821,0,'2022-10-12 05:28:27','2022-10-12 10:08:50',NULL),(833,822,0,'2022-10-12 05:28:27','2022-10-12 10:08:50',NULL),(834,823,0,'2022-10-12 05:28:27','2022-10-12 10:08:50',NULL),(835,824,0,'2022-10-12 05:28:27','2022-10-12 10:08:50',NULL),(836,825,0,'2022-10-12 05:28:27','2022-10-12 10:08:50',NULL),(837,826,0,'2022-10-12 05:28:27','2022-10-12 10:08:50',NULL),(838,827,0,'2022-10-12 05:28:27','2022-10-12 10:08:50',NULL),(839,828,0,'2022-10-12 05:28:27','2022-10-12 10:08:50',NULL),(840,829,0,'2022-10-12 05:28:27','2022-10-12 10:08:50',NULL),(841,830,0,'2022-10-12 05:28:27','2022-10-12 10:08:50',NULL),(842,831,0,'2022-10-12 05:28:27','2022-10-12 10:08:50',NULL),(843,832,0,'2022-10-12 05:28:27','2022-10-12 10:08:50',NULL),(844,833,0,'2022-10-12 05:28:27','2022-10-12 10:08:50',NULL),(845,834,0,'2022-10-12 05:28:27','2022-10-12 10:08:50',NULL),(846,835,0,'2022-10-12 05:28:27','2022-10-12 10:08:50',NULL),(847,836,0,'2022-10-12 05:28:27','2022-10-12 10:08:50',NULL),(848,837,0,'2022-10-12 05:28:27','2022-10-12 10:08:50',NULL),(849,838,0,'2022-10-12 05:28:27','2022-10-12 10:08:50',NULL),(850,839,0,'2022-10-12 05:28:27','2022-10-12 10:08:50',NULL),(851,840,0,'2022-10-12 05:28:27','2022-10-12 10:08:50',NULL),(852,841,0,'2022-10-12 05:28:27','2022-10-12 10:08:50',NULL),(853,842,0,'2022-10-12 05:28:27','2022-10-12 10:08:50',NULL),(854,843,0,'2022-10-12 05:28:27','2022-10-12 10:08:50',NULL),(855,844,0,'2022-10-12 05:28:27','2022-10-12 10:08:50',NULL),(856,845,0,'2022-10-12 05:28:27','2022-10-12 10:08:50',NULL),(857,846,0,'2022-10-12 05:28:27','2022-10-12 10:08:50',NULL),(858,847,0,'2022-10-12 05:28:27','2022-10-12 10:08:50',NULL),(859,848,0,'2022-10-12 05:28:27','2022-10-12 10:08:50',NULL),(860,849,0,'2022-10-12 05:28:27','2022-10-12 10:08:50',NULL),(861,850,0,'2022-10-12 05:28:27','2022-10-12 10:08:50',NULL),(862,851,0,'2022-10-12 05:28:27','2022-10-12 10:08:50',NULL),(863,852,0,'2022-10-12 05:28:27','2022-10-12 10:08:50',NULL),(864,853,0,'2022-10-12 05:28:27','2022-10-12 10:08:50',NULL),(865,854,0,'2022-10-12 05:28:27','2022-10-12 10:08:50',NULL),(866,855,0,'2022-10-12 05:28:27','2022-10-12 10:08:50',NULL),(867,856,0,'2022-10-12 05:28:27','2022-10-12 10:08:50',NULL),(868,857,0,'2022-10-12 05:28:27','2022-10-12 10:08:50',NULL),(869,858,0,'2022-10-12 05:28:27','2022-10-12 10:08:50',NULL),(870,859,0,'2022-10-12 05:28:27','2022-10-12 10:08:50',NULL),(871,860,0,'2022-10-12 05:28:27','2022-10-12 10:08:50',NULL),(872,861,0,'2022-10-12 05:28:27','2022-10-12 10:08:50',NULL),(873,862,0,'2022-10-12 05:28:27','2022-10-12 10:08:50',NULL),(874,863,0,'2022-10-12 05:28:27','2022-10-12 10:08:50',NULL),(875,864,0,'2022-10-12 05:28:27','2022-10-12 10:08:50',NULL),(876,865,0,'2022-10-12 05:28:27','2022-10-12 10:08:50',NULL),(877,866,0,'2022-10-12 05:28:27','2022-10-12 10:08:50',NULL),(878,867,0,'2022-10-12 05:28:27','2022-10-12 10:08:50',NULL),(879,868,0,'2022-10-12 05:28:27','2022-10-12 10:08:50',NULL),(880,869,0,'2022-10-12 05:28:27','2022-10-12 10:08:50',NULL),(881,870,0,'2022-10-12 05:28:27','2022-10-12 10:08:50',NULL),(882,871,0,'2022-10-12 05:28:27','2022-10-12 10:08:50',NULL),(883,872,0,'2022-10-12 05:28:27','2022-10-12 10:08:50',NULL),(884,873,0,'2022-10-12 05:28:27','2022-10-12 10:08:50',NULL),(885,874,0,'2022-10-12 05:28:27','2022-10-12 10:08:50',NULL),(886,875,0,'2022-10-12 05:28:27','2022-10-12 10:08:50',NULL),(887,876,0,'2022-10-12 05:28:27','2022-10-12 10:08:50',NULL),(888,877,0,'2022-10-12 05:28:27','2022-10-12 10:08:50',NULL),(889,878,0,'2022-10-12 05:28:27','2022-10-12 10:08:50',NULL),(890,879,0,'2022-10-12 05:28:27','2022-10-12 10:08:50',NULL),(891,880,0,'2022-10-12 05:28:27','2022-10-12 10:08:50',NULL),(892,881,0,'2022-10-12 05:28:27','2022-10-12 10:08:50',NULL),(893,882,0,'2022-10-12 05:28:27','2022-10-12 10:08:50',NULL),(894,883,0,'2022-10-12 05:28:27','2022-10-12 10:08:50',NULL),(895,884,0,'2022-10-12 05:28:27','2022-10-12 10:08:50',NULL),(896,885,0,'2022-10-12 05:28:27','2022-10-12 10:08:50',NULL),(897,886,0,'2022-10-12 05:28:27','2022-10-12 10:08:50',NULL),(898,887,0,'2022-10-12 05:28:27','2022-10-12 10:08:50',NULL),(899,888,0,'2022-10-12 05:28:28','2022-10-12 10:08:50',NULL),(900,889,0,'2022-10-12 05:28:28','2022-10-12 10:08:50',NULL),(901,890,0,'2022-10-12 05:28:28','2022-10-12 10:08:50',NULL),(902,891,0,'2022-10-12 05:28:28','2022-10-12 10:08:50',NULL),(903,892,0,'2022-10-12 05:28:28','2022-10-12 10:08:50',NULL),(904,893,0,'2022-10-12 05:28:28','2022-10-12 10:08:50',NULL),(905,894,0,'2022-10-12 05:28:28','2022-10-12 10:08:50',NULL),(906,895,0,'2022-10-12 05:28:28','2022-10-12 10:08:50',NULL),(907,896,0,'2022-10-12 05:28:28','2022-10-12 10:08:50',NULL),(908,897,0,'2022-10-12 05:28:28','2022-10-12 10:08:50',NULL),(909,898,0,'2022-10-12 05:28:28','2022-10-12 10:08:50',NULL),(910,899,0,'2022-10-12 05:28:28','2022-10-12 10:08:50',NULL),(911,900,0,'2022-10-12 05:28:28','2022-10-12 10:08:50',NULL),(912,901,0,'2022-10-12 05:28:28','2022-10-12 10:08:50',NULL),(913,902,0,'2022-10-12 05:28:28','2022-10-12 10:08:50',NULL),(914,903,0,'2022-10-12 05:28:28','2022-10-12 10:08:50',NULL),(915,904,0,'2022-10-12 05:28:28','2022-10-12 10:08:50',NULL),(916,905,0,'2022-10-12 05:28:28','2022-10-12 10:08:50',NULL),(917,906,0,'2022-10-12 05:28:28','2022-10-12 10:08:50',NULL),(918,907,0,'2022-10-12 05:28:28','2022-10-12 10:08:50',NULL),(919,908,0,'2022-10-12 05:28:28','2022-10-12 10:08:50',NULL),(920,909,0,'2022-10-12 05:28:28','2022-10-12 10:08:50',NULL),(921,910,0,'2022-10-12 05:28:28','2022-10-12 10:08:50',NULL),(922,911,0,'2022-10-12 05:28:28','2022-10-12 10:08:50',NULL),(923,912,0,'2022-10-12 05:28:28','2022-10-12 10:08:50',NULL),(924,913,0,'2022-10-12 05:28:28','2022-10-12 10:08:50',NULL),(925,914,0,'2022-10-12 05:28:28','2022-10-12 10:08:50',NULL),(926,915,0,'2022-10-12 05:28:28','2022-10-12 10:08:50',NULL),(927,916,0,'2022-10-12 05:28:28','2022-10-12 10:08:50',NULL),(928,917,0,'2022-10-12 05:28:28','2022-10-12 10:08:50',NULL),(929,918,0,'2022-10-12 05:28:28','2022-10-12 10:08:50',NULL),(930,919,0,'2022-10-12 05:28:28','2022-10-12 10:08:50',NULL),(931,920,0,'2022-10-12 05:28:28','2022-10-12 10:08:50',NULL),(932,921,0,'2022-10-12 05:28:28','2022-10-12 10:08:50',NULL),(933,922,0,'2022-10-12 05:28:28','2022-10-12 10:08:50',NULL),(934,923,0,'2022-10-12 05:28:28','2022-10-12 10:08:50',NULL),(935,924,0,'2022-10-12 05:28:28','2022-10-12 10:08:50',NULL),(936,925,0,'2022-10-12 05:28:28','2022-10-12 10:08:50',NULL),(937,926,0,'2022-10-12 05:28:28','2022-10-12 10:08:50',NULL),(938,927,0,'2022-10-12 05:28:28','2022-10-12 10:08:50',NULL),(939,928,0,'2022-10-12 05:28:28','2022-10-12 10:08:50',NULL),(940,929,0,'2022-10-12 05:28:28','2022-10-12 10:08:50',NULL),(941,930,0,'2022-10-12 05:28:28','2022-10-12 10:08:50',NULL),(942,931,0,'2022-10-12 05:28:28','2022-10-12 10:08:50',NULL),(943,932,0,'2022-10-12 05:28:28','2022-10-12 10:08:50',NULL),(944,933,0,'2022-10-12 05:28:28','2022-10-12 10:08:50',NULL),(945,934,0,'2022-10-12 05:28:28','2022-10-12 10:08:50',NULL),(946,935,0,'2022-10-12 05:28:28','2022-10-12 10:08:50',NULL),(947,936,0,'2022-10-12 05:28:28','2022-10-12 10:08:50',NULL),(948,937,0,'2022-10-12 05:28:28','2022-10-12 10:08:50',NULL),(949,938,0,'2022-10-12 05:28:28','2022-10-12 10:08:50',NULL),(950,939,0,'2022-10-12 05:28:28','2022-10-12 10:08:50',NULL),(951,940,0,'2022-10-12 05:28:28','2022-10-12 10:08:50',NULL),(952,941,0,'2022-10-12 05:28:28','2022-10-12 10:08:50',NULL),(953,942,0,'2022-10-12 05:28:28','2022-10-12 10:08:50',NULL),(954,943,0,'2022-10-12 05:28:28','2022-10-12 10:08:50',NULL),(955,944,0,'2022-10-12 05:28:28','2022-10-12 10:08:50',NULL),(956,945,0,'2022-10-12 05:28:28','2022-10-12 10:08:50',NULL),(957,946,0,'2022-10-12 05:28:28','2022-10-12 10:08:50',NULL),(958,947,0,'2022-10-12 05:28:28','2022-10-12 10:08:50',NULL),(959,948,0,'2022-10-12 05:28:28','2022-10-12 10:08:50',NULL),(960,949,0,'2022-10-12 05:28:28','2022-10-12 10:08:50',NULL),(961,950,0,'2022-10-12 05:28:28','2022-10-12 10:08:50',NULL),(962,951,0,'2022-10-12 05:28:28','2022-10-12 10:08:50',NULL),(963,952,0,'2022-10-12 05:28:28','2022-10-12 10:08:50',NULL),(964,953,0,'2022-10-12 05:28:28','2022-10-12 10:08:50',NULL),(965,954,0,'2022-10-12 05:28:28','2022-10-12 10:08:50',NULL),(966,955,0,'2022-10-12 05:28:28','2022-10-12 10:08:50',NULL),(967,956,0,'2022-10-12 05:28:28','2022-10-12 10:08:50',NULL),(968,957,0,'2022-10-12 05:28:28','2022-10-12 10:08:50',NULL),(969,958,0,'2022-10-12 05:28:28','2022-10-12 10:08:50',NULL),(970,959,0,'2022-10-12 05:28:28','2022-10-12 10:08:50',NULL),(971,960,0,'2022-10-12 05:28:28','2022-10-12 10:08:50',NULL),(972,961,0,'2022-10-12 05:28:28','2022-10-12 10:08:50',NULL),(973,962,0,'2022-10-12 05:28:28','2022-10-12 10:08:50',NULL),(974,963,0,'2022-10-12 05:28:28','2022-10-12 10:08:50',NULL),(975,964,0,'2022-10-12 05:28:28','2022-10-12 10:08:50',NULL),(976,965,0,'2022-10-12 05:28:28','2022-10-12 10:08:50',NULL),(977,966,0,'2022-10-12 05:28:28','2022-10-12 10:08:50',NULL),(978,967,0,'2022-10-12 05:28:28','2022-10-12 10:08:50',NULL),(979,968,0,'2022-10-12 05:28:28','2022-10-12 10:08:50',NULL),(980,969,0,'2022-10-12 05:28:28','2022-10-12 10:08:50',NULL),(981,970,0,'2022-10-12 05:28:28','2022-10-12 10:08:50',NULL),(982,971,0,'2022-10-12 05:28:28','2022-10-12 10:08:50',NULL),(983,972,0,'2022-10-12 05:28:29','2022-10-12 10:08:50',NULL),(984,973,0,'2022-10-12 05:28:29','2022-10-12 10:08:50',NULL),(985,974,0,'2022-10-12 05:28:29','2022-10-12 10:08:50',NULL),(986,975,0,'2022-10-12 05:28:29','2022-10-12 10:08:50',NULL),(987,976,0,'2022-10-12 05:28:29','2022-10-12 10:08:50',NULL),(988,977,0,'2022-10-12 05:28:29','2022-10-12 10:08:50',NULL),(989,978,0,'2022-10-12 05:28:29','2022-10-12 10:08:50',NULL),(990,979,0,'2022-10-12 05:28:29','2022-10-12 10:08:50',NULL),(991,980,0,'2022-10-12 05:28:29','2022-10-12 10:08:50',NULL),(992,981,0,'2022-10-12 05:28:29','2022-10-12 10:08:50',NULL),(993,982,0,'2022-10-12 05:28:29','2022-10-12 10:08:50',NULL),(994,983,0,'2022-10-12 05:28:29','2022-10-12 10:08:50',NULL),(995,984,0,'2022-10-12 05:28:29','2022-10-12 10:08:50',NULL),(996,985,0,'2022-10-12 05:28:29','2022-10-12 10:08:50',NULL),(997,986,0,'2022-10-12 05:28:29','2022-10-12 10:08:50',NULL),(998,987,0,'2022-10-12 05:28:29','2022-10-12 10:08:50',NULL),(999,988,0,'2022-10-12 05:28:29','2022-10-12 10:08:50',NULL),(1000,989,0,'2022-10-12 05:28:29','2022-10-12 10:08:50',NULL),(1001,990,0,'2022-10-12 05:28:29','2022-10-12 10:08:50',NULL),(1002,991,0,'2022-10-12 05:28:29','2022-10-12 10:08:50',NULL),(1003,992,0,'2022-10-12 05:28:29','2022-10-12 10:08:50',NULL),(1004,993,0,'2022-10-12 05:28:29','2022-10-12 10:08:50',NULL),(1005,994,0,'2022-10-12 05:28:29','2022-10-12 10:08:50',NULL),(1006,995,0,'2022-10-12 05:28:29','2022-10-12 10:08:50',NULL),(1007,996,0,'2022-10-12 05:28:29','2022-10-12 10:08:50',NULL),(1008,997,0,'2022-10-12 05:28:29','2022-10-12 10:08:50',NULL),(1009,998,0,'2022-10-12 05:28:29','2022-10-12 10:08:50',NULL),(1010,999,0,'2022-10-12 05:28:29','2022-10-12 10:08:50',NULL),(1011,1000,0,'2022-10-12 05:28:29','2022-10-12 10:08:50',NULL),(1023,1001,0,'2022-10-12 05:28:29','2022-10-12 10:08:50',NULL),(1024,1002,0,'2022-10-12 05:28:29','2022-10-12 10:08:50',NULL),(1025,1003,0,'2022-10-12 05:28:29','2022-10-12 10:08:50',NULL),(1026,1004,0,'2022-10-12 05:28:29','2022-10-12 10:08:50',NULL),(1027,1005,0,'2022-10-12 05:28:29','2022-10-12 10:08:50',NULL),(1028,1006,0,'2022-10-12 05:28:29','2022-10-12 10:08:50',NULL),(1029,1007,0,'2022-10-12 05:28:29','2022-10-12 10:08:50',NULL),(1030,1008,0,'2022-10-12 05:28:29','2022-10-12 10:08:50',NULL),(1031,1009,0,'2022-10-12 05:28:29','2022-10-12 10:08:50',NULL),(1032,1010,0,'2022-10-12 05:28:29','2022-10-12 10:08:50',NULL),(1033,1011,0,'2022-10-12 05:28:29','2022-10-12 10:08:50',NULL),(1034,1012,0,'2022-10-12 05:28:29','2022-10-12 10:08:50',NULL),(1035,1013,0,'2022-10-12 05:28:29','2022-10-12 10:08:50',NULL),(1036,1014,0,'2022-10-12 05:28:29','2022-10-12 10:08:50',NULL),(1037,1015,0,'2022-10-12 05:28:29','2022-10-12 10:08:50',NULL),(1038,1016,0,'2022-10-12 05:28:29','2022-10-12 10:08:50',NULL),(1039,1017,0,'2022-10-12 05:28:29','2022-10-12 10:08:50',NULL),(1040,1018,0,'2022-10-12 05:28:29','2022-10-12 10:08:50',NULL),(1041,1019,0,'2022-10-12 05:28:29','2022-10-12 10:08:50',NULL),(1042,1020,0,'2022-10-12 05:28:29','2022-10-12 10:08:50',NULL),(1043,1021,0,'2022-10-12 05:28:29','2022-10-12 10:08:50',NULL),(1044,1022,0,'2022-10-12 05:28:29','2022-10-12 10:08:50',NULL),(1045,1023,0,'2022-10-12 05:28:29','2022-10-12 10:08:50',NULL),(1046,1024,0,'2022-10-12 05:28:29','2022-10-12 10:08:50',NULL),(1047,1025,0,'2022-10-12 05:28:29','2022-10-12 10:08:50',NULL),(1048,1026,0,'2022-10-12 05:28:29','2022-10-12 10:08:50',NULL),(1049,1027,0,'2022-10-12 05:28:29','2022-10-12 10:08:50',NULL),(1050,1028,0,'2022-10-12 05:28:29','2022-10-12 10:08:50',NULL),(1051,1029,0,'2022-10-12 05:28:29','2022-10-12 10:08:50',NULL),(1052,1030,0,'2022-10-12 05:28:29','2022-10-12 10:08:50',NULL),(1053,1031,0,'2022-10-12 05:28:29','2022-10-12 10:08:50',NULL),(1054,1032,0,'2022-10-12 05:28:29','2022-10-12 10:08:50',NULL),(1055,1033,0,'2022-10-12 05:28:29','2022-10-12 10:08:50',NULL),(1056,1034,0,'2022-10-12 05:28:29','2022-10-12 10:08:50',NULL),(1057,1035,0,'2022-10-12 05:28:29','2022-10-12 10:08:50',NULL),(1058,1036,0,'2022-10-12 05:28:29','2022-10-12 10:08:50',NULL),(1059,1037,0,'2022-10-12 05:28:29','2022-10-12 10:08:50',NULL),(1060,1038,0,'2022-10-12 05:28:29','2022-10-12 10:08:50',NULL),(1061,1039,0,'2022-10-12 05:28:29','2022-10-12 10:08:50',NULL),(1062,1040,0,'2022-10-12 05:28:29','2022-10-12 10:08:50',NULL),(1063,1041,0,'2022-10-12 05:28:29','2022-10-12 10:08:50',NULL),(1064,1042,0,'2022-10-12 05:28:29','2022-10-12 10:08:50',NULL),(1065,1043,0,'2022-10-12 05:28:29','2022-10-12 10:08:50',NULL),(1066,1044,0,'2022-10-12 05:28:29','2022-10-12 10:08:50',NULL),(1067,1045,0,'2022-10-12 05:28:29','2022-10-12 10:08:50',NULL),(1068,1046,0,'2022-10-12 05:28:29','2022-10-12 10:08:50',NULL),(1069,1047,0,'2022-10-12 05:28:29','2022-10-12 10:08:50',NULL),(1070,1048,0,'2022-10-12 05:28:29','2022-10-12 10:08:50',NULL),(1071,1049,0,'2022-10-12 05:28:29','2022-10-12 10:08:50',NULL),(1072,1050,0,'2022-10-12 05:28:29','2022-10-12 10:08:50',NULL),(1073,1051,0,'2022-10-12 05:28:29','2022-10-12 10:08:50',NULL),(1074,1052,0,'2022-10-12 05:28:29','2022-10-12 10:08:50',NULL),(1075,1053,0,'2022-10-12 05:28:30','2022-10-12 10:08:50',NULL),(1076,1054,0,'2022-10-12 05:28:30','2022-10-12 10:08:50',NULL),(1077,1055,0,'2022-10-12 05:28:30','2022-10-12 10:08:50',NULL),(1078,1056,0,'2022-10-12 05:28:30','2022-10-12 10:08:50',NULL),(1079,1057,0,'2022-10-12 05:28:30','2022-10-12 10:08:50',NULL),(1080,1058,0,'2022-10-12 05:28:30','2022-10-12 10:08:50',NULL),(1081,1059,0,'2022-10-12 05:28:30','2022-10-12 10:08:50',NULL),(1082,1060,0,'2022-10-12 05:28:30','2022-10-12 10:08:50',NULL),(1083,1061,0,'2022-10-12 05:28:30','2022-10-12 10:08:50',NULL),(1084,1062,0,'2022-10-12 05:28:30','2022-10-12 10:08:50',NULL),(1085,1063,0,'2022-10-12 05:28:30','2022-10-12 10:08:50',NULL),(1086,1064,0,'2022-10-12 05:28:30','2022-10-12 10:08:50',NULL),(1087,1065,0,'2022-10-12 05:28:30','2022-10-12 10:08:50',NULL),(1088,1066,0,'2022-10-12 05:28:30','2022-10-12 10:08:50',NULL),(1089,1067,0,'2022-10-12 05:28:30','2022-10-12 10:08:50',NULL),(1090,1068,0,'2022-10-12 05:28:30','2022-10-12 10:08:50',NULL),(1091,1069,0,'2022-10-12 05:28:30','2022-10-12 10:08:50',NULL),(1092,1070,0,'2022-10-12 05:28:30','2022-10-12 10:08:50',NULL),(1093,1071,0,'2022-10-12 05:28:30','2022-10-12 10:08:50',NULL),(1094,1072,0,'2022-10-12 05:28:30','2022-10-12 10:08:50',NULL),(1095,1073,0,'2022-10-12 05:28:30','2022-10-12 10:08:50',NULL),(1096,1074,0,'2022-10-12 05:28:30','2022-10-12 10:08:50',NULL),(1097,1075,0,'2022-10-12 05:28:30','2022-10-12 10:08:50',NULL),(1098,1076,0,'2022-10-12 05:28:30','2022-10-12 10:08:50',NULL),(1099,1077,0,'2022-10-12 05:28:30','2022-10-12 10:08:50',NULL),(1100,1078,0,'2022-10-12 05:28:30','2022-10-12 10:08:50',NULL),(1101,1079,0,'2022-10-12 05:28:30','2022-10-12 10:08:50',NULL),(1102,1080,0,'2022-10-12 05:28:30','2022-10-12 10:08:50',NULL),(1103,1081,0,'2022-10-12 05:28:30','2022-10-12 10:08:50',NULL),(1104,1082,0,'2022-10-12 05:28:30','2022-10-12 10:08:50',NULL),(1105,1083,0,'2022-10-12 05:28:30','2022-10-12 10:08:50',NULL),(1106,1084,0,'2022-10-12 05:28:30','2022-10-12 10:08:50',NULL),(1107,1085,0,'2022-10-12 05:28:30','2022-10-12 10:08:50',NULL),(1108,1086,0,'2022-10-12 05:28:30','2022-10-12 10:08:50',NULL),(1109,1087,0,'2022-10-12 05:28:30','2022-10-12 10:08:50',NULL),(1110,1088,0,'2022-10-12 05:28:30','2022-10-12 10:08:50',NULL),(1111,1089,0,'2022-10-12 05:28:30','2022-10-12 10:08:50',NULL),(1112,1090,0,'2022-10-12 05:28:30','2022-10-12 10:08:50',NULL),(1113,1091,0,'2022-10-12 05:28:30','2022-10-12 10:08:50',NULL),(1114,1092,0,'2022-10-12 05:28:30','2022-10-12 10:08:50',NULL),(1115,1093,0,'2022-10-12 05:28:30','2022-10-12 10:08:50',NULL),(1116,1094,0,'2022-10-12 05:28:30','2022-10-12 10:08:50',NULL),(1117,1095,0,'2022-10-12 05:28:30','2022-10-12 10:08:50',NULL),(1118,1096,0,'2022-10-12 05:28:30','2022-10-12 10:08:50',NULL),(1119,1097,0,'2022-10-12 05:28:30','2022-10-12 10:08:50',NULL),(1120,1098,0,'2022-10-12 05:28:30','2022-10-12 10:08:50',NULL),(1121,1099,0,'2022-10-12 05:28:30','2022-10-12 10:08:50',NULL),(1122,1100,0,'2022-10-12 05:28:30','2022-10-12 10:08:50',NULL),(1123,1101,0,'2022-10-12 05:28:30','2022-10-12 10:08:50',NULL),(1124,1102,0,'2022-10-12 05:28:31','2022-10-12 10:08:50',NULL),(1125,1103,0,'2022-10-12 05:28:31','2022-10-12 10:08:50',NULL),(1126,1104,0,'2022-10-12 05:28:31','2022-10-12 10:08:50',NULL),(1127,1105,0,'2022-10-12 05:28:31','2022-10-12 10:08:50',NULL),(1128,1106,0,'2022-10-12 05:28:31','2022-10-12 10:08:50',NULL),(1129,1107,0,'2022-10-12 05:28:31','2022-10-12 10:08:50',NULL),(1130,1108,0,'2022-10-12 05:28:31','2022-10-12 10:08:50',NULL),(1131,1109,0,'2022-10-12 05:28:31','2022-10-12 10:08:50',NULL),(1132,1110,0,'2022-10-12 05:28:31','2022-10-12 10:08:50',NULL),(1133,1111,0,'2022-10-12 05:28:31','2022-10-12 10:08:50',NULL),(1134,1112,0,'2022-10-12 05:28:31','2022-10-12 10:08:50',NULL),(1135,1113,0,'2022-10-12 05:28:31','2022-10-12 10:08:50',NULL),(1136,1114,0,'2022-10-12 05:28:31','2022-10-12 10:08:50',NULL),(1137,1115,0,'2022-10-12 05:28:31','2022-10-12 10:08:50',NULL),(1138,1116,0,'2022-10-12 05:28:31','2022-10-12 10:08:50',NULL),(1139,1117,0,'2022-10-12 05:28:31','2022-10-12 10:08:50',NULL),(1140,1118,0,'2022-10-12 05:28:31','2022-10-12 10:08:50',NULL),(1141,1119,0,'2022-10-12 05:28:31','2022-10-12 10:08:50',NULL),(1142,1120,0,'2022-10-12 05:28:31','2022-10-12 10:08:50',NULL),(1143,1121,0,'2022-10-12 05:28:31','2022-10-12 10:08:50',NULL),(1144,1122,0,'2022-10-12 05:28:31','2022-10-12 10:08:50',NULL),(1145,1123,0,'2022-10-12 05:28:31','2022-10-12 10:08:50',NULL),(1146,1124,0,'2022-10-12 05:28:31','2022-10-12 10:08:50',NULL),(1147,1125,0,'2022-10-12 05:28:31','2022-10-12 10:08:50',NULL),(1148,1126,0,'2022-10-12 05:28:31','2022-10-12 10:08:50',NULL),(1149,1127,0,'2022-10-12 05:28:31','2022-10-12 10:08:50',NULL),(1150,1128,0,'2022-10-12 05:28:31','2022-10-12 10:08:50',NULL),(1151,1129,0,'2022-10-12 05:28:31','2022-10-12 10:08:50',NULL),(1152,1130,0,'2022-10-12 05:28:31','2022-10-12 10:08:50',NULL),(1153,1131,0,'2022-10-12 05:28:31','2022-10-12 10:08:50',NULL),(1154,1132,0,'2022-10-12 05:28:31','2022-10-12 10:08:50',NULL),(1155,1133,0,'2022-10-12 05:28:31','2022-10-12 10:08:50',NULL),(1156,1134,0,'2022-10-12 05:28:31','2022-10-12 10:08:50',NULL),(1157,1135,0,'2022-10-12 05:28:31','2022-10-12 10:08:50',NULL),(1158,1136,0,'2022-10-12 05:28:31','2022-10-12 10:08:50',NULL),(1159,1137,0,'2022-10-12 05:28:31','2022-10-12 10:08:50',NULL),(1160,1138,0,'2022-10-12 05:28:31','2022-10-12 10:08:50',NULL),(1161,1139,0,'2022-10-12 05:28:31','2022-10-12 10:08:50',NULL),(1162,1140,0,'2022-10-12 05:28:31','2022-10-12 10:08:50',NULL),(1163,1141,0,'2022-10-12 05:28:31','2022-10-12 10:08:50',NULL),(1164,1142,0,'2022-10-12 05:28:31','2022-10-12 10:08:50',NULL),(1165,1143,0,'2022-10-12 05:28:31','2022-10-12 10:08:50',NULL),(1166,1144,0,'2022-10-12 05:28:31','2022-10-12 10:08:50',NULL),(1167,1145,0,'2022-10-12 05:28:31','2022-10-12 10:08:50',NULL),(1168,1146,0,'2022-10-12 05:28:31','2022-10-12 10:08:50',NULL),(1169,1147,0,'2022-10-12 05:28:31','2022-10-12 10:08:50',NULL),(1170,1148,0,'2022-10-12 05:28:31','2022-10-12 10:08:50',NULL),(1171,1149,0,'2022-10-12 05:28:31','2022-10-12 10:08:50',NULL),(1172,1150,0,'2022-10-12 05:28:31','2022-10-12 10:08:50',NULL),(1173,1151,0,'2022-10-12 05:28:31','2022-10-12 10:08:50',NULL),(1174,1152,0,'2022-10-12 05:28:31','2022-10-12 10:08:50',NULL),(1175,1153,0,'2022-10-12 05:28:31','2022-10-12 10:08:50',NULL),(1176,1154,0,'2022-10-12 05:28:32','2022-10-12 10:08:50',NULL),(1177,1155,0,'2022-10-12 05:28:32','2022-10-12 10:08:50',NULL),(1178,1156,0,'2022-10-12 05:28:32','2022-10-12 10:08:50',NULL),(1179,1157,0,'2022-10-12 05:28:32','2022-10-12 10:08:50',NULL),(1180,1158,0,'2022-10-12 05:28:32','2022-10-12 10:08:50',NULL),(1181,1159,0,'2022-10-12 05:28:32','2022-10-12 10:08:50',NULL),(1182,1160,0,'2022-10-12 05:28:32','2022-10-12 10:08:50',NULL),(1183,1161,0,'2022-10-12 05:28:32','2022-10-12 10:08:50',NULL),(1184,1162,0,'2022-10-12 05:28:32','2022-10-12 10:08:50',NULL),(1185,1163,0,'2022-10-12 05:28:32','2022-10-12 10:08:50',NULL),(1186,1164,0,'2022-10-12 05:28:32','2022-10-12 10:08:50',NULL),(1187,1165,0,'2022-10-12 05:28:32','2022-10-12 10:08:50',NULL),(1188,1166,0,'2022-10-12 05:28:32','2022-10-12 10:08:50',NULL),(1189,1167,0,'2022-10-12 05:28:32','2022-10-12 10:08:50',NULL),(1190,1168,0,'2022-10-12 05:28:32','2022-10-12 10:08:50',NULL),(1191,1169,0,'2022-10-12 05:28:32','2022-10-12 10:08:50',NULL),(1192,1170,0,'2022-10-12 05:28:32','2022-10-12 10:08:50',NULL),(1193,1171,0,'2022-10-12 05:28:32','2022-10-12 10:08:50',NULL),(1194,1172,0,'2022-10-12 05:28:32','2022-10-12 10:08:50',NULL),(1195,1173,0,'2022-10-12 05:28:32','2022-10-12 10:08:50',NULL),(1196,1174,0,'2022-10-12 05:28:32','2022-10-12 10:08:50',NULL),(1197,1175,0,'2022-10-12 05:28:32','2022-10-12 10:08:50',NULL),(1198,1176,0,'2022-10-12 05:28:32','2022-10-12 10:08:50',NULL),(1199,1177,0,'2022-10-12 05:28:32','2022-10-12 10:08:50',NULL),(1200,1178,0,'2022-10-12 05:28:32','2022-10-12 10:08:50',NULL),(1201,1179,0,'2022-10-12 05:28:32','2022-10-12 10:08:50',NULL),(1202,1180,0,'2022-10-12 05:28:32','2022-10-12 10:08:50',NULL),(1203,1181,0,'2022-10-12 05:28:32','2022-10-12 10:08:50',NULL),(1204,1182,0,'2022-10-12 05:28:32','2022-10-12 10:08:50',NULL),(1205,1183,0,'2022-10-12 05:28:32','2022-10-12 10:08:50',NULL),(1206,1184,0,'2022-10-12 05:28:32','2022-10-12 10:08:50',NULL),(1207,1185,0,'2022-10-12 05:28:32','2022-10-12 10:08:50',NULL),(1208,1186,0,'2022-10-12 05:28:32','2022-10-12 10:08:50',NULL),(1209,1187,0,'2022-10-12 05:28:32','2022-10-12 10:08:50',NULL),(1210,1188,0,'2022-10-12 05:28:32','2022-10-12 10:08:50',NULL),(1211,1189,0,'2022-10-12 05:28:32','2022-10-12 10:08:50',NULL),(1212,1190,0,'2022-10-12 05:28:32','2022-10-12 10:08:50',NULL),(1213,1191,0,'2022-10-12 05:28:32','2022-10-12 10:08:50',NULL),(1214,1192,0,'2022-10-12 05:28:32','2022-10-12 10:08:50',NULL),(1215,1193,0,'2022-10-12 05:28:32','2022-10-12 10:08:50',NULL),(1216,1194,0,'2022-10-12 05:28:32','2022-10-12 10:08:50',NULL),(1217,1195,0,'2022-10-12 05:28:32','2022-10-12 10:08:50',NULL),(1218,1196,0,'2022-10-12 05:28:32','2022-10-12 10:08:50',NULL),(1219,1197,0,'2022-10-12 05:28:32','2022-10-12 10:08:50',NULL),(1220,1198,0,'2022-10-12 05:28:32','2022-10-12 10:08:50',NULL),(1221,1199,0,'2022-10-12 05:28:32','2022-10-12 10:08:50',NULL),(1222,1200,0,'2022-10-12 05:28:32','2022-10-12 10:08:50',NULL),(1223,1201,0,'2022-10-12 05:28:32','2022-10-12 10:08:50',NULL),(1224,1202,0,'2022-10-12 05:28:32','2022-10-12 10:08:50',NULL),(1225,1203,0,'2022-10-12 05:28:33','2022-10-12 10:08:50',NULL),(1226,1204,0,'2022-10-12 05:28:33','2022-10-12 10:08:50',NULL),(1227,1205,0,'2022-10-12 05:28:33','2022-10-12 10:08:50',NULL),(1228,1206,0,'2022-10-12 05:28:33','2022-10-12 10:08:50',NULL),(1229,1207,0,'2022-10-12 05:28:33','2022-10-12 10:08:50',NULL),(1230,1208,0,'2022-10-12 05:28:33','2022-10-12 10:08:50',NULL),(1231,1209,0,'2022-10-12 05:28:33','2022-10-12 10:08:50',NULL),(1232,1210,0,'2022-10-12 05:28:33','2022-10-12 10:08:50',NULL),(1233,1211,0,'2022-10-12 05:28:33','2022-10-12 10:08:50',NULL),(1234,1212,0,'2022-10-12 05:28:33','2022-10-12 10:08:50',NULL),(1235,1213,0,'2022-10-12 05:28:33','2022-10-12 10:08:50',NULL),(1236,1214,0,'2022-10-12 05:28:33','2022-10-12 10:08:50',NULL),(1237,1215,0,'2022-10-12 05:28:33','2022-10-12 10:08:50',NULL),(1238,1216,0,'2022-10-12 05:28:33','2022-10-12 10:08:50',NULL),(1239,1217,0,'2022-10-12 05:28:33','2022-10-12 10:08:50',NULL),(1240,1218,0,'2022-10-12 05:28:33','2022-10-12 10:08:50',NULL),(1241,1219,0,'2022-10-12 05:28:33','2022-10-12 10:08:50',NULL),(1242,1220,0,'2022-10-12 05:28:33','2022-10-12 10:08:50',NULL),(1243,1221,0,'2022-10-12 05:28:33','2022-10-12 10:08:50',NULL),(1244,1222,0,'2022-10-12 05:28:33','2022-10-12 10:08:50',NULL),(1245,1223,0,'2022-10-12 05:28:33','2022-10-12 10:08:50',NULL),(1246,1224,0,'2022-10-12 05:28:33','2022-10-12 10:08:50',NULL),(1247,1225,0,'2022-10-12 05:28:33','2022-10-12 10:08:50',NULL),(1248,1226,0,'2022-10-12 05:28:33','2022-10-12 10:08:50',NULL),(1249,1227,0,'2022-10-12 05:28:33','2022-10-12 10:08:50',NULL),(1250,1228,0,'2022-10-12 05:28:33','2022-10-12 10:08:50',NULL),(1251,1229,0,'2022-10-12 05:28:33','2022-10-12 10:08:50',NULL),(1252,1230,0,'2022-10-12 05:28:33','2022-10-12 10:08:50',NULL),(1253,1231,0,'2022-10-12 05:28:33','2022-10-12 10:08:50',NULL),(1254,1232,0,'2022-10-12 05:28:33','2022-10-12 10:08:50',NULL),(1255,1233,0,'2022-10-12 05:28:33','2022-10-12 10:08:50',NULL),(1256,1234,0,'2022-10-12 05:28:33','2022-10-12 10:08:50',NULL),(1257,1235,0,'2022-10-12 05:28:33','2022-10-12 10:08:50',NULL),(1258,1236,0,'2022-10-12 05:28:33','2022-10-12 10:08:50',NULL),(1259,1237,0,'2022-10-12 05:28:33','2022-10-12 10:08:50',NULL),(1260,1238,0,'2022-10-12 05:28:33','2022-10-12 10:08:50',NULL),(1261,1239,0,'2022-10-12 05:28:33','2022-10-12 10:08:50',NULL),(1262,1240,0,'2022-10-12 05:28:33','2022-10-12 10:08:50',NULL),(1263,1241,0,'2022-10-12 05:28:33','2022-10-12 10:08:50',NULL),(1264,1242,0,'2022-10-12 05:28:33','2022-10-12 10:08:50',NULL),(1265,1243,0,'2022-10-12 05:28:33','2022-10-12 10:08:50',NULL),(1266,1244,0,'2022-10-12 05:28:33','2022-10-12 10:08:50',NULL),(1267,1245,0,'2022-10-12 05:28:33','2022-10-12 10:08:50',NULL),(1268,1246,0,'2022-10-12 05:28:33','2022-10-12 10:08:50',NULL),(1269,1247,0,'2022-10-12 05:28:33','2022-10-12 10:08:50',NULL),(1270,1248,0,'2022-10-12 05:28:33','2022-10-12 10:08:50',NULL),(1271,1249,0,'2022-10-12 05:28:33','2022-10-12 10:08:50',NULL),(1272,1250,0,'2022-10-12 05:28:33','2022-10-12 10:08:50',NULL),(1273,1251,0,'2022-10-12 05:28:33','2022-10-12 10:08:50',NULL),(1274,1252,0,'2022-10-12 05:28:33','2022-10-12 10:08:50',NULL),(1275,1253,0,'2022-10-12 05:28:33','2022-10-12 10:08:50',NULL),(1276,1254,0,'2022-10-12 05:28:33','2022-10-12 10:08:50',NULL),(1277,1255,0,'2022-10-12 05:28:34','2022-10-12 10:08:50',NULL),(1278,1256,0,'2022-10-12 05:28:34','2022-10-12 10:08:50',NULL),(1279,1257,0,'2022-10-12 05:28:34','2022-10-12 10:08:50',NULL),(1280,1258,0,'2022-10-12 05:28:34','2022-10-12 10:08:50',NULL),(1281,1259,0,'2022-10-12 05:28:34','2022-10-12 10:08:50',NULL),(1282,1260,0,'2022-10-12 05:28:34','2022-10-12 10:08:50',NULL),(1283,1261,0,'2022-10-12 05:28:34','2022-10-12 10:08:50',NULL),(1284,1262,0,'2022-10-12 05:28:34','2022-10-12 10:08:50',NULL),(1285,1263,0,'2022-10-12 05:28:34','2022-10-12 10:08:50',NULL),(1286,1264,0,'2022-10-12 05:28:34','2022-10-12 10:08:50',NULL),(1287,1265,0,'2022-10-12 05:28:34','2022-10-12 10:08:50',NULL),(1288,1266,0,'2022-10-12 05:28:34','2022-10-12 10:08:50',NULL),(1289,1267,0,'2022-10-12 05:28:34','2022-10-12 10:08:50',NULL),(1290,1268,0,'2022-10-12 05:28:34','2022-10-12 10:08:50',NULL),(1291,1269,0,'2022-10-12 05:28:34','2022-10-12 10:08:50',NULL),(1292,1270,0,'2022-10-12 05:28:34','2022-10-12 10:08:50',NULL),(1293,1271,0,'2022-10-12 05:28:34','2022-10-12 10:08:50',NULL),(1294,1272,0,'2022-10-12 05:28:34','2022-10-12 10:08:50',NULL),(1295,1273,0,'2022-10-12 05:28:34','2022-10-12 10:08:50',NULL),(1296,1274,0,'2022-10-12 05:28:34','2022-10-12 10:08:50',NULL),(1297,1275,0,'2022-10-12 05:28:34','2022-10-12 10:08:50',NULL),(1298,1276,0,'2022-10-12 05:28:34','2022-10-12 10:08:50',NULL),(1299,1277,0,'2022-10-12 05:28:34','2022-10-12 10:08:50',NULL),(1300,1278,0,'2022-10-12 05:28:34','2022-10-12 10:08:50',NULL),(1301,1279,0,'2022-10-12 05:28:34','2022-10-12 10:08:50',NULL),(1302,1280,0,'2022-10-12 05:28:34','2022-10-12 10:08:50',NULL),(1303,1281,0,'2022-10-12 05:28:34','2022-10-12 10:08:50',NULL),(1304,1282,0,'2022-10-12 05:28:34','2022-10-12 10:08:50',NULL),(1305,1283,0,'2022-10-12 05:28:34','2022-10-12 10:08:50',NULL),(1306,1284,0,'2022-10-12 05:28:34','2022-10-12 10:08:50',NULL),(1307,1285,0,'2022-10-12 05:28:34','2022-10-12 10:08:50',NULL),(1308,1286,0,'2022-10-12 05:28:34','2022-10-12 10:08:50',NULL),(1309,1287,0,'2022-10-12 05:28:34','2022-10-12 10:08:50',NULL),(1310,1288,0,'2022-10-12 05:28:34','2022-10-12 10:08:50',NULL),(1311,1289,0,'2022-10-12 05:28:34','2022-10-12 10:08:50',NULL),(1312,1290,0,'2022-10-12 05:28:34','2022-10-12 10:08:50',NULL),(1313,1291,0,'2022-10-12 05:28:34','2022-10-12 10:08:50',NULL),(1314,1292,0,'2022-10-12 05:28:34','2022-10-12 10:08:50',NULL),(1315,1293,0,'2022-10-12 05:28:34','2022-10-12 10:08:50',NULL),(1316,1294,0,'2022-10-12 05:28:35','2022-10-12 10:08:50',NULL),(1317,1295,0,'2022-10-12 05:28:35','2022-10-12 10:08:50',NULL),(1318,1296,0,'2022-10-12 05:28:35','2022-10-12 10:08:50',NULL),(1319,1297,0,'2022-10-12 05:28:35','2022-10-12 10:08:50',NULL),(1320,1298,0,'2022-10-12 05:28:35','2022-10-12 10:08:50',NULL),(1321,1299,0,'2022-10-12 05:28:35','2022-10-12 10:08:50',NULL),(1322,1300,0,'2022-10-12 05:28:35','2022-10-12 10:08:50',NULL),(1323,1301,0,'2022-10-12 05:28:35','2022-10-12 10:08:50',NULL),(1324,1302,0,'2022-10-12 05:28:35','2022-10-12 10:08:50',NULL),(1325,1303,0,'2022-10-12 05:28:35','2022-10-12 10:08:50',NULL),(1326,1304,0,'2022-10-12 05:28:35','2022-10-12 10:08:50',NULL),(1327,1305,0,'2022-10-12 05:28:35','2022-10-12 10:08:50',NULL),(1328,1306,0,'2022-10-12 05:28:35','2022-10-12 10:08:50',NULL),(1329,1307,0,'2022-10-12 05:28:35','2022-10-12 10:08:50',NULL),(1330,1308,0,'2022-10-12 05:28:35','2022-10-12 10:08:50',NULL),(1331,1309,0,'2022-10-12 05:28:35','2022-10-12 10:08:50',NULL),(1332,1310,0,'2022-10-12 05:28:35','2022-10-12 10:08:50',NULL),(1333,1311,0,'2022-10-12 05:28:35','2022-10-12 10:08:50',NULL),(1334,1312,0,'2022-10-12 05:28:35','2022-10-12 10:08:50',NULL),(1335,1313,0,'2022-10-12 05:28:35','2022-10-12 10:08:50',NULL),(1336,1314,0,'2022-10-12 05:28:35','2022-10-12 10:08:50',NULL),(1337,1315,0,'2022-10-12 05:28:35','2022-10-12 10:08:50',NULL),(1338,1316,0,'2022-10-12 05:28:35','2022-10-12 10:08:50',NULL),(1339,1317,0,'2022-10-12 05:28:35','2022-10-12 10:08:50',NULL),(1340,1318,0,'2022-10-12 05:28:35','2022-10-12 10:08:50',NULL),(1341,1319,0,'2022-10-12 05:28:35','2022-10-12 10:08:50',NULL),(1342,1320,0,'2022-10-12 05:28:35','2022-10-12 10:08:50',NULL),(1343,1321,0,'2022-10-12 05:28:35','2022-10-12 10:08:50',NULL),(1344,1322,0,'2022-10-12 05:28:35','2022-10-12 10:08:50',NULL),(1345,1323,0,'2022-10-12 05:28:35','2022-10-12 10:08:50',NULL),(1346,1324,0,'2022-10-12 05:28:35','2022-10-12 10:08:50',NULL),(1347,1325,0,'2022-10-12 05:28:35','2022-10-12 10:08:50',NULL),(1348,1326,0,'2022-10-12 05:28:35','2022-10-12 10:08:50',NULL),(1349,1327,0,'2022-10-12 05:28:35','2022-10-12 10:08:50',NULL),(1350,1328,0,'2022-10-12 05:28:35','2022-10-12 10:08:50',NULL),(1351,1329,0,'2022-10-12 05:28:35','2022-10-12 10:08:50',NULL),(1352,1330,0,'2022-10-12 05:28:35','2022-10-12 10:08:50',NULL),(1353,1331,0,'2022-10-12 05:28:35','2022-10-12 10:08:50',NULL),(1354,1332,0,'2022-10-12 05:28:35','2022-10-12 10:08:50',NULL),(1355,1333,0,'2022-10-12 05:28:35','2022-10-12 10:08:50',NULL),(1356,1334,0,'2022-10-12 05:28:35','2022-10-12 10:08:50',NULL),(1357,1335,0,'2022-10-12 05:28:35','2022-10-12 10:08:50',NULL),(1358,1336,0,'2022-10-12 05:28:35','2022-10-12 10:08:50',NULL),(1359,1337,0,'2022-10-12 05:28:35','2022-10-12 10:08:50',NULL),(1360,1338,0,'2022-10-12 05:28:35','2022-10-12 10:08:50',NULL),(1361,1339,0,'2022-10-12 05:28:35','2022-10-12 10:08:50',NULL),(1362,1340,0,'2022-10-12 05:28:35','2022-10-12 10:08:50',NULL),(1363,1341,0,'2022-10-12 05:28:35','2022-10-12 10:08:50',NULL),(1364,1342,0,'2022-10-12 05:28:35','2022-10-12 10:08:50',NULL),(1365,1343,0,'2022-10-12 05:28:35','2022-10-12 10:08:50',NULL),(1366,1344,0,'2022-10-12 05:28:35','2022-10-12 10:08:50',NULL),(1367,1345,0,'2022-10-12 05:28:35','2022-10-12 10:08:50',NULL),(1368,1346,0,'2022-10-12 05:28:35','2022-10-12 10:08:50',NULL),(1369,1347,0,'2022-10-12 05:28:35','2022-10-12 10:08:50',NULL),(1370,1348,0,'2022-10-12 05:28:35','2022-10-12 10:08:50',NULL),(1371,1349,0,'2022-10-12 05:28:35','2022-10-12 10:08:50',NULL),(1372,1350,0,'2022-10-12 05:28:35','2022-10-12 10:08:50',NULL),(1373,1351,0,'2022-10-12 05:28:35','2022-10-12 10:08:50',NULL),(1374,1352,0,'2022-10-12 05:28:35','2022-10-12 10:08:50',NULL),(1375,1353,0,'2022-10-12 05:28:35','2022-10-12 10:08:50',NULL),(1376,1354,0,'2022-10-12 05:28:36','2022-10-12 10:08:50',NULL),(1377,1355,0,'2022-10-12 05:28:36','2022-10-12 10:08:50',NULL),(1378,1356,0,'2022-10-12 05:28:36','2022-10-12 10:08:50',NULL),(1379,1357,0,'2022-10-12 05:28:36','2022-10-12 10:08:50',NULL),(1380,1358,0,'2022-10-12 05:28:36','2022-10-12 10:08:50',NULL),(1381,1359,0,'2022-10-12 05:28:36','2022-10-12 10:08:50',NULL),(1382,1360,0,'2022-10-12 05:28:36','2022-10-12 10:08:50',NULL),(1383,1361,0,'2022-10-12 05:28:36','2022-10-12 10:08:50',NULL),(1384,1362,0,'2022-10-12 05:28:36','2022-10-12 10:08:50',NULL),(1385,1363,0,'2022-10-12 05:28:36','2022-10-12 10:08:50',NULL),(1386,1364,0,'2022-10-12 05:28:36','2022-10-12 10:08:50',NULL),(1387,1365,0,'2022-10-12 05:28:36','2022-10-12 10:08:50',NULL),(1388,1366,0,'2022-10-12 05:28:36','2022-10-12 10:08:50',NULL),(1389,1367,0,'2022-10-12 05:28:36','2022-10-12 10:08:50',NULL),(1390,1368,0,'2022-10-12 05:28:36','2022-10-12 10:08:50',NULL),(1391,1369,0,'2022-10-12 05:28:36','2022-10-12 10:08:50',NULL),(1392,1370,0,'2022-10-12 05:28:36','2022-10-12 10:08:50',NULL),(1393,1371,0,'2022-10-12 05:28:36','2022-10-12 10:08:50',NULL),(1394,1372,0,'2022-10-12 05:28:36','2022-10-12 10:08:50',NULL),(1395,1373,0,'2022-10-12 05:28:36','2022-10-12 10:08:50',NULL),(1396,1374,0,'2022-10-12 05:28:36','2022-10-12 10:08:50',NULL),(1397,1375,0,'2022-10-12 05:28:36','2022-10-12 10:08:50',NULL),(1398,1376,0,'2022-10-12 05:28:36','2022-10-12 10:08:50',NULL),(1399,1377,0,'2022-10-12 05:28:36','2022-10-12 10:08:50',NULL),(1400,1378,0,'2022-10-12 05:28:36','2022-10-12 10:08:50',NULL),(1401,1379,0,'2022-10-12 05:28:36','2022-10-12 10:08:50',NULL),(1402,1380,0,'2022-10-12 05:28:36','2022-10-12 10:08:50',NULL),(1403,1381,0,'2022-10-12 05:28:36','2022-10-12 10:08:50',NULL),(1404,1382,0,'2022-10-12 05:28:36','2022-10-12 10:08:50',NULL),(1405,1383,0,'2022-10-12 05:28:36','2022-10-12 10:08:50',NULL),(1406,1384,0,'2022-10-12 05:28:36','2022-10-12 10:08:50',NULL),(1407,1385,0,'2022-10-12 05:28:36','2022-10-12 10:08:50',NULL),(1408,1386,0,'2022-10-12 05:28:36','2022-10-12 10:08:50',NULL),(1409,1387,0,'2022-10-12 05:28:36','2022-10-12 10:08:50',NULL),(1410,1388,0,'2022-10-12 05:28:36','2022-10-12 10:08:50',NULL),(1411,1389,0,'2022-10-12 05:28:36','2022-10-12 10:08:50',NULL),(1412,1390,0,'2022-10-12 05:28:36','2022-10-12 10:08:50',NULL),(1413,1391,0,'2022-10-12 05:28:36','2022-10-12 10:08:50',NULL),(1414,1392,0,'2022-10-12 05:28:36','2022-10-12 10:08:50',NULL),(1415,1393,0,'2022-10-12 05:28:36','2022-10-12 10:08:50',NULL),(1416,1394,0,'2022-10-12 05:28:36','2022-10-12 10:08:50',NULL),(1417,1395,0,'2022-10-12 05:28:36','2022-10-12 10:08:50',NULL),(1418,1396,0,'2022-10-12 05:28:36','2022-10-12 10:08:50',NULL),(1419,1397,0,'2022-10-12 05:28:36','2022-10-12 10:08:50',NULL),(1420,1398,0,'2022-10-12 05:28:36','2022-10-12 10:08:50',NULL),(1421,1399,0,'2022-10-12 05:28:36','2022-10-12 10:08:50',NULL),(1422,1400,0,'2022-10-12 05:28:36','2022-10-12 10:08:50',NULL),(1423,1401,0,'2022-10-12 05:28:36','2022-10-12 10:08:50',NULL),(1424,1402,0,'2022-10-12 05:28:36','2022-10-12 10:08:50',NULL),(1425,1403,0,'2022-10-12 05:28:36','2022-10-12 10:08:50',NULL),(1426,1404,0,'2022-10-12 05:28:36','2022-10-12 10:08:50',NULL),(1427,1405,0,'2022-10-12 05:28:36','2022-10-12 10:08:50',NULL),(1428,1406,0,'2022-10-12 05:28:36','2022-10-12 10:08:50',NULL),(1429,1407,0,'2022-10-12 05:28:36','2022-10-12 10:08:50',NULL),(1430,1408,0,'2022-10-12 05:28:36','2022-10-12 10:08:50',NULL),(1431,1409,0,'2022-10-12 05:28:36','2022-10-12 10:08:50',NULL),(1432,1410,0,'2022-10-12 05:28:36','2022-10-12 10:08:50',NULL),(1433,1411,0,'2022-10-12 05:28:36','2022-10-12 10:08:50',NULL),(1434,1412,0,'2022-10-12 05:28:36','2022-10-12 10:08:50',NULL),(1435,1413,0,'2022-10-12 05:28:36','2022-10-12 10:08:50',NULL),(1436,1414,0,'2022-10-12 05:28:36','2022-10-12 10:08:50',NULL),(1437,1415,0,'2022-10-12 05:28:36','2022-10-12 10:08:50',NULL),(1438,1416,0,'2022-10-12 05:28:36','2022-10-12 10:08:50',NULL),(1439,1417,0,'2022-10-12 05:28:36','2022-10-12 10:08:50',NULL),(1440,1418,0,'2022-10-12 05:28:36','2022-10-12 10:08:50',NULL),(1441,1419,0,'2022-10-12 05:28:36','2022-10-12 10:08:50',NULL),(1442,1420,0,'2022-10-12 05:28:37','2022-10-12 10:08:50',NULL),(1443,1421,0,'2022-10-12 05:28:37','2022-10-12 10:08:50',NULL),(1444,1422,0,'2022-10-12 05:28:37','2022-10-12 10:08:50',NULL),(1445,1423,0,'2022-10-12 05:28:37','2022-10-12 10:08:50',NULL),(1446,1424,0,'2022-10-12 05:28:37','2022-10-12 10:08:50',NULL),(1447,1425,0,'2022-10-12 05:28:37','2022-10-12 10:08:50',NULL),(1448,1426,0,'2022-10-12 05:28:37','2022-10-12 10:08:50',NULL),(1449,1427,0,'2022-10-12 05:28:37','2022-10-12 10:08:50',NULL),(1450,1428,0,'2022-10-12 05:28:37','2022-10-12 10:08:50',NULL),(1451,1429,0,'2022-10-12 05:28:37','2022-10-12 10:08:50',NULL),(1452,1430,0,'2022-10-12 05:28:37','2022-10-12 10:08:50',NULL),(1453,1431,0,'2022-10-12 05:28:37','2022-10-12 10:08:50',NULL),(1454,1432,0,'2022-10-12 05:28:37','2022-10-12 10:08:50',NULL),(1455,1433,0,'2022-10-12 05:28:37','2022-10-12 10:08:50',NULL),(1456,1434,0,'2022-10-12 05:28:37','2022-10-12 10:08:50',NULL),(1457,1435,0,'2022-10-12 05:28:37','2022-10-12 10:08:50',NULL),(1458,1436,0,'2022-10-12 05:28:37','2022-10-12 10:08:50',NULL),(1459,1437,0,'2022-10-12 05:28:37','2022-10-12 10:08:50',NULL),(1460,1438,0,'2022-10-12 05:28:37','2022-10-12 10:08:50',NULL),(1461,1439,0,'2022-10-12 05:28:37','2022-10-12 10:08:50',NULL),(1462,1440,0,'2022-10-12 05:28:37','2022-10-12 10:08:50',NULL),(1463,1441,0,'2022-10-12 05:28:37','2022-10-12 10:08:50',NULL),(1464,1442,0,'2022-10-12 05:28:37','2022-10-12 10:08:50',NULL),(1465,1443,0,'2022-10-12 05:28:37','2022-10-12 10:08:50',NULL),(1466,1444,0,'2022-10-12 05:28:37','2022-10-12 10:08:50',NULL),(1467,1445,0,'2022-10-12 05:28:37','2022-10-12 10:08:50',NULL),(1468,1446,0,'2022-10-12 05:28:37','2022-10-12 10:08:50',NULL),(1469,1447,0,'2022-10-12 05:28:37','2022-10-12 10:08:50',NULL),(1470,1448,0,'2022-10-12 05:28:37','2022-10-12 10:08:50',NULL),(1471,1449,0,'2022-10-12 05:28:37','2022-10-12 10:08:50',NULL),(1472,1450,0,'2022-10-12 05:28:37','2022-10-12 10:08:50',NULL),(1473,1451,0,'2022-10-12 05:28:37','2022-10-12 10:08:50',NULL),(1474,1452,0,'2022-10-12 05:28:37','2022-10-12 10:08:50',NULL),(1475,1453,0,'2022-10-12 05:28:37','2022-10-12 10:08:50',NULL),(1476,1454,0,'2022-10-12 05:28:37','2022-10-12 10:08:50',NULL),(1477,1455,0,'2022-10-12 05:28:37','2022-10-12 10:08:50',NULL),(1478,1456,0,'2022-10-12 05:28:37','2022-10-12 10:08:50',NULL),(1479,1457,0,'2022-10-12 05:28:37','2022-10-12 10:08:50',NULL),(1480,1458,0,'2022-10-12 05:28:37','2022-10-12 10:08:50',NULL),(1481,1459,0,'2022-10-12 05:28:37','2022-10-12 10:08:50',NULL),(1482,1460,0,'2022-10-12 05:28:37','2022-10-12 10:08:50',NULL),(1483,1461,0,'2022-10-12 05:28:37','2022-10-12 10:08:50',NULL),(1484,1462,0,'2022-10-12 05:28:37','2022-10-12 10:08:50',NULL),(1485,1463,0,'2022-10-12 05:28:37','2022-10-12 10:08:50',NULL),(1486,1464,0,'2022-10-12 05:28:37','2022-10-12 10:08:50',NULL),(1487,1465,0,'2022-10-12 05:28:37','2022-10-12 10:08:50',NULL),(1488,1466,0,'2022-10-12 05:28:37','2022-10-12 10:08:50',NULL),(1489,1467,0,'2022-10-12 05:28:37','2022-10-12 10:08:50',NULL),(1490,1468,0,'2022-10-12 05:28:37','2022-10-12 10:08:50',NULL),(1491,1469,0,'2022-10-12 05:28:38','2022-10-12 10:08:50',NULL),(1492,1470,0,'2022-10-12 05:28:38','2022-10-12 10:08:50',NULL),(1493,1471,0,'2022-10-12 05:28:38','2022-10-12 10:08:50',NULL),(1494,1472,0,'2022-10-12 05:28:38','2022-10-12 10:08:50',NULL),(1495,1473,0,'2022-10-12 05:28:38','2022-10-12 10:08:50',NULL),(1496,1474,0,'2022-10-12 05:28:38','2022-10-12 10:08:50',NULL),(1497,1475,0,'2022-10-12 05:28:38','2022-10-12 10:08:50',NULL),(1498,1476,0,'2022-10-12 05:28:38','2022-10-12 10:08:50',NULL),(1499,1477,0,'2022-10-12 05:28:38','2022-10-12 10:08:50',NULL),(1500,1478,0,'2022-10-12 05:28:38','2022-10-12 10:08:50',NULL),(1501,1479,0,'2022-10-12 05:28:38','2022-10-12 10:08:50',NULL),(1502,1480,0,'2022-10-12 05:28:38','2022-10-12 10:08:50',NULL),(1503,1481,0,'2022-10-12 05:28:38','2022-10-12 10:08:50',NULL),(1504,1482,0,'2022-10-12 05:28:38','2022-10-12 10:08:50',NULL),(1505,1483,0,'2022-10-12 05:28:38','2022-10-12 10:08:50',NULL),(1506,1484,0,'2022-10-12 05:28:38','2022-10-12 10:08:50',NULL),(1507,1485,0,'2022-10-12 05:28:38','2022-10-12 10:08:50',NULL),(1508,1486,0,'2022-10-12 05:28:38','2022-10-12 10:08:50',NULL),(1509,1487,0,'2022-10-12 05:28:38','2022-10-12 10:08:50',NULL),(1510,1488,0,'2022-10-12 05:28:38','2022-10-12 10:08:50',NULL),(1511,1489,0,'2022-10-12 05:28:38','2022-10-12 10:08:50',NULL),(1512,1490,0,'2022-10-12 05:28:38','2022-10-12 10:08:50',NULL),(1513,1491,0,'2022-10-12 05:28:38','2022-10-12 10:08:50',NULL),(1514,1492,0,'2022-10-12 05:28:38','2022-10-12 10:08:50',NULL),(1515,1493,0,'2022-10-12 05:28:38','2022-10-12 10:08:50',NULL),(1516,1494,0,'2022-10-12 05:28:38','2022-10-12 10:08:50',NULL),(1517,1495,0,'2022-10-12 05:28:38','2022-10-12 10:08:50',NULL),(1518,1496,0,'2022-10-12 05:28:38','2022-10-12 10:08:50',NULL),(1519,1497,0,'2022-10-12 05:28:38','2022-10-12 10:08:50',NULL),(1520,1498,0,'2022-10-12 05:28:38','2022-10-12 10:08:50',NULL),(1521,1499,0,'2022-10-12 05:28:38','2022-10-12 10:08:50',NULL),(1522,1500,0,'2022-10-12 05:28:38','2022-10-12 10:08:50',NULL),(1534,1501,0,'2022-10-12 05:28:38','2022-10-12 10:08:50',NULL),(1535,1502,0,'2022-10-12 05:28:38','2022-10-12 10:08:50',NULL),(1536,1503,0,'2022-10-12 05:28:38','2022-10-12 10:08:50',NULL),(1537,1504,0,'2022-10-12 05:28:38','2022-10-12 10:08:50',NULL),(1538,1505,0,'2022-10-12 05:28:38','2022-10-12 10:08:50',NULL),(1539,1506,0,'2022-10-12 05:28:38','2022-10-12 10:08:50',NULL),(1540,1507,0,'2022-10-12 05:28:38','2022-10-12 10:08:50',NULL),(1541,1508,0,'2022-10-12 05:28:38','2022-10-12 10:08:50',NULL),(1542,1509,0,'2022-10-12 05:28:38','2022-10-12 10:08:50',NULL),(1543,1510,0,'2022-10-12 05:28:38','2022-10-12 10:08:50',NULL),(1544,1511,0,'2022-10-12 05:28:38','2022-10-12 10:08:50',NULL),(1545,1512,0,'2022-10-12 05:28:38','2022-10-12 10:08:50',NULL),(1546,1513,0,'2022-10-12 05:28:38','2022-10-12 10:08:50',NULL),(1547,1514,0,'2022-10-12 05:28:38','2022-10-12 10:08:50',NULL),(1548,1515,0,'2022-10-12 05:28:38','2022-10-12 10:08:50',NULL),(1549,1516,0,'2022-10-12 05:28:38','2022-10-12 10:08:50',NULL),(1550,1517,0,'2022-10-12 05:28:38','2022-10-12 10:08:50',NULL),(1551,1518,0,'2022-10-12 05:28:38','2022-10-12 10:08:50',NULL),(1552,1519,0,'2022-10-12 05:28:38','2022-10-12 10:08:50',NULL),(1553,1520,0,'2022-10-12 05:28:38','2022-10-12 10:08:50',NULL),(1554,1521,0,'2022-10-12 05:28:38','2022-10-12 10:08:50',NULL),(1555,1522,0,'2022-10-12 05:28:38','2022-10-12 10:08:50',NULL),(1556,1523,0,'2022-10-12 05:28:38','2022-10-12 10:08:50',NULL),(1557,1524,0,'2022-10-12 05:28:38','2022-10-12 10:08:50',NULL),(1558,1525,0,'2022-10-12 05:28:38','2022-10-12 10:08:50',NULL),(1559,1526,0,'2022-10-12 05:28:38','2022-10-12 10:08:50',NULL),(1560,1527,0,'2022-10-12 05:28:38','2022-10-12 10:08:50',NULL),(1561,1528,0,'2022-10-12 05:28:38','2022-10-12 10:08:50',NULL),(1562,1529,0,'2022-10-12 05:28:38','2022-10-12 10:08:50',NULL),(1563,1530,0,'2022-10-12 05:28:38','2022-10-12 10:08:50',NULL),(1564,1531,0,'2022-10-12 05:28:38','2022-10-12 10:08:50',NULL),(1565,1532,0,'2022-10-12 05:28:38','2022-10-12 10:08:50',NULL),(1566,1533,0,'2022-10-12 05:28:38','2022-10-12 10:08:50',NULL),(1567,1534,0,'2022-10-12 05:28:38','2022-10-12 10:08:50',NULL),(1568,1535,0,'2022-10-12 05:28:38','2022-10-12 10:08:50',NULL),(1569,1536,0,'2022-10-12 05:28:38','2022-10-12 10:08:50',NULL),(1570,1537,0,'2022-10-12 05:28:38','2022-10-12 10:08:50',NULL),(1571,1538,0,'2022-10-12 05:28:38','2022-10-12 10:08:50',NULL),(1572,1539,0,'2022-10-12 05:28:38','2022-10-12 10:08:50',NULL),(1573,1540,0,'2022-10-12 05:28:38','2022-10-12 10:08:50',NULL),(1574,1541,0,'2022-10-12 05:28:38','2022-10-12 10:08:50',NULL),(1575,1542,0,'2022-10-12 05:28:38','2022-10-12 10:08:50',NULL),(1576,1543,0,'2022-10-12 05:28:38','2022-10-12 10:08:50',NULL),(1577,1544,0,'2022-10-12 05:28:38','2022-10-12 10:08:50',NULL),(1578,1545,0,'2022-10-12 05:28:38','2022-10-12 10:08:50',NULL),(1579,1546,0,'2022-10-12 05:28:38','2022-10-12 10:08:50',NULL),(1580,1547,0,'2022-10-12 05:28:38','2022-10-12 10:08:50',NULL),(1581,1548,0,'2022-10-12 05:28:39','2022-10-12 10:08:50',NULL),(1582,1549,0,'2022-10-12 05:28:39','2022-10-12 10:08:50',NULL),(1583,1550,0,'2022-10-12 05:28:39','2022-10-12 10:08:50',NULL),(1584,1551,0,'2022-10-12 05:28:39','2022-10-12 10:08:50',NULL),(1585,1552,0,'2022-10-12 05:28:39','2022-10-12 10:08:50',NULL),(1586,1553,0,'2022-10-12 05:28:39','2022-10-12 10:08:50',NULL),(1587,1554,0,'2022-10-12 05:28:39','2022-10-12 10:08:50',NULL),(1588,1555,0,'2022-10-12 05:28:39','2022-10-12 10:08:50',NULL),(1589,1556,0,'2022-10-12 05:28:39','2022-10-12 10:08:50',NULL),(1590,1557,0,'2022-10-12 05:28:39','2022-10-12 10:08:50',NULL),(1591,1558,0,'2022-10-12 05:28:39','2022-10-12 10:08:50',NULL),(1592,1559,0,'2022-10-12 05:28:39','2022-10-12 10:08:50',NULL),(1593,1560,0,'2022-10-12 05:28:39','2022-10-12 10:08:50',NULL),(1594,1561,0,'2022-10-12 05:28:39','2022-10-12 10:08:50',NULL),(1595,1562,0,'2022-10-12 05:28:39','2022-10-12 10:08:50',NULL),(1596,1563,0,'2022-10-12 05:28:39','2022-10-12 10:08:50',NULL),(1597,1564,0,'2022-10-12 05:28:39','2022-10-12 10:08:50',NULL),(1598,1565,0,'2022-10-12 05:28:39','2022-10-12 10:08:50',NULL),(1599,1566,0,'2022-10-12 05:28:39','2022-10-12 10:08:50',NULL),(1600,1567,0,'2022-10-12 05:28:39','2022-10-12 10:08:50',NULL),(1601,1568,0,'2022-10-12 05:28:39','2022-10-12 10:08:50',NULL),(1602,1569,0,'2022-10-12 05:28:39','2022-10-12 10:08:50',NULL),(1603,1570,0,'2022-10-12 05:28:39','2022-10-12 10:08:50',NULL),(1604,1571,0,'2022-10-12 05:28:39','2022-10-12 10:08:50',NULL),(1605,1572,0,'2022-10-12 05:28:39','2022-10-12 10:08:50',NULL),(1606,1573,0,'2022-10-12 05:28:39','2022-10-12 10:08:50',NULL),(1607,1574,0,'2022-10-12 05:28:39','2022-10-12 10:08:50',NULL),(1608,1575,0,'2022-10-12 05:28:39','2022-10-12 10:08:50',NULL),(1609,1576,0,'2022-10-12 05:28:39','2022-10-12 10:08:50',NULL),(1610,1577,0,'2022-10-12 05:28:39','2022-10-12 10:08:50',NULL),(1611,1578,0,'2022-10-12 05:28:39','2022-10-12 10:08:50',NULL),(1612,1579,0,'2022-10-12 05:28:39','2022-10-12 10:08:50',NULL),(1613,1580,0,'2022-10-12 05:28:39','2022-10-12 10:08:50',NULL),(1614,1581,0,'2022-10-12 05:28:39','2022-10-12 10:08:50',NULL),(1615,1582,0,'2022-10-12 05:28:39','2022-10-12 10:08:50',NULL),(1616,1583,0,'2022-10-12 05:28:39','2022-10-12 10:08:50',NULL),(1617,1584,0,'2022-10-12 05:28:39','2022-10-12 10:08:50',NULL),(1618,1585,0,'2022-10-12 05:28:39','2022-10-12 10:08:50',NULL),(1619,1586,0,'2022-10-12 05:28:39','2022-10-12 10:08:50',NULL),(1620,1587,0,'2022-10-12 05:28:39','2022-10-12 10:08:50',NULL),(1621,1588,0,'2022-10-12 05:28:39','2022-10-12 10:08:50',NULL),(1622,1589,0,'2022-10-12 05:28:39','2022-10-12 10:08:50',NULL),(1623,1590,0,'2022-10-12 05:28:39','2022-10-12 10:08:50',NULL),(1624,1591,0,'2022-10-12 05:28:39','2022-10-12 10:08:50',NULL),(1625,1592,0,'2022-10-12 05:28:39','2022-10-12 10:08:50',NULL),(1626,1593,0,'2022-10-12 05:28:39','2022-10-12 10:08:50',NULL),(1627,1594,0,'2022-10-12 05:28:39','2022-10-12 10:08:50',NULL),(1628,1595,0,'2022-10-12 05:28:39','2022-10-12 10:08:50',NULL),(1629,1596,0,'2022-10-12 05:28:39','2022-10-12 10:08:50',NULL),(1630,1597,0,'2022-10-12 05:28:40','2022-10-12 10:08:50',NULL),(1631,1598,0,'2022-10-12 05:28:40','2022-10-12 10:08:50',NULL),(1632,1599,0,'2022-10-12 05:28:40','2022-10-12 10:08:50',NULL),(1633,1600,0,'2022-10-12 05:28:40','2022-10-12 10:08:50',NULL),(1634,1601,0,'2022-10-12 05:28:40','2022-10-12 10:08:50',NULL),(1635,1602,0,'2022-10-12 05:28:40','2022-10-12 10:08:50',NULL),(1636,1603,0,'2022-10-12 05:28:40','2022-10-12 10:08:50',NULL),(1637,1604,0,'2022-10-12 05:28:40','2022-10-12 10:08:50',NULL),(1638,1605,0,'2022-10-12 05:28:40','2022-10-12 10:08:50',NULL),(1639,1606,0,'2022-10-12 05:28:40','2022-10-12 10:08:50',NULL),(1640,1607,0,'2022-10-12 05:28:40','2022-10-12 10:08:50',NULL),(1641,1608,0,'2022-10-12 05:28:40','2022-10-12 10:08:50',NULL),(1642,1609,0,'2022-10-12 05:28:40','2022-10-12 10:08:50',NULL),(1643,1610,0,'2022-10-12 05:28:40','2022-10-12 10:08:50',NULL),(1644,1611,0,'2022-10-12 05:28:40','2022-10-12 10:08:50',NULL),(1645,1612,0,'2022-10-12 05:28:40','2022-10-12 10:08:50',NULL),(1646,1613,0,'2022-10-12 05:28:40','2022-10-12 10:08:50',NULL),(1647,1614,0,'2022-10-12 05:28:40','2022-10-12 10:08:50',NULL),(1648,1615,0,'2022-10-12 05:28:40','2022-10-12 10:08:50',NULL),(1649,1616,0,'2022-10-12 05:28:40','2022-10-12 10:08:50',NULL),(1650,1617,0,'2022-10-12 05:28:40','2022-10-12 10:08:50',NULL),(1651,1618,0,'2022-10-12 05:28:40','2022-10-12 10:08:50',NULL),(1652,1619,0,'2022-10-12 05:28:40','2022-10-12 10:08:50',NULL),(1653,1620,0,'2022-10-12 05:28:40','2022-10-12 10:08:50',NULL),(1654,1621,0,'2022-10-12 05:28:40','2022-10-12 10:08:50',NULL),(1655,1622,0,'2022-10-12 05:28:40','2022-10-12 10:08:50',NULL),(1656,1623,0,'2022-10-12 05:28:40','2022-10-12 10:08:50',NULL),(1657,1624,0,'2022-10-12 05:28:40','2022-10-12 10:08:50',NULL),(1658,1625,0,'2022-10-12 05:28:40','2022-10-12 10:08:50',NULL),(1659,1626,0,'2022-10-12 05:28:40','2022-10-12 10:08:50',NULL),(1660,1627,0,'2022-10-12 05:28:40','2022-10-12 10:08:50',NULL),(1661,1628,0,'2022-10-12 05:28:40','2022-10-12 10:08:50',NULL),(1662,1629,0,'2022-10-12 05:28:40','2022-10-12 10:08:50',NULL),(1663,1630,0,'2022-10-12 05:28:40','2022-10-12 10:08:50',NULL),(1664,1631,0,'2022-10-12 05:28:40','2022-10-12 10:08:50',NULL),(1665,1632,0,'2022-10-12 05:28:40','2022-10-12 10:08:50',NULL),(1666,1633,0,'2022-10-12 05:28:40','2022-10-12 10:08:50',NULL),(1667,1634,0,'2022-10-12 05:28:40','2022-10-12 10:08:50',NULL),(1668,1635,0,'2022-10-12 05:28:40','2022-10-12 10:08:50',NULL),(1669,1636,0,'2022-10-12 05:28:40','2022-10-12 10:08:50',NULL),(1670,1637,0,'2022-10-12 05:28:40','2022-10-12 10:08:50',NULL),(1671,1638,0,'2022-10-12 05:28:40','2022-10-12 10:08:50',NULL),(1672,1639,0,'2022-10-12 05:28:40','2022-10-12 10:08:50',NULL),(1673,1640,0,'2022-10-12 05:28:40','2022-10-12 10:08:50',NULL),(1674,1641,0,'2022-10-12 05:28:40','2022-10-12 10:08:50',NULL),(1675,1642,0,'2022-10-12 05:28:40','2022-10-12 10:08:50',NULL),(1676,1643,0,'2022-10-12 05:28:40','2022-10-12 10:08:50',NULL),(1677,1644,0,'2022-10-12 05:28:40','2022-10-12 10:08:50',NULL),(1678,1645,0,'2022-10-12 05:28:40','2022-10-12 10:08:50',NULL),(1679,1646,0,'2022-10-12 05:28:40','2022-10-12 10:08:50',NULL),(1680,1647,0,'2022-10-12 05:28:40','2022-10-12 10:08:50',NULL),(1681,1648,0,'2022-10-12 05:28:40','2022-10-12 10:08:50',NULL),(1682,1649,0,'2022-10-12 05:28:40','2022-10-12 10:08:50',NULL),(1683,1650,0,'2022-10-12 05:28:40','2022-10-12 10:08:50',NULL),(1684,1651,0,'2022-10-12 05:28:40','2022-10-12 10:08:50',NULL),(1685,1652,0,'2022-10-12 05:28:40','2022-10-12 10:08:50',NULL),(1686,1653,0,'2022-10-12 05:28:40','2022-10-12 10:08:50',NULL),(1687,1654,0,'2022-10-12 05:28:41','2022-10-12 10:08:50',NULL),(1688,1655,0,'2022-10-12 05:28:41','2022-10-12 10:08:50',NULL),(1689,1656,0,'2022-10-12 05:28:41','2022-10-12 10:08:50',NULL),(1690,1657,0,'2022-10-12 05:28:41','2022-10-12 10:08:50',NULL),(1691,1658,0,'2022-10-12 05:28:41','2022-10-12 10:08:50',NULL),(1692,1659,0,'2022-10-12 05:28:41','2022-10-12 10:08:50',NULL),(1693,1660,0,'2022-10-12 05:28:41','2022-10-12 10:08:50',NULL),(1694,1661,0,'2022-10-12 05:28:41','2022-10-12 10:08:50',NULL),(1695,1662,0,'2022-10-12 05:28:41','2022-10-12 10:08:50',NULL),(1696,1663,0,'2022-10-12 05:28:41','2022-10-12 10:08:50',NULL),(1697,1664,0,'2022-10-12 05:28:41','2022-10-12 10:08:50',NULL),(1698,1665,0,'2022-10-12 05:28:41','2022-10-12 10:08:50',NULL),(1699,1666,0,'2022-10-12 05:28:41','2022-10-12 10:08:50',NULL),(1700,1667,0,'2022-10-12 05:28:41','2022-10-12 10:08:50',NULL),(1701,1668,0,'2022-10-12 05:28:41','2022-10-12 10:08:50',NULL),(1702,1669,0,'2022-10-12 05:28:41','2022-10-12 10:08:50',NULL),(1703,1670,0,'2022-10-12 05:28:41','2022-10-12 10:08:50',NULL),(1704,1671,0,'2022-10-12 05:28:41','2022-10-12 10:08:50',NULL),(1705,1672,0,'2022-10-12 05:28:41','2022-10-12 10:08:50',NULL),(1706,1673,0,'2022-10-12 05:28:41','2022-10-12 10:08:50',NULL),(1707,1674,0,'2022-10-12 05:28:41','2022-10-12 10:08:50',NULL),(1708,1675,0,'2022-10-12 05:28:41','2022-10-12 10:08:50',NULL),(1709,1676,0,'2022-10-12 05:28:41','2022-10-12 10:08:50',NULL),(1710,1677,0,'2022-10-12 05:28:41','2022-10-12 10:08:50',NULL),(1711,1678,0,'2022-10-12 05:28:41','2022-10-12 10:08:50',NULL),(1712,1679,0,'2022-10-12 05:28:41','2022-10-12 10:08:50',NULL),(1713,1680,0,'2022-10-12 05:28:41','2022-10-12 10:08:50',NULL),(1714,1681,0,'2022-10-12 05:28:41','2022-10-12 10:08:50',NULL),(1715,1682,0,'2022-10-12 05:28:41','2022-10-12 10:08:50',NULL),(1716,1683,0,'2022-10-12 05:28:41','2022-10-12 10:08:50',NULL),(1717,1684,0,'2022-10-12 05:28:41','2022-10-12 10:08:50',NULL),(1718,1685,0,'2022-10-12 05:28:41','2022-10-12 10:08:50',NULL),(1719,1686,0,'2022-10-12 05:28:41','2022-10-12 10:08:50',NULL),(1720,1687,0,'2022-10-12 05:28:41','2022-10-12 10:08:50',NULL),(1721,1688,0,'2022-10-12 05:28:41','2022-10-12 10:08:50',NULL),(1722,1689,0,'2022-10-12 05:28:41','2022-10-12 10:08:50',NULL),(1723,1690,0,'2022-10-12 05:28:41','2022-10-12 10:08:50',NULL),(1724,1691,0,'2022-10-12 05:28:41','2022-10-12 10:08:50',NULL),(1725,1692,0,'2022-10-12 05:28:41','2022-10-12 10:08:50',NULL),(1726,1693,0,'2022-10-12 05:28:41','2022-10-12 10:08:50',NULL),(1727,1694,0,'2022-10-12 05:28:41','2022-10-12 10:08:50',NULL),(1728,1695,0,'2022-10-12 05:28:41','2022-10-12 10:08:50',NULL),(1729,1696,0,'2022-10-12 05:28:41','2022-10-12 10:08:50',NULL),(1730,1697,0,'2022-10-12 05:28:41','2022-10-12 10:08:50',NULL),(1731,1698,0,'2022-10-12 05:28:41','2022-10-12 10:08:50',NULL),(1732,1699,0,'2022-10-12 05:28:41','2022-10-12 10:08:50',NULL),(1733,1700,0,'2022-10-12 05:28:41','2022-10-12 10:08:50',NULL),(1734,1701,0,'2022-10-12 05:28:41','2022-10-12 10:08:50',NULL),(1735,1702,0,'2022-10-12 05:28:41','2022-10-12 10:08:50',NULL),(1736,1703,0,'2022-10-12 05:28:41','2022-10-12 10:08:50',NULL),(1737,1704,0,'2022-10-12 05:28:41','2022-10-12 10:08:50',NULL),(1738,1705,0,'2022-10-12 05:28:41','2022-10-12 10:08:50',NULL),(1739,1706,0,'2022-10-12 05:28:41','2022-10-12 10:08:50',NULL),(1740,1707,0,'2022-10-12 05:28:41','2022-10-12 10:08:50',NULL),(1741,1708,0,'2022-10-12 05:28:41','2022-10-12 10:08:50',NULL),(1742,1709,0,'2022-10-12 05:28:41','2022-10-12 10:08:50',NULL),(1743,1710,0,'2022-10-12 05:28:41','2022-10-12 10:08:50',NULL),(1744,1711,0,'2022-10-12 05:28:41','2022-10-12 10:08:50',NULL),(1745,1712,0,'2022-10-12 05:28:41','2022-10-12 10:08:50',NULL),(1746,1713,0,'2022-10-12 05:28:42','2022-10-12 10:08:50',NULL),(1747,1714,0,'2022-10-12 05:28:42','2022-10-12 10:08:50',NULL),(1748,1715,0,'2022-10-12 05:28:42','2022-10-12 10:08:50',NULL),(1749,1716,0,'2022-10-12 05:28:42','2022-10-12 10:08:50',NULL),(1750,1717,0,'2022-10-12 05:28:42','2022-10-12 10:08:50',NULL),(1751,1718,0,'2022-10-12 05:28:42','2022-10-12 10:08:50',NULL),(1752,1719,0,'2022-10-12 05:28:42','2022-10-12 10:08:50',NULL),(1753,1720,0,'2022-10-12 05:28:42','2022-10-12 10:08:50',NULL),(1754,1721,0,'2022-10-12 05:28:42','2022-10-12 10:08:50',NULL),(1755,1722,0,'2022-10-12 05:28:42','2022-10-12 10:08:50',NULL),(1756,1723,0,'2022-10-12 05:28:42','2022-10-12 10:08:50',NULL),(1757,1724,0,'2022-10-12 05:28:42','2022-10-12 10:08:50',NULL),(1758,1725,0,'2022-10-12 05:28:42','2022-10-12 10:08:50',NULL),(1759,1726,0,'2022-10-12 05:28:42','2022-10-12 10:08:50',NULL),(1760,1727,0,'2022-10-12 05:28:42','2022-10-12 10:08:50',NULL),(1761,1728,0,'2022-10-12 05:28:42','2022-10-12 10:08:50',NULL),(1762,1729,0,'2022-10-12 05:28:42','2022-10-12 10:08:50',NULL),(1763,1730,0,'2022-10-12 05:28:42','2022-10-12 10:08:50',NULL),(1764,1731,0,'2022-10-12 05:28:42','2022-10-12 10:08:50',NULL),(1765,1732,0,'2022-10-12 05:28:42','2022-10-12 10:08:50',NULL),(1766,1733,0,'2022-10-12 05:28:42','2022-10-12 10:08:50',NULL),(1767,1734,0,'2022-10-12 05:28:42','2022-10-12 10:08:50',NULL),(1768,1735,0,'2022-10-12 05:28:42','2022-10-12 10:08:50',NULL),(1769,1736,0,'2022-10-12 05:28:42','2022-10-12 10:08:50',NULL),(1770,1737,0,'2022-10-12 05:28:42','2022-10-12 10:08:50',NULL),(1771,1738,0,'2022-10-12 05:28:42','2022-10-12 10:08:50',NULL),(1772,1739,0,'2022-10-12 05:28:42','2022-10-12 10:08:50',NULL),(1773,1740,0,'2022-10-12 05:28:42','2022-10-12 10:08:50',NULL),(1774,1741,0,'2022-10-12 05:28:42','2022-10-12 10:08:50',NULL),(1775,1742,0,'2022-10-12 05:28:42','2022-10-12 10:08:50',NULL),(1776,1743,0,'2022-10-12 05:28:42','2022-10-12 10:08:50',NULL),(1777,1744,0,'2022-10-12 05:28:42','2022-10-12 10:08:50',NULL),(1778,1745,0,'2022-10-12 05:28:42','2022-10-12 10:08:50',NULL),(1779,1746,0,'2022-10-12 05:28:42','2022-10-12 10:08:50',NULL),(1780,1747,0,'2022-10-12 05:28:42','2022-10-12 10:08:50',NULL),(1781,1748,0,'2022-10-12 05:28:42','2022-10-12 10:08:50',NULL),(1782,1749,0,'2022-10-12 05:28:42','2022-10-12 10:08:50',NULL),(1783,1750,0,'2022-10-12 05:28:42','2022-10-12 10:08:50',NULL),(1784,1751,0,'2022-10-12 05:28:42','2022-10-12 10:08:50',NULL),(1785,1752,0,'2022-10-12 05:28:42','2022-10-12 10:08:50',NULL),(1786,1753,0,'2022-10-12 05:28:42','2022-10-12 10:08:50',NULL),(1787,1754,0,'2022-10-12 05:28:42','2022-10-12 10:08:50',NULL),(1788,1755,0,'2022-10-12 05:28:42','2022-10-12 10:08:50',NULL),(1789,1756,0,'2022-10-12 05:28:42','2022-10-12 10:08:50',NULL),(1790,1757,0,'2022-10-12 05:28:42','2022-10-12 10:08:50',NULL),(1791,1758,0,'2022-10-12 05:28:42','2022-10-12 10:08:50',NULL),(1792,1759,0,'2022-10-12 05:28:42','2022-10-12 10:08:50',NULL),(1793,1760,0,'2022-10-12 05:28:42','2022-10-12 10:08:50',NULL),(1794,1761,0,'2022-10-12 05:28:42','2022-10-12 10:08:50',NULL),(1795,1762,0,'2022-10-12 05:28:42','2022-10-12 10:08:50',NULL),(1796,1763,0,'2022-10-12 05:28:42','2022-10-12 10:08:50',NULL),(1797,1764,0,'2022-10-12 05:28:42','2022-10-12 10:08:50',NULL),(1798,1765,0,'2022-10-12 05:28:42','2022-10-12 10:08:50',NULL),(1799,1766,0,'2022-10-12 05:28:42','2022-10-12 10:08:50',NULL),(1800,1767,0,'2022-10-12 05:28:42','2022-10-12 10:08:50',NULL),(1801,1768,0,'2022-10-12 05:28:42','2022-10-12 10:08:50',NULL),(1802,1769,0,'2022-10-12 05:28:42','2022-10-12 10:08:50',NULL),(1803,1770,0,'2022-10-12 05:28:42','2022-10-12 10:08:50',NULL),(1804,1771,0,'2022-10-12 05:28:42','2022-10-12 10:08:50',NULL),(1805,1772,0,'2022-10-12 05:28:43','2022-10-12 10:08:50',NULL),(1806,1773,0,'2022-10-12 05:28:43','2022-10-12 10:08:50',NULL),(1807,1774,0,'2022-10-12 05:28:43','2022-10-12 10:08:50',NULL),(1808,1775,0,'2022-10-12 05:28:43','2022-10-12 10:08:50',NULL),(1809,1776,0,'2022-10-12 05:28:43','2022-10-12 10:08:50',NULL),(1810,1777,0,'2022-10-12 05:28:43','2022-10-12 10:08:50',NULL),(1811,1778,0,'2022-10-12 05:28:43','2022-10-12 10:08:50',NULL),(1812,1779,0,'2022-10-12 05:28:43','2022-10-12 10:08:50',NULL),(1813,1780,0,'2022-10-12 05:28:43','2022-10-12 10:08:50',NULL),(1814,1781,0,'2022-10-12 05:28:43','2022-10-12 10:08:50',NULL),(1815,1782,0,'2022-10-12 05:28:43','2022-10-12 10:08:50',NULL),(1816,1783,0,'2022-10-12 05:28:43','2022-10-12 10:08:50',NULL),(1817,1784,0,'2022-10-12 05:28:43','2022-10-12 10:08:50',NULL),(1818,1785,0,'2022-10-12 05:28:43','2022-10-12 10:08:50',NULL),(1819,1786,0,'2022-10-12 05:28:43','2022-10-12 10:08:50',NULL),(1820,1787,0,'2022-10-12 05:28:43','2022-10-12 10:08:50',NULL),(1821,1788,0,'2022-10-12 05:28:43','2022-10-12 10:08:50',NULL),(1822,1789,0,'2022-10-12 05:28:43','2022-10-12 10:08:50',NULL),(1823,1790,0,'2022-10-12 05:28:43','2022-10-12 10:08:50',NULL),(1824,1791,0,'2022-10-12 05:28:43','2022-10-12 10:08:50',NULL),(1825,1792,0,'2022-10-12 05:28:43','2022-10-12 10:08:50',NULL),(1826,1793,0,'2022-10-12 05:28:43','2022-10-12 10:08:50',NULL),(1827,1794,0,'2022-10-12 05:28:43','2022-10-12 10:08:50',NULL),(1828,1795,0,'2022-10-12 05:28:43','2022-10-12 10:08:50',NULL),(1829,1796,0,'2022-10-12 05:28:43','2022-10-12 10:08:50',NULL),(1830,1797,0,'2022-10-12 05:28:43','2022-10-12 10:08:50',NULL),(1831,1798,0,'2022-10-12 05:28:43','2022-10-12 10:08:50',NULL),(1832,1799,0,'2022-10-12 05:28:43','2022-10-12 10:08:50',NULL),(1833,1800,0,'2022-10-12 05:28:43','2022-10-12 10:08:50',NULL),(1834,1801,0,'2022-10-12 05:28:43','2022-10-12 10:08:50',NULL),(1835,1802,0,'2022-10-12 05:28:43','2022-10-12 10:08:50',NULL),(1836,1803,0,'2022-10-12 05:28:43','2022-10-12 10:08:50',NULL),(1837,1804,0,'2022-10-12 05:28:43','2022-10-12 10:08:50',NULL),(1838,1805,0,'2022-10-12 05:28:43','2022-10-12 10:08:50',NULL),(1839,1806,0,'2022-10-12 05:28:43','2022-10-12 10:08:50',NULL),(1840,1807,0,'2022-10-12 05:28:43','2022-10-12 10:08:50',NULL),(1841,1808,0,'2022-10-12 05:28:43','2022-10-12 10:08:50',NULL),(1842,1809,0,'2022-10-12 05:28:43','2022-10-12 10:08:50',NULL),(1843,1810,0,'2022-10-12 05:28:43','2022-10-12 10:08:50',NULL),(1844,1811,0,'2022-10-12 05:28:43','2022-10-12 10:08:50',NULL),(1845,1812,0,'2022-10-12 05:28:43','2022-10-12 10:08:50',NULL),(1846,1813,0,'2022-10-12 05:28:43','2022-10-12 10:08:50',NULL),(1847,1814,0,'2022-10-12 05:28:43','2022-10-12 10:08:50',NULL),(1848,1815,0,'2022-10-12 05:28:43','2022-10-12 10:08:50',NULL),(1849,1816,0,'2022-10-12 05:28:43','2022-10-12 10:08:50',NULL),(1850,1817,0,'2022-10-12 05:28:43','2022-10-12 10:08:50',NULL),(1851,1818,0,'2022-10-12 05:28:43','2022-10-12 10:08:50',NULL),(1852,1819,0,'2022-10-12 05:28:43','2022-10-12 10:08:50',NULL),(1853,1820,0,'2022-10-12 05:28:43','2022-10-12 10:08:50',NULL),(1854,1821,0,'2022-10-12 05:28:43','2022-10-12 10:08:50',NULL),(1855,1822,0,'2022-10-12 05:28:43','2022-10-12 10:08:50',NULL),(1856,1823,0,'2022-10-12 05:28:43','2022-10-12 10:08:50',NULL),(1857,1824,0,'2022-10-12 05:28:43','2022-10-12 10:08:50',NULL),(1858,1825,0,'2022-10-12 05:28:43','2022-10-12 10:08:50',NULL),(1859,1826,0,'2022-10-12 05:28:43','2022-10-12 10:08:50',NULL),(1860,1827,0,'2022-10-12 05:28:43','2022-10-12 10:08:50',NULL),(1861,1828,0,'2022-10-12 05:28:43','2022-10-12 10:08:50',NULL),(1862,1829,0,'2022-10-12 05:28:43','2022-10-12 10:08:50',NULL),(1863,1830,0,'2022-10-12 05:28:43','2022-10-12 10:08:50',NULL),(1864,1831,0,'2022-10-12 05:28:43','2022-10-12 10:08:50',NULL),(1865,1832,0,'2022-10-12 05:28:43','2022-10-12 10:08:50',NULL),(1866,1833,0,'2022-10-12 05:28:43','2022-10-12 10:08:50',NULL),(1867,1834,0,'2022-10-12 05:28:43','2022-10-12 10:08:50',NULL),(1868,1835,0,'2022-10-12 05:28:43','2022-10-12 10:08:50',NULL),(1869,1836,0,'2022-10-12 05:28:44','2022-10-12 10:08:50',NULL),(1870,1837,0,'2022-10-12 05:28:44','2022-10-12 10:08:50',NULL),(1871,1838,0,'2022-10-12 05:28:44','2022-10-12 10:08:50',NULL),(1872,1839,0,'2022-10-12 05:28:44','2022-10-12 10:08:50',NULL),(1873,1840,0,'2022-10-12 05:28:44','2022-10-12 10:08:50',NULL),(1874,1841,0,'2022-10-12 05:28:44','2022-10-12 10:08:50',NULL),(1875,1842,0,'2022-10-12 05:28:44','2022-10-12 10:08:50',NULL),(1876,1843,0,'2022-10-12 05:28:44','2022-10-12 10:08:50',NULL),(1877,1844,0,'2022-10-12 05:28:44','2022-10-12 10:08:50',NULL),(1878,1845,0,'2022-10-12 05:28:44','2022-10-12 10:08:50',NULL),(1879,1846,0,'2022-10-12 05:28:44','2022-10-12 10:08:50',NULL),(1880,1847,0,'2022-10-12 05:28:44','2022-10-12 10:08:50',NULL),(1881,1848,0,'2022-10-12 05:28:44','2022-10-12 10:08:50',NULL),(1882,1849,0,'2022-10-12 05:28:44','2022-10-12 10:08:50',NULL),(1883,1850,0,'2022-10-12 05:28:44','2022-10-12 10:08:50',NULL),(1884,1851,0,'2022-10-12 05:28:44','2022-10-12 10:08:50',NULL),(1885,1852,0,'2022-10-12 05:28:44','2022-10-12 10:08:50',NULL),(1886,1853,0,'2022-10-12 05:28:44','2022-10-12 10:08:50',NULL),(1887,1854,0,'2022-10-12 05:28:44','2022-10-12 10:08:50',NULL),(1888,1855,0,'2022-10-12 05:28:44','2022-10-12 10:08:50',NULL),(1889,1856,0,'2022-10-12 05:28:44','2022-10-12 10:08:50',NULL),(1890,1857,0,'2022-10-12 05:28:44','2022-10-12 10:08:50',NULL),(1891,1858,0,'2022-10-12 05:28:44','2022-10-12 10:08:50',NULL),(1892,1859,0,'2022-10-12 05:28:44','2022-10-12 10:08:50',NULL),(1893,1860,0,'2022-10-12 05:28:44','2022-10-12 10:08:50',NULL),(1894,1861,0,'2022-10-12 05:28:44','2022-10-12 10:08:50',NULL),(1895,1862,0,'2022-10-12 05:28:44','2022-10-12 10:08:50',NULL),(1896,1863,0,'2022-10-12 05:28:44','2022-10-12 10:08:50',NULL),(1897,1864,0,'2022-10-12 05:28:44','2022-10-12 10:08:50',NULL),(1898,1865,0,'2022-10-12 05:28:44','2022-10-12 10:08:50',NULL),(1899,1866,0,'2022-10-12 05:28:44','2022-10-12 10:08:50',NULL),(1900,1867,0,'2022-10-12 05:28:44','2022-10-12 10:08:50',NULL),(1901,1868,0,'2022-10-12 05:28:44','2022-10-12 10:08:50',NULL),(1902,1869,0,'2022-10-12 05:28:44','2022-10-12 10:08:50',NULL),(1903,1870,0,'2022-10-12 05:28:44','2022-10-12 10:08:50',NULL),(1904,1871,0,'2022-10-12 05:28:44','2022-10-12 10:08:50',NULL),(1905,1872,0,'2022-10-12 05:28:44','2022-10-12 10:08:50',NULL),(1906,1873,0,'2022-10-12 05:28:44','2022-10-12 10:08:50',NULL),(1907,1874,0,'2022-10-12 05:28:44','2022-10-12 10:08:50',NULL),(1908,1875,0,'2022-10-12 05:28:44','2022-10-12 10:08:50',NULL),(1909,1876,0,'2022-10-12 05:28:44','2022-10-12 10:08:50',NULL),(1910,1877,0,'2022-10-12 05:28:44','2022-10-12 10:08:50',NULL),(1911,1878,0,'2022-10-12 05:28:44','2022-10-12 10:08:50',NULL),(1912,1879,0,'2022-10-12 05:28:44','2022-10-12 10:08:50',NULL),(1913,1880,0,'2022-10-12 05:28:44','2022-10-12 10:08:50',NULL),(1914,1881,0,'2022-10-12 05:28:44','2022-10-12 10:08:50',NULL),(1915,1882,0,'2022-10-12 05:28:44','2022-10-12 10:08:50',NULL),(1916,1883,0,'2022-10-12 05:28:45','2022-10-12 10:08:50',NULL),(1917,1884,0,'2022-10-12 05:28:45','2022-10-12 10:08:50',NULL),(1918,1885,0,'2022-10-12 05:28:45','2022-10-12 10:08:50',NULL),(1919,1886,0,'2022-10-12 05:28:45','2022-10-12 10:08:50',NULL),(1920,1887,0,'2022-10-12 05:28:45','2022-10-12 10:08:50',NULL),(1921,1888,0,'2022-10-12 05:28:45','2022-10-12 10:08:50',NULL),(1922,1889,0,'2022-10-12 05:28:45','2022-10-12 10:08:50',NULL),(1923,1890,0,'2022-10-12 05:28:45','2022-10-12 10:08:50',NULL),(1924,1891,0,'2022-10-12 05:28:45','2022-10-12 10:08:50',NULL),(1925,1892,0,'2022-10-12 05:28:45','2022-10-12 10:08:50',NULL),(1926,1893,0,'2022-10-12 05:28:45','2022-10-12 10:08:50',NULL),(1927,1894,0,'2022-10-12 05:28:45','2022-10-12 10:08:50',NULL),(1928,1895,0,'2022-10-12 05:28:45','2022-10-12 10:08:50',NULL),(1929,1896,0,'2022-10-12 05:28:45','2022-10-12 10:08:50',NULL),(1930,1897,0,'2022-10-12 05:28:45','2022-10-12 10:08:50',NULL),(1931,1898,0,'2022-10-12 05:28:45','2022-10-12 10:08:50',NULL),(1932,1899,0,'2022-10-12 05:28:45','2022-10-12 10:08:50',NULL),(1933,1900,0,'2022-10-12 05:28:45','2022-10-12 10:08:50',NULL),(1934,1901,0,'2022-10-12 05:28:45','2022-10-12 10:08:50',NULL),(1935,1902,0,'2022-10-12 05:28:45','2022-10-12 10:08:50',NULL),(1936,1903,0,'2022-10-12 05:28:45','2022-10-12 10:08:50',NULL),(1937,1904,0,'2022-10-12 05:28:45','2022-10-12 10:08:50',NULL),(1938,1905,0,'2022-10-12 05:28:45','2022-10-12 10:08:50',NULL),(1939,1906,0,'2022-10-12 05:28:45','2022-10-12 10:08:50',NULL),(1940,1907,0,'2022-10-12 05:28:45','2022-10-12 10:08:50',NULL),(1941,1908,0,'2022-10-12 05:28:45','2022-10-12 10:08:50',NULL),(1942,1909,0,'2022-10-12 05:28:45','2022-10-12 10:08:50',NULL),(1943,1910,0,'2022-10-12 05:28:45','2022-10-12 10:08:50',NULL),(1944,1911,0,'2022-10-12 05:28:45','2022-10-12 10:08:50',NULL),(1945,1912,0,'2022-10-12 05:28:45','2022-10-12 10:08:50',NULL),(1946,1913,0,'2022-10-12 05:28:45','2022-10-12 10:08:50',NULL),(1947,1914,0,'2022-10-12 05:28:45','2022-10-12 10:08:50',NULL),(1948,1915,0,'2022-10-12 05:28:45','2022-10-12 10:08:50',NULL),(1949,1916,0,'2022-10-12 05:28:45','2022-10-12 10:08:50',NULL),(1950,1917,0,'2022-10-12 05:28:45','2022-10-12 10:08:50',NULL),(1951,1918,0,'2022-10-12 05:28:45','2022-10-12 10:08:50',NULL),(1952,1919,0,'2022-10-12 05:28:45','2022-10-12 10:08:50',NULL),(1953,1920,0,'2022-10-12 05:28:45','2022-10-12 10:08:50',NULL),(1954,1921,0,'2022-10-12 05:28:45','2022-10-12 10:08:50',NULL),(1955,1922,0,'2022-10-12 05:28:45','2022-10-12 10:08:50',NULL),(1956,1923,0,'2022-10-12 05:28:45','2022-10-12 10:08:50',NULL),(1957,1924,0,'2022-10-12 05:28:45','2022-10-12 10:08:50',NULL),(1958,1925,0,'2022-10-12 05:28:45','2022-10-12 10:08:50',NULL),(1959,1926,0,'2022-10-12 05:28:45','2022-10-12 10:08:50',NULL),(1960,1927,0,'2022-10-12 05:28:45','2022-10-12 10:08:50',NULL),(1961,1928,0,'2022-10-12 05:28:45','2022-10-12 10:08:50',NULL),(1962,1929,0,'2022-10-12 05:28:45','2022-10-12 10:08:50',NULL),(1963,1930,0,'2022-10-12 05:28:45','2022-10-12 10:08:50',NULL),(1964,1931,0,'2022-10-12 05:28:45','2022-10-12 10:08:50',NULL),(1965,1932,0,'2022-10-12 05:28:45','2022-10-12 10:08:50',NULL),(1966,1933,0,'2022-10-12 05:28:45','2022-10-12 10:08:50',NULL),(1967,1934,0,'2022-10-12 05:28:45','2022-10-12 10:08:50',NULL),(1968,1935,0,'2022-10-12 05:28:45','2022-10-12 10:08:50',NULL),(1969,1936,0,'2022-10-12 05:28:45','2022-10-12 10:08:50',NULL),(1970,1937,0,'2022-10-12 05:28:45','2022-10-12 10:08:50',NULL),(1971,1938,0,'2022-10-12 05:28:45','2022-10-12 10:08:50',NULL),(1972,1939,0,'2022-10-12 05:28:45','2022-10-12 10:08:50',NULL),(1973,1940,0,'2022-10-12 05:28:45','2022-10-12 10:08:50',NULL),(1974,1941,0,'2022-10-12 05:28:45','2022-10-12 10:08:50',NULL),(1975,1942,0,'2022-10-12 05:28:45','2022-10-12 10:08:50',NULL),(1976,1943,0,'2022-10-12 05:28:45','2022-10-12 10:08:50',NULL),(1977,1944,0,'2022-10-12 05:28:45','2022-10-12 10:08:50',NULL),(1978,1945,0,'2022-10-12 05:28:45','2022-10-12 10:08:50',NULL),(1979,1946,0,'2022-10-12 05:28:45','2022-10-12 10:08:50',NULL),(1980,1947,0,'2022-10-12 05:28:45','2022-10-12 10:08:50',NULL),(1981,1948,0,'2022-10-12 05:28:45','2022-10-12 10:08:50',NULL),(1982,1949,0,'2022-10-12 05:28:45','2022-10-12 10:08:50',NULL),(1983,1950,0,'2022-10-12 05:28:45','2022-10-12 10:08:50',NULL),(1984,1951,0,'2022-10-12 05:28:45','2022-10-12 10:08:50',NULL),(1985,1952,0,'2022-10-12 05:28:45','2022-10-12 10:08:50',NULL),(1986,1953,0,'2022-10-12 05:28:45','2022-10-12 10:08:50',NULL),(1987,1954,0,'2022-10-12 05:28:45','2022-10-12 10:08:50',NULL),(1988,1955,0,'2022-10-12 05:28:46','2022-10-12 10:08:50',NULL),(1989,1956,0,'2022-10-12 05:28:46','2022-10-12 10:08:50',NULL),(1990,1957,0,'2022-10-12 05:28:46','2022-10-12 10:08:50',NULL),(1991,1958,0,'2022-10-12 05:28:46','2022-10-12 10:08:50',NULL),(1992,1959,0,'2022-10-12 05:28:46','2022-10-12 10:08:50',NULL),(1993,1960,0,'2022-10-12 05:28:46','2022-10-12 10:08:50',NULL),(1994,1961,0,'2022-10-12 05:28:46','2022-10-12 10:08:50',NULL),(1995,1962,0,'2022-10-12 05:28:46','2022-10-12 10:08:50',NULL),(1996,1963,0,'2022-10-12 05:28:46','2022-10-12 10:08:50',NULL),(1997,1964,0,'2022-10-12 05:28:46','2022-10-12 10:08:50',NULL),(1998,1965,0,'2022-10-12 05:28:46','2022-10-12 10:08:50',NULL),(1999,1966,0,'2022-10-12 05:28:46','2022-10-12 10:08:50',NULL),(2000,1967,0,'2022-10-12 05:28:46','2022-10-12 10:08:50',NULL),(2001,1968,0,'2022-10-12 05:28:46','2022-10-12 10:08:50',NULL),(2002,1969,0,'2022-10-12 05:28:46','2022-10-12 10:08:50',NULL),(2003,1970,0,'2022-10-12 05:28:46','2022-10-12 10:08:50',NULL),(2004,1971,0,'2022-10-12 05:28:46','2022-10-12 10:08:50',NULL),(2005,1972,0,'2022-10-12 05:28:46','2022-10-12 10:08:50',NULL),(2006,1973,0,'2022-10-12 05:28:46','2022-10-12 10:08:50',NULL),(2007,1974,0,'2022-10-12 05:28:46','2022-10-12 10:08:50',NULL),(2008,1975,0,'2022-10-12 05:28:46','2022-10-12 10:08:50',NULL),(2009,1976,0,'2022-10-12 05:28:46','2022-10-12 10:08:50',NULL),(2010,1977,0,'2022-10-12 05:28:46','2022-10-12 10:08:50',NULL),(2011,1978,0,'2022-10-12 05:28:46','2022-10-12 10:08:50',NULL),(2012,1979,0,'2022-10-12 05:28:46','2022-10-12 10:08:50',NULL),(2013,1980,0,'2022-10-12 05:28:46','2022-10-12 10:08:50',NULL),(2014,1981,0,'2022-10-12 05:28:46','2022-10-12 10:08:50',NULL),(2015,1982,0,'2022-10-12 05:28:46','2022-10-12 10:08:50',NULL),(2016,1983,0,'2022-10-12 05:28:46','2022-10-12 10:08:50',NULL),(2017,1984,0,'2022-10-12 05:28:46','2022-10-12 10:08:50',NULL),(2018,1985,0,'2022-10-12 05:28:46','2022-10-12 10:08:50',NULL),(2019,1986,0,'2022-10-12 05:28:46','2022-10-12 10:08:50',NULL),(2020,1987,0,'2022-10-12 05:28:46','2022-10-12 10:08:50',NULL),(2021,1988,0,'2022-10-12 05:28:46','2022-10-12 10:08:50',NULL),(2022,1989,0,'2022-10-12 05:28:46','2022-10-12 10:08:50',NULL),(2023,1990,0,'2022-10-12 05:28:46','2022-10-12 10:08:50',NULL),(2024,1991,0,'2022-10-12 05:28:46','2022-10-12 10:08:50',NULL),(2025,1992,0,'2022-10-12 05:28:46','2022-10-12 10:08:50',NULL),(2026,1993,0,'2022-10-12 05:28:46','2022-10-12 10:08:50',NULL),(2027,1994,0,'2022-10-12 05:28:46','2022-10-12 10:08:50',NULL),(2028,1995,0,'2022-10-12 05:28:46','2022-10-12 10:08:50',NULL),(2029,1996,0,'2022-10-12 05:28:46','2022-10-12 10:08:50',NULL),(2030,1997,0,'2022-10-12 05:28:46','2022-10-12 10:08:50',NULL),(2031,1998,0,'2022-10-12 05:28:46','2022-10-12 10:08:50',NULL),(2032,1999,0,'2022-10-12 05:28:46','2022-10-12 10:08:50',NULL),(2033,2000,0,'2022-10-12 05:28:46','2022-10-12 10:08:50',NULL),(2045,2001,0,'2022-10-12 05:28:46','2022-10-12 10:08:50',NULL),(2046,2002,0,'2022-10-12 05:28:46','2022-10-12 10:08:50',NULL),(2047,2003,0,'2022-10-12 05:28:46','2022-10-12 10:08:50',NULL),(2048,2004,0,'2022-10-12 05:28:46','2022-10-12 10:08:50',NULL),(2049,2005,0,'2022-10-12 05:28:46','2022-10-12 10:08:50',NULL),(2050,2006,0,'2022-10-12 05:28:46','2022-10-12 10:08:50',NULL),(2051,2007,0,'2022-10-12 05:28:46','2022-10-12 10:08:50',NULL),(2052,2008,0,'2022-10-12 05:28:46','2022-10-12 10:08:50',NULL),(2053,2009,0,'2022-10-12 05:28:46','2022-10-12 10:08:50',NULL),(2054,2010,0,'2022-10-12 05:28:46','2022-10-12 10:08:50',NULL),(2055,2011,0,'2022-10-12 05:28:46','2022-10-12 10:08:50',NULL),(2056,2012,0,'2022-10-12 05:28:46','2022-10-12 10:08:50',NULL),(2057,2013,0,'2022-10-12 05:28:46','2022-10-12 10:08:50',NULL),(2058,2014,0,'2022-10-12 05:28:46','2022-10-12 10:08:50',NULL),(2059,2015,0,'2022-10-12 05:28:46','2022-10-12 10:08:50',NULL),(2060,2016,0,'2022-10-12 05:28:46','2022-10-12 10:08:50',NULL),(2061,2017,0,'2022-10-12 05:28:46','2022-10-12 10:08:50',NULL),(2062,2018,0,'2022-10-12 05:28:46','2022-10-12 10:08:50',NULL),(2063,2019,0,'2022-10-12 05:28:46','2022-10-12 10:08:50',NULL),(2064,2020,0,'2022-10-12 05:28:46','2022-10-12 10:08:50',NULL),(2065,2021,0,'2022-10-12 05:28:46','2022-10-12 10:08:50',NULL),(2066,2022,0,'2022-10-12 05:28:46','2022-10-12 10:08:50',NULL),(2067,2023,0,'2022-10-12 05:28:46','2022-10-12 10:08:50',NULL),(2068,2024,0,'2022-10-12 05:28:46','2022-10-12 10:08:50',NULL),(2069,2025,0,'2022-10-12 05:28:46','2022-10-12 10:08:50',NULL),(2070,2026,0,'2022-10-12 05:28:47','2022-10-12 10:08:50',NULL),(2071,2027,0,'2022-10-12 05:28:47','2022-10-12 10:08:50',NULL),(2072,2028,0,'2022-10-12 05:28:47','2022-10-12 10:08:50',NULL),(2073,2029,0,'2022-10-12 05:28:47','2022-10-12 10:08:50',NULL),(2074,2030,0,'2022-10-12 05:28:47','2022-10-12 10:08:50',NULL),(2075,2031,0,'2022-10-12 05:28:47','2022-10-12 10:08:50',NULL),(2076,2032,0,'2022-10-12 05:28:47','2022-10-12 10:08:50',NULL),(2077,2033,0,'2022-10-12 05:28:47','2022-10-12 10:08:50',NULL),(2078,2034,0,'2022-10-12 05:28:47','2022-10-12 10:08:50',NULL),(2079,2035,0,'2022-10-12 05:28:47','2022-10-12 10:08:50',NULL),(2080,2036,0,'2022-10-12 05:28:47','2022-10-12 10:08:50',NULL),(2081,2037,0,'2022-10-12 05:28:47','2022-10-12 10:08:50',NULL),(2082,2038,0,'2022-10-12 05:28:47','2022-10-12 10:08:50',NULL),(2083,2039,0,'2022-10-12 05:28:47','2022-10-12 10:08:50',NULL),(2084,2040,0,'2022-10-12 05:28:47','2022-10-12 10:08:50',NULL),(2085,2041,0,'2022-10-12 05:28:47','2022-10-12 10:08:50',NULL),(2086,2042,0,'2022-10-12 05:28:47','2022-10-12 10:08:50',NULL),(2087,2043,0,'2022-10-12 05:28:47','2022-10-12 10:08:50',NULL),(2088,2044,0,'2022-10-12 05:28:47','2022-10-12 10:08:50',NULL),(2089,2045,0,'2022-10-12 05:28:47','2022-10-12 10:08:50',NULL),(2090,2046,0,'2022-10-12 05:28:47','2022-10-12 10:08:50',NULL);

--
