-- Table structure for table `sales_order_item`
--

CREATE TABLE `sales_order_item` (
  `item_id` int(10) unsigned NOT NULL AUTO_INCREMENT COMMENT 'Item ID',
  `order_id` int(10) unsigned NOT NULL DEFAULT '0' COMMENT 'Order ID',
  `parent_item_id` int(10) unsigned DEFAULT NULL COMMENT 'Parent Item ID',
  `quote_item_id` int(10) unsigned DEFAULT NULL COMMENT 'Quote Item ID',
  `store_id` smallint(5) unsigned DEFAULT NULL COMMENT 'Store ID',
  `created_at` timestamp NOT NULL DEFAULT CURRENT_TIMESTAMP COMMENT 'Created At',
  `updated_at` timestamp NOT NULL DEFAULT CURRENT_TIMESTAMP ON UPDATE CURRENT_TIMESTAMP COMMENT 'Updated At',
  `product_id` int(10) unsigned DEFAULT NULL COMMENT 'Product ID',
  `product_type` varchar(255) DEFAULT NULL COMMENT 'Product Type',
  `product_options` text COMMENT 'Product Options',
  `weight` decimal(12,4) DEFAULT '0.0000' COMMENT 'Weight',
  `is_virtual` smallint(5) unsigned DEFAULT NULL COMMENT 'Is Virtual',
  `sku` varchar(255) DEFAULT NULL COMMENT 'Sku',
  `name` varchar(255) DEFAULT NULL COMMENT 'Name',
  `description` text COMMENT 'Description',
  `applied_rule_ids` text COMMENT 'Applied Rule Ids',
  `additional_data` text COMMENT 'Additional Data',
  `is_qty_decimal` smallint(5) unsigned DEFAULT NULL COMMENT 'Is Qty Decimal',
  `no_discount` smallint(5) unsigned NOT NULL DEFAULT '0' COMMENT 'No Discount',
  `qty_backordered` decimal(12,4) DEFAULT '0.0000' COMMENT 'Qty Backordered',
  `qty_canceled` decimal(12,4) DEFAULT '0.0000' COMMENT 'Qty Canceled',
  `qty_invoiced` decimal(12,4) DEFAULT '0.0000' COMMENT 'Qty Invoiced',
  `qty_ordered` decimal(12,4) DEFAULT '0.0000' COMMENT 'Qty Ordered',
  `qty_refunded` decimal(12,4) DEFAULT '0.0000' COMMENT 'Qty Refunded',
  `qty_shipped` decimal(12,4) DEFAULT '0.0000' COMMENT 'Qty Shipped',
  `base_cost` decimal(12,4) DEFAULT '0.0000' COMMENT 'Base Cost',
  `price` decimal(12,4) NOT NULL DEFAULT '0.0000' COMMENT 'Price',
  `base_price` decimal(12,4) NOT NULL DEFAULT '0.0000' COMMENT 'Base Price',
  `original_price` decimal(12,4) DEFAULT NULL COMMENT 'Original Price',
  `base_original_price` decimal(12,4) DEFAULT NULL COMMENT 'Base Original Price',
  `tax_percent` decimal(12,4) DEFAULT '0.0000' COMMENT 'Tax Percent',
  `tax_amount` decimal(20,4) DEFAULT '0.0000' COMMENT 'Tax Amount',
  `base_tax_amount` decimal(20,4) DEFAULT '0.0000' COMMENT 'Base Tax Amount',
  `tax_invoiced` decimal(20,4) DEFAULT '0.0000' COMMENT 'Tax Invoiced',
  `base_tax_invoiced` decimal(20,4) DEFAULT '0.0000' COMMENT 'Base Tax Invoiced',
  `discount_percent` decimal(12,4) DEFAULT '0.0000' COMMENT 'Discount Percent',
  `discount_amount` decimal(20,4) DEFAULT '0.0000' COMMENT 'Discount Amount',
  `base_discount_amount` decimal(20,4) DEFAULT '0.0000' COMMENT 'Base Discount Amount',
  `discount_invoiced` decimal(20,4) DEFAULT '0.0000' COMMENT 'Discount Invoiced',
  `base_discount_invoiced` decimal(20,4) DEFAULT '0.0000' COMMENT 'Base Discount Invoiced',
  `amount_refunded` decimal(20,4) DEFAULT '0.0000' COMMENT 'Amount Refunded',
  `base_amount_refunded` decimal(20,4) DEFAULT '0.0000' COMMENT 'Base Amount Refunded',
  `row_total` decimal(20,4) NOT NULL DEFAULT '0.0000' COMMENT 'Row Total',
  `base_row_total` decimal(20,4) NOT NULL DEFAULT '0.0000' COMMENT 'Base Row Total',
  `row_invoiced` decimal(20,4) NOT NULL DEFAULT '0.0000' COMMENT 'Row Invoiced',
  `base_row_invoiced` decimal(20,4) NOT NULL DEFAULT '0.0000' COMMENT 'Base Row Invoiced',
  `row_weight` decimal(12,4) DEFAULT '0.0000' COMMENT 'Row Weight',
  `base_tax_before_discount` decimal(20,4) DEFAULT NULL COMMENT 'Base Tax Before Discount',
  `tax_before_discount` decimal(20,4) DEFAULT NULL COMMENT 'Tax Before Discount',
  `ext_order_item_id` varchar(255) DEFAULT NULL COMMENT 'Ext Order Item ID',
  `locked_do_invoice` smallint(5) unsigned DEFAULT NULL COMMENT 'Locked Do Invoice',
  `locked_do_ship` smallint(5) unsigned DEFAULT NULL COMMENT 'Locked Do Ship',
  `price_incl_tax` decimal(20,4) DEFAULT NULL COMMENT 'Price Incl Tax',
  `base_price_incl_tax` decimal(20,4) DEFAULT NULL COMMENT 'Base Price Incl Tax',
  `row_total_incl_tax` decimal(20,4) DEFAULT NULL COMMENT 'Row Total Incl Tax',
  `base_row_total_incl_tax` decimal(20,4) DEFAULT NULL COMMENT 'Base Row Total Incl Tax',
  `discount_tax_compensation_amount` decimal(20,4) DEFAULT NULL COMMENT 'Discount Tax Compensation Amount',
  `base_discount_tax_compensation_amount` decimal(20,4) DEFAULT NULL COMMENT 'Base Discount Tax Compensation Amount',
  `discount_tax_compensation_invoiced` decimal(20,4) DEFAULT NULL COMMENT 'Discount Tax Compensation Invoiced',
  `base_discount_tax_compensation_invoiced` decimal(20,4) DEFAULT NULL COMMENT 'Base Discount Tax Compensation Invoiced',
  `discount_tax_compensation_refunded` decimal(20,4) DEFAULT NULL COMMENT 'Discount Tax Compensation Refunded',
  `base_discount_tax_compensation_refunded` decimal(20,4) DEFAULT NULL COMMENT 'Base Discount Tax Compensation Refunded',
  `tax_canceled` decimal(12,4) DEFAULT NULL COMMENT 'Tax Canceled',
  `discount_tax_compensation_canceled` decimal(20,4) DEFAULT NULL COMMENT 'Discount Tax Compensation Canceled',
  `tax_refunded` decimal(20,4) DEFAULT NULL COMMENT 'Tax Refunded',
  `base_tax_refunded` decimal(20,4) DEFAULT NULL COMMENT 'Base Tax Refunded',
  `discount_refunded` decimal(20,4) DEFAULT NULL COMMENT 'Discount Refunded',
  `base_discount_refunded` decimal(20,4) DEFAULT NULL COMMENT 'Base Discount Refunded',
  `weee_tax_applied` text COMMENT 'Weee Tax Applied',
  `weee_tax_applied_amount` decimal(12,4) DEFAULT NULL COMMENT 'Weee Tax Applied Amount',
  `weee_tax_applied_row_amount` decimal(12,4) DEFAULT NULL COMMENT 'Weee Tax Applied Row Amount',
  `weee_tax_disposition` decimal(12,4) DEFAULT NULL COMMENT 'Weee Tax Disposition',
  `weee_tax_row_disposition` decimal(12,4) DEFAULT NULL COMMENT 'Weee Tax Row Disposition',
  `base_weee_tax_applied_amount` decimal(12,4) DEFAULT NULL COMMENT 'Base Weee Tax Applied Amount',
  `base_weee_tax_applied_row_amnt` decimal(12,4) DEFAULT NULL COMMENT 'Base Weee Tax Applied Row Amnt',
  `base_weee_tax_disposition` decimal(12,4) DEFAULT NULL COMMENT 'Base Weee Tax Disposition',
  `base_weee_tax_row_disposition` decimal(12,4) DEFAULT NULL COMMENT 'Base Weee Tax Row Disposition',
  `gift_message_id` int(11) DEFAULT NULL COMMENT 'Gift Message ID',
  `gift_message_available` int(11) DEFAULT NULL COMMENT 'Gift Message Available',
  `free_shipping` smallint(5) unsigned NOT NULL DEFAULT '0' COMMENT 'Free Shipping',
  `icon` text NOT NULL COMMENT 'manage icon',
  `label` text NOT NULL COMMENT 'manage label',
  PRIMARY KEY (`item_id`),
  KEY `SALES_ORDER_ITEM_ORDER_ID` (`order_id`),
  KEY `SALES_ORDER_ITEM_STORE_ID` (`store_id`),
  CONSTRAINT `SALES_ORDER_ITEM_ORDER_ID_SALES_ORDER_ENTITY_ID` FOREIGN KEY (`order_id`) REFERENCES `sales_order` (`entity_id`) ON DELETE CASCADE,
  CONSTRAINT `SALES_ORDER_ITEM_STORE_ID_STORE_STORE_ID` FOREIGN KEY (`store_id`) REFERENCES `store` (`store_id`) ON DELETE SET NULL
) ENGINE=InnoDB AUTO_INCREMENT=164 DEFAULT CHARSET=utf8 COMMENT='sales_order_item_custom';

--
-- Dumping data for table `sales_order_item`
--

INSERT INTO `sales_order_item` VALUES (1,1,NULL,NULL,1,'2022-10-12 05:29:16','2023-09-29 08:00:30',1434,'configurable','{\"info_buyRequest\":{\"qty\":\"1.0000\",\"super_attribute\":{\"142\":\"166\",\"93\":\"58\"},\"options\":[]},\"attributes_info\":[{\"label\":\"Size\",\"value\":\"XS\",\"option_id\":142,\"option_value\":\"166\"},{\"label\":\"Color\",\"value\":\"Red\",\"option_id\":93,\"option_value\":\"58\"}],\"simple_name\":\"Iris Workout Top-XS-Red\",\"simple_sku\":\"WS03-XS-Red\",\"product_calculations\":1,\"shipment_type\":0}',1.0000,NULL,'WS03-XS-Red','Iris Workout Top',NULL,'1',NULL,0,0,NULL,0.0000,1.0000,1.0000,0.0000,1.0000,NULL,29.0000,29.0000,29.0000,29.0000,8.2500,2.3900,2.3900,2.3900,2.3900,0.0000,0.0000,0.0000,0.0000,0.0000,0.0000,0.0000,29.0000,29.0000,29.0000,29.0000,1.0000,NULL,NULL,NULL,NULL,NULL,31.3900,31.3900,31.3900,31.3900,0.0000,0.0000,0.0000,0.0000,NULL,NULL,NULL,NULL,NULL,NULL,NULL,NULL,NULL,NULL,NULL,NULL,NULL,NULL,NULL,NULL,NULL,NULL,NULL,0,'',''),(2,2,NULL,NULL,1,'2022-10-12 05:29:17','2022-10-12 05:29:17',1498,'configurable','{\"info_buyRequest\":{\"qty\":\"1.0000\",\"super_attribute\":{\"142\":\"166\",\"93\":\"50\"},\"options\":[]},\"attributes_info\":[{\"label\":\"Size\",\"value\":\"XS\",\"option_id\":142,\"option_value\":\"166\"},{\"label\":\"Color\",\"value\":\"Blue\",\"option_id\":93,\"option_value\":\"50\"}],\"simple_name\":\"Minerva LumaTech&trade; V-Tee-XS-Blue\",\"simple_sku\":\"WS08-XS-Blue\",\"product_calculations\":1,\"shipment_type\":0}',1.0000,NULL,'WS08-XS-Blue','Minerva LumaTech&trade; V-Tee',NULL,'1',NULL,0,0,NULL,0.0000,1.0000,1.0000,1.0000,1.0000,NULL,32.0000,32.0000,32.0000,32.0000,8.2500,2.6400,2.6400,2.6400,2.6400,0.0000,0.0000,0.0000,0.0000,0.0000,32.0000,32.0000,32.0000,32.0000,32.0000,32.0000,1.0000,NULL,NULL,NULL,NULL,NULL,34.6400,34.6400,34.6400,34.6400,0.0000,0.0000,0.0000,0.0000,0.0000,0.0000,NULL,NULL,2.6400,2.6400,0.0000,0.0000,'[]',NULL,NULL,NULL,NULL,NULL,NULL,NULL,NULL,NULL,NULL,0,'',''),(3,3,NULL,10,4,'2022-10-12 13:17:54','2022-10-12 13:17:54',1,'simple','{\"info_buyRequest\":{\"uenc\":\"aHR0cDovL2N1c3RvbW9yZGVybnVtYmVyLnVwZ3JhZGVkZW1vOS5tYWdlYW50cy5iaXovZ2Vhci9iYWdzLmh0bWw,\",\"product\":\"1\",\"qty\":1}}',NULL,0,'24-MB01','Joust Duffle Bag',NULL,NULL,NULL,0,0,NULL,0.0000,0.0000,1.0000,0.0000,0.0000,NULL,34.0000,34.0000,34.0000,34.0000,0.0000,0.0000,0.0000,0.0000,0.0000,0.0000,0.0000,0.0000,0.0000,0.0000,0.0000,0.0000,34.0000,34.0000,0.0000,0.0000,0.0000,NULL,NULL,NULL,NULL,NULL,34.0000,34.0000,34.0000,34.0000,0.0000,0.0000,NULL,NULL,NULL,NULL,NULL,NULL,NULL,NULL,NULL,NULL,NULL,NULL,NULL,NULL,NULL,NULL,NULL,NULL,NULL,NULL,0,0,'',''),(4,4,NULL,11,2,'2022-10-14 09:38:24','2022-10-14 09:38:24',2,'simple','{\"info_buyRequest\":{\"uenc\":\"aHR0cDovL2NoZWNrb3V0c3VjY2Vzc3BhZ2UudXBncmFkZWRlbW85Lm1hZ2VhbnRzLmJpei9nZWFyL2JhZ3MuaHRtbA,,\",\"product\":\"2\",\"qty\":1}}',NULL,0,'24-MB04','Strive Shoulder Pack',NULL,NULL,NULL,0,0,NULL,0.0000,0.0000,1.0000,0.0000,0.0000,NULL,32.0000,32.0000,32.0000,32.0000,0.0000,0.0000,0.0000,0.0000,0.0000,0.0000,0.0000,0.0000,0.0000,0.0000,0.0000,0.0000,32.0000,32.0000,0.0000,0.0000,0.0000,NULL,NULL,NULL,NULL,NULL,32.0000,32.0000,32.0000,32.0000,0.0000,0.0000,NULL,NULL,NULL,NULL,NULL,NULL,NULL,NULL,NULL,NULL,NULL,NULL,NULL,NULL,NULL,NULL,NULL,NULL,NULL,NULL,0,0,'',''),(5,4,NULL,12,2,'2022-10-14 09:38:24','2022-10-14 09:38:24',3,'simple','{\"info_buyRequest\":{\"uenc\":\"aHR0cDovL2NoZWNrb3V0c3VjY2Vzc3BhZ2UudXBncmFkZWRlbW85Lm1hZ2VhbnRzLmJpei9nZWFyL2JhZ3MuaHRtbA,,\",\"product\":\"3\",\"qty\":1}}',NULL,0,'24-MB03','Crown Summit Backpack',NULL,NULL,NULL,0,0,NULL,0.0000,0.0000,1.0000,0.0000,0.0000,NULL,38.0000,38.0000,38.0000,38.0000,0.0000,0.0000,0.0000,0.0000,0.0000,0.0000,0.0000,0.0000,0.0000,0.0000,0.0000,0.0000,38.0000,38.0000,0.0000,0.0000,0.0000,NULL,NULL,NULL,NULL,NULL,38.0000,38.0000,38.0000,38.0000,0.0000,0.0000,NULL,NULL,NULL,NULL,NULL,NULL,NULL,NULL,NULL,NULL,NULL,NULL,NULL,NULL,NULL,NULL,NULL,NULL,NULL,NULL,0,0,'',''),(6,5,NULL,13,2,'2022-11-02 06:11:25','2022-11-02 06:11:25',8,'simple','{\"info_buyRequest\":{\"uenc\":\"aHR0cDovL2NoZWNrb3V0c3VjY2Vzc3BhZ2UudXBncmFkZWRlbW85Lm1hZ2VhbnRzLmJpei9nZWFyL2JhZ3MuaHRtbA,,\",\"product\":\"8\",\"qty\":1}}',NULL,0,'24-WB01','Voyage Yoga Bag',NULL,NULL,NULL,0,0,NULL,0.0000,0.0000,1.0000,0.0000,0.0000,NULL,32.0000,32.0000,32.0000,32.0000,0.0000,0.0000,0.0000,0.0000,0.0000,0.0000,0.0000,0.0000,0.0000,0.0000,0.0000,0.0000,32.0000,32.0000,0.0000,0.0000,0.0000,NULL,NULL,NULL,NULL,NULL,32.0000,32.0000,32.0000,32.0000,0.0000,0.0000,NULL,NULL,NULL,NULL,NULL,NULL,NULL,NULL,NULL,NULL,NULL,NULL,NULL,NULL,NULL,NULL,NULL,NULL,NULL,NULL,0,0,'',''),(7,5,NULL,14,2,'2022-11-02 06:11:25','2022-11-02 06:11:25',5,'simple','{\"info_buyRequest\":{\"uenc\":\"aHR0cDovL2NoZWNrb3V0c3VjY2Vzc3BhZ2UudXBncmFkZWRlbW85Lm1hZ2VhbnRzLmJpei9yaXZhbC1maWVsZC1tZXNzZW5nZXIuaHRtbA,,\",\"product\":\"5\",\"selected_configurable_option\":\"\",\"related_product\":\"\",\"item\":\"5\",\"qty\":\"1\"}}',NULL,0,'24-MB06','Rival Field Messenger',NULL,NULL,NULL,0,0,NULL,0.0000,0.0000,1.0000,0.0000,0.0000,NULL,45.0000,45.0000,45.0000,45.0000,0.0000,0.0000,0.0000,0.0000,0.0000,0.0000,0.0000,0.0000,0.0000,0.0000,0.0000,0.0000,45.0000,45.0000,0.0000,0.0000,0.0000,NULL,NULL,NULL,NULL,NULL,45.0000,45.0000,45.0000,45.0000,0.0000,0.0000,NULL,NULL,NULL,NULL,NULL,NULL,NULL,NULL,NULL,NULL,NULL,NULL,NULL,NULL,NULL,NULL,NULL,NULL,NULL,NULL,0,0,'',''),(8,6,NULL,15,3,'2022-11-02 07:11:18','2022-11-02 07:11:18',15,'simple','{\"info_buyRequest\":{\"uenc\":\"aHR0cDovL2N1c3RvbWVyYXBwcm92YWwudXBncmFkZWRlbW85Lm1hZ2VhbnRzLmJpei9nZWFyL2ZpdG5lc3MtZXF1aXBtZW50Lmh0bWw,\",\"product\":\"15\",\"qty\":1}}',NULL,0,'24-UG06','Affirm Water Bottle ',NULL,NULL,NULL,0,0,NULL,0.0000,0.0000,1.0000,0.0000,0.0000,NULL,7.0000,7.0000,7.0000,7.0000,0.0000,0.0000,0.0000,0.0000,0.0000,0.0000,0.0000,0.0000,0.0000,0.0000,0.0000,0.0000,7.0000,7.0000,0.0000,0.0000,0.0000,NULL,NULL,NULL,NULL,NULL,7.0000,7.0000,7.0000,7.0000,0.0000,0.0000,NULL,NULL,NULL,NULL,NULL,NULL,NULL,NULL,NULL,NULL,NULL,NULL,NULL,NULL,NULL,NULL,NULL,NULL,NULL,NULL,NULL,0,'',''),(9,7,NULL,16,4,'2022-11-02 07:33:35','2022-11-02 07:42:09',1,'simple','{\"info_buyRequest\":{\"uenc\":\"aHR0cDovL2N1c3RvbW9yZGVybnVtYmVyLnVwZ3JhZGVkZW1vOS5tYWdlYW50cy5iaXovZ2Vhci9iYWdzLmh0bWw,\",\"product\":\"1\",\"qty\":1}}',NULL,0,'24-MB01','Joust Duffle Bag',NULL,NULL,NULL,0,0,NULL,0.0000,1.0000,1.0000,1.0000,1.0000,NULL,34.0000,34.0000,34.0000,34.0000,0.0000,0.0000,0.0000,0.0000,0.0000,0.0000,0.0000,0.0000,0.0000,0.0000,34.0000,34.0000,34.0000,34.0000,34.0000,34.0000,0.0000,NULL,NULL,NULL,NULL,NULL,34.0000,34.0000,34.0000,34.0000,0.0000,0.0000,0.0000,0.0000,0.0000,0.0000,NULL,NULL,0.0000,0.0000,0.0000,0.0000,'[]',NULL,NULL,NULL,NULL,NULL,NULL,NULL,NULL,NULL,0,0,'',''),(10,8,NULL,17,4,'2022-11-02 07:45:12','2022-11-02 07:45:12',2,'simple','{\"info_buyRequest\":{\"uenc\":\"aHR0cDovL2N1c3RvbW9yZGVybnVtYmVyLnVwZ3JhZGVkZW1vOS5tYWdlYW50cy5iaXovc3RyaXZlLXNob3VsZGVyLXBhY2suaHRtbA,,\",\"product\":\"2\",\"selected_configurable_option\":\"\",\"related_product\":\"\",\"item\":\"2\",\"qty\":\"1\"}}',NULL,0,'24-MB04','Strive Shoulder Pack',NULL,NULL,NULL,0,0,NULL,0.0000,0.0000,1.0000,0.0000,0.0000,NULL,32.0000,32.0000,32.0000,32.0000,0.0000,0.0000,0.0000,0.0000,0.0000,0.0000,0.0000,0.0000,0.0000,0.0000,0.0000,0.0000,32.0000,32.0000,0.0000,0.0000,0.0000,NULL,NULL,NULL,NULL,NULL,32.0000,32.0000,32.0000,32.0000,0.0000,0.0000,NULL,NULL,NULL,NULL,NULL,NULL,NULL,NULL,NULL,NULL,NULL,NULL,NULL,NULL,NULL,NULL,NULL,NULL,NULL,NULL,0,0,'',''),(11,9,NULL,18,4,'2022-11-02 07:48:34','2022-11-02 07:48:34',3,'simple','{\"info_buyRequest\":{\"uenc\":\"aHR0cDovL2N1c3RvbW9yZGVybnVtYmVyLnVwZ3JhZGVkZW1vOS5tYWdlYW50cy5iaXovZ2Vhci9iYWdzLmh0bWw,\",\"product\":\"3\",\"qty\":1}}',NULL,0,'24-MB03','Crown Summit Backpack',NULL,NULL,NULL,0,0,NULL,0.0000,0.0000,1.0000,0.0000,0.0000,NULL,38.0000,38.0000,38.0000,38.0000,0.0000,0.0000,0.0000,0.0000,0.0000,0.0000,0.0000,0.0000,0.0000,0.0000,0.0000,0.0000,38.0000,38.0000,0.0000,0.0000,0.0000,NULL,NULL,NULL,NULL,NULL,38.0000,38.0000,38.0000,38.0000,0.0000,0.0000,NULL,NULL,NULL,NULL,NULL,NULL,NULL,NULL,NULL,NULL,NULL,NULL,NULL,NULL,NULL,NULL,NULL,NULL,NULL,NULL,0,0,'',''),(12,10,NULL,19,5,'2022-11-02 07:56:25','2022-11-02 07:56:25',6,'simple','{\"info_buyRequest\":{\"uenc\":\"aHR0cDovL2N1c3RvbXN0b2Nrc3RhdHVzLnVwZ3JhZGVkZW1vOS5tYWdlYW50cy5iaXovZnVzaW9uLWJhY2twYWNrLmh0bWw,\",\"product\":\"6\",\"selected_configurable_option\":\"\",\"related_product\":\"\",\"item\":\"6\",\"qty\":\"1\"}}',NULL,0,'24-MB02','Fusion Backpack',NULL,NULL,NULL,0,0,NULL,0.0000,0.0000,1.0000,0.0000,0.0000,NULL,59.0000,59.0000,59.0000,59.0000,0.0000,0.0000,0.0000,0.0000,0.0000,0.0000,0.0000,0.0000,0.0000,0.0000,0.0000,0.0000,59.0000,59.0000,0.0000,0.0000,0.0000,NULL,NULL,NULL,NULL,NULL,59.0000,59.0000,59.0000,59.0000,0.0000,0.0000,NULL,NULL,NULL,NULL,NULL,NULL,NULL,NULL,NULL,NULL,NULL,NULL,NULL,NULL,NULL,NULL,NULL,NULL,NULL,NULL,0,0,'',''),(13,11,NULL,20,5,'2022-11-02 07:58:25','2022-11-02 07:58:25',6,'simple','{\"info_buyRequest\":{\"uenc\":\"aHR0cDovL2N1c3RvbXN0b2Nrc3RhdHVzLnVwZ3JhZGVkZW1vOS5tYWdlYW50cy5iaXovY2F0YWxvZ3NlYXJjaC9yZXN1bHQvP3E9ZnVzaW9u\",\"product\":\"6\",\"qty\":1}}',NULL,0,'24-MB02','Fusion Backpack',NULL,NULL,NULL,0,0,NULL,0.0000,0.0000,1.0000,0.0000,0.0000,NULL,59.0000,59.0000,59.0000,59.0000,0.0000,0.0000,0.0000,0.0000,0.0000,0.0000,0.0000,0.0000,0.0000,0.0000,0.0000,0.0000,59.0000,59.0000,0.0000,0.0000,0.0000,NULL,NULL,NULL,NULL,NULL,59.0000,59.0000,59.0000,59.0000,0.0000,0.0000,NULL,NULL,NULL,NULL,NULL,NULL,NULL,NULL,NULL,NULL,NULL,NULL,NULL,NULL,NULL,NULL,NULL,NULL,NULL,NULL,0,0,'',''),(14,12,NULL,21,5,'2022-11-02 08:11:36','2022-11-02 08:11:36',6,'simple','{\"info_buyRequest\":{\"uenc\":\"aHR0cDovL2N1c3RvbXN0b2Nrc3RhdHVzLnVwZ3JhZGVkZW1vOS5tYWdlYW50cy5iaXovZ2Vhci9iYWdzLmh0bWw,\",\"product\":\"6\",\"qty\":1}}',NULL,0,'24-MB02','Fusion Backpack',NULL,NULL,NULL,0,0,NULL,0.0000,0.0000,1.0000,0.0000,0.0000,NULL,59.0000,59.0000,59.0000,59.0000,0.0000,0.0000,0.0000,0.0000,0.0000,0.0000,0.0000,0.0000,0.0000,0.0000,0.0000,0.0000,59.0000,59.0000,0.0000,0.0000,0.0000,NULL,NULL,NULL,NULL,NULL,59.0000,59.0000,59.0000,59.0000,0.0000,0.0000,NULL,NULL,NULL,NULL,NULL,NULL,NULL,NULL,NULL,NULL,NULL,NULL,NULL,NULL,NULL,NULL,NULL,NULL,NULL,NULL,0,0,'',''),(15,12,NULL,22,5,'2022-11-02 08:11:36','2022-11-02 08:11:36',7,'simple','{\"info_buyRequest\":{\"uenc\":\"aHR0cDovL2N1c3RvbXN0b2Nrc3RhdHVzLnVwZ3JhZGVkZW1vOS5tYWdlYW50cy5iaXovaW1wdWxzZS1kdWZmbGUuaHRtbA,,\",\"product\":\"7\",\"selected_configurable_option\":\"\",\"related_product\":\"\",\"item\":\"7\",\"qty\":\"1\"}}',NULL,0,'24-UB02','Impulse Duffle',NULL,NULL,NULL,0,0,NULL,0.0000,0.0000,1.0000,0.0000,0.0000,NULL,74.0000,74.0000,74.0000,74.0000,0.0000,0.0000,0.0000,0.0000,0.0000,0.0000,0.0000,0.0000,0.0000,0.0000,0.0000,0.0000,74.0000,74.0000,0.0000,0.0000,0.0000,NULL,NULL,NULL,NULL,NULL,74.0000,74.0000,74.0000,74.0000,0.0000,0.0000,NULL,NULL,NULL,NULL,NULL,NULL,NULL,NULL,NULL,NULL,NULL,NULL,NULL,NULL,NULL,NULL,NULL,NULL,NULL,NULL,0,0,'',''),(16,13,NULL,23,5,'2022-11-02 08:14:14','2022-11-02 08:14:14',9,'simple','{\"info_buyRequest\":{\"uenc\":\"aHR0cDovL2N1c3RvbXN0b2Nrc3RhdHVzLnVwZ3JhZGVkZW1vOS5tYWdlYW50cy5iaXovY29tcGV0ZS10cmFjay10b3RlLmh0bWw,\",\"product\":\"9\",\"selected_configurable_option\":\"\",\"related_product\":\"\",\"item\":\"9\",\"qty\":\"1\"}}',NULL,0,'24-WB02','Compete Track Tote',NULL,NULL,NULL,0,0,NULL,0.0000,0.0000,1.0000,0.0000,0.0000,NULL,32.0000,32.0000,32.0000,32.0000,0.0000,0.0000,0.0000,0.0000,0.0000,0.0000,0.0000,0.0000,0.0000,0.0000,0.0000,0.0000,32.0000,32.0000,0.0000,0.0000,0.0000,NULL,NULL,NULL,NULL,NULL,32.0000,32.0000,32.0000,32.0000,0.0000,0.0000,NULL,NULL,NULL,NULL,NULL,NULL,NULL,NULL,NULL,NULL,NULL,NULL,NULL,NULL,NULL,NULL,NULL,NULL,NULL,NULL,0,0,'',''),(17,14,NULL,24,5,'2022-11-02 08:16:18','2022-11-02 08:16:18',4,'simple','{\"info_buyRequest\":{\"uenc\":\"aHR0cDovL2N1c3RvbXN0b2Nrc3RhdHVzLnVwZ3JhZGVkZW1vOS5tYWdlYW50cy5iaXovZ2Vhci9iYWdzLmh0bWw,\",\"product\":\"4\",\"qty\":1}}',NULL,0,'24-MB05','Wayfarer Messenger Bag',NULL,NULL,NULL,0,0,NULL,0.0000,0.0000,1.0000,0.0000,0.0000,NULL,45.0000,45.0000,45.0000,45.0000,8.2500,3.7100,3.7100,0.0000,0.0000,0.0000,0.0000,0.0000,0.0000,0.0000,0.0000,0.0000,45.0000,45.0000,0.0000,0.0000,0.0000,NULL,NULL,NULL,NULL,NULL,48.7100,48.7100,48.7100,48.7100,0.0000,0.0000,NULL,NULL,NULL,NULL,NULL,NULL,NULL,NULL,NULL,NULL,NULL,NULL,NULL,NULL,NULL,NULL,NULL,NULL,NULL,NULL,0,0,'',''),(18,15,NULL,49,5,'2022-11-03 09:54:48','2022-11-03 09:54:48',1,'simple','{\"info_buyRequest\":{\"uenc\":\"aHR0cDovL2N1c3RvbXN0b2Nrc3RhdHVzLnVwZ3JhZGVkZW1vOS5tYWdlYW50cy5iaXovam91c3QtZHVmZmxlLWJhZy5odG1s\",\"product\":\"1\",\"selected_configurable_option\":\"\",\"related_product\":\"\",\"item\":\"1\",\"qty\":\"1\"}}',NULL,0,'24-MB01','Joust Duffle Bag',NULL,NULL,NULL,0,0,NULL,0.0000,0.0000,1.0000,0.0000,0.0000,NULL,34.0000,34.0000,34.0000,34.0000,0.0000,0.0000,0.0000,0.0000,0.0000,0.0000,0.0000,0.0000,0.0000,0.0000,0.0000,0.0000,34.0000,34.0000,0.0000,0.0000,0.0000,NULL,NULL,NULL,NULL,NULL,34.0000,34.0000,34.0000,34.0000,0.0000,0.0000,NULL,NULL,NULL,NULL,NULL,NULL,NULL,NULL,NULL,NULL,NULL,NULL,NULL,NULL,NULL,NULL,NULL,NULL,NULL,NULL,0,0,'',''),(19,16,NULL,136,2,'2022-11-22 11:59:29','2022-11-22 11:59:29',1,'simple','{\"info_buyRequest\":{\"uenc\":\"aHR0cDovL2NoZWNrb3V0c3VjY2Vzc3BhZ2UuZGVtbzkubWFnZWFudHMuYml6L2pvdXN0LWR1ZmZsZS1iYWcuaHRtbA,,\",\"product\":\"1\",\"selected_configurable_option\":\"\",\"related_product\":\"\",\"item\":\"1\",\"qty\":\"1\"}}',NULL,0,'24-MB01','Joust Duffle Bag',NULL,NULL,NULL,0,0,NULL,0.0000,0.0000,1.0000,0.0000,0.0000,NULL,34.0000,34.0000,34.0000,34.0000,0.0000,0.0000,0.0000,0.0000,0.0000,0.0000,0.0000,0.0000,0.0000,0.0000,0.0000,0.0000,34.0000,34.0000,0.0000,0.0000,0.0000,NULL,NULL,NULL,NULL,NULL,34.0000,34.0000,34.0000,34.0000,0.0000,0.0000,NULL,NULL,NULL,NULL,NULL,NULL,NULL,NULL,NULL,NULL,NULL,NULL,NULL,NULL,NULL,NULL,NULL,NULL,NULL,NULL,0,0,'',''),(20,17,NULL,137,2,'2022-11-22 12:01:41','2022-11-22 12:01:41',3,'simple','{\"info_buyRequest\":{\"uenc\":\"aHR0cDovL2NoZWNrb3V0c3VjY2Vzc3BhZ2UuZGVtbzkubWFnZWFudHMuYml6L2dlYXIvYmFncy5odG1s\",\"product\":\"3\",\"qty\":1}}',NULL,0,'24-MB03','Crown Summit Backpack',NULL,NULL,NULL,0,0,NULL,0.0000,0.0000,1.0000,0.0000,0.0000,NULL,38.0000,38.0000,38.0000,38.0000,0.0000,0.0000,0.0000,0.0000,0.0000,0.0000,0.0000,0.0000,0.0000,0.0000,0.0000,0.0000,38.0000,38.0000,0.0000,0.0000,0.0000,NULL,NULL,NULL,NULL,NULL,38.0000,38.0000,38.0000,38.0000,0.0000,0.0000,NULL,NULL,NULL,NULL,NULL,NULL,NULL,NULL,NULL,NULL,NULL,NULL,NULL,NULL,NULL,NULL,NULL,NULL,NULL,NULL,0,0,'',''),(21,18,NULL,138,2,'2022-11-22 12:13:08','2022-11-22 12:13:08',276,'configurable','{\"info_buyRequest\":{\"uenc\":\"aHR0cDovL2NoZWNrb3V0c3VjY2Vzc3BhZ2UuZGVtbzkubWFnZWFudHMuYml6L21lbi90b3BzLW1lbi9qYWNrZXRzLW1lbi5odG1s\",\"product\":\"276\",\"super_attribute\":{\"142\":\"167\",\"93\":\"58\"},\"qty\":1},\"attributes_info\":[{\"label\":\"Size\",\"value\":\"S\",\"option_id\":142,\"option_value\":\"167\"},{\"label\":\"Color\",\"value\":\"Red\",\"option_id\":93,\"option_value\":\"58\"}],\"simple_name\":\"Beaumont Summit Kit-S-Red\",\"simple_sku\":\"MJ01-S-Red\",\"product_calculations\":1,\"shipment_type\":0}',1.0000,0,'MJ01-S-Red','Beaumont Summit Kit',NULL,NULL,NULL,0,0,NULL,0.0000,0.0000,1.0000,0.0000,0.0000,NULL,42.0000,42.0000,42.0000,42.0000,0.0000,0.0000,0.0000,0.0000,0.0000,0.0000,0.0000,0.0000,0.0000,0.0000,0.0000,0.0000,42.0000,42.0000,0.0000,0.0000,1.0000,NULL,NULL,NULL,NULL,NULL,42.0000,42.0000,42.0000,42.0000,0.0000,0.0000,NULL,NULL,NULL,NULL,NULL,NULL,NULL,NULL,NULL,NULL,NULL,NULL,NULL,NULL,NULL,NULL,NULL,NULL,NULL,NULL,NULL,0,'',''),(22,18,21,139,2,'2022-11-22 12:13:08','2022-11-22 12:13:08',265,'simple','{\"info_buyRequest\":{\"uenc\":\"aHR0cDovL2NoZWNrb3V0c3VjY2Vzc3BhZ2UuZGVtbzkubWFnZWFudHMuYml6L21lbi90b3BzLW1lbi9qYWNrZXRzLW1lbi5odG1s\",\"product\":\"276\",\"super_attribute\":{\"142\":\"167\",\"93\":\"58\"},\"qty\":1}}',1.0000,0,'MJ01-S-Red','Beaumont Summit Kit-S-Red',NULL,NULL,NULL,0,0,NULL,0.0000,0.0000,1.0000,0.0000,0.0000,NULL,0.0000,0.0000,0.0000,NULL,0.0000,0.0000,0.0000,0.0000,0.0000,0.0000,0.0000,0.0000,0.0000,0.0000,0.0000,0.0000,0.0000,0.0000,0.0000,0.0000,0.0000,NULL,NULL,NULL,NULL,NULL,NULL,NULL,NULL,NULL,NULL,NULL,NULL,NULL,NULL,NULL,NULL,NULL,NULL,NULL,NULL,NULL,NULL,NULL,NULL,NULL,NULL,NULL,NULL,NULL,NULL,NULL,NULL,0,'',''),(23,19,NULL,140,2,'2022-11-22 12:23:30','2022-11-22 12:29:37',1,'simple','{\"info_buyRequest\":{\"uenc\":\"aHR0cDovL2NoZWNrb3V0c3VjY2Vzc3BhZ2UuZGVtbzkubWFnZWFudHMuYml6L2pvdXN0LWR1ZmZsZS1iYWcuaHRtbA,,\",\"product\":\"1\",\"selected_configurable_option\":\"\",\"related_product\":\"\",\"item\":\"1\",\"qty\":\"1\"}}',NULL,0,'24-MB01','Joust Duffle Bag',NULL,NULL,NULL,0,0,NULL,0.0000,1.0000,1.0000,0.0000,1.0000,NULL,34.0000,34.0000,34.0000,34.0000,0.0000,0.0000,0.0000,0.0000,0.0000,0.0000,0.0000,0.0000,0.0000,0.0000,0.0000,0.0000,34.0000,34.0000,34.0000,34.0000,0.0000,NULL,NULL,NULL,NULL,NULL,34.0000,34.0000,34.0000,34.0000,0.0000,0.0000,0.0000,0.0000,NULL,NULL,NULL,NULL,NULL,NULL,NULL,NULL,'[]',NULL,NULL,NULL,NULL,NULL,NULL,NULL,NULL,NULL,0,0,'',''),(24,20,NULL,141,2,'2022-11-22 13:50:49','2022-11-22 13:50:49',1,'simple','{\"info_buyRequest\":{\"uenc\":\"aHR0cDovL2NoZWNrb3V0c3VjY2Vzc3BhZ2UuZGVtbzkubWFnZWFudHMuYml6L2pvdXN0LWR1ZmZsZS1iYWcuaHRtbA,,\",\"product\":\"1\",\"selected_configurable_option\":\"\",\"related_product\":\"\",\"item\":\"1\",\"qty\":\"1\"}}',NULL,0,'24-MB01','Joust Duffle Bag',NULL,NULL,NULL,0,0,NULL,0.0000,0.0000,1.0000,0.0000,0.0000,NULL,34.0000,34.0000,34.0000,34.0000,0.0000,0.0000,0.0000,0.0000,0.0000,0.0000,0.0000,0.0000,0.0000,0.0000,0.0000,0.0000,34.0000,34.0000,0.0000,0.0000,0.0000,NULL,NULL,NULL,NULL,NULL,34.0000,34.0000,34.0000,34.0000,0.0000,0.0000,NULL,NULL,NULL,NULL,NULL,NULL,NULL,NULL,NULL,NULL,NULL,NULL,NULL,NULL,NULL,NULL,NULL,NULL,NULL,NULL,0,0,'',''),(25,21,NULL,143,4,'2022-11-23 10:34:23','2022-11-23 10:38:50',2,'simple','{\"info_buyRequest\":{\"uenc\":\"aHR0cDovL2N1c3RvbW9yZGVybnVtYmVyLmRlbW85Lm1hZ2VhbnRzLmJpei9nZWFyL2JhZ3MuaHRtbA,,\",\"product\":\"2\",\"qty\":1}}',NULL,0,'24-MB04','Strive Shoulder Pack',NULL,NULL,NULL,0,0,NULL,0.0000,1.0000,1.0000,1.0000,1.0000,NULL,32.0000,32.0000,32.0000,32.0000,0.0000,0.0000,0.0000,0.0000,0.0000,0.0000,0.0000,0.0000,0.0000,0.0000,32.0000,32.0000,32.0000,32.0000,32.0000,32.0000,0.0000,NULL,NULL,NULL,NULL,NULL,32.0000,32.0000,32.0000,32.0000,0.0000,0.0000,0.0000,0.0000,0.0000,0.0000,NULL,NULL,0.0000,0.0000,0.0000,0.0000,'[]',NULL,NULL,NULL,NULL,NULL,NULL,NULL,NULL,NULL,0,0,'',''),(26,22,NULL,144,4,'2022-11-23 11:02:20','2022-11-23 11:04:19',17,'simple','{\"info_buyRequest\":{\"uenc\":\"aHR0cDovL2N1c3RvbW9yZGVybnVtYmVyLmRlbW85Lm1hZ2VhbnRzLmJpei9nZWFyL2ZpdG5lc3MtZXF1aXBtZW50Lmh0bWw,\",\"product\":\"17\",\"qty\":1}}',NULL,0,'24-UG04','Zing Jump Rope',NULL,NULL,NULL,0,0,NULL,0.0000,1.0000,1.0000,1.0000,1.0000,NULL,12.0000,12.0000,12.0000,12.0000,0.0000,0.0000,0.0000,0.0000,0.0000,0.0000,0.0000,0.0000,0.0000,0.0000,12.0000,12.0000,12.0000,12.0000,12.0000,12.0000,0.0000,NULL,NULL,NULL,NULL,NULL,12.0000,12.0000,12.0000,12.0000,0.0000,0.0000,0.0000,0.0000,0.0000,0.0000,NULL,NULL,0.0000,0.0000,0.0000,0.0000,'[]',NULL,NULL,NULL,NULL,NULL,NULL,NULL,NULL,NULL,NULL,0,'',''),(27,22,NULL,145,4,'2022-11-23 11:02:20','2022-11-23 11:04:19',14,'simple','{\"info_buyRequest\":{\"uenc\":\"aHR0cDovL2N1c3RvbW9yZGVybnVtYmVyLmRlbW85Lm1hZ2VhbnRzLmJpei9nZWFyLmh0bWw,\",\"product\":\"14\",\"qty\":1}}',NULL,0,'24-WB04','Push It Messenger Bag',NULL,NULL,NULL,0,0,NULL,0.0000,1.0000,1.0000,1.0000,1.0000,NULL,45.0000,45.0000,45.0000,45.0000,0.0000,0.0000,0.0000,0.0000,0.0000,0.0000,0.0000,0.0000,0.0000,0.0000,45.0000,45.0000,45.0000,45.0000,45.0000,45.0000,0.0000,NULL,NULL,NULL,NULL,NULL,45.0000,45.0000,45.0000,45.0000,0.0000,0.0000,0.0000,0.0000,0.0000,0.0000,NULL,NULL,0.0000,0.0000,0.0000,0.0000,'[]',NULL,NULL,NULL,NULL,NULL,NULL,NULL,NULL,NULL,0,0,'',''),(28,23,NULL,146,5,'2022-11-23 11:19:01','2022-11-23 11:19:01',3,'simple','{\"info_buyRequest\":{\"uenc\":\"aHR0cDovL2N1c3RvbXN0b2Nrc3RhdHVzLmRlbW85Lm1hZ2VhbnRzLmJpei9jcm93bi1zdW1taXQtYmFja3BhY2suaHRtbA,,\",\"product\":\"3\",\"selected_configurable_option\":\"\",\"related_product\":\"\",\"item\":\"3\",\"qty\":\"1\"}}',NULL,0,'24-MB03','Crown Summit Backpack',NULL,NULL,NULL,0,0,NULL,0.0000,0.0000,1.0000,0.0000,0.0000,NULL,38.0000,38.0000,38.0000,38.0000,0.0000,0.0000,0.0000,0.0000,0.0000,0.0000,0.0000,0.0000,0.0000,0.0000,0.0000,0.0000,38.0000,38.0000,0.0000,0.0000,0.0000,NULL,NULL,NULL,NULL,NULL,38.0000,38.0000,38.0000,38.0000,0.0000,0.0000,NULL,NULL,NULL,NULL,NULL,NULL,NULL,NULL,NULL,NULL,NULL,NULL,NULL,NULL,NULL,NULL,NULL,NULL,NULL,NULL,0,0,'',''),(29,24,NULL,150,7,'2022-11-23 12:32:44','2022-11-23 12:32:44',14,'simple','{\"info_buyRequest\":{\"uenc\":\"aHR0cDovL2ltcG9ydGNvdXBvbi5kZW1vOS5tYWdlYW50cy5iaXovZ2Vhci9iYWdzLmh0bWw_cD0y\",\"product\":\"14\",\"qty\":1}}',NULL,0,'24-WB04','Push It Messenger Bag',NULL,NULL,NULL,0,0,NULL,0.0000,0.0000,1.0000,0.0000,0.0000,NULL,45.0000,45.0000,45.0000,45.0000,0.0000,0.0000,0.0000,0.0000,0.0000,0.0000,0.0000,0.0000,0.0000,0.0000,0.0000,0.0000,45.0000,45.0000,0.0000,0.0000,0.0000,NULL,NULL,NULL,NULL,NULL,45.0000,45.0000,45.0000,45.0000,0.0000,0.0000,NULL,NULL,NULL,NULL,NULL,NULL,NULL,NULL,NULL,NULL,NULL,NULL,NULL,NULL,NULL,NULL,NULL,NULL,NULL,NULL,0,0,'',''),(30,25,NULL,158,11,'2022-11-23 13:21:39','2022-11-23 13:21:39',1,'simple','{\"info_buyRequest\":{\"uenc\":\"aHR0cDovL3NhbXBsZXByb2R1Y3QuZGVtbzkubWFnZWFudHMuYml6L2NhdGFsb2cvcHJvZHVjdC92aWV3L2lkLzEvcy9qb3VzdC1kdWZmbGUtYmFnL2NhdGVnb3J5LzQv\",\"product\":\"1\",\"selected_configurable_option\":\"\",\"related_product\":\"\",\"item\":\"1\",\"qty\":\"1\",\"sample-price\":\"15\",\"isSample\":\"1\"},\"additional_options\":[{\"label\":\"Sample Order\",\"value\":\" - Yes\"}]}',NULL,0,'24-MB01','Joust Duffle Bag',NULL,NULL,NULL,0,0,NULL,0.0000,0.0000,2.0000,0.0000,0.0000,NULL,15.0000,15.0000,34.0000,34.0000,0.0000,0.0000,0.0000,0.0000,0.0000,0.0000,0.0000,0.0000,0.0000,0.0000,0.0000,0.0000,30.0000,30.0000,0.0000,0.0000,0.0000,NULL,NULL,NULL,NULL,NULL,15.0000,15.0000,30.0000,30.0000,0.0000,0.0000,NULL,NULL,NULL,NULL,NULL,NULL,NULL,NULL,NULL,NULL,NULL,NULL,NULL,NULL,NULL,NULL,NULL,NULL,NULL,NULL,0,0,'',''),(31,25,NULL,159,11,'2022-11-23 13:21:39','2022-11-23 13:21:39',1,'simple','{\"info_buyRequest\":{\"uenc\":\"aHR0cDovL3NhbXBsZXByb2R1Y3QuZGVtbzkubWFnZWFudHMuYml6L2NhdGFsb2cvcHJvZHVjdC92aWV3L2lkLzEvcy9qb3VzdC1kdWZmbGUtYmFnL2NhdGVnb3J5LzQv\",\"product\":\"1\",\"selected_configurable_option\":\"\",\"related_product\":\"\",\"item\":\"1\",\"qty\":\"1\",\"sample-price\":\"15\",\"isSample\":\"0\"}}',NULL,0,'24-MB01','Joust Duffle Bag',NULL,NULL,NULL,0,0,NULL,0.0000,0.0000,1.0000,0.0000,0.0000,NULL,34.0000,34.0000,34.0000,34.0000,0.0000,0.0000,0.0000,0.0000,0.0000,0.0000,0.0000,0.0000,0.0000,0.0000,0.0000,0.0000,34.0000,34.0000,0.0000,0.0000,0.0000,NULL,NULL,NULL,NULL,NULL,34.0000,34.0000,34.0000,34.0000,0.0000,0.0000,NULL,NULL,NULL,NULL,NULL,NULL,NULL,NULL,NULL,NULL,NULL,NULL,NULL,NULL,NULL,NULL,NULL,NULL,NULL,NULL,0,0,'',''),(32,26,NULL,169,1,'2023-01-23 05:25:11','2023-01-23 05:25:11',40,'simple','{\"info_buyRequest\":{\"uenc\":\"aHR0cDovL2RlbW85Lm1hZ2VhbnRzLmJpei9nZWFyL3dhdGNoZXMuaHRtbA,,\",\"product\":\"40\",\"qty\":1}}',NULL,0,'24-MG02','Dash Digital Watch',NULL,'2',NULL,0,0,NULL,0.0000,0.0000,1.0000,0.0000,0.0000,NULL,92.0000,92.0000,92.0000,92.0000,8.2500,7.5900,7.5900,0.0000,0.0000,0.0000,0.0000,0.0000,0.0000,0.0000,0.0000,0.0000,92.0000,92.0000,0.0000,0.0000,0.0000,NULL,NULL,NULL,NULL,NULL,99.5900,99.5900,99.5900,99.5900,0.0000,0.0000,NULL,NULL,NULL,NULL,NULL,NULL,NULL,NULL,NULL,NULL,NULL,NULL,NULL,NULL,NULL,NULL,NULL,NULL,NULL,NULL,NULL,0,'',''),(33,27,NULL,171,11,'2023-02-25 06:50:09','2023-02-25 06:50:09',1,'simple','{\"info_buyRequest\":{\"uenc\":\"aHR0cDovL3NhbXBsZXByb2R1Y3QuZGVtbzkubWFnZWFudHMuYml6L2NhdGFsb2cvcHJvZHVjdC92aWV3L2lkLzEvcy9qb3VzdC1kdWZmbGUtYmFnL2NhdGVnb3J5LzQv\",\"product\":\"1\",\"selected_configurable_option\":\"\",\"related_product\":\"\",\"item\":\"1\",\"qty\":\"1\",\"sample-price\":\"15\",\"isSample\":\"1\",\"sampleorder\":\"sampleorder\"},\"additional_options\":[{\"label\":\"Sample Order\",\"value\":\" - Yes\"}]}',NULL,0,'24-MB01','Joust Duffle Bag',NULL,NULL,NULL,0,0,NULL,0.0000,0.0000,1.0000,0.0000,0.0000,NULL,15.0000,15.0000,34.0000,34.0000,0.0000,0.0000,0.0000,0.0000,0.0000,0.0000,0.0000,0.0000,0.0000,0.0000,0.0000,0.0000,15.0000,15.0000,0.0000,0.0000,0.0000,NULL,NULL,NULL,NULL,NULL,15.0000,15.0000,15.0000,15.0000,0.0000,0.0000,NULL,NULL,NULL,NULL,NULL,NULL,NULL,NULL,NULL,NULL,NULL,NULL,NULL,NULL,NULL,NULL,NULL,NULL,NULL,NULL,0,0,'',''),(34,28,NULL,178,5,'2023-03-15 05:25:20','2023-03-15 05:27:46',3,'simple','{\"info_buyRequest\":{\"uenc\":\"aHR0cDovL2N1c3RvbXN0b2Nrc3RhdHVzLmRlbW85Lm1hZ2VhbnRzLmJpei9jcm93bi1zdW1taXQtYmFja3BhY2suaHRtbA,,\",\"product\":\"3\",\"selected_configurable_option\":\"\",\"related_product\":\"\",\"item\":\"3\",\"qty\":\"88\"}}',NULL,0,'24-MB03','Crown Summit Backpack',NULL,NULL,NULL,0,0,NULL,0.0000,88.0000,88.0000,88.0000,0.0000,NULL,38.0000,38.0000,38.0000,38.0000,0.0000,0.0000,0.0000,0.0000,0.0000,0.0000,0.0000,0.0000,0.0000,0.0000,3344.0000,3344.0000,3344.0000,3344.0000,3344.0000,3344.0000,0.0000,NULL,NULL,NULL,NULL,NULL,38.0000,38.0000,3344.0000,3344.0000,0.0000,0.0000,0.0000,0.0000,0.0000,0.0000,NULL,NULL,0.0000,0.0000,0.0000,0.0000,'[]',NULL,NULL,NULL,NULL,NULL,NULL,NULL,NULL,NULL,0,0,'',''),(35,29,NULL,179,5,'2023-03-15 06:01:45','2023-03-15 06:01:45',276,'configurable','{\"info_buyRequest\":{\"uenc\":\"aHR0cDovL2N1c3RvbXN0b2Nrc3RhdHVzLmRlbW85Lm1hZ2VhbnRzLmJpei9iZWF1bW9udC1zdW1taXQta2l0Lmh0bWw,\",\"product\":\"276\",\"selected_configurable_option\":\"\",\"related_product\":\"\",\"item\":\"276\",\"super_attribute\":{\"142\":\"166\",\"93\":\"60\"},\"qty\":\"92\"},\"attributes_info\":[{\"label\":\"Size\",\"value\":\"XS\",\"option_id\":142,\"option_value\":\"166\"},{\"label\":\"Color\",\"value\":\"Yellow\",\"option_id\":93,\"option_value\":\"60\"}],\"simple_name\":\"Beaumont Summit Kit-XS-Yellow\",\"simple_sku\":\"MJ01-XS-Yellow\",\"product_calculations\":1,\"shipment_type\":0}',1.0000,0,'MJ01-XS-Yellow','Beaumont Summit Kit',NULL,NULL,NULL,0,0,NULL,0.0000,0.0000,92.0000,0.0000,0.0000,NULL,10.0000,10.0000,10.0000,10.0000,0.0000,0.0000,0.0000,0.0000,0.0000,0.0000,0.0000,0.0000,0.0000,0.0000,0.0000,0.0000,920.0000,920.0000,0.0000,0.0000,92.0000,NULL,NULL,NULL,NULL,NULL,10.0000,10.0000,920.0000,920.0000,0.0000,0.0000,NULL,NULL,NULL,NULL,NULL,NULL,NULL,NULL,NULL,NULL,NULL,NULL,NULL,NULL,NULL,NULL,NULL,NULL,NULL,NULL,NULL,0,'',''),(36,29,35,180,5,'2023-03-15 06:01:45','2023-03-15 06:01:45',263,'simple','{\"info_buyRequest\":{\"uenc\":\"aHR0cDovL2N1c3RvbXN0b2Nrc3RhdHVzLmRlbW85Lm1hZ2VhbnRzLmJpei9iZWF1bW9udC1zdW1taXQta2l0Lmh0bWw,\",\"product\":\"276\",\"selected_configurable_option\":\"\",\"related_product\":\"\",\"item\":\"276\",\"super_attribute\":{\"142\":\"166\",\"93\":\"60\"},\"qty\":\"92\"}}',1.0000,0,'MJ01-XS-Yellow','Beaumont Summit Kit-XS-Yellow',NULL,NULL,NULL,0,0,NULL,0.0000,0.0000,92.0000,0.0000,0.0000,NULL,0.0000,0.0000,0.0000,NULL,0.0000,0.0000,0.0000,0.0000,0.0000,0.0000,0.0000,0.0000,0.0000,0.0000,0.0000,0.0000,0.0000,0.0000,0.0000,0.0000,0.0000,NULL,NULL,NULL,NULL,NULL,NULL,NULL,NULL,NULL,NULL,NULL,NULL,NULL,NULL,NULL,NULL,NULL,NULL,NULL,NULL,NULL,NULL,NULL,NULL,NULL,NULL,NULL,NULL,NULL,NULL,NULL,0,0,'',''),(37,29,NULL,181,5,'2023-03-15 06:01:45','2023-03-15 06:01:45',276,'configurable','{\"info_buyRequest\":{\"uenc\":\"aHR0cDovL2N1c3RvbXN0b2Nrc3RhdHVzLmRlbW85Lm1hZ2VhbnRzLmJpei9iZWF1bW9udC1zdW1taXQta2l0Lmh0bWw,\",\"product\":\"276\",\"selected_configurable_option\":\"\",\"related_product\":\"\",\"item\":\"276\",\"super_attribute\":{\"142\":\"166\",\"93\":\"58\"},\"qty\":\"100\"},\"attributes_info\":[{\"label\":\"Size\",\"value\":\"XS\",\"option_id\":142,\"option_value\":\"166\"},{\"label\":\"Color\",\"value\":\"Red\",\"option_id\":93,\"option_value\":\"58\"}],\"simple_name\":\"Beaumont Summit Kit test\",\"simple_sku\":\"MJ01-XS-Red\",\"product_calculations\":1,\"shipment_type\":0}',1.0000,0,'MJ01-XS-Red','Beaumont Summit Kit',NULL,NULL,NULL,0,0,NULL,0.0000,0.0000,100.0000,0.0000,0.0000,NULL,420.0000,420.0000,420.0000,420.0000,0.0000,0.0000,0.0000,0.0000,0.0000,0.0000,0.0000,0.0000,0.0000,0.0000,0.0000,0.0000,42000.0000,42000.0000,0.0000,0.0000,100.0000,NULL,NULL,NULL,NULL,NULL,420.0000,420.0000,42000.0000,42000.0000,0.0000,0.0000,NULL,NULL,NULL,NULL,NULL,NULL,NULL,NULL,NULL,NULL,NULL,NULL,NULL,NULL,NULL,NULL,NULL,NULL,NULL,NULL,NULL,0,'',''),(38,29,37,182,5,'2023-03-15 06:01:45','2023-03-15 06:01:45',262,'simple','{\"info_buyRequest\":{\"uenc\":\"aHR0cDovL2N1c3RvbXN0b2Nrc3RhdHVzLmRlbW85Lm1hZ2VhbnRzLmJpei9iZWF1bW9udC1zdW1taXQta2l0Lmh0bWw,\",\"product\":\"276\",\"selected_configurable_option\":\"\",\"related_product\":\"\",\"item\":\"276\",\"super_attribute\":{\"142\":\"166\",\"93\":\"58\"},\"qty\":\"100\"}}',1.0000,0,'MJ01-XS-Red','Beaumont Summit Kit test',NULL,NULL,NULL,0,0,NULL,0.0000,0.0000,100.0000,0.0000,0.0000,NULL,0.0000,0.0000,0.0000,NULL,0.0000,0.0000,0.0000,0.0000,0.0000,0.0000,0.0000,0.0000,0.0000,0.0000,0.0000,0.0000,0.0000,0.0000,0.0000,0.0000,0.0000,NULL,NULL,NULL,NULL,NULL,NULL,NULL,NULL,NULL,NULL,NULL,NULL,NULL,NULL,NULL,NULL,NULL,NULL,NULL,NULL,NULL,NULL,NULL,NULL,NULL,NULL,NULL,NULL,NULL,NULL,NULL,0,0,'',''),(39,30,NULL,191,2,'2023-03-25 05:33:42','2023-03-25 05:33:42',3,'simple','{\"info_buyRequest\":{\"uenc\":\"aHR0cDovL2NoZWNrb3V0c3VjY2Vzc3BhZ2UuZGVtbzkubWFnZWFudHMuYml6L2dlYXIvYmFncy5odG1s\",\"product\":\"3\",\"qty\":1}}',NULL,0,'24-MB03','Crown Summit Backpack',NULL,NULL,NULL,0,0,NULL,0.0000,0.0000,1.0000,0.0000,0.0000,NULL,38.0000,38.0000,38.0000,38.0000,8.2500,3.1400,3.1400,0.0000,0.0000,0.0000,0.0000,0.0000,0.0000,0.0000,0.0000,0.0000,38.0000,38.0000,0.0000,0.0000,0.0000,NULL,NULL,NULL,NULL,NULL,41.1400,41.1400,41.1400,41.1400,0.0000,0.0000,NULL,NULL,NULL,NULL,NULL,NULL,NULL,NULL,NULL,NULL,NULL,NULL,NULL,NULL,NULL,NULL,NULL,NULL,NULL,NULL,0,0,'',''),(40,31,NULL,192,2,'2023-03-25 06:26:04','2023-03-25 06:26:04',5,'simple','{\"info_buyRequest\":{\"uenc\":\"aHR0cDovL2NoZWNrb3V0c3VjY2Vzc3BhZ2UuZGVtbzkubWFnZWFudHMuYml6L2dlYXIvYmFncy5odG1s\",\"product\":\"5\",\"qty\":1}}',NULL,0,'24-MB06','Rival Field Messenger',NULL,NULL,NULL,0,0,NULL,0.0000,0.0000,1.0000,0.0000,0.0000,NULL,45.0000,45.0000,45.0000,45.0000,8.2500,3.7100,3.7100,0.0000,0.0000,0.0000,0.0000,0.0000,0.0000,0.0000,0.0000,0.0000,45.0000,45.0000,0.0000,0.0000,0.0000,NULL,NULL,NULL,NULL,NULL,48.7100,48.7100,48.7100,48.7100,0.0000,0.0000,NULL,NULL,NULL,NULL,NULL,NULL,NULL,NULL,NULL,NULL,NULL,NULL,NULL,NULL,NULL,NULL,NULL,NULL,NULL,NULL,0,0,'',''),(41,32,NULL,193,2,'2023-03-25 06:28:11','2023-03-25 06:28:11',8,'simple','{\"info_buyRequest\":{\"uenc\":\"aHR0cDovL2NoZWNrb3V0c3VjY2Vzc3BhZ2UuZGVtbzkubWFnZWFudHMuYml6L2dlYXIvYmFncy5odG1s\",\"product\":\"8\",\"qty\":1}}',NULL,0,'24-WB01','Voyage Yoga Bag',NULL,NULL,NULL,0,0,NULL,0.0000,0.0000,1.0000,0.0000,0.0000,NULL,32.0000,32.0000,32.0000,32.0000,8.2500,2.6400,2.6400,0.0000,0.0000,0.0000,0.0000,0.0000,0.0000,0.0000,0.0000,0.0000,32.0000,32.0000,0.0000,0.0000,0.0000,NULL,NULL,NULL,NULL,NULL,34.6400,34.6400,34.6400,34.6400,0.0000,0.0000,NULL,NULL,NULL,NULL,NULL,NULL,NULL,NULL,NULL,NULL,NULL,NULL,NULL,NULL,NULL,NULL,NULL,NULL,NULL,NULL,0,0,'',''),(42,33,NULL,218,4,'2023-04-27 06:02:21','2023-04-27 06:03:22',40,'simple','{\"info_buyRequest\":{\"uenc\":\"aHR0cDovL2N1c3RvbW9yZGVybnVtYmVyLmRlbW85Lm1hZ2VhbnRzLmJpei9nZWFyL3dhdGNoZXMuaHRtbA,,\",\"product\":\"40\",\"qty\":1}}',NULL,0,'24-MG02','Dash Digital Watch',NULL,NULL,NULL,0,0,NULL,0.0000,1.0000,1.0000,0.0000,0.0000,NULL,92.0000,92.0000,92.0000,92.0000,0.0000,0.0000,0.0000,0.0000,0.0000,0.0000,0.0000,0.0000,0.0000,0.0000,0.0000,0.0000,92.0000,92.0000,92.0000,92.0000,0.0000,NULL,NULL,NULL,NULL,NULL,92.0000,92.0000,92.0000,92.0000,0.0000,0.0000,0.0000,0.0000,NULL,NULL,NULL,NULL,NULL,NULL,NULL,NULL,'[]',NULL,NULL,NULL,NULL,NULL,NULL,NULL,NULL,NULL,NULL,0,'',''),(43,34,NULL,231,10,'2023-04-27 07:40:02','2023-04-27 07:40:02',15,'simple','{\"info_buyRequest\":{\"uenc\":\"aHR0cDovL21pbmltdW1vcmRlcmN1c3RvbWVyZ3JvdXAuZGVtbzkubWFnZWFudHMuYml6L2dlYXIvZml0bmVzcy1lcXVpcG1lbnQuaHRtbA,,\",\"product\":\"15\",\"qty\":1}}',NULL,NULL,'24-UG06','Affirm Water Bottle ',NULL,NULL,NULL,NULL,0,NULL,0.0000,0.0000,1.0000,0.0000,0.0000,NULL,7.0000,7.0000,7.0000,7.0000,8.2500,0.5800,0.5800,0.0000,0.0000,0.0000,0.0000,0.0000,0.0000,0.0000,0.0000,0.0000,7.0000,7.0000,0.0000,0.0000,0.0000,NULL,NULL,NULL,NULL,NULL,7.5800,7.5800,7.5800,7.5800,0.0000,0.0000,NULL,NULL,NULL,NULL,NULL,NULL,NULL,NULL,NULL,NULL,NULL,NULL,NULL,NULL,NULL,NULL,NULL,NULL,NULL,NULL,NULL,0,'',''),(44,35,NULL,238,2,'2023-04-28 07:55:44','2023-09-29 08:00:30',84,'configurable','{\"info_buyRequest\":{\"uenc\":\"aHR0cDovL2NoZWNrb3V0c3VjY2Vzc3BhZ2UuZGVtbzkubWFnZWFudHMuYml6L21lbi90b3BzLW1lbi5odG1s\",\"product\":\"84\",\"super_attribute\":{\"142\":\"166\",\"93\":\"49\"},\"qty\":\"1.0000\"},\"attributes_info\":[{\"label\":\"Size\",\"value\":\"XS\",\"option_id\":142,\"option_value\":\"166\"},{\"label\":\"Color\",\"value\":\"Black\",\"option_id\":93,\"option_value\":\"49\"}],\"simple_name\":\"Teton Pullover Hoodie-XS-Black\",\"simple_sku\":\"MH02-XS-Black\",\"product_calculations\":1,\"shipment_type\":0}',1.0000,0,'MH02-XS-Black','Teton Pullover Hoodie',NULL,NULL,NULL,0,0,NULL,0.0000,0.0000,1.0000,0.0000,0.0000,NULL,70.0000,70.0000,70.0000,70.0000,8.2500,5.7800,5.7800,0.0000,0.0000,0.0000,0.0000,0.0000,0.0000,0.0000,0.0000,0.0000,70.0000,70.0000,0.0000,0.0000,1.0000,NULL,NULL,NULL,NULL,NULL,75.7800,75.7800,75.7800,75.7800,0.0000,0.0000,NULL,NULL,NULL,NULL,NULL,NULL,NULL,NULL,NULL,NULL,NULL,NULL,NULL,NULL,NULL,NULL,NULL,NULL,NULL,NULL,NULL,0,'',''),(45,35,44,239,2,'2023-04-28 07:55:44','2023-04-28 07:55:44',69,'simple','{\"info_buyRequest\":{\"uenc\":\"aHR0cDovL2NoZWNrb3V0c3VjY2Vzc3BhZ2UuZGVtbzkubWFnZWFudHMuYml6L21lbi90b3BzLW1lbi5odG1s\",\"product\":\"84\",\"super_attribute\":{\"142\":\"166\",\"93\":\"49\"},\"qty\":1}}',1.0000,0,'MH02-XS-Black','Teton Pullover Hoodie-XS-Black',NULL,NULL,NULL,0,0,NULL,0.0000,0.0000,1.0000,0.0000,0.0000,NULL,0.0000,0.0000,0.0000,NULL,0.0000,0.0000,0.0000,0.0000,0.0000,0.0000,0.0000,0.0000,0.0000,0.0000,0.0000,0.0000,0.0000,0.0000,0.0000,0.0000,0.0000,NULL,NULL,NULL,NULL,NULL,NULL,NULL,NULL,NULL,NULL,NULL,NULL,NULL,NULL,NULL,NULL,NULL,NULL,NULL,NULL,NULL,NULL,NULL,NULL,NULL,NULL,NULL,NULL,NULL,NULL,NULL,NULL,0,'',''),(46,36,NULL,241,2,'2023-04-29 06:26:07','2023-04-29 06:26:07',700,'configurable','{\"info_buyRequest\":{\"uenc\":\"aHR0cDovL2NoZWNrb3V0c3VjY2Vzc3BhZ2UuZGVtbzkubWFnZWFudHMuYml6L21lbi90b3BzLW1lbi5odG1s\",\"product\":\"700\",\"super_attribute\":{\"142\":\"167\",\"93\":\"52\"},\"qty\":1},\"attributes_info\":[{\"label\":\"Size\",\"value\":\"S\",\"option_id\":142,\"option_value\":\"167\"},{\"label\":\"Color\",\"value\":\"Gray\",\"option_id\":93,\"option_value\":\"52\"}],\"simple_name\":\"Argus All-Weather Tank-S-Gray\",\"simple_sku\":\"MT07-S-Gray\",\"product_calculations\":1,\"shipment_type\":0}',1.0000,0,'MT07-S-Gray','Argus All-Weather Tank',NULL,NULL,NULL,0,0,NULL,0.0000,0.0000,1.0000,0.0000,0.0000,NULL,22.0000,22.0000,22.0000,22.0000,0.0000,0.0000,0.0000,0.0000,0.0000,0.0000,0.0000,0.0000,0.0000,0.0000,0.0000,0.0000,22.0000,22.0000,0.0000,0.0000,1.0000,NULL,NULL,NULL,NULL,NULL,22.0000,22.0000,22.0000,22.0000,0.0000,0.0000,NULL,NULL,NULL,NULL,NULL,NULL,NULL,NULL,NULL,NULL,NULL,NULL,NULL,NULL,NULL,NULL,NULL,NULL,NULL,NULL,0,0,'',''),(47,36,46,242,2,'2023-04-29 06:26:07','2023-04-29 06:26:07',696,'simple','{\"info_buyRequest\":{\"uenc\":\"aHR0cDovL2NoZWNrb3V0c3VjY2Vzc3BhZ2UuZGVtbzkubWFnZWFudHMuYml6L21lbi90b3BzLW1lbi5odG1s\",\"product\":\"700\",\"super_attribute\":{\"142\":\"167\",\"93\":\"52\"},\"qty\":1}}',1.0000,0,'MT07-S-Gray','Argus All-Weather Tank-S-Gray',NULL,NULL,NULL,0,0,NULL,0.0000,0.0000,1.0000,0.0000,0.0000,NULL,0.0000,0.0000,0.0000,NULL,0.0000,0.0000,0.0000,0.0000,0.0000,0.0000,0.0000,0.0000,0.0000,0.0000,0.0000,0.0000,0.0000,0.0000,0.0000,0.0000,0.0000,NULL,NULL,NULL,NULL,NULL,NULL,NULL,NULL,NULL,NULL,NULL,NULL,NULL,NULL,NULL,NULL,NULL,NULL,NULL,NULL,NULL,NULL,NULL,NULL,NULL,NULL,NULL,NULL,NULL,NULL,NULL,NULL,0,'',''),(48,37,NULL,244,1,'2023-05-09 14:07:44','2023-05-09 14:07:44',2,'simple','{\"info_buyRequest\":{\"uenc\":\"aHR0cDovL2RlbW85Lm1hZ2VhbnRzLmJpei9nZWFyL2JhZ3MuaHRtbA,,\",\"product\":\"2\",\"qty\":1}}',NULL,0,'24-MB04','Strive Shoulder Pack',NULL,NULL,NULL,0,0,NULL,0.0000,0.0000,1.0000,0.0000,0.0000,NULL,32.0000,32.0000,32.0000,32.0000,0.0000,0.0000,0.0000,0.0000,0.0000,0.0000,0.0000,0.0000,0.0000,0.0000,0.0000,0.0000,32.0000,32.0000,0.0000,0.0000,0.0000,NULL,NULL,NULL,NULL,NULL,32.0000,32.0000,32.0000,32.0000,0.0000,0.0000,NULL,NULL,NULL,NULL,NULL,NULL,NULL,NULL,NULL,NULL,NULL,NULL,NULL,NULL,NULL,NULL,NULL,NULL,NULL,NULL,0,0,'',''),(49,38,NULL,246,6,'2023-05-15 07:47:26','2023-05-15 07:47:26',3,'simple','{\"info_buyRequest\":{\"uenc\":\"aHR0cDovL2ZvcmNlbG9naW4uZGVtbzkubWFnZWFudHMuYml6L2dlYXIvYmFncy5odG1s\",\"product\":\"3\",\"qty\":1}}',NULL,0,'24-MB03','Crown Summit Backpack',NULL,NULL,NULL,0,0,NULL,0.0000,0.0000,1.0000,0.0000,0.0000,NULL,38.0000,38.0000,38.0000,38.0000,8.2500,3.1400,3.1400,0.0000,0.0000,0.0000,0.0000,0.0000,0.0000,0.0000,0.0000,0.0000,38.0000,38.0000,0.0000,0.0000,0.0000,NULL,NULL,NULL,NULL,NULL,41.1400,41.1400,41.1400,41.1400,0.0000,0.0000,NULL,NULL,NULL,NULL,NULL,NULL,NULL,NULL,NULL,NULL,NULL,NULL,NULL,NULL,NULL,NULL,NULL,NULL,NULL,NULL,0,0,'',''),(50,39,NULL,249,1,'2023-05-19 04:56:53','2023-05-19 04:56:53',43,'simple','{\"info_buyRequest\":{\"uenc\":\"aHR0cDovL2RlbW85Lm1hZ2VhbnRzLmJpei9nZWFyL3dhdGNoZXMuaHRtbA,,\",\"product\":\"43\",\"qty\":1}}',NULL,0,'24-WG03','Clamber Watch',NULL,'2',NULL,0,0,NULL,0.0000,0.0000,1.0000,0.0000,0.0000,NULL,54.0000,54.0000,54.0000,54.0000,0.0000,0.0000,0.0000,0.0000,0.0000,0.0000,0.0000,0.0000,0.0000,0.0000,0.0000,0.0000,54.0000,54.0000,0.0000,0.0000,0.0000,NULL,NULL,NULL,NULL,NULL,54.0000,54.0000,54.0000,54.0000,0.0000,0.0000,NULL,NULL,NULL,NULL,NULL,NULL,NULL,NULL,NULL,NULL,NULL,NULL,NULL,NULL,NULL,NULL,NULL,NULL,NULL,NULL,NULL,0,'',''),(51,40,NULL,250,1,'2023-05-19 05:09:05','2023-05-19 05:09:05',45,'downloadable','{\"info_buyRequest\":{\"uenc\":\"aHR0cDovL2RlbW85Lm1hZ2VhbnRzLmJpei90cmFpbmluZy90cmFpbmluZy12aWRlby5odG1s\",\"product\":\"45\",\"qty\":1},\"links\":[\"1\"],\"is_downloadable\":true,\"real_product_type\":\"downloadable\"}',NULL,1,'240-LV04','Beginner\'s Yoga',NULL,NULL,NULL,0,0,NULL,0.0000,0.0000,1.0000,0.0000,0.0000,NULL,6.0000,6.0000,6.0000,6.0000,8.2500,0.5000,0.5000,0.0000,0.0000,0.0000,0.0000,0.0000,0.0000,0.0000,0.0000,0.0000,6.0000,6.0000,0.0000,0.0000,0.0000,NULL,NULL,NULL,NULL,NULL,6.5000,6.5000,6.5000,6.5000,0.0000,0.0000,NULL,NULL,NULL,NULL,NULL,NULL,NULL,NULL,NULL,NULL,NULL,NULL,NULL,NULL,NULL,NULL,NULL,NULL,NULL,NULL,0,0,'',''),(52,41,NULL,251,1,'2023-05-27 05:17:54','2023-05-27 05:17:54',40,'simple','{\"info_buyRequest\":{\"uenc\":\"aHR0cDovL2RlbW85Lm1hZ2VhbnRzLmJpei9nZWFyL3dhdGNoZXMuaHRtbA,,\",\"product\":\"40\",\"qty\":1}}',NULL,0,'24-MG02','Dash Digital Watch',NULL,'2',NULL,0,0,NULL,0.0000,0.0000,1.0000,0.0000,0.0000,NULL,92.0000,92.0000,92.0000,92.0000,0.0000,0.0000,0.0000,0.0000,0.0000,0.0000,0.0000,0.0000,0.0000,0.0000,0.0000,0.0000,92.0000,92.0000,0.0000,0.0000,0.0000,NULL,NULL,NULL,NULL,NULL,92.0000,92.0000,92.0000,92.0000,0.0000,0.0000,NULL,NULL,NULL,NULL,NULL,NULL,NULL,NULL,NULL,NULL,NULL,NULL,NULL,NULL,NULL,NULL,NULL,NULL,NULL,NULL,NULL,0,'',''),(53,42,NULL,254,1,'2023-06-02 05:19:03','2023-06-02 05:19:03',17,'simple','{\"info_buyRequest\":{\"uenc\":\"aHR0cDovL2RlbW85Lm1hZ2VhbnRzLmJpei9nZWFyL2ZpdG5lc3MtZXF1aXBtZW50Lmh0bWw,\",\"product\":\"17\",\"qty\":1}}',NULL,0,'24-UG04','Zing Jump Rope',NULL,NULL,NULL,0,0,NULL,0.0000,0.0000,1.0000,0.0000,0.0000,NULL,12.0000,12.0000,12.0000,12.0000,0.0000,0.0000,0.0000,0.0000,0.0000,0.0000,0.0000,0.0000,0.0000,0.0000,0.0000,0.0000,12.0000,12.0000,0.0000,0.0000,0.0000,NULL,NULL,NULL,NULL,NULL,12.0000,12.0000,12.0000,12.0000,0.0000,0.0000,NULL,NULL,NULL,NULL,NULL,NULL,NULL,NULL,NULL,NULL,NULL,NULL,NULL,NULL,NULL,NULL,NULL,NULL,NULL,NULL,NULL,0,'',''),(54,43,NULL,256,1,'2023-06-09 05:12:18','2023-06-09 05:12:18',40,'simple','{\"info_buyRequest\":{\"uenc\":\"aHR0cDovL2RlbW85Lm1hZ2VhbnRzLmJpei9nZWFyL3dhdGNoZXMuaHRtbA,,\",\"product\":\"40\",\"qty\":1}}',NULL,0,'24-MG02','Dash Digital Watch',NULL,'2',NULL,0,0,NULL,0.0000,0.0000,1.0000,0.0000,0.0000,NULL,92.0000,92.0000,92.0000,92.0000,0.0000,0.0000,0.0000,0.0000,0.0000,0.0000,0.0000,0.0000,0.0000,0.0000,0.0000,0.0000,92.0000,92.0000,0.0000,0.0000,0.0000,NULL,NULL,NULL,NULL,NULL,92.0000,92.0000,92.0000,92.0000,0.0000,0.0000,NULL,NULL,NULL,NULL,NULL,NULL,NULL,NULL,NULL,NULL,NULL,NULL,NULL,NULL,NULL,NULL,NULL,NULL,NULL,NULL,NULL,0,'',''),(55,44,NULL,261,1,'2023-06-16 05:18:21','2023-06-16 05:18:21',132,'configurable','{\"info_buyRequest\":{\"uenc\":\"aHR0cDovL2RlbW85Lm1hZ2VhbnRzLmJpei9tZW4vdG9wcy1tZW4vaG9vZGllcy1hbmQtc3dlYXRzaGlydHMtbWVuLmh0bWw,\",\"product\":\"132\",\"super_attribute\":{\"142\":\"167\",\"93\":\"53\"},\"qty\":1},\"attributes_info\":[{\"label\":\"Size\",\"value\":\"S\",\"option_id\":142,\"option_value\":\"167\"},{\"label\":\"Color\",\"value\":\"Green\",\"option_id\":93,\"option_value\":\"53\"}],\"simple_name\":\"Hollister Backyard Sweatshirt-S-Green\",\"simple_sku\":\"MH05-S-Green\",\"product_calculations\":1,\"shipment_type\":0}',1.0000,0,'MH05-S-Green','Hollister Backyard Sweatshirt',NULL,'2',NULL,0,0,NULL,0.0000,0.0000,1.0000,0.0000,0.0000,NULL,52.0000,52.0000,52.0000,52.0000,0.0000,0.0000,0.0000,0.0000,0.0000,0.0000,0.0000,0.0000,0.0000,0.0000,0.0000,0.0000,52.0000,52.0000,0.0000,0.0000,0.0000,NULL,NULL,NULL,NULL,NULL,52.0000,52.0000,52.0000,52.0000,0.0000,0.0000,NULL,NULL,NULL,NULL,NULL,NULL,NULL,NULL,NULL,NULL,NULL,NULL,NULL,NULL,NULL,NULL,NULL,NULL,NULL,NULL,NULL,0,'',''),(56,44,55,262,1,'2023-06-16 05:18:21','2023-06-16 05:18:21',120,'simple','{\"info_buyRequest\":{\"uenc\":\"aHR0cDovL2RlbW85Lm1hZ2VhbnRzLmJpei9tZW4vdG9wcy1tZW4vaG9vZGllcy1hbmQtc3dlYXRzaGlydHMtbWVuLmh0bWw,\",\"product\":\"132\",\"super_attribute\":{\"142\":\"167\",\"93\":\"53\"},\"qty\":1}}',1.0000,0,'MH05-S-Green','Hollister Backyard Sweatshirt-S-Green',NULL,NULL,NULL,0,0,NULL,0.0000,0.0000,1.0000,0.0000,0.0000,NULL,0.0000,0.0000,0.0000,NULL,0.0000,0.0000,0.0000,0.0000,0.0000,0.0000,0.0000,0.0000,0.0000,0.0000,0.0000,0.0000,0.0000,0.0000,0.0000,0.0000,0.0000,NULL,NULL,NULL,NULL,NULL,NULL,NULL,NULL,NULL,NULL,NULL,NULL,NULL,NULL,NULL,NULL,NULL,NULL,NULL,NULL,NULL,NULL,NULL,NULL,NULL,NULL,NULL,NULL,NULL,NULL,NULL,NULL,0,'',''),(57,45,NULL,264,1,'2023-06-24 04:56:34','2023-06-24 04:56:34',52,'bundle','{\"info_buyRequest\":{\"uenc\":\"aHR0cDovL2RlbW85Lm1hZ2VhbnRzLmJpei9zcHJpdGUteW9nYS1jb21wYW5pb24ta2l0Lmh0bWw,\",\"product\":\"52\",\"selected_configurable_option\":\"\",\"related_product\":\"\",\"item\":\"52\",\"bundle_option\":{\"1\":\"1\",\"2\":\"4\",\"3\":\"5\",\"4\":\"8\"},\"bundle_option_qty\":{\"1\":\"1\",\"2\":\"1\",\"3\":\"1\",\"4\":\"1\"},\"qty\":\"1\"},\"bundle_options\":{\"1\":{\"option_id\":\"1\",\"label\":\"Sprite Stasis Ball\",\"value\":[{\"title\":\"Sprite Stasis Ball 55 cm\",\"qty\":\"1\",\"price\":23}]},\"2\":{\"option_id\":\"2\",\"label\":\"Sprite Foam Yoga Brick\",\"value\":[{\"title\":\"Sprite Foam Yoga Brick\",\"qty\":\"1\",\"price\":5}]},\"3\":{\"option_id\":\"3\",\"label\":\"Sprite Yoga Strap\",\"value\":[{\"title\":\"Sprite Yoga Strap 6 foot\",\"qty\":\"1\",\"price\":14}]},\"4\":{\"option_id\":\"4\",\"label\":\"Sprite Foam Roller\",\"value\":[{\"title\":\"Sprite Foam Roller\",\"qty\":\"1\",\"price\":19}]}},\"product_calculations\":0,\"shipment_type\":\"0\"}',0.0000,0,'24-WG080-24-WG081-blue-24-WG084-24-WG085-24-WG088','Sprite Yoga Companion Kit',NULL,'2',NULL,0,0,NULL,0.0000,0.0000,1.0000,0.0000,0.0000,NULL,61.0000,61.0000,61.0000,61.0000,NULL,0.0000,0.0000,0.0000,0.0000,0.0000,0.0000,0.0000,0.0000,0.0000,0.0000,0.0000,61.0000,61.0000,0.0000,0.0000,0.0000,NULL,NULL,NULL,NULL,NULL,61.0000,61.0000,61.0000,61.0000,NULL,NULL,NULL,NULL,NULL,NULL,NULL,NULL,NULL,NULL,NULL,NULL,NULL,NULL,NULL,NULL,NULL,NULL,NULL,NULL,NULL,NULL,NULL,0,'',''),(58,45,57,265,1,'2023-06-24 04:56:34','2023-06-24 04:56:34',26,'simple','{\"info_buyRequest\":{\"uenc\":\"aHR0cDovL2RlbW85Lm1hZ2VhbnRzLmJpei9zcHJpdGUteW9nYS1jb21wYW5pb24ta2l0Lmh0bWw,\",\"product\":\"52\",\"selected_configurable_option\":\"\",\"related_product\":\"\",\"item\":\"52\",\"bundle_option\":{\"1\":\"1\",\"2\":\"4\",\"3\":\"5\",\"4\":\"8\"},\"bundle_option_qty\":{\"1\":\"1\",\"2\":\"1\",\"3\":\"1\",\"4\":\"1\"},\"qty\":\"1\"},\"bundle_selection_attributes\":\"{\\\"price\\\":23,\\\"qty\\\":1,\\\"option_label\\\":\\\"Sprite Stasis Ball\\\",\\\"option_id\\\":\\\"1\\\"}\"}',NULL,0,'24-WG081-blue','Sprite Stasis Ball 55 cm',NULL,NULL,NULL,0,0,NULL,0.0000,0.0000,1.0000,0.0000,0.0000,NULL,23.0000,23.0000,23.0000,23.0000,0.0000,0.0000,0.0000,0.0000,0.0000,0.0000,0.0000,0.0000,0.0000,0.0000,0.0000,0.0000,23.0000,23.0000,0.0000,0.0000,0.0000,NULL,NULL,NULL,NULL,NULL,23.0000,23.0000,23.0000,23.0000,0.0000,0.0000,NULL,NULL,NULL,NULL,NULL,NULL,NULL,NULL,NULL,NULL,NULL,NULL,NULL,NULL,NULL,NULL,NULL,NULL,NULL,NULL,NULL,1,'',''),(59,45,57,266,1,'2023-06-24 04:56:34','2023-06-24 04:56:34',21,'simple','{\"info_buyRequest\":{\"uenc\":\"aHR0cDovL2RlbW85Lm1hZ2VhbnRzLmJpei9zcHJpdGUteW9nYS1jb21wYW5pb24ta2l0Lmh0bWw,\",\"product\":\"52\",\"selected_configurable_option\":\"\",\"related_product\":\"\",\"item\":\"52\",\"bundle_option\":{\"1\":\"1\",\"2\":\"4\",\"3\":\"5\",\"4\":\"8\"},\"bundle_option_qty\":{\"1\":\"1\",\"2\":\"1\",\"3\":\"1\",\"4\":\"1\"},\"qty\":\"1\"},\"bundle_selection_attributes\":\"{\\\"price\\\":5,\\\"qty\\\":1,\\\"option_label\\\":\\\"Sprite Foam Yoga Brick\\\",\\\"option_id\\\":\\\"2\\\"}\"}',NULL,0,'24-WG084','Sprite Foam Yoga Brick',NULL,NULL,NULL,0,0,NULL,0.0000,0.0000,1.0000,0.0000,0.0000,NULL,5.0000,5.0000,5.0000,5.0000,0.0000,0.0000,0.0000,0.0000,0.0000,0.0000,0.0000,0.0000,0.0000,0.0000,0.0000,0.0000,5.0000,5.0000,0.0000,0.0000,0.0000,NULL,NULL,NULL,NULL,NULL,5.0000,5.0000,5.0000,5.0000,0.0000,0.0000,NULL,NULL,NULL,NULL,NULL,NULL,NULL,NULL,NULL,NULL,NULL,NULL,NULL,NULL,NULL,NULL,NULL,NULL,NULL,NULL,NULL,1,'',''),(60,45,57,267,1,'2023-06-24 04:56:34','2023-06-24 04:56:34',33,'simple','{\"info_buyRequest\":{\"uenc\":\"aHR0cDovL2RlbW85Lm1hZ2VhbnRzLmJpei9zcHJpdGUteW9nYS1jb21wYW5pb24ta2l0Lmh0bWw,\",\"product\":\"52\",\"selected_configurable_option\":\"\",\"related_product\":\"\",\"item\":\"52\",\"bundle_option\":{\"1\":\"1\",\"2\":\"4\",\"3\":\"5\",\"4\":\"8\"},\"bundle_option_qty\":{\"1\":\"1\",\"2\":\"1\",\"3\":\"1\",\"4\":\"1\"},\"qty\":\"1\"},\"bundle_selection_attributes\":\"{\\\"price\\\":14,\\\"qty\\\":1,\\\"option_label\\\":\\\"Sprite Yoga Strap\\\",\\\"option_id\\\":\\\"3\\\"}\"}',NULL,0,'24-WG085','Sprite Yoga Strap 6 foot',NULL,NULL,NULL,0,0,NULL,0.0000,0.0000,1.0000,0.0000,0.0000,NULL,14.0000,14.0000,14.0000,14.0000,0.0000,0.0000,0.0000,0.0000,0.0000,0.0000,0.0000,0.0000,0.0000,0.0000,0.0000,0.0000,14.0000,14.0000,0.0000,0.0000,0.0000,NULL,NULL,NULL,NULL,NULL,14.0000,14.0000,14.0000,14.0000,0.0000,0.0000,NULL,NULL,NULL,NULL,NULL,NULL,NULL,NULL,NULL,NULL,NULL,NULL,NULL,NULL,NULL,NULL,NULL,NULL,NULL,NULL,NULL,1,'',''),(61,45,57,268,1,'2023-06-24 04:56:34','2023-06-24 04:56:34',22,'simple','{\"info_buyRequest\":{\"uenc\":\"aHR0cDovL2RlbW85Lm1hZ2VhbnRzLmJpei9zcHJpdGUteW9nYS1jb21wYW5pb24ta2l0Lmh0bWw,\",\"product\":\"52\",\"selected_configurable_option\":\"\",\"related_product\":\"\",\"item\":\"52\",\"bundle_option\":{\"1\":\"1\",\"2\":\"4\",\"3\":\"5\",\"4\":\"8\"},\"bundle_option_qty\":{\"1\":\"1\",\"2\":\"1\",\"3\":\"1\",\"4\":\"1\"},\"qty\":\"1\"},\"bundle_selection_attributes\":\"{\\\"price\\\":19,\\\"qty\\\":1,\\\"option_label\\\":\\\"Sprite Foam Roller\\\",\\\"option_id\\\":\\\"4\\\"}\"}',NULL,0,'24-WG088','Sprite Foam Roller',NULL,NULL,NULL,0,0,NULL,0.0000,0.0000,1.0000,0.0000,0.0000,NULL,19.0000,19.0000,19.0000,19.0000,0.0000,0.0000,0.0000,0.0000,0.0000,0.0000,0.0000,0.0000,0.0000,0.0000,0.0000,0.0000,19.0000,19.0000,0.0000,0.0000,0.0000,NULL,NULL,NULL,NULL,NULL,19.0000,19.0000,19.0000,19.0000,0.0000,0.0000,NULL,NULL,NULL,NULL,NULL,NULL,NULL,NULL,NULL,NULL,NULL,NULL,NULL,NULL,NULL,NULL,NULL,NULL,NULL,NULL,NULL,1,'',''),(62,46,NULL,269,1,'2023-06-30 05:19:50','2023-06-30 05:19:50',148,'configurable','{\"info_buyRequest\":{\"uenc\":\"aHR0cDovL2RlbW85Lm1hZ2VhbnRzLmJpei9tZW4vdG9wcy1tZW4vaG9vZGllcy1hbmQtc3dlYXRzaGlydHMtbWVuLmh0bWw,\",\"product\":\"148\",\"super_attribute\":{\"142\":\"167\",\"93\":\"49\"},\"qty\":1},\"attributes_info\":[{\"label\":\"Size\",\"value\":\"S\",\"option_id\":142,\"option_value\":\"167\"},{\"label\":\"Color\",\"value\":\"Black\",\"option_id\":93,\"option_value\":\"49\"}],\"simple_name\":\"Stark Fundamental Hoodie-S-Black\",\"simple_sku\":\"MH06-S-Black\",\"product_calculations\":1,\"shipment_type\":0}',1.0000,0,'MH06-S-Black','Stark Fundamental Hoodie',NULL,NULL,NULL,0,0,NULL,0.0000,0.0000,1.0000,0.0000,0.0000,NULL,42.0000,42.0000,42.0000,42.0000,0.0000,0.0000,0.0000,0.0000,0.0000,0.0000,0.0000,0.0000,0.0000,0.0000,0.0000,0.0000,42.0000,42.0000,0.0000,0.0000,1.0000,NULL,NULL,NULL,NULL,NULL,42.0000,42.0000,42.0000,42.0000,0.0000,0.0000,NULL,NULL,NULL,NULL,NULL,NULL,NULL,NULL,NULL,NULL,NULL,NULL,NULL,NULL,NULL,NULL,NULL,NULL,NULL,NULL,NULL,0,'',''),(63,46,62,270,1,'2023-06-30 05:19:50','2023-06-30 05:19:50',136,'simple','{\"info_buyRequest\":{\"uenc\":\"aHR0cDovL2RlbW85Lm1hZ2VhbnRzLmJpei9tZW4vdG9wcy1tZW4vaG9vZGllcy1hbmQtc3dlYXRzaGlydHMtbWVuLmh0bWw,\",\"product\":\"148\",\"super_attribute\":{\"142\":\"167\",\"93\":\"49\"},\"qty\":1}}',1.0000,0,'MH06-S-Black','Stark Fundamental Hoodie-S-Black',NULL,NULL,NULL,0,0,NULL,0.0000,0.0000,1.0000,0.0000,0.0000,NULL,0.0000,0.0000,0.0000,NULL,0.0000,0.0000,0.0000,0.0000,0.0000,0.0000,0.0000,0.0000,0.0000,0.0000,0.0000,0.0000,0.0000,0.0000,0.0000,0.0000,0.0000,NULL,NULL,NULL,NULL,NULL,NULL,NULL,NULL,NULL,NULL,NULL,NULL,NULL,NULL,NULL,NULL,NULL,NULL,NULL,NULL,NULL,NULL,NULL,NULL,NULL,NULL,NULL,NULL,NULL,NULL,NULL,NULL,0,'',''),(64,47,NULL,271,1,'2023-07-03 05:35:30','2023-07-03 05:35:30',17,'simple','{\"info_buyRequest\":{\"uenc\":\"aHR0cDovL2RlbW85Lm1hZ2VhbnRzLmJpei9nZWFyL2ZpdG5lc3MtZXF1aXBtZW50Lmh0bWw,\",\"product\":\"17\",\"qty\":1}}',NULL,0,'24-UG04','Zing Jump Rope',NULL,NULL,NULL,0,0,NULL,0.0000,0.0000,1.0000,0.0000,0.0000,NULL,12.0000,12.0000,12.0000,12.0000,0.0000,0.0000,0.0000,0.0000,0.0000,0.0000,0.0000,0.0000,0.0000,0.0000,0.0000,0.0000,12.0000,12.0000,0.0000,0.0000,0.0000,NULL,NULL,NULL,NULL,NULL,12.0000,12.0000,12.0000,12.0000,0.0000,0.0000,NULL,NULL,NULL,NULL,NULL,NULL,NULL,NULL,NULL,NULL,NULL,NULL,NULL,NULL,NULL,NULL,NULL,NULL,NULL,NULL,NULL,0,'',''),(65,48,NULL,275,1,'2023-07-14 05:02:15','2023-07-14 05:02:15',52,'bundle','{\"info_buyRequest\":{\"uenc\":\"aHR0cDovL2RlbW85Lm1hZ2VhbnRzLmJpei9zcHJpdGUteW9nYS1jb21wYW5pb24ta2l0Lmh0bWw,\",\"product\":\"52\",\"selected_configurable_option\":\"\",\"related_product\":\"\",\"item\":\"52\",\"bundle_option\":{\"1\":\"1\",\"2\":\"4\",\"3\":\"5\",\"4\":\"8\"},\"bundle_option_qty\":{\"1\":\"1\",\"2\":\"1\",\"3\":\"1\",\"4\":\"1\"},\"qty\":\"1\"},\"bundle_options\":{\"1\":{\"option_id\":\"1\",\"label\":\"Sprite Stasis Ball\",\"value\":[{\"title\":\"Sprite Stasis Ball 55 cm\",\"qty\":\"1\",\"price\":23}]},\"2\":{\"option_id\":\"2\",\"label\":\"Sprite Foam Yoga Brick\",\"value\":[{\"title\":\"Sprite Foam Yoga Brick\",\"qty\":\"1\",\"price\":5}]},\"3\":{\"option_id\":\"3\",\"label\":\"Sprite Yoga Strap\",\"value\":[{\"title\":\"Sprite Yoga Strap 6 foot\",\"qty\":\"1\",\"price\":14}]},\"4\":{\"option_id\":\"4\",\"label\":\"Sprite Foam Roller\",\"value\":[{\"title\":\"Sprite Foam Roller\",\"qty\":\"1\",\"price\":19}]}},\"product_calculations\":0,\"shipment_type\":\"0\"}',0.0000,0,'24-WG080-24-WG081-blue-24-WG084-24-WG085-24-WG088','Sprite Yoga Companion Kit',NULL,'2',NULL,0,0,NULL,0.0000,0.0000,2.0000,0.0000,0.0000,NULL,61.0000,61.0000,61.0000,61.0000,NULL,0.0000,0.0000,0.0000,0.0000,0.0000,0.0000,0.0000,0.0000,0.0000,0.0000,0.0000,122.0000,122.0000,0.0000,0.0000,0.0000,NULL,NULL,NULL,NULL,NULL,61.0000,61.0000,122.0000,122.0000,NULL,NULL,NULL,NULL,NULL,NULL,NULL,NULL,NULL,NULL,NULL,NULL,NULL,NULL,NULL,NULL,NULL,NULL,NULL,NULL,NULL,NULL,NULL,0,'',''),(66,48,65,276,1,'2023-07-14 05:02:15','2023-07-14 05:02:15',26,'simple','{\"info_buyRequest\":{\"uenc\":\"aHR0cDovL2RlbW85Lm1hZ2VhbnRzLmJpei9zcHJpdGUteW9nYS1jb21wYW5pb24ta2l0Lmh0bWw,\",\"product\":\"52\",\"selected_configurable_option\":\"\",\"related_product\":\"\",\"item\":\"52\",\"bundle_option\":{\"1\":\"1\",\"2\":\"4\",\"3\":\"5\",\"4\":\"8\"},\"bundle_option_qty\":{\"1\":\"1\",\"2\":\"1\",\"3\":\"1\",\"4\":\"1\"},\"qty\":\"1\"},\"bundle_selection_attributes\":\"{\\\"price\\\":23,\\\"qty\\\":1,\\\"option_label\\\":\\\"Sprite Stasis Ball\\\",\\\"option_id\\\":\\\"1\\\"}\"}',NULL,0,'24-WG081-blue','Sprite Stasis Ball 55 cm',NULL,NULL,NULL,0,0,NULL,0.0000,0.0000,2.0000,0.0000,0.0000,NULL,23.0000,23.0000,23.0000,23.0000,0.0000,0.0000,0.0000,0.0000,0.0000,0.0000,0.0000,0.0000,0.0000,0.0000,0.0000,0.0000,46.0000,46.0000,0.0000,0.0000,0.0000,NULL,NULL,NULL,NULL,NULL,23.0000,23.0000,46.0000,46.0000,0.0000,0.0000,NULL,NULL,NULL,NULL,NULL,NULL,NULL,NULL,NULL,NULL,NULL,NULL,NULL,NULL,NULL,NULL,NULL,NULL,NULL,NULL,NULL,1,'',''),(67,48,65,277,1,'2023-07-14 05:02:15','2023-07-14 05:02:15',21,'simple','{\"info_buyRequest\":{\"uenc\":\"aHR0cDovL2RlbW85Lm1hZ2VhbnRzLmJpei9zcHJpdGUteW9nYS1jb21wYW5pb24ta2l0Lmh0bWw,\",\"product\":\"52\",\"selected_configurable_option\":\"\",\"related_product\":\"\",\"item\":\"52\",\"bundle_option\":{\"1\":\"1\",\"2\":\"4\",\"3\":\"5\",\"4\":\"8\"},\"bundle_option_qty\":{\"1\":\"1\",\"2\":\"1\",\"3\":\"1\",\"4\":\"1\"},\"qty\":\"1\"},\"bundle_selection_attributes\":\"{\\\"price\\\":5,\\\"qty\\\":1,\\\"option_label\\\":\\\"Sprite Foam Yoga Brick\\\",\\\"option_id\\\":\\\"2\\\"}\"}',NULL,0,'24-WG084','Sprite Foam Yoga Brick',NULL,NULL,NULL,0,0,NULL,0.0000,0.0000,2.0000,0.0000,0.0000,NULL,5.0000,5.0000,5.0000,5.0000,0.0000,0.0000,0.0000,0.0000,0.0000,0.0000,0.0000,0.0000,0.0000,0.0000,0.0000,0.0000,10.0000,10.0000,0.0000,0.0000,0.0000,NULL,NULL,NULL,NULL,NULL,5.0000,5.0000,10.0000,10.0000,0.0000,0.0000,NULL,NULL,NULL,NULL,NULL,NULL,NULL,NULL,NULL,NULL,NULL,NULL,NULL,NULL,NULL,NULL,NULL,NULL,NULL,NULL,NULL,1,'',''),(68,48,65,278,1,'2023-07-14 05:02:15','2023-07-14 05:02:15',33,'simple','{\"info_buyRequest\":{\"uenc\":\"aHR0cDovL2RlbW85Lm1hZ2VhbnRzLmJpei9zcHJpdGUteW9nYS1jb21wYW5pb24ta2l0Lmh0bWw,\",\"product\":\"52\",\"selected_configurable_option\":\"\",\"related_product\":\"\",\"item\":\"52\",\"bundle_option\":{\"1\":\"1\",\"2\":\"4\",\"3\":\"5\",\"4\":\"8\"},\"bundle_option_qty\":{\"1\":\"1\",\"2\":\"1\",\"3\":\"1\",\"4\":\"1\"},\"qty\":\"1\"},\"bundle_selection_attributes\":\"{\\\"price\\\":14,\\\"qty\\\":1,\\\"option_label\\\":\\\"Sprite Yoga Strap\\\",\\\"option_id\\\":\\\"3\\\"}\"}',NULL,0,'24-WG085','Sprite Yoga Strap 6 foot',NULL,NULL,NULL,0,0,NULL,0.0000,0.0000,2.0000,0.0000,0.0000,NULL,14.0000,14.0000,14.0000,14.0000,0.0000,0.0000,0.0000,0.0000,0.0000,0.0000,0.0000,0.0000,0.0000,0.0000,0.0000,0.0000,28.0000,28.0000,0.0000,0.0000,0.0000,NULL,NULL,NULL,NULL,NULL,14.0000,14.0000,28.0000,28.0000,0.0000,0.0000,NULL,NULL,NULL,NULL,NULL,NULL,NULL,NULL,NULL,NULL,NULL,NULL,NULL,NULL,NULL,NULL,NULL,NULL,NULL,NULL,NULL,1,'',''),(69,48,65,279,1,'2023-07-14 05:02:15','2023-07-14 05:02:15',22,'simple','{\"info_buyRequest\":{\"uenc\":\"aHR0cDovL2RlbW85Lm1hZ2VhbnRzLmJpei9zcHJpdGUteW9nYS1jb21wYW5pb24ta2l0Lmh0bWw,\",\"product\":\"52\",\"selected_configurable_option\":\"\",\"related_product\":\"\",\"item\":\"52\",\"bundle_option\":{\"1\":\"1\",\"2\":\"4\",\"3\":\"5\",\"4\":\"8\"},\"bundle_option_qty\":{\"1\":\"1\",\"2\":\"1\",\"3\":\"1\",\"4\":\"1\"},\"qty\":\"1\"},\"bundle_selection_attributes\":\"{\\\"price\\\":19,\\\"qty\\\":1,\\\"option_label\\\":\\\"Sprite Foam Roller\\\",\\\"option_id\\\":\\\"4\\\"}\"}',NULL,0,'24-WG088','Sprite Foam Roller',NULL,NULL,NULL,0,0,NULL,0.0000,0.0000,2.0000,0.0000,0.0000,NULL,19.0000,19.0000,19.0000,19.0000,0.0000,0.0000,0.0000,0.0000,0.0000,0.0000,0.0000,0.0000,0.0000,0.0000,0.0000,0.0000,38.0000,38.0000,0.0000,0.0000,0.0000,NULL,NULL,NULL,NULL,NULL,19.0000,19.0000,38.0000,38.0000,0.0000,0.0000,NULL,NULL,NULL,NULL,NULL,NULL,NULL,NULL,NULL,NULL,NULL,NULL,NULL,NULL,NULL,NULL,NULL,NULL,NULL,NULL,NULL,1,'',''),(70,49,NULL,280,1,'2023-07-21 05:18:45','2023-09-29 08:00:30',1434,'configurable','{\"info_buyRequest\":{\"uenc\":\"aHR0cDovL2RlbW85Lm1hZ2VhbnRzLmJpei93b21lbi90b3BzLXdvbWVuL3RlZXMtd29tZW4uaHRtbA,,\",\"product\":\"1434\",\"super_attribute\":{\"142\":\"167\",\"93\":\"50\"},\"qty\":\"1.0000\"},\"attributes_info\":[{\"label\":\"Size\",\"value\":\"S\",\"option_id\":142,\"option_value\":\"167\"},{\"label\":\"Color\",\"value\":\"Blue\",\"option_id\":93,\"option_value\":\"50\"}],\"simple_name\":\"Iris Workout Top-S-Blue\",\"simple_sku\":\"WS03-S-Blue\",\"product_calculations\":1,\"shipment_type\":0}',1.0000,0,'WS03-S-Blue','Iris Workout Top',NULL,'1',NULL,0,0,NULL,0.0000,0.0000,1.0000,0.0000,0.0000,NULL,29.0000,29.0000,29.0000,29.0000,8.2500,2.3900,2.3900,0.0000,0.0000,0.0000,0.0000,0.0000,0.0000,0.0000,0.0000,0.0000,29.0000,29.0000,0.0000,0.0000,1.0000,NULL,NULL,NULL,NULL,NULL,31.3900,31.3900,31.3900,31.3900,0.0000,0.0000,NULL,NULL,NULL,NULL,NULL,NULL,NULL,NULL,NULL,NULL,NULL,NULL,NULL,NULL,NULL,NULL,NULL,NULL,NULL,NULL,NULL,0,'',''),(71,49,70,281,1,'2023-07-21 05:18:45','2023-07-21 05:18:45',1422,'simple','{\"info_buyRequest\":{\"uenc\":\"aHR0cDovL2RlbW85Lm1hZ2VhbnRzLmJpei93b21lbi90b3BzLXdvbWVuL3RlZXMtd29tZW4uaHRtbA,,\",\"product\":\"1434\",\"super_attribute\":{\"142\":\"167\",\"93\":\"50\"},\"qty\":1}}',1.0000,0,'WS03-S-Blue','Iris Workout Top-S-Blue',NULL,NULL,NULL,0,0,NULL,0.0000,0.0000,1.0000,0.0000,0.0000,NULL,0.0000,0.0000,0.0000,NULL,0.0000,0.0000,0.0000,0.0000,0.0000,0.0000,0.0000,0.0000,0.0000,0.0000,0.0000,0.0000,0.0000,0.0000,0.0000,0.0000,0.0000,NULL,NULL,NULL,NULL,NULL,NULL,NULL,NULL,NULL,NULL,NULL,NULL,NULL,NULL,NULL,NULL,NULL,NULL,NULL,NULL,NULL,NULL,NULL,NULL,NULL,NULL,NULL,NULL,NULL,NULL,NULL,NULL,0,'',''),(72,50,NULL,285,1,'2023-07-28 05:53:28','2023-07-28 05:53:28',1082,'configurable','{\"info_buyRequest\":{\"uenc\":\"aHR0cDovL2RlbW85Lm1hZ2VhbnRzLmJpei93b21lbi90b3BzLXdvbWVuL2hvb2RpZXMtYW5kLXN3ZWF0c2hpcnRzLXdvbWVuLmh0bWw,\",\"product\":\"1082\",\"super_attribute\":{\"142\":\"166\",\"93\":\"53\"},\"qty\":1},\"attributes_info\":[{\"label\":\"Size\",\"value\":\"XS\",\"option_id\":142,\"option_value\":\"166\"},{\"label\":\"Color\",\"value\":\"Green\",\"option_id\":93,\"option_value\":\"53\"}],\"simple_name\":\"Autumn Pullie-XS-Green\",\"simple_sku\":\"WH03-XS-Green\",\"product_calculations\":1,\"shipment_type\":0}',1.0000,0,'WH03-XS-Green','Autumn Pullie',NULL,'2',NULL,0,0,NULL,0.0000,0.0000,1.0000,0.0000,0.0000,NULL,57.0000,57.0000,57.0000,57.0000,0.0000,0.0000,0.0000,0.0000,0.0000,0.0000,0.0000,0.0000,0.0000,0.0000,0.0000,0.0000,57.0000,57.0000,0.0000,0.0000,0.0000,NULL,NULL,NULL,NULL,NULL,57.0000,57.0000,57.0000,57.0000,0.0000,0.0000,NULL,NULL,NULL,NULL,NULL,NULL,NULL,NULL,NULL,NULL,NULL,NULL,NULL,NULL,NULL,NULL,NULL,NULL,NULL,NULL,NULL,0,'',''),(73,50,72,286,1,'2023-07-28 05:53:28','2023-07-28 05:53:28',1067,'simple','{\"info_buyRequest\":{\"uenc\":\"aHR0cDovL2RlbW85Lm1hZ2VhbnRzLmJpei93b21lbi90b3BzLXdvbWVuL2hvb2RpZXMtYW5kLXN3ZWF0c2hpcnRzLXdvbWVuLmh0bWw,\",\"product\":\"1082\",\"super_attribute\":{\"142\":\"166\",\"93\":\"53\"},\"qty\":1}}',1.0000,0,'WH03-XS-Green','Autumn Pullie-XS-Green',NULL,NULL,NULL,0,0,NULL,0.0000,0.0000,1.0000,0.0000,0.0000,NULL,0.0000,0.0000,0.0000,NULL,0.0000,0.0000,0.0000,0.0000,0.0000,0.0000,0.0000,0.0000,0.0000,0.0000,0.0000,0.0000,0.0000,0.0000,0.0000,0.0000,0.0000,NULL,NULL,NULL,NULL,NULL,NULL,NULL,NULL,NULL,NULL,NULL,NULL,NULL,NULL,NULL,NULL,NULL,NULL,NULL,NULL,NULL,NULL,NULL,NULL,NULL,NULL,NULL,NULL,NULL,NULL,NULL,NULL,0,'',''),(74,51,NULL,292,1,'2023-08-04 05:15:32','2023-08-04 05:15:32',52,'bundle','{\"info_buyRequest\":{\"uenc\":\"aHR0cDovL2RlbW85Lm1hZ2VhbnRzLmJpei9zcHJpdGUteW9nYS1jb21wYW5pb24ta2l0Lmh0bWw,\",\"product\":\"52\",\"selected_configurable_option\":\"\",\"related_product\":\"\",\"item\":\"52\",\"bundle_option\":{\"1\":\"1\",\"2\":\"4\",\"3\":\"5\",\"4\":\"8\"},\"bundle_option_qty\":{\"1\":\"1\",\"2\":\"1\",\"3\":\"1\",\"4\":\"1\"},\"qty\":\"1\"},\"bundle_options\":{\"1\":{\"option_id\":\"1\",\"label\":\"Sprite Stasis Ball\",\"value\":[{\"title\":\"Sprite Stasis Ball 55 cm\",\"qty\":\"1\",\"price\":23}]},\"2\":{\"option_id\":\"2\",\"label\":\"Sprite Foam Yoga Brick\",\"value\":[{\"title\":\"Sprite Foam Yoga Brick\",\"qty\":\"1\",\"price\":5}]},\"3\":{\"option_id\":\"3\",\"label\":\"Sprite Yoga Strap\",\"value\":[{\"title\":\"Sprite Yoga Strap 6 foot\",\"qty\":\"1\",\"price\":14}]},\"4\":{\"option_id\":\"4\",\"label\":\"Sprite Foam Roller\",\"value\":[{\"title\":\"Sprite Foam Roller\",\"qty\":\"1\",\"price\":19}]}},\"product_calculations\":0,\"shipment_type\":\"0\"}',0.0000,0,'24-WG080-24-WG081-blue-24-WG084-24-WG085-24-WG088','Sprite Yoga Companion Kit',NULL,'2',NULL,0,0,NULL,0.0000,0.0000,1.0000,0.0000,0.0000,NULL,61.0000,61.0000,61.0000,61.0000,NULL,0.0000,0.0000,0.0000,0.0000,0.0000,0.0000,0.0000,0.0000,0.0000,0.0000,0.0000,61.0000,61.0000,0.0000,0.0000,0.0000,NULL,NULL,NULL,NULL,NULL,61.0000,61.0000,61.0000,61.0000,NULL,NULL,NULL,NULL,NULL,NULL,NULL,NULL,NULL,NULL,NULL,NULL,NULL,NULL,NULL,NULL,NULL,NULL,NULL,NULL,NULL,NULL,NULL,0,'',''),(75,51,74,293,1,'2023-08-04 05:15:32','2023-08-04 05:15:32',26,'simple','{\"info_buyRequest\":{\"uenc\":\"aHR0cDovL2RlbW85Lm1hZ2VhbnRzLmJpei9zcHJpdGUteW9nYS1jb21wYW5pb24ta2l0Lmh0bWw,\",\"product\":\"52\",\"selected_configurable_option\":\"\",\"related_product\":\"\",\"item\":\"52\",\"bundle_option\":{\"1\":\"1\",\"2\":\"4\",\"3\":\"5\",\"4\":\"8\"},\"bundle_option_qty\":{\"1\":\"1\",\"2\":\"1\",\"3\":\"1\",\"4\":\"1\"},\"qty\":\"1\"},\"bundle_selection_attributes\":\"{\\\"price\\\":23,\\\"qty\\\":1,\\\"option_label\\\":\\\"Sprite Stasis Ball\\\",\\\"option_id\\\":\\\"1\\\"}\"}',NULL,0,'24-WG081-blue','Sprite Stasis Ball 55 cm',NULL,NULL,NULL,0,0,NULL,0.0000,0.0000,1.0000,0.0000,0.0000,NULL,23.0000,23.0000,23.0000,23.0000,0.0000,0.0000,0.0000,0.0000,0.0000,0.0000,0.0000,0.0000,0.0000,0.0000,0.0000,0.0000,23.0000,23.0000,0.0000,0.0000,0.0000,NULL,NULL,NULL,NULL,NULL,23.0000,23.0000,23.0000,23.0000,0.0000,0.0000,NULL,NULL,NULL,NULL,NULL,NULL,NULL,NULL,NULL,NULL,NULL,NULL,NULL,NULL,NULL,NULL,NULL,NULL,NULL,NULL,NULL,1,'',''),(76,51,74,294,1,'2023-08-04 05:15:32','2023-08-04 05:15:32',21,'simple','{\"info_buyRequest\":{\"uenc\":\"aHR0cDovL2RlbW85Lm1hZ2VhbnRzLmJpei9zcHJpdGUteW9nYS1jb21wYW5pb24ta2l0Lmh0bWw,\",\"product\":\"52\",\"selected_configurable_option\":\"\",\"related_product\":\"\",\"item\":\"52\",\"bundle_option\":{\"1\":\"1\",\"2\":\"4\",\"3\":\"5\",\"4\":\"8\"},\"bundle_option_qty\":{\"1\":\"1\",\"2\":\"1\",\"3\":\"1\",\"4\":\"1\"},\"qty\":\"1\"},\"bundle_selection_attributes\":\"{\\\"price\\\":5,\\\"qty\\\":1,\\\"option_label\\\":\\\"Sprite Foam Yoga Brick\\\",\\\"option_id\\\":\\\"2\\\"}\"}',NULL,0,'24-WG084','Sprite Foam Yoga Brick',NULL,NULL,NULL,0,0,NULL,0.0000,0.0000,1.0000,0.0000,0.0000,NULL,5.0000,5.0000,5.0000,5.0000,0.0000,0.0000,0.0000,0.0000,0.0000,0.0000,0.0000,0.0000,0.0000,0.0000,0.0000,0.0000,5.0000,5.0000,0.0000,0.0000,0.0000,NULL,NULL,NULL,NULL,NULL,5.0000,5.0000,5.0000,5.0000,0.0000,0.0000,NULL,NULL,NULL,NULL,NULL,NULL,NULL,NULL,NULL,NULL,NULL,NULL,NULL,NULL,NULL,NULL,NULL,NULL,NULL,NULL,NULL,1,'',''),(77,51,74,295,1,'2023-08-04 05:15:32','2023-08-04 05:15:32',33,'simple','{\"info_buyRequest\":{\"uenc\":\"aHR0cDovL2RlbW85Lm1hZ2VhbnRzLmJpei9zcHJpdGUteW9nYS1jb21wYW5pb24ta2l0Lmh0bWw,\",\"product\":\"52\",\"selected_configurable_option\":\"\",\"related_product\":\"\",\"item\":\"52\",\"bundle_option\":{\"1\":\"1\",\"2\":\"4\",\"3\":\"5\",\"4\":\"8\"},\"bundle_option_qty\":{\"1\":\"1\",\"2\":\"1\",\"3\":\"1\",\"4\":\"1\"},\"qty\":\"1\"},\"bundle_selection_attributes\":\"{\\\"price\\\":14,\\\"qty\\\":1,\\\"option_label\\\":\\\"Sprite Yoga Strap\\\",\\\"option_id\\\":\\\"3\\\"}\"}',NULL,0,'24-WG085','Sprite Yoga Strap 6 foot',NULL,NULL,NULL,0,0,NULL,0.0000,0.0000,1.0000,0.0000,0.0000,NULL,14.0000,14.0000,14.0000,14.0000,0.0000,0.0000,0.0000,0.0000,0.0000,0.0000,0.0000,0.0000,0.0000,0.0000,0.0000,0.0000,14.0000,14.0000,0.0000,0.0000,0.0000,NULL,NULL,NULL,NULL,NULL,14.0000,14.0000,14.0000,14.0000,0.0000,0.0000,NULL,NULL,NULL,NULL,NULL,NULL,NULL,NULL,NULL,NULL,NULL,NULL,NULL,NULL,NULL,NULL,NULL,NULL,NULL,NULL,NULL,1,'',''),(78,51,74,296,1,'2023-08-04 05:15:32','2023-08-04 05:15:32',22,'simple','{\"info_buyRequest\":{\"uenc\":\"aHR0cDovL2RlbW85Lm1hZ2VhbnRzLmJpei9zcHJpdGUteW9nYS1jb21wYW5pb24ta2l0Lmh0bWw,\",\"product\":\"52\",\"selected_configurable_option\":\"\",\"related_product\":\"\",\"item\":\"52\",\"bundle_option\":{\"1\":\"1\",\"2\":\"4\",\"3\":\"5\",\"4\":\"8\"},\"bundle_option_qty\":{\"1\":\"1\",\"2\":\"1\",\"3\":\"1\",\"4\":\"1\"},\"qty\":\"1\"},\"bundle_selection_attributes\":\"{\\\"price\\\":19,\\\"qty\\\":1,\\\"option_label\\\":\\\"Sprite Foam Roller\\\",\\\"option_id\\\":\\\"4\\\"}\"}',NULL,0,'24-WG088','Sprite Foam Roller',NULL,NULL,NULL,0,0,NULL,0.0000,0.0000,1.0000,0.0000,0.0000,NULL,19.0000,19.0000,19.0000,19.0000,0.0000,0.0000,0.0000,0.0000,0.0000,0.0000,0.0000,0.0000,0.0000,0.0000,0.0000,0.0000,19.0000,19.0000,0.0000,0.0000,0.0000,NULL,NULL,NULL,NULL,NULL,19.0000,19.0000,19.0000,19.0000,0.0000,0.0000,NULL,NULL,NULL,NULL,NULL,NULL,NULL,NULL,NULL,NULL,NULL,NULL,NULL,NULL,NULL,NULL,NULL,NULL,NULL,NULL,NULL,1,'',''),(79,52,NULL,297,11,'2023-08-04 10:17:59','2023-08-04 10:20:42',1,'simple','{\"info_buyRequest\":{\"uenc\":\"aHR0cDovL3NhbXBsZXByb2R1Y3QuZGVtbzkubWFnZWFudHMuYml6L2NhdGFsb2cvcHJvZHVjdC92aWV3L2lkLzEvcy9qb3VzdC1kdWZmbGUtYmFnL2NhdGVnb3J5LzQv\",\"product\":\"1\",\"selected_configurable_option\":\"\",\"related_product\":\"\",\"item\":\"1\",\"qty\":\"1\",\"sample-price\":\"0\",\"isSample\":\"1\",\"sampleorder\":\"sampleorder\"},\"additional_options\":[{\"label\":\"Sample Order\",\"value\":\" - Yes\"}]}',NULL,0,'24-MB01','Joust Duffle Bag',NULL,NULL,NULL,0,0,NULL,0.0000,0.0000,2.0000,0.0000,2.0000,NULL,0.0000,0.0000,34.0000,34.0000,0.0000,0.0000,0.0000,0.0000,0.0000,0.0000,0.0000,0.0000,0.0000,0.0000,0.0000,0.0000,0.0000,0.0000,0.0000,0.0000,0.0000,NULL,NULL,NULL,NULL,NULL,0.0000,0.0000,0.0000,0.0000,0.0000,0.0000,NULL,NULL,NULL,NULL,NULL,NULL,NULL,NULL,NULL,NULL,NULL,NULL,NULL,NULL,NULL,NULL,NULL,NULL,NULL,NULL,0,0,'',''),(80,53,NULL,298,11,'2023-08-04 10:19:00','2023-08-04 10:19:00',1,'simple','{\"info_buyRequest\":{\"uenc\":\"aHR0cDovL3NhbXBsZXByb2R1Y3QuZGVtbzkubWFnZWFudHMuYml6L2pvdXN0LWR1ZmZsZS1iYWcuaHRtbA,,\",\"product\":\"1\",\"selected_configurable_option\":\"\",\"related_product\":\"\",\"item\":\"1\",\"qty\":\"1\",\"sample-price\":\"0\",\"isSample\":\"1\"},\"additional_options\":[{\"label\":\"Sample Order\",\"value\":\" - Yes\"}]}',NULL,0,'24-MB01','Joust Duffle Bag',NULL,NULL,NULL,0,0,NULL,0.0000,0.0000,1.0000,0.0000,0.0000,NULL,0.0000,0.0000,34.0000,34.0000,0.0000,0.0000,0.0000,0.0000,0.0000,0.0000,0.0000,0.0000,0.0000,0.0000,0.0000,0.0000,0.0000,0.0000,0.0000,0.0000,0.0000,NULL,NULL,NULL,NULL,NULL,0.0000,0.0000,0.0000,0.0000,0.0000,0.0000,NULL,NULL,NULL,NULL,NULL,NULL,NULL,NULL,NULL,NULL,NULL,NULL,NULL,NULL,NULL,NULL,NULL,NULL,NULL,NULL,0,0,'',''),(81,54,NULL,299,11,'2023-08-04 10:23:14','2023-08-04 10:23:14',1,'simple','{\"info_buyRequest\":{\"uenc\":\"aHR0cDovL3NhbXBsZXByb2R1Y3QuZGVtbzkubWFnZWFudHMuYml6L2NhdGFsb2cvcHJvZHVjdC92aWV3L2lkLzEvcy9qb3VzdC1kdWZmbGUtYmFnL2NhdGVnb3J5LzQv\",\"product\":\"1\",\"selected_configurable_option\":\"\",\"related_product\":\"\",\"item\":\"1\",\"qty\":\"1\",\"sample-price\":\"0\",\"isSample\":\"0\"}}',NULL,0,'24-MB01','Joust Duffle Bag',NULL,NULL,NULL,0,0,NULL,0.0000,0.0000,1.0000,0.0000,0.0000,NULL,34.0000,34.0000,34.0000,34.0000,0.0000,0.0000,0.0000,0.0000,0.0000,0.0000,0.0000,0.0000,0.0000,0.0000,0.0000,0.0000,34.0000,34.0000,0.0000,0.0000,0.0000,NULL,NULL,NULL,NULL,NULL,34.0000,34.0000,34.0000,34.0000,0.0000,0.0000,NULL,NULL,NULL,NULL,NULL,NULL,NULL,NULL,NULL,NULL,NULL,NULL,NULL,NULL,NULL,NULL,NULL,NULL,NULL,NULL,0,0,'',''),(82,54,NULL,300,11,'2023-08-04 10:23:14','2023-08-04 10:23:14',1,'simple','{\"info_buyRequest\":{\"uenc\":\"aHR0cDovL3NhbXBsZXByb2R1Y3QuZGVtbzkubWFnZWFudHMuYml6L2NhdGFsb2cvcHJvZHVjdC92aWV3L2lkLzEvcy9qb3VzdC1kdWZmbGUtYmFnL2NhdGVnb3J5LzQv\",\"product\":\"1\",\"selected_configurable_option\":\"\",\"related_product\":\"\",\"item\":\"1\",\"qty\":\"1\",\"sample-price\":\"0\",\"isSample\":\"1\"},\"additional_options\":[{\"label\":\"Sample Order\",\"value\":\" - Yes\"}]}',NULL,0,'24-MB01','Joust Duffle Bag',NULL,NULL,NULL,0,0,NULL,0.0000,0.0000,1.0000,0.0000,0.0000,NULL,0.0000,0.0000,34.0000,34.0000,0.0000,0.0000,0.0000,0.0000,0.0000,0.0000,0.0000,0.0000,0.0000,0.0000,0.0000,0.0000,0.0000,0.0000,0.0000,0.0000,0.0000,NULL,NULL,NULL,NULL,NULL,0.0000,0.0000,0.0000,0.0000,0.0000,0.0000,NULL,NULL,NULL,NULL,NULL,NULL,NULL,NULL,NULL,NULL,NULL,NULL,NULL,NULL,NULL,NULL,NULL,NULL,NULL,NULL,0,0,'',''),(83,55,NULL,307,1,'2023-08-07 05:08:52','2023-08-07 05:08:52',886,'configurable','{\"info_buyRequest\":{\"uenc\":\"aHR0cDovL2RlbW85Lm1hZ2VhbnRzLmJpei9tZW4vYm90dG9tcy1tZW4vcGFudHMtbWVuLmh0bWw,\",\"product\":\"886\",\"super_attribute\":{\"142\":\"175\",\"93\":\"49\"},\"qty\":1},\"attributes_info\":[{\"label\":\"Size\",\"value\":\"32\",\"option_id\":142,\"option_value\":\"175\"},{\"label\":\"Color\",\"value\":\"Black\",\"option_id\":93,\"option_value\":\"49\"}],\"simple_name\":\"Cronus Yoga Pant -32-Black\",\"simple_sku\":\"MP12-32-Black\",\"product_calculations\":1,\"shipment_type\":0}',1.0000,0,'MP12-32-Black','Cronus Yoga Pant ',NULL,NULL,NULL,0,0,NULL,0.0000,0.0000,1.0000,0.0000,0.0000,NULL,48.0000,48.0000,48.0000,48.0000,0.0000,0.0000,0.0000,0.0000,0.0000,0.0000,0.0000,0.0000,0.0000,0.0000,0.0000,0.0000,48.0000,48.0000,0.0000,0.0000,1.0000,NULL,NULL,NULL,NULL,NULL,48.0000,48.0000,48.0000,48.0000,0.0000,0.0000,NULL,NULL,NULL,NULL,NULL,NULL,NULL,NULL,NULL,NULL,NULL,NULL,NULL,NULL,NULL,NULL,NULL,NULL,NULL,NULL,NULL,0,'',''),(84,55,83,308,1,'2023-08-07 05:08:52','2023-08-07 05:08:52',874,'simple','{\"info_buyRequest\":{\"uenc\":\"aHR0cDovL2RlbW85Lm1hZ2VhbnRzLmJpei9tZW4vYm90dG9tcy1tZW4vcGFudHMtbWVuLmh0bWw,\",\"product\":\"886\",\"super_attribute\":{\"142\":\"175\",\"93\":\"49\"},\"qty\":1}}',1.0000,0,'MP12-32-Black','Cronus Yoga Pant -32-Black',NULL,NULL,NULL,0,0,NULL,0.0000,0.0000,1.0000,0.0000,0.0000,NULL,0.0000,0.0000,0.0000,NULL,0.0000,0.0000,0.0000,0.0000,0.0000,0.0000,0.0000,0.0000,0.0000,0.0000,0.0000,0.0000,0.0000,0.0000,0.0000,0.0000,0.0000,NULL,NULL,NULL,NULL,NULL,NULL,NULL,NULL,NULL,NULL,NULL,NULL,NULL,NULL,NULL,NULL,NULL,NULL,NULL,NULL,NULL,NULL,NULL,NULL,NULL,NULL,NULL,NULL,NULL,NULL,NULL,NULL,0,'',''),(85,56,NULL,319,1,'2023-08-11 05:48:34','2023-08-11 05:48:34',45,'downloadable','{\"info_buyRequest\":{\"uenc\":\"aHR0cDovL2RlbW85Lm1hZ2VhbnRzLmJpei90cmFpbmluZy90cmFpbmluZy12aWRlby5odG1s\",\"product\":\"45\",\"qty\":1},\"links\":[\"1\"],\"is_downloadable\":true,\"real_product_type\":\"downloadable\"}',NULL,1,'240-LV04','Beginner\'s Yoga',NULL,NULL,NULL,0,0,NULL,0.0000,0.0000,1.0000,0.0000,0.0000,NULL,6.0000,6.0000,6.0000,6.0000,0.0000,0.0000,0.0000,0.0000,0.0000,0.0000,0.0000,0.0000,0.0000,0.0000,0.0000,0.0000,6.0000,6.0000,0.0000,0.0000,0.0000,NULL,NULL,NULL,NULL,NULL,6.0000,6.0000,6.0000,6.0000,0.0000,0.0000,NULL,NULL,NULL,NULL,NULL,NULL,NULL,NULL,NULL,NULL,NULL,NULL,NULL,NULL,NULL,NULL,NULL,NULL,NULL,NULL,0,0,'',''),(86,57,NULL,320,1,'2023-08-18 05:14:55','2023-08-18 05:14:55',39,'simple','{\"info_buyRequest\":{\"uenc\":\"aHR0cDovL2RlbW85Lm1hZ2VhbnRzLmJpei9nZWFyL3dhdGNoZXMuaHRtbA,,\",\"product\":\"39\",\"qty\":1}}',NULL,0,'24-MG05','Cruise Dual Analog Watch',NULL,'2',NULL,0,0,NULL,0.0000,0.0000,1.0000,0.0000,0.0000,NULL,55.0000,55.0000,55.0000,55.0000,0.0000,0.0000,0.0000,0.0000,0.0000,0.0000,0.0000,0.0000,0.0000,0.0000,0.0000,0.0000,55.0000,55.0000,0.0000,0.0000,0.0000,NULL,NULL,NULL,NULL,NULL,55.0000,55.0000,55.0000,55.0000,0.0000,0.0000,NULL,NULL,NULL,NULL,NULL,NULL,NULL,NULL,NULL,NULL,NULL,NULL,NULL,NULL,NULL,NULL,NULL,NULL,NULL,NULL,NULL,0,'',''),(87,58,NULL,322,1,'2023-08-25 05:11:44','2023-08-25 05:11:44',52,'bundle','{\"info_buyRequest\":{\"uenc\":\"aHR0cDovL2RlbW85Lm1hZ2VhbnRzLmJpei9zcHJpdGUteW9nYS1jb21wYW5pb24ta2l0Lmh0bWw,\",\"product\":\"52\",\"selected_configurable_option\":\"\",\"related_product\":\"\",\"item\":\"52\",\"bundle_option\":{\"1\":\"1\",\"2\":\"4\",\"3\":\"5\",\"4\":\"8\"},\"bundle_option_qty\":{\"1\":\"1\",\"2\":\"1\",\"3\":\"1\",\"4\":\"1\"},\"qty\":\"1\"},\"bundle_options\":{\"1\":{\"option_id\":\"1\",\"label\":\"Sprite Stasis Ball\",\"value\":[{\"title\":\"Sprite Stasis Ball 55 cm\",\"qty\":\"1\",\"price\":23}]},\"2\":{\"option_id\":\"2\",\"label\":\"Sprite Foam Yoga Brick\",\"value\":[{\"title\":\"Sprite Foam Yoga Brick\",\"qty\":\"1\",\"price\":5}]},\"3\":{\"option_id\":\"3\",\"label\":\"Sprite Yoga Strap\",\"value\":[{\"title\":\"Sprite Yoga Strap 6 foot\",\"qty\":\"1\",\"price\":14}]},\"4\":{\"option_id\":\"4\",\"label\":\"Sprite Foam Roller\",\"value\":[{\"title\":\"Sprite Foam Roller\",\"qty\":\"1\",\"price\":19}]}},\"product_calculations\":0,\"shipment_type\":\"0\"}',0.0000,0,'24-WG080-24-WG081-blue-24-WG084-24-WG085-24-WG088','Sprite Yoga Companion Kit',NULL,'2',NULL,0,0,NULL,0.0000,0.0000,1.0000,0.0000,0.0000,NULL,61.0000,61.0000,61.0000,61.0000,NULL,0.0000,0.0000,0.0000,0.0000,0.0000,0.0000,0.0000,0.0000,0.0000,0.0000,0.0000,61.0000,61.0000,0.0000,0.0000,0.0000,NULL,NULL,NULL,NULL,NULL,61.0000,61.0000,61.0000,61.0000,NULL,NULL,NULL,NULL,NULL,NULL,NULL,NULL,NULL,NULL,NULL,NULL,NULL,NULL,NULL,NULL,NULL,NULL,NULL,NULL,NULL,NULL,NULL,0,'',''),(88,58,87,323,1,'2023-08-25 05:11:44','2023-08-25 05:11:44',26,'simple','{\"info_buyRequest\":{\"uenc\":\"aHR0cDovL2RlbW85Lm1hZ2VhbnRzLmJpei9zcHJpdGUteW9nYS1jb21wYW5pb24ta2l0Lmh0bWw,\",\"product\":\"52\",\"selected_configurable_option\":\"\",\"related_product\":\"\",\"item\":\"52\",\"bundle_option\":{\"1\":\"1\",\"2\":\"4\",\"3\":\"5\",\"4\":\"8\"},\"bundle_option_qty\":{\"1\":\"1\",\"2\":\"1\",\"3\":\"1\",\"4\":\"1\"},\"qty\":\"1\"},\"bundle_selection_attributes\":\"{\\\"price\\\":23,\\\"qty\\\":1,\\\"option_label\\\":\\\"Sprite Stasis Ball\\\",\\\"option_id\\\":\\\"1\\\"}\"}',NULL,0,'24-WG081-blue','Sprite Stasis Ball 55 cm',NULL,NULL,NULL,0,0,NULL,0.0000,0.0000,1.0000,0.0000,0.0000,NULL,23.0000,23.0000,23.0000,23.0000,0.0000,0.0000,0.0000,0.0000,0.0000,0.0000,0.0000,0.0000,0.0000,0.0000,0.0000,0.0000,23.0000,23.0000,0.0000,0.0000,0.0000,NULL,NULL,NULL,NULL,NULL,23.0000,23.0000,23.0000,23.0000,0.0000,0.0000,NULL,NULL,NULL,NULL,NULL,NULL,NULL,NULL,NULL,NULL,NULL,NULL,NULL,NULL,NULL,NULL,NULL,NULL,NULL,NULL,NULL,1,'',''),(89,58,87,324,1,'2023-08-25 05:11:44','2023-08-25 05:11:44',21,'simple','{\"info_buyRequest\":{\"uenc\":\"aHR0cDovL2RlbW85Lm1hZ2VhbnRzLmJpei9zcHJpdGUteW9nYS1jb21wYW5pb24ta2l0Lmh0bWw,\",\"product\":\"52\",\"selected_configurable_option\":\"\",\"related_product\":\"\",\"item\":\"52\",\"bundle_option\":{\"1\":\"1\",\"2\":\"4\",\"3\":\"5\",\"4\":\"8\"},\"bundle_option_qty\":{\"1\":\"1\",\"2\":\"1\",\"3\":\"1\",\"4\":\"1\"},\"qty\":\"1\"},\"bundle_selection_attributes\":\"{\\\"price\\\":5,\\\"qty\\\":1,\\\"option_label\\\":\\\"Sprite Foam Yoga Brick\\\",\\\"option_id\\\":\\\"2\\\"}\"}',NULL,0,'24-WG084','Sprite Foam Yoga Brick',NULL,NULL,NULL,0,0,NULL,0.0000,0.0000,1.0000,0.0000,0.0000,NULL,5.0000,5.0000,5.0000,5.0000,0.0000,0.0000,0.0000,0.0000,0.0000,0.0000,0.0000,0.0000,0.0000,0.0000,0.0000,0.0000,5.0000,5.0000,0.0000,0.0000,0.0000,NULL,NULL,NULL,NULL,NULL,5.0000,5.0000,5.0000,5.0000,0.0000,0.0000,NULL,NULL,NULL,NULL,NULL,NULL,NULL,NULL,NULL,NULL,NULL,NULL,NULL,NULL,NULL,NULL,NULL,NULL,NULL,NULL,NULL,1,'',''),(90,58,87,325,1,'2023-08-25 05:11:44','2023-08-25 05:11:44',33,'simple','{\"info_buyRequest\":{\"uenc\":\"aHR0cDovL2RlbW85Lm1hZ2VhbnRzLmJpei9zcHJpdGUteW9nYS1jb21wYW5pb24ta2l0Lmh0bWw,\",\"product\":\"52\",\"selected_configurable_option\":\"\",\"related_product\":\"\",\"item\":\"52\",\"bundle_option\":{\"1\":\"1\",\"2\":\"4\",\"3\":\"5\",\"4\":\"8\"},\"bundle_option_qty\":{\"1\":\"1\",\"2\":\"1\",\"3\":\"1\",\"4\":\"1\"},\"qty\":\"1\"},\"bundle_selection_attributes\":\"{\\\"price\\\":14,\\\"qty\\\":1,\\\"option_label\\\":\\\"Sprite Yoga Strap\\\",\\\"option_id\\\":\\\"3\\\"}\"}',NULL,0,'24-WG085','Sprite Yoga Strap 6 foot',NULL,NULL,NULL,0,0,NULL,0.0000,0.0000,1.0000,0.0000,0.0000,NULL,14.0000,14.0000,14.0000,14.0000,0.0000,0.0000,0.0000,0.0000,0.0000,0.0000,0.0000,0.0000,0.0000,0.0000,0.0000,0.0000,14.0000,14.0000,0.0000,0.0000,0.0000,NULL,NULL,NULL,NULL,NULL,14.0000,14.0000,14.0000,14.0000,0.0000,0.0000,NULL,NULL,NULL,NULL,NULL,NULL,NULL,NULL,NULL,NULL,NULL,NULL,NULL,NULL,NULL,NULL,NULL,NULL,NULL,NULL,NULL,1,'',''),(91,58,87,326,1,'2023-08-25 05:11:44','2023-08-25 05:11:44',22,'simple','{\"info_buyRequest\":{\"uenc\":\"aHR0cDovL2RlbW85Lm1hZ2VhbnRzLmJpei9zcHJpdGUteW9nYS1jb21wYW5pb24ta2l0Lmh0bWw,\",\"product\":\"52\",\"selected_configurable_option\":\"\",\"related_product\":\"\",\"item\":\"52\",\"bundle_option\":{\"1\":\"1\",\"2\":\"4\",\"3\":\"5\",\"4\":\"8\"},\"bundle_option_qty\":{\"1\":\"1\",\"2\":\"1\",\"3\":\"1\",\"4\":\"1\"},\"qty\":\"1\"},\"bundle_selection_attributes\":\"{\\\"price\\\":19,\\\"qty\\\":1,\\\"option_label\\\":\\\"Sprite Foam Roller\\\",\\\"option_id\\\":\\\"4\\\"}\"}',NULL,0,'24-WG088','Sprite Foam Roller',NULL,NULL,NULL,0,0,NULL,0.0000,0.0000,1.0000,0.0000,0.0000,NULL,19.0000,19.0000,19.0000,19.0000,0.0000,0.0000,0.0000,0.0000,0.0000,0.0000,0.0000,0.0000,0.0000,0.0000,0.0000,0.0000,19.0000,19.0000,0.0000,0.0000,0.0000,NULL,NULL,NULL,NULL,NULL,19.0000,19.0000,19.0000,19.0000,0.0000,0.0000,NULL,NULL,NULL,NULL,NULL,NULL,NULL,NULL,NULL,NULL,NULL,NULL,NULL,NULL,NULL,NULL,NULL,NULL,NULL,NULL,NULL,1,'',''),(92,59,NULL,328,1,'2023-09-01 05:25:14','2023-09-01 05:25:14',1989,'configurable','{\"info_buyRequest\":{\"uenc\":\"aHR0cDovL2RlbW85Lm1hZ2VhbnRzLmJpei93b21lbi9ib3R0b21zLXdvbWVuL3Nob3J0cy13b21lbi5odG1s\",\"product\":\"1989\",\"super_attribute\":{\"142\":\"171\",\"93\":\"50\"},\"qty\":1},\"attributes_info\":[{\"label\":\"Size\",\"value\":\"28\",\"option_id\":142,\"option_value\":\"171\"},{\"label\":\"Color\",\"value\":\"Blue\",\"option_id\":93,\"option_value\":\"50\"}],\"simple_name\":\"Bess Yoga Short-28-Blue\",\"simple_sku\":\"WSH05-28-Blue\",\"product_calculations\":1,\"shipment_type\":0}',1.0000,0,'WSH05-28-Blue','Bess Yoga Short',NULL,NULL,NULL,0,0,NULL,0.0000,0.0000,1.0000,0.0000,0.0000,NULL,28.0000,28.0000,28.0000,28.0000,0.0000,0.0000,0.0000,0.0000,0.0000,0.0000,0.0000,0.0000,0.0000,0.0000,0.0000,0.0000,28.0000,28.0000,0.0000,0.0000,1.0000,NULL,NULL,NULL,NULL,NULL,28.0000,28.0000,28.0000,28.0000,0.0000,0.0000,NULL,NULL,NULL,NULL,NULL,NULL,NULL,NULL,NULL,NULL,NULL,NULL,NULL,NULL,NULL,NULL,NULL,NULL,NULL,NULL,NULL,0,'',''),(93,59,92,329,1,'2023-09-01 05:25:14','2023-09-01 05:25:14',1974,'simple','{\"info_buyRequest\":{\"uenc\":\"aHR0cDovL2RlbW85Lm1hZ2VhbnRzLmJpei93b21lbi9ib3R0b21zLXdvbWVuL3Nob3J0cy13b21lbi5odG1s\",\"product\":\"1989\",\"super_attribute\":{\"142\":\"171\",\"93\":\"50\"},\"qty\":1}}',1.0000,0,'WSH05-28-Blue','Bess Yoga Short-28-Blue',NULL,NULL,NULL,0,0,NULL,0.0000,0.0000,1.0000,0.0000,0.0000,NULL,0.0000,0.0000,0.0000,NULL,0.0000,0.0000,0.0000,0.0000,0.0000,0.0000,0.0000,0.0000,0.0000,0.0000,0.0000,0.0000,0.0000,0.0000,0.0000,0.0000,0.0000,NULL,NULL,NULL,NULL,NULL,NULL,NULL,NULL,NULL,NULL,NULL,NULL,NULL,NULL,NULL,NULL,NULL,NULL,NULL,NULL,NULL,NULL,NULL,NULL,NULL,NULL,NULL,NULL,NULL,NULL,NULL,NULL,0,'',''),(94,60,NULL,334,5,'2023-09-14 05:06:46','2023-09-14 05:08:32',6,'simple','{\"info_buyRequest\":{\"uenc\":\"aHR0cDovL2N1c3RvbXN0b2Nrc3RhdHVzLmRlbW85Lm1hZ2VhbnRzLmJpei9mdXNpb24tYmFja3BhY2suaHRtbA,,\",\"product\":\"6\",\"selected_configurable_option\":\"\",\"related_product\":\"\",\"item\":\"6\",\"qty\":\"1\"}}',NULL,0,'24-MB02','Fusion Backpack',NULL,NULL,NULL,0,0,NULL,0.0000,1.0000,1.0000,0.0000,1.0000,NULL,59.0000,59.0000,59.0000,59.0000,0.0000,0.0000,0.0000,0.0000,0.0000,0.0000,0.0000,0.0000,0.0000,0.0000,0.0000,0.0000,59.0000,59.0000,59.0000,59.0000,0.0000,NULL,NULL,NULL,NULL,NULL,59.0000,59.0000,59.0000,59.0000,0.0000,0.0000,0.0000,0.0000,NULL,NULL,NULL,NULL,NULL,NULL,NULL,NULL,'[]',NULL,NULL,NULL,NULL,NULL,NULL,NULL,NULL,NULL,0,0,'',''),(95,61,NULL,348,6,'2023-09-14 07:07:48','2023-09-14 07:07:48',2,'simple','{\"info_buyRequest\":{\"item\":\"1\",\"qty\":1,\"uenc\":\"\",\"product\":\"2\",\"action\":\"add\",\"original_qty\":\"1\"}}',NULL,0,'24-MB04','Strive Shoulder Pack',NULL,NULL,NULL,0,0,NULL,0.0000,0.0000,1.0000,0.0000,0.0000,NULL,32.0000,32.0000,32.0000,32.0000,0.0000,0.0000,0.0000,0.0000,0.0000,0.0000,0.0000,0.0000,0.0000,0.0000,0.0000,0.0000,32.0000,32.0000,0.0000,0.0000,0.0000,NULL,NULL,NULL,NULL,NULL,32.0000,32.0000,32.0000,32.0000,0.0000,0.0000,NULL,NULL,NULL,NULL,NULL,NULL,NULL,NULL,NULL,NULL,NULL,NULL,NULL,NULL,NULL,NULL,NULL,NULL,NULL,NULL,0,0,'',''),(96,62,NULL,349,6,'2023-09-14 07:08:28','2023-09-14 07:08:28',36,'simple','{\"info_buyRequest\":{\"uenc\":\"aHR0cDovL2ZvcmNlbG9naW4uZGVtbzkubWFnZWFudHMuYml6L2dlYXIvd2F0Y2hlcy5odG1s\",\"product\":\"36\",\"qty\":1}}',NULL,0,'24-MG04','Aim Analog Watch',NULL,NULL,NULL,0,0,NULL,0.0000,0.0000,1.0000,0.0000,0.0000,NULL,45.0000,45.0000,45.0000,45.0000,0.0000,0.0000,0.0000,0.0000,0.0000,0.0000,0.0000,0.0000,0.0000,0.0000,0.0000,0.0000,45.0000,45.0000,0.0000,0.0000,0.0000,NULL,NULL,NULL,NULL,NULL,45.0000,45.0000,45.0000,45.0000,0.0000,0.0000,NULL,NULL,NULL,NULL,NULL,NULL,NULL,NULL,NULL,NULL,NULL,NULL,NULL,NULL,NULL,NULL,NULL,NULL,NULL,NULL,0,0,'',''),(97,63,NULL,360,9,'2023-09-14 13:01:32','2023-09-14 13:01:32',6,'simple','{\"info_buyRequest\":{\"uenc\":\"aHR0cDovL2N1c3RvbXN0b2Nrc3RhdHVzLmRlbW85Lm1hZ2VhbnRzLmJpei9mdXNpb24tYmFja3BhY2suaHRtbA,,\",\"product\":\"6\",\"selected_configurable_option\":\"\",\"related_product\":\"\",\"item\":\"6\",\"qty\":\"1.0000\"}}',NULL,0,'24-MB02','Fusion Backpack',NULL,NULL,NULL,0,0,NULL,0.0000,0.0000,1.0000,0.0000,0.0000,NULL,49.0000,49.0000,59.0000,59.0000,0.0000,0.0000,0.0000,0.0000,0.0000,0.0000,0.0000,0.0000,0.0000,0.0000,0.0000,0.0000,49.0000,49.0000,0.0000,0.0000,0.0000,NULL,NULL,NULL,NULL,NULL,49.0000,49.0000,49.0000,49.0000,0.0000,0.0000,NULL,NULL,NULL,NULL,NULL,NULL,NULL,NULL,NULL,NULL,NULL,NULL,NULL,NULL,NULL,NULL,NULL,NULL,NULL,NULL,0,0,'',''),(98,64,NULL,364,10,'2023-09-14 13:51:42','2023-09-14 13:51:42',42,'simple','{\"info_buyRequest\":{\"uenc\":\"aHR0cDovL21pbmltdW1vcmRlcmN1c3RvbWVyZ3JvdXAuZGVtbzkubWFnZWFudHMuYml6L2dlYXIvd2F0Y2hlcy5odG1s\",\"product\":\"42\",\"qty\":1}}',NULL,NULL,'24-WG01','Bolo Sport Watch',NULL,NULL,NULL,NULL,0,NULL,0.0000,0.0000,1.0000,0.0000,0.0000,NULL,49.0000,49.0000,49.0000,49.0000,0.0000,0.0000,0.0000,0.0000,0.0000,0.0000,0.0000,0.0000,0.0000,0.0000,0.0000,0.0000,49.0000,49.0000,0.0000,0.0000,0.0000,NULL,NULL,NULL,NULL,NULL,49.0000,49.0000,49.0000,49.0000,0.0000,0.0000,NULL,NULL,NULL,NULL,NULL,NULL,NULL,NULL,NULL,NULL,NULL,NULL,NULL,NULL,NULL,NULL,NULL,NULL,NULL,NULL,NULL,0,'',''),(99,65,NULL,369,10,'2023-09-15 05:01:16','2023-09-15 05:01:16',212,'configurable','{\"info_buyRequest\":{\"uenc\":\"aHR0cDovL21pbmltdW1vcmRlcmN1c3RvbWVyZ3JvdXAuZGVtbzkubWFnZWFudHMuYml6L21lbi90b3BzLW1lbi9ob29kaWVzLWFuZC1zd2VhdHNoaXJ0cy1tZW4uaHRtbD9wPTI,\",\"product\":\"212\",\"super_attribute\":{\"142\":\"170\",\"93\":\"50\"},\"qty\":1},\"attributes_info\":[{\"label\":\"Size\",\"value\":\"XL\",\"option_id\":142,\"option_value\":\"170\"},{\"label\":\"Color\",\"value\":\"Blue\",\"option_id\":93,\"option_value\":\"50\"}],\"simple_name\":\"Mach Street Sweatshirt -XL-Blue\",\"simple_sku\":\"MH10-XL-Blue\",\"product_calculations\":1,\"shipment_type\":0}',1.0000,NULL,'MH10-XL-Blue','Mach Street Sweatshirt ',NULL,NULL,NULL,NULL,0,NULL,0.0000,0.0000,1.0000,0.0000,0.0000,NULL,62.0000,62.0000,62.0000,62.0000,0.0000,0.0000,0.0000,0.0000,0.0000,0.0000,0.0000,0.0000,0.0000,0.0000,0.0000,0.0000,62.0000,62.0000,0.0000,0.0000,1.0000,NULL,NULL,NULL,NULL,NULL,62.0000,62.0000,62.0000,62.0000,0.0000,0.0000,NULL,NULL,NULL,NULL,NULL,NULL,NULL,NULL,NULL,NULL,NULL,NULL,NULL,NULL,NULL,NULL,NULL,NULL,NULL,NULL,NULL,0,'',''),(100,65,99,370,10,'2023-09-15 05:01:16','2023-09-15 05:01:16',210,'simple','{\"info_buyRequest\":{\"uenc\":\"aHR0cDovL21pbmltdW1vcmRlcmN1c3RvbWVyZ3JvdXAuZGVtbzkubWFnZWFudHMuYml6L21lbi90b3BzLW1lbi9ob29kaWVzLWFuZC1zd2VhdHNoaXJ0cy1tZW4uaHRtbD9wPTI,\",\"product\":\"212\",\"super_attribute\":{\"142\":\"170\",\"93\":\"50\"},\"qty\":1}}',1.0000,NULL,'MH10-XL-Blue','Mach Street Sweatshirt -XL-Blue',NULL,NULL,NULL,NULL,0,NULL,0.0000,0.0000,1.0000,0.0000,0.0000,NULL,0.0000,0.0000,0.0000,NULL,NULL,0.0000,0.0000,0.0000,0.0000,NULL,0.0000,0.0000,0.0000,0.0000,0.0000,0.0000,0.0000,0.0000,0.0000,0.0000,0.0000,NULL,NULL,NULL,NULL,NULL,NULL,NULL,NULL,NULL,NULL,NULL,NULL,NULL,NULL,NULL,NULL,NULL,NULL,NULL,NULL,NULL,NULL,NULL,NULL,NULL,NULL,NULL,NULL,NULL,NULL,NULL,NULL,0,'',''),(101,66,NULL,399,11,'2023-09-15 06:56:12','2023-09-15 06:56:12',6,'simple','{\"info_buyRequest\":{\"uenc\":\"aHR0cDovL3NhbXBsZXByb2R1Y3QuZGVtbzkubWFnZWFudHMuYml6L2dlYXIvYmFncy5odG1sP3A9Mg,,\",\"product\":\"6\",\"sample-price\":\"40\",\"isSample\":\"1\",\"qty\":1},\"additional_options\":[{\"label\":\"Sample Order\",\"value\":\" - Yes\"}]}',NULL,NULL,'24-MB02','Fusion Backpack',NULL,NULL,NULL,NULL,0,NULL,0.0000,0.0000,5.0000,0.0000,0.0000,NULL,59.0000,59.0000,59.0000,59.0000,0.0000,0.0000,0.0000,0.0000,0.0000,0.0000,0.0000,0.0000,0.0000,0.0000,0.0000,0.0000,295.0000,295.0000,0.0000,0.0000,0.0000,NULL,NULL,NULL,NULL,NULL,59.0000,59.0000,295.0000,295.0000,0.0000,0.0000,NULL,NULL,NULL,NULL,NULL,NULL,NULL,NULL,NULL,NULL,NULL,NULL,NULL,NULL,NULL,NULL,NULL,NULL,NULL,NULL,0,0,'',''),(102,67,NULL,406,1,'2023-09-15 10:24:57','2023-09-15 10:24:57',17,'simple','{\"info_buyRequest\":{\"uenc\":\"aHR0cDovL2RlbW85Lm1hZ2VhbnRzLmJpei9nZWFyL2ZpdG5lc3MtZXF1aXBtZW50Lmh0bWw,\",\"product\":\"17\",\"qty\":1}}',NULL,0,'24-UG04','Zing Jump Rope',NULL,NULL,NULL,0,0,NULL,0.0000,0.0000,1.0000,0.0000,0.0000,NULL,12.0000,12.0000,12.0000,12.0000,0.0000,0.0000,0.0000,0.0000,0.0000,0.0000,0.0000,0.0000,0.0000,0.0000,0.0000,0.0000,12.0000,12.0000,0.0000,0.0000,0.0000,NULL,NULL,NULL,NULL,NULL,12.0000,12.0000,12.0000,12.0000,0.0000,0.0000,NULL,NULL,NULL,NULL,NULL,NULL,NULL,NULL,NULL,NULL,NULL,NULL,NULL,NULL,NULL,NULL,NULL,NULL,NULL,NULL,NULL,0,'',''),(103,68,NULL,407,1,'2023-09-15 10:25:34','2023-09-15 10:25:34',16,'simple','{\"info_buyRequest\":{\"uenc\":\"aHR0cDovL2RlbW85Lm1hZ2VhbnRzLmJpei9nZWFyL2ZpdG5lc3MtZXF1aXBtZW50Lmh0bWw,\",\"product\":\"16\",\"qty\":1}}',NULL,0,'24-UG07','Dual Handle Cardio Ball',NULL,NULL,NULL,0,0,NULL,0.0000,0.0000,1.0000,0.0000,0.0000,NULL,12.0000,12.0000,12.0000,12.0000,0.0000,0.0000,0.0000,0.0000,0.0000,0.0000,0.0000,0.0000,0.0000,0.0000,0.0000,0.0000,12.0000,12.0000,0.0000,0.0000,0.0000,NULL,NULL,NULL,NULL,NULL,12.0000,12.0000,12.0000,12.0000,0.0000,0.0000,NULL,NULL,NULL,NULL,NULL,NULL,NULL,NULL,NULL,NULL,NULL,NULL,NULL,NULL,NULL,NULL,NULL,NULL,NULL,NULL,NULL,0,'',''),(104,69,NULL,410,2,'2023-09-18 07:44:19','2023-09-18 07:44:19',7,'simple','{\"info_buyRequest\":{\"uenc\":\"aHR0cDovL2NoZWNrb3V0c3VjY2Vzc3BhZ2UuZGVtbzkubWFnZWFudHMuYml6L2ltcHVsc2UtZHVmZmxlLmh0bWw,\",\"product\":\"7\",\"selected_configurable_option\":\"\",\"related_product\":\"\",\"item\":\"7\",\"qty\":\"1\"}}',NULL,0,'24-UB02','Impulse Duffle',NULL,NULL,NULL,0,0,NULL,0.0000,0.0000,1.0000,0.0000,0.0000,NULL,74.0000,74.0000,74.0000,74.0000,8.2500,6.1100,6.1100,0.0000,0.0000,0.0000,0.0000,0.0000,0.0000,0.0000,0.0000,0.0000,74.0000,74.0000,0.0000,0.0000,0.0000,NULL,NULL,NULL,NULL,NULL,80.1100,80.1100,80.1100,80.1100,0.0000,0.0000,NULL,NULL,NULL,NULL,NULL,NULL,NULL,NULL,NULL,NULL,NULL,NULL,NULL,NULL,NULL,NULL,NULL,NULL,NULL,NULL,0,0,'',''),(105,70,NULL,411,2,'2023-09-18 11:11:36','2023-09-18 11:11:36',6,'simple','{\"info_buyRequest\":{\"uenc\":\"aHR0cDovL2NoZWNrb3V0c3VjY2Vzc3BhZ2UuZGVtbzkubWFnZWFudHMuYml6L2dlYXIvYmFncy5odG1s\",\"product\":\"6\",\"qty\":1}}',NULL,0,'24-MB02','Fusion Backpack',NULL,NULL,NULL,0,0,NULL,0.0000,0.0000,1.0000,0.0000,0.0000,NULL,59.0000,59.0000,59.0000,59.0000,8.2500,4.8700,4.8700,0.0000,0.0000,0.0000,0.0000,0.0000,0.0000,0.0000,0.0000,0.0000,59.0000,59.0000,0.0000,0.0000,0.0000,NULL,NULL,NULL,NULL,NULL,63.8700,63.8700,63.8700,63.8700,0.0000,0.0000,NULL,NULL,NULL,NULL,NULL,NULL,NULL,NULL,NULL,NULL,NULL,NULL,NULL,NULL,NULL,NULL,NULL,NULL,NULL,NULL,0,0,'',''),(106,71,NULL,412,2,'2023-09-19 08:05:57','2023-09-19 08:05:57',1,'simple','{\"info_buyRequest\":{\"uenc\":\"aHR0cDovL2NoZWNrb3V0c3VjY2Vzc3BhZ2UuZGVtbzkubWFnZWFudHMuYml6L2dlYXIvYmFncy5odG1s\",\"product\":\"1\",\"qty\":1}}',NULL,0,'24-MB01','Joust Duffle Bag',NULL,NULL,NULL,0,0,NULL,0.0000,0.0000,1.0000,0.0000,0.0000,NULL,34.0000,34.0000,34.0000,34.0000,0.0000,0.0000,0.0000,0.0000,0.0000,0.0000,0.0000,0.0000,0.0000,0.0000,0.0000,0.0000,34.0000,34.0000,0.0000,0.0000,0.0000,NULL,NULL,NULL,NULL,NULL,34.0000,34.0000,34.0000,34.0000,0.0000,0.0000,NULL,NULL,NULL,NULL,NULL,NULL,NULL,NULL,NULL,NULL,NULL,NULL,NULL,NULL,NULL,NULL,NULL,NULL,NULL,NULL,0,0,'',''),(107,72,NULL,413,2,'2023-09-19 09:51:17','2023-09-19 09:51:17',3,'simple','{\"info_buyRequest\":{\"uenc\":\"aHR0cDovL2NoZWNrb3V0c3VjY2Vzc3BhZ2UuZGVtbzkubWFnZWFudHMuYml6L2dlYXIvYmFncy5odG1s\",\"product\":\"3\",\"qty\":1}}',NULL,0,'24-MB03','Crown Summit Backpack',NULL,NULL,NULL,0,0,NULL,0.0000,0.0000,1.0000,0.0000,0.0000,NULL,38.0000,38.0000,38.0000,38.0000,0.0000,0.0000,0.0000,0.0000,0.0000,0.0000,0.0000,0.0000,0.0000,0.0000,0.0000,0.0000,38.0000,38.0000,0.0000,0.0000,0.0000,NULL,NULL,NULL,NULL,NULL,38.0000,38.0000,38.0000,38.0000,0.0000,0.0000,NULL,NULL,NULL,NULL,NULL,NULL,NULL,NULL,NULL,NULL,NULL,NULL,NULL,NULL,NULL,NULL,NULL,NULL,NULL,NULL,0,0,'',''),(108,72,NULL,414,2,'2023-09-19 09:51:17','2023-09-19 09:51:17',1,'simple','{\"info_buyRequest\":{\"uenc\":\"aHR0cDovL2NoZWNrb3V0c3VjY2Vzc3BhZ2UuZGVtbzkubWFnZWFudHMuYml6L2dlYXIvYmFncy5odG1sP3A9Mg,,\",\"product\":\"1\",\"qty\":1}}',NULL,0,'24-MB01','Joust Duffle Bag',NULL,NULL,NULL,0,0,NULL,0.0000,0.0000,1.0000,0.0000,0.0000,NULL,34.0000,34.0000,34.0000,34.0000,0.0000,0.0000,0.0000,0.0000,0.0000,0.0000,0.0000,0.0000,0.0000,0.0000,0.0000,0.0000,34.0000,34.0000,0.0000,0.0000,0.0000,NULL,NULL,NULL,NULL,NULL,34.0000,34.0000,34.0000,34.0000,0.0000,0.0000,NULL,NULL,NULL,NULL,NULL,NULL,NULL,NULL,NULL,NULL,NULL,NULL,NULL,NULL,NULL,NULL,NULL,NULL,NULL,NULL,0,0,'',''),(109,73,NULL,415,2,'2023-09-19 09:55:53','2023-09-19 09:55:53',2,'simple','{\"info_buyRequest\":{\"uenc\":\"aHR0cDovL2NoZWNrb3V0c3VjY2Vzc3BhZ2UuZGVtbzkubWFnZWFudHMuYml6L2dlYXIvYmFncy5odG1s\",\"product\":\"2\",\"qty\":1}}',NULL,0,'24-MB04','Strive Shoulder Pack',NULL,NULL,NULL,0,0,NULL,0.0000,0.0000,1.0000,0.0000,0.0000,NULL,32.0000,32.0000,32.0000,32.0000,0.0000,0.0000,0.0000,0.0000,0.0000,0.0000,0.0000,0.0000,0.0000,0.0000,0.0000,0.0000,32.0000,32.0000,0.0000,0.0000,0.0000,NULL,NULL,NULL,NULL,NULL,32.0000,32.0000,32.0000,32.0000,0.0000,0.0000,NULL,NULL,NULL,NULL,NULL,NULL,NULL,NULL,NULL,NULL,NULL,NULL,NULL,NULL,NULL,NULL,NULL,NULL,NULL,NULL,0,0,'',''),(110,74,NULL,416,2,'2023-09-19 09:57:01','2023-09-19 09:57:01',1,'simple','{\"info_buyRequest\":{\"uenc\":\"aHR0cDovL2NoZWNrb3V0c3VjY2Vzc3BhZ2UuZGVtbzkubWFnZWFudHMuYml6L2NhdGFsb2dzZWFyY2gvcmVzdWx0Lz9xPW1iMDE,\",\"product\":\"1\",\"qty\":1}}',NULL,0,'24-MB01','Joust Duffle Bag',NULL,NULL,NULL,0,0,NULL,0.0000,0.0000,1.0000,0.0000,0.0000,NULL,34.0000,34.0000,34.0000,34.0000,0.0000,0.0000,0.0000,0.0000,0.0000,0.0000,0.0000,0.0000,0.0000,0.0000,0.0000,0.0000,34.0000,34.0000,0.0000,0.0000,0.0000,NULL,NULL,NULL,NULL,NULL,34.0000,34.0000,34.0000,34.0000,0.0000,0.0000,NULL,NULL,NULL,NULL,NULL,NULL,NULL,NULL,NULL,NULL,NULL,NULL,NULL,NULL,NULL,NULL,NULL,NULL,NULL,NULL,0,0,'',''),(111,75,NULL,428,2,'2023-09-20 09:57:47','2023-09-20 09:57:47',1,'simple','{\"info_buyRequest\":{\"uenc\":\"aHR0cDovL2NoZWNrb3V0c3VjY2Vzc3BhZ2UuZGVtbzkubWFnZWFudHMuYml6L2dlYXIvYmFncy5odG1s\",\"product\":\"1\",\"qty\":1}}',NULL,0,'24-MB01','Joust Duffle Bag',NULL,NULL,NULL,0,0,NULL,0.0000,0.0000,1.0000,0.0000,0.0000,NULL,34.0000,34.0000,34.0000,34.0000,0.0000,0.0000,0.0000,0.0000,0.0000,0.0000,0.0000,0.0000,0.0000,0.0000,0.0000,0.0000,34.0000,34.0000,0.0000,0.0000,0.0000,NULL,NULL,NULL,NULL,NULL,34.0000,34.0000,34.0000,34.0000,0.0000,0.0000,NULL,NULL,NULL,NULL,NULL,NULL,NULL,NULL,NULL,NULL,NULL,NULL,NULL,NULL,NULL,NULL,NULL,NULL,NULL,NULL,0,0,'',''),(112,76,NULL,426,5,'2023-09-20 09:58:21','2023-09-29 08:00:30',132,'configurable','{\"info_buyRequest\":{\"uenc\":\"aHR0cDovL2N1c3RvbXN0b2Nrc3RhdHVzLmRlbW85Lm1hZ2VhbnRzLmJpei9tZW4vdG9wcy1tZW4vaG9vZGllcy1hbmQtc3dlYXRzaGlydHMtbWVuLmh0bWw_cD0y\",\"product\":\"132\",\"super_attribute\":{\"142\":\"170\",\"93\":\"59\"},\"qty\":\"1.0000\"},\"attributes_info\":[{\"label\":\"Size\",\"value\":\"XL\",\"option_id\":142,\"option_value\":\"170\"},{\"label\":\"Color\",\"value\":\"White\",\"option_id\":93,\"option_value\":\"59\"}],\"simple_name\":\"Hollister Backyard Sweatshirt-XL-White\",\"simple_sku\":\"MH05-XL-White\",\"product_calculations\":1,\"shipment_type\":0}',1.0000,0,'MH05-XL-White','Hollister Backyard Sweatshirt',NULL,NULL,NULL,0,0,NULL,0.0000,0.0000,1.0000,0.0000,0.0000,NULL,52.0000,52.0000,52.0000,52.0000,8.2500,4.2900,4.2900,0.0000,0.0000,0.0000,0.0000,0.0000,0.0000,0.0000,0.0000,0.0000,52.0000,52.0000,0.0000,0.0000,1.0000,NULL,NULL,NULL,NULL,NULL,56.2900,56.2900,56.2900,56.2900,0.0000,0.0000,NULL,NULL,NULL,NULL,NULL,NULL,NULL,NULL,NULL,NULL,NULL,NULL,NULL,NULL,NULL,NULL,NULL,NULL,NULL,NULL,NULL,0,'',''),(113,76,112,427,5,'2023-09-20 09:58:21','2023-09-20 09:58:21',131,'simple','{\"info_buyRequest\":{\"uenc\":\"aHR0cDovL2N1c3RvbXN0b2Nrc3RhdHVzLmRlbW85Lm1hZ2VhbnRzLmJpei9tZW4vdG9wcy1tZW4vaG9vZGllcy1hbmQtc3dlYXRzaGlydHMtbWVuLmh0bWw_cD0y\",\"product\":\"132\",\"super_attribute\":{\"142\":\"170\",\"93\":\"59\"},\"qty\":1}}',1.0000,0,'MH05-XL-White','Hollister Backyard Sweatshirt-XL-White',NULL,NULL,NULL,0,0,NULL,0.0000,0.0000,1.0000,0.0000,0.0000,NULL,0.0000,0.0000,0.0000,NULL,0.0000,0.0000,0.0000,0.0000,0.0000,0.0000,0.0000,0.0000,0.0000,0.0000,0.0000,0.0000,0.0000,0.0000,0.0000,0.0000,0.0000,NULL,NULL,NULL,NULL,NULL,NULL,NULL,NULL,NULL,NULL,NULL,NULL,NULL,NULL,NULL,NULL,NULL,NULL,NULL,NULL,NULL,NULL,NULL,NULL,NULL,NULL,NULL,NULL,NULL,NULL,NULL,0,0,'',''),(114,76,NULL,429,5,'2023-09-20 09:58:21','2023-09-20 09:58:21',4,'simple','{\"info_buyRequest\":{\"uenc\":\"aHR0cDovL2N1c3RvbXN0b2Nrc3RhdHVzLmRlbW85Lm1hZ2VhbnRzLmJpei9nZWFyL2JhZ3MuaHRtbA,,\",\"product\":\"4\",\"qty\":1}}',NULL,0,'24-MB05','Wayfarer Messenger Bag',NULL,NULL,NULL,0,0,NULL,0.0000,0.0000,1.0000,0.0000,0.0000,NULL,45.0000,45.0000,45.0000,45.0000,8.2500,3.7100,3.7100,0.0000,0.0000,0.0000,0.0000,0.0000,0.0000,0.0000,0.0000,0.0000,45.0000,45.0000,0.0000,0.0000,0.0000,NULL,NULL,NULL,NULL,NULL,48.7100,48.7100,48.7100,48.7100,0.0000,0.0000,NULL,NULL,NULL,NULL,NULL,NULL,NULL,NULL,NULL,NULL,NULL,NULL,NULL,NULL,NULL,NULL,NULL,NULL,NULL,NULL,0,0,'',''),(115,77,NULL,430,5,'2023-09-20 09:59:53','2023-09-29 08:00:30',132,'configurable','{\"info_buyRequest\":{\"uenc\":\"aHR0cDovL2N1c3RvbXN0b2Nrc3RhdHVzLmRlbW85Lm1hZ2VhbnRzLmJpei9tZW4vdG9wcy1tZW4vaG9vZGllcy1hbmQtc3dlYXRzaGlydHMtbWVuLmh0bWw_cD0y\",\"product\":\"132\",\"super_attribute\":{\"142\":\"170\",\"93\":\"59\"},\"qty\":\"1.0000\"},\"attributes_info\":[{\"label\":\"Size\",\"value\":\"XL\",\"option_id\":142,\"option_value\":\"170\"},{\"label\":\"Color\",\"value\":\"White\",\"option_id\":93,\"option_value\":\"59\"}],\"simple_name\":\"Hollister Backyard Sweatshirt-XL-White\",\"simple_sku\":\"MH05-XL-White\",\"product_calculations\":1,\"shipment_type\":0}',1.0000,0,'MH05-XL-White','Hollister Backyard Sweatshirt',NULL,NULL,NULL,0,0,NULL,0.0000,0.0000,1.0000,0.0000,0.0000,NULL,52.0000,52.0000,52.0000,52.0000,8.2500,4.2900,4.2900,0.0000,0.0000,0.0000,0.0000,0.0000,0.0000,0.0000,0.0000,0.0000,52.0000,52.0000,0.0000,0.0000,1.0000,NULL,NULL,NULL,NULL,NULL,56.2900,56.2900,56.2900,56.2900,0.0000,0.0000,NULL,NULL,NULL,NULL,NULL,NULL,NULL,NULL,NULL,NULL,NULL,NULL,NULL,NULL,NULL,NULL,NULL,NULL,NULL,NULL,NULL,0,'',''),(116,77,115,431,5,'2023-09-20 09:59:53','2023-09-20 09:59:53',131,'simple','{\"info_buyRequest\":{\"uenc\":\"aHR0cDovL2N1c3RvbXN0b2Nrc3RhdHVzLmRlbW85Lm1hZ2VhbnRzLmJpei9tZW4vdG9wcy1tZW4vaG9vZGllcy1hbmQtc3dlYXRzaGlydHMtbWVuLmh0bWw_cD0y\",\"product\":\"132\",\"super_attribute\":{\"142\":\"170\",\"93\":\"59\"},\"qty\":1}}',1.0000,0,'MH05-XL-White','Hollister Backyard Sweatshirt-XL-White',NULL,NULL,NULL,0,0,NULL,0.0000,0.0000,1.0000,0.0000,0.0000,NULL,0.0000,0.0000,0.0000,NULL,0.0000,0.0000,0.0000,0.0000,0.0000,0.0000,0.0000,0.0000,0.0000,0.0000,0.0000,0.0000,0.0000,0.0000,0.0000,0.0000,0.0000,NULL,NULL,NULL,NULL,NULL,NULL,NULL,NULL,NULL,NULL,NULL,NULL,NULL,NULL,NULL,NULL,NULL,NULL,NULL,NULL,NULL,NULL,NULL,NULL,NULL,NULL,NULL,NULL,NULL,NULL,NULL,0,0,'',''),(117,78,NULL,432,3,'2023-09-20 10:21:50','2023-09-20 10:21:50',12,'simple','{\"info_buyRequest\":{\"uenc\":\"aHR0cDovL2N1c3RvbWVyYXBwcm92YWwuZGVtbzkubWFnZWFudHMuYml6L2dlYXIvYmFncy5odG1s\",\"product\":\"12\",\"qty\":1}}',NULL,0,'24-WB03','Driven Backpack',NULL,NULL,NULL,0,0,NULL,0.0000,0.0000,1.0000,0.0000,0.0000,NULL,36.0000,36.0000,36.0000,36.0000,8.2500,2.9700,2.9700,0.0000,0.0000,0.0000,0.0000,0.0000,0.0000,0.0000,0.0000,0.0000,36.0000,36.0000,0.0000,0.0000,0.0000,NULL,NULL,NULL,NULL,NULL,38.9700,38.9700,38.9700,38.9700,0.0000,0.0000,NULL,NULL,NULL,NULL,NULL,NULL,NULL,NULL,NULL,NULL,NULL,NULL,NULL,NULL,NULL,NULL,NULL,NULL,NULL,NULL,0,0,'',''),(118,79,NULL,433,4,'2023-09-20 10:23:42','2023-09-29 08:00:30',212,'configurable','{\"info_buyRequest\":{\"uenc\":\"aHR0cDovL2N1c3RvbW9yZGVybnVtYmVyLmRlbW85Lm1hZ2VhbnRzLmJpei9tZW4vdG9wcy1tZW4vaG9vZGllcy1hbmQtc3dlYXRzaGlydHMtbWVuLmh0bWw,\",\"product\":\"212\",\"super_attribute\":{\"142\":\"170\",\"93\":\"50\"},\"qty\":\"1.0000\"},\"attributes_info\":[{\"label\":\"Size\",\"value\":\"XL\",\"option_id\":142,\"option_value\":\"170\"},{\"label\":\"Color\",\"value\":\"Blue\",\"option_id\":93,\"option_value\":\"50\"}],\"simple_name\":\"Mach Street Sweatshirt -XL-Blue\",\"simple_sku\":\"MH10-XL-Blue\",\"product_calculations\":1,\"shipment_type\":0}',1.0000,0,'MH10-XL-Blue','Mach Street Sweatshirt ',NULL,NULL,NULL,0,0,NULL,0.0000,0.0000,1.0000,0.0000,0.0000,NULL,62.0000,62.0000,62.0000,62.0000,8.2500,5.1200,5.1200,0.0000,0.0000,0.0000,0.0000,0.0000,0.0000,0.0000,0.0000,0.0000,62.0000,62.0000,0.0000,0.0000,1.0000,NULL,NULL,NULL,NULL,NULL,67.1200,67.1200,67.1200,67.1200,0.0000,0.0000,NULL,NULL,NULL,NULL,NULL,NULL,NULL,NULL,NULL,NULL,NULL,NULL,NULL,NULL,NULL,NULL,NULL,NULL,NULL,NULL,NULL,0,'',''),(119,79,118,434,4,'2023-09-20 10:23:42','2023-09-20 10:23:42',210,'simple','{\"info_buyRequest\":{\"uenc\":\"aHR0cDovL2N1c3RvbW9yZGVybnVtYmVyLmRlbW85Lm1hZ2VhbnRzLmJpei9tZW4vdG9wcy1tZW4vaG9vZGllcy1hbmQtc3dlYXRzaGlydHMtbWVuLmh0bWw,\",\"product\":\"212\",\"super_attribute\":{\"142\":\"170\",\"93\":\"50\"},\"qty\":1}}',1.0000,0,'MH10-XL-Blue','Mach Street Sweatshirt -XL-Blue',NULL,NULL,NULL,0,0,NULL,0.0000,0.0000,1.0000,0.0000,0.0000,NULL,0.0000,0.0000,0.0000,NULL,0.0000,0.0000,0.0000,0.0000,0.0000,0.0000,0.0000,0.0000,0.0000,0.0000,0.0000,0.0000,0.0000,0.0000,0.0000,0.0000,0.0000,NULL,NULL,NULL,NULL,NULL,NULL,NULL,NULL,NULL,NULL,NULL,NULL,NULL,NULL,NULL,NULL,NULL,NULL,NULL,NULL,NULL,NULL,NULL,NULL,NULL,NULL,NULL,NULL,NULL,NULL,NULL,NULL,0,'',''),(120,80,NULL,435,5,'2023-09-20 10:25:10','2023-09-29 08:00:30',676,'configurable','{\"info_buyRequest\":{\"uenc\":\"aHR0cDovL2N1c3RvbXN0b2Nrc3RhdHVzLmRlbW85Lm1hZ2VhbnRzLmJpei9tZW4vdG9wcy1tZW4vdGFua3MtbWVuLmh0bWw,\",\"product\":\"676\",\"super_attribute\":{\"142\":\"170\",\"93\":\"58\"},\"qty\":\"1.0000\"},\"attributes_info\":[{\"label\":\"Size\",\"value\":\"XL\",\"option_id\":142,\"option_value\":\"170\"},{\"label\":\"Color\",\"value\":\"Red\",\"option_id\":93,\"option_value\":\"58\"}],\"simple_name\":\"Primo Endurance Tank-XL-Red\",\"simple_sku\":\"MT03-XL-Red\",\"product_calculations\":1,\"shipment_type\":0}',1.0000,0,'MT03-XL-Red','Primo Endurance Tank',NULL,NULL,NULL,0,0,NULL,0.0000,0.0000,1.0000,0.0000,0.0000,NULL,29.0000,29.0000,29.0000,29.0000,8.2500,2.3900,2.3900,0.0000,0.0000,0.0000,0.0000,0.0000,0.0000,0.0000,0.0000,0.0000,29.0000,29.0000,0.0000,0.0000,1.0000,NULL,NULL,NULL,NULL,NULL,31.3900,31.3900,31.3900,31.3900,0.0000,0.0000,NULL,NULL,NULL,NULL,NULL,NULL,NULL,NULL,NULL,NULL,NULL,NULL,NULL,NULL,NULL,NULL,NULL,NULL,NULL,NULL,NULL,0,'',''),(121,80,120,436,5,'2023-09-20 10:25:10','2023-09-20 10:25:10',674,'simple','{\"info_buyRequest\":{\"uenc\":\"aHR0cDovL2N1c3RvbXN0b2Nrc3RhdHVzLmRlbW85Lm1hZ2VhbnRzLmJpei9tZW4vdG9wcy1tZW4vdGFua3MtbWVuLmh0bWw,\",\"product\":\"676\",\"super_attribute\":{\"142\":\"170\",\"93\":\"58\"},\"qty\":1}}',1.0000,0,'MT03-XL-Red','Primo Endurance Tank-XL-Red',NULL,NULL,NULL,0,0,NULL,0.0000,0.0000,1.0000,0.0000,0.0000,NULL,0.0000,0.0000,0.0000,NULL,0.0000,0.0000,0.0000,0.0000,0.0000,0.0000,0.0000,0.0000,0.0000,0.0000,0.0000,0.0000,0.0000,0.0000,0.0000,0.0000,0.0000,NULL,NULL,NULL,NULL,NULL,NULL,NULL,NULL,NULL,NULL,NULL,NULL,NULL,NULL,NULL,NULL,NULL,NULL,NULL,NULL,NULL,NULL,NULL,NULL,NULL,NULL,NULL,NULL,NULL,NULL,NULL,NULL,0,'',''),(122,81,NULL,437,6,'2023-09-20 10:27:22','2023-09-20 10:27:22',36,'simple','{\"info_buyRequest\":{\"uenc\":\"aHR0cDovL2ZvcmNlbG9naW4uZGVtbzkubWFnZWFudHMuYml6L2dlYXIvd2F0Y2hlcy5odG1s\",\"product\":\"36\",\"qty\":1}}',NULL,0,'24-MG04','Aim Analog Watch',NULL,NULL,NULL,0,0,NULL,0.0000,0.0000,1.0000,0.0000,0.0000,NULL,45.0000,45.0000,45.0000,45.0000,0.0000,0.0000,0.0000,0.0000,0.0000,0.0000,0.0000,0.0000,0.0000,0.0000,0.0000,0.0000,45.0000,45.0000,0.0000,0.0000,0.0000,NULL,NULL,NULL,NULL,NULL,45.0000,45.0000,45.0000,45.0000,0.0000,0.0000,NULL,NULL,NULL,NULL,NULL,NULL,NULL,NULL,NULL,NULL,NULL,NULL,NULL,NULL,NULL,NULL,NULL,NULL,NULL,NULL,0,0,'',''),(123,82,NULL,438,7,'2023-09-20 10:28:42','2023-09-20 10:28:42',6,'simple','{\"info_buyRequest\":{\"uenc\":\"aHR0cDovL2ltcG9ydGNvdXBvbi5kZW1vOS5tYWdlYW50cy5iaXovZ2Vhci9iYWdzLmh0bWw,\",\"product\":\"6\",\"qty\":1}}',NULL,0,'24-MB02','Fusion Backpack',NULL,NULL,NULL,0,0,NULL,0.0000,0.0000,1.0000,0.0000,0.0000,NULL,59.0000,59.0000,59.0000,59.0000,0.0000,0.0000,0.0000,0.0000,0.0000,0.0000,0.0000,0.0000,0.0000,0.0000,0.0000,0.0000,59.0000,59.0000,0.0000,0.0000,0.0000,NULL,NULL,NULL,NULL,NULL,59.0000,59.0000,59.0000,59.0000,0.0000,0.0000,NULL,NULL,NULL,NULL,NULL,NULL,NULL,NULL,NULL,NULL,NULL,NULL,NULL,NULL,NULL,NULL,NULL,NULL,NULL,NULL,0,0,'',''),(124,83,NULL,441,10,'2023-09-20 10:37:28','2023-09-20 10:37:28',3,'simple','{\"info_buyRequest\":{\"uenc\":\"aHR0cDovL21pbmltdW1vcmRlcmN1c3RvbWVyZ3JvdXAuZGVtbzkubWFnZWFudHMuYml6L2dlYXIvYmFncy5odG1s\",\"product\":\"3\",\"qty\":1}}',NULL,NULL,'24-MB03','Crown Summit Backpack',NULL,NULL,NULL,NULL,0,NULL,0.0000,0.0000,1.0000,0.0000,0.0000,NULL,38.0000,38.0000,38.0000,38.0000,0.0000,0.0000,0.0000,0.0000,0.0000,0.0000,0.0000,0.0000,0.0000,0.0000,0.0000,0.0000,38.0000,38.0000,0.0000,0.0000,0.0000,NULL,NULL,NULL,NULL,NULL,38.0000,38.0000,38.0000,38.0000,0.0000,0.0000,NULL,NULL,NULL,NULL,NULL,NULL,NULL,NULL,NULL,NULL,NULL,NULL,NULL,NULL,NULL,NULL,NULL,NULL,NULL,NULL,0,0,'',''),(125,84,NULL,446,2,'2023-09-22 11:48:40','2023-09-22 11:48:40',5,'simple','{\"info_buyRequest\":{\"uenc\":\"aHR0cDovL2NoZWNrb3V0c3VjY2Vzc3BhZ2UuZGVtbzkubWFnZWFudHMuYml6L2dlYXIvYmFncy5odG1s\",\"product\":\"5\",\"qty\":1}}',NULL,0,'24-MB06','Rival Field Messenger',NULL,NULL,NULL,0,0,NULL,0.0000,0.0000,1.0000,0.0000,0.0000,NULL,45.0000,45.0000,45.0000,45.0000,0.0000,0.0000,0.0000,0.0000,0.0000,0.0000,0.0000,0.0000,0.0000,0.0000,0.0000,0.0000,45.0000,45.0000,0.0000,0.0000,0.0000,NULL,NULL,NULL,NULL,NULL,45.0000,45.0000,45.0000,45.0000,0.0000,0.0000,NULL,NULL,NULL,NULL,NULL,NULL,NULL,NULL,NULL,NULL,NULL,NULL,NULL,NULL,NULL,NULL,NULL,NULL,NULL,NULL,0,0,'',''),(126,85,NULL,408,2,'2023-09-22 11:55:03','2023-09-22 11:55:03',9,'simple','{\"info_buyRequest\":{\"uenc\":\"aHR0cDovL2NoZWNrb3V0c3VjY2Vzc3BhZ2UuZGVtbzkubWFnZWFudHMuYml6L2dlYXIvYmFncy5odG1s\",\"product\":\"9\",\"qty\":1}}',NULL,0,'24-WB02','Compete Track Tote',NULL,NULL,NULL,0,0,NULL,0.0000,0.0000,1.0000,0.0000,0.0000,NULL,32.0000,32.0000,32.0000,32.0000,0.0000,0.0000,0.0000,0.0000,0.0000,0.0000,0.0000,0.0000,0.0000,0.0000,0.0000,0.0000,32.0000,32.0000,0.0000,0.0000,0.0000,NULL,NULL,NULL,NULL,NULL,32.0000,32.0000,32.0000,32.0000,0.0000,0.0000,NULL,NULL,NULL,NULL,NULL,NULL,NULL,NULL,NULL,NULL,NULL,NULL,NULL,NULL,NULL,NULL,NULL,NULL,NULL,NULL,0,0,'',''),(127,85,NULL,447,2,'2023-09-22 11:55:03','2023-09-22 11:55:03',10,'simple','{\"info_buyRequest\":{\"uenc\":\"aHR0cDovL2NoZWNrb3V0c3VjY2Vzc3BhZ2UuZGVtbzkubWFnZWFudHMuYml6L2dlYXIvYmFncy5odG1s\",\"product\":\"10\",\"qty\":1}}',NULL,0,'24-WB05','Savvy Shoulder Tote',NULL,NULL,NULL,0,0,NULL,0.0000,0.0000,1.0000,0.0000,0.0000,NULL,24.0000,24.0000,32.0000,32.0000,0.0000,0.0000,0.0000,0.0000,0.0000,0.0000,0.0000,0.0000,0.0000,0.0000,0.0000,0.0000,24.0000,24.0000,0.0000,0.0000,0.0000,NULL,NULL,NULL,NULL,NULL,24.0000,24.0000,24.0000,24.0000,0.0000,0.0000,NULL,NULL,NULL,NULL,NULL,NULL,NULL,NULL,NULL,NULL,NULL,NULL,NULL,NULL,NULL,NULL,NULL,NULL,NULL,NULL,0,0,'',''),(128,86,NULL,448,2,'2023-09-22 11:55:59','2023-09-22 11:55:59',3,'simple','{\"info_buyRequest\":{\"uenc\":\"aHR0cDovL2NoZWNrb3V0c3VjY2Vzc3BhZ2UuZGVtbzkubWFnZWFudHMuYml6L2dlYXIvYmFncy5odG1s\",\"product\":\"3\",\"qty\":1}}',NULL,0,'24-MB03','Crown Summit Backpack',NULL,NULL,NULL,0,0,NULL,0.0000,0.0000,1.0000,0.0000,0.0000,NULL,38.0000,38.0000,38.0000,38.0000,0.0000,0.0000,0.0000,0.0000,0.0000,0.0000,0.0000,0.0000,0.0000,0.0000,0.0000,0.0000,38.0000,38.0000,0.0000,0.0000,0.0000,NULL,NULL,NULL,NULL,NULL,38.0000,38.0000,38.0000,38.0000,0.0000,0.0000,NULL,NULL,NULL,NULL,NULL,NULL,NULL,NULL,NULL,NULL,NULL,NULL,NULL,NULL,NULL,NULL,NULL,NULL,NULL,NULL,0,0,'',''),(129,87,NULL,449,2,'2023-09-22 11:57:15','2023-09-22 11:57:15',3,'simple','{\"info_buyRequest\":{\"uenc\":\"aHR0cDovL2NoZWNrb3V0c3VjY2Vzc3BhZ2UuZGVtbzkubWFnZWFudHMuYml6L2dlYXIvYmFncy5odG1s\",\"product\":\"3\",\"qty\":1}}',NULL,0,'24-MB03','Crown Summit Backpack',NULL,NULL,NULL,0,0,NULL,0.0000,0.0000,1.0000,0.0000,0.0000,NULL,38.0000,38.0000,38.0000,38.0000,0.0000,0.0000,0.0000,0.0000,0.0000,0.0000,0.0000,0.0000,0.0000,0.0000,0.0000,0.0000,38.0000,38.0000,0.0000,0.0000,0.0000,NULL,NULL,NULL,NULL,NULL,38.0000,38.0000,38.0000,38.0000,0.0000,0.0000,NULL,NULL,NULL,NULL,NULL,NULL,NULL,NULL,NULL,NULL,NULL,NULL,NULL,NULL,NULL,NULL,NULL,NULL,NULL,NULL,0,0,'',''),(130,87,NULL,450,2,'2023-09-22 11:57:15','2023-09-22 11:57:15',10,'simple','{\"info_buyRequest\":{\"uenc\":\"aHR0cDovL2NoZWNrb3V0c3VjY2Vzc3BhZ2UuZGVtbzkubWFnZWFudHMuYml6L2dlYXIvYmFncy5odG1s\",\"product\":\"10\",\"qty\":1}}',NULL,0,'24-WB05','Savvy Shoulder Tote',NULL,NULL,NULL,0,0,NULL,0.0000,0.0000,1.0000,0.0000,0.0000,NULL,24.0000,24.0000,32.0000,32.0000,0.0000,0.0000,0.0000,0.0000,0.0000,0.0000,0.0000,0.0000,0.0000,0.0000,0.0000,0.0000,24.0000,24.0000,0.0000,0.0000,0.0000,NULL,NULL,NULL,NULL,NULL,24.0000,24.0000,24.0000,24.0000,0.0000,0.0000,NULL,NULL,NULL,NULL,NULL,NULL,NULL,NULL,NULL,NULL,NULL,NULL,NULL,NULL,NULL,NULL,NULL,NULL,NULL,NULL,0,0,'',''),(131,88,NULL,451,2,'2023-09-22 11:58:33','2023-09-22 11:58:33',2,'simple','{\"info_buyRequest\":{\"uenc\":\"aHR0cDovL2NoZWNrb3V0c3VjY2Vzc3BhZ2UuZGVtbzkubWFnZWFudHMuYml6L2dlYXIvYmFncy5odG1s\",\"product\":\"2\",\"qty\":1}}',NULL,0,'24-MB04','Strive Shoulder Pack',NULL,NULL,NULL,0,0,NULL,0.0000,0.0000,1.0000,0.0000,0.0000,NULL,32.0000,32.0000,32.0000,32.0000,0.0000,0.0000,0.0000,0.0000,0.0000,0.0000,0.0000,0.0000,0.0000,0.0000,0.0000,0.0000,32.0000,32.0000,0.0000,0.0000,0.0000,NULL,NULL,NULL,NULL,NULL,32.0000,32.0000,32.0000,32.0000,0.0000,0.0000,NULL,NULL,NULL,NULL,NULL,NULL,NULL,NULL,NULL,NULL,NULL,NULL,NULL,NULL,NULL,NULL,NULL,NULL,NULL,NULL,0,0,'',''),(132,89,NULL,452,2,'2023-09-22 11:59:35','2023-09-22 11:59:35',7,'simple','{\"info_buyRequest\":{\"uenc\":\"aHR0cDovL2NoZWNrb3V0c3VjY2Vzc3BhZ2UuZGVtbzkubWFnZWFudHMuYml6L2dlYXIvYmFncy5odG1s\",\"product\":\"7\",\"qty\":1}}',NULL,0,'24-UB02','Impulse Duffle',NULL,NULL,NULL,0,0,NULL,0.0000,0.0000,1.0000,0.0000,0.0000,NULL,74.0000,74.0000,74.0000,74.0000,0.0000,0.0000,0.0000,0.0000,0.0000,0.0000,0.0000,0.0000,0.0000,0.0000,0.0000,0.0000,74.0000,74.0000,0.0000,0.0000,0.0000,NULL,NULL,NULL,NULL,NULL,74.0000,74.0000,74.0000,74.0000,0.0000,0.0000,NULL,NULL,NULL,NULL,NULL,NULL,NULL,NULL,NULL,NULL,NULL,NULL,NULL,NULL,NULL,NULL,NULL,NULL,NULL,NULL,0,0,'',''),(133,90,NULL,453,2,'2023-09-22 12:00:07','2023-09-22 12:00:07',8,'simple','{\"info_buyRequest\":{\"uenc\":\"aHR0cDovL2NoZWNrb3V0c3VjY2Vzc3BhZ2UuZGVtbzkubWFnZWFudHMuYml6L2dlYXIvYmFncy5odG1s\",\"product\":\"8\",\"qty\":1}}',NULL,0,'24-WB01','Voyage Yoga Bag',NULL,NULL,NULL,0,0,NULL,0.0000,0.0000,1.0000,0.0000,0.0000,NULL,32.0000,32.0000,32.0000,32.0000,0.0000,0.0000,0.0000,0.0000,0.0000,0.0000,0.0000,0.0000,0.0000,0.0000,0.0000,0.0000,32.0000,32.0000,0.0000,0.0000,0.0000,NULL,NULL,NULL,NULL,NULL,32.0000,32.0000,32.0000,32.0000,0.0000,0.0000,NULL,NULL,NULL,NULL,NULL,NULL,NULL,NULL,NULL,NULL,NULL,NULL,NULL,NULL,NULL,NULL,NULL,NULL,NULL,NULL,0,0,'',''),(134,91,NULL,454,2,'2023-09-22 12:07:19','2023-09-22 12:07:19',14,'simple','{\"info_buyRequest\":{\"uenc\":\"aHR0cDovL2NoZWNrb3V0c3VjY2Vzc3BhZ2UuZGVtbzkubWFnZWFudHMuYml6L2dlYXIvYmFncy5odG1s\",\"product\":\"14\",\"qty\":1}}',NULL,0,'24-WB04','Push It Messenger Bag',NULL,NULL,NULL,0,0,NULL,0.0000,0.0000,1.0000,0.0000,0.0000,NULL,45.0000,45.0000,45.0000,45.0000,0.0000,0.0000,0.0000,0.0000,0.0000,0.0000,0.0000,0.0000,0.0000,0.0000,0.0000,0.0000,45.0000,45.0000,0.0000,0.0000,0.0000,NULL,NULL,NULL,NULL,NULL,45.0000,45.0000,45.0000,45.0000,0.0000,0.0000,NULL,NULL,NULL,NULL,NULL,NULL,NULL,NULL,NULL,NULL,NULL,NULL,NULL,NULL,NULL,NULL,NULL,NULL,NULL,NULL,0,0,'',''),(135,92,NULL,455,2,'2023-09-22 12:08:41','2023-09-22 12:08:41',11,'simple','{\"info_buyRequest\":{\"uenc\":\"aHR0cDovL2NoZWNrb3V0c3VjY2Vzc3BhZ2UuZGVtbzkubWFnZWFudHMuYml6L2dlYXIvYmFncy5odG1s\",\"product\":\"11\",\"qty\":1}}',NULL,0,'24-WB06','Endeavor Daytrip Backpack',NULL,NULL,NULL,0,0,NULL,0.0000,0.0000,1.0000,0.0000,0.0000,NULL,33.0000,33.0000,33.0000,33.0000,0.0000,0.0000,0.0000,0.0000,0.0000,0.0000,0.0000,0.0000,0.0000,0.0000,0.0000,0.0000,33.0000,33.0000,0.0000,0.0000,0.0000,NULL,NULL,NULL,NULL,NULL,33.0000,33.0000,33.0000,33.0000,0.0000,0.0000,NULL,NULL,NULL,NULL,NULL,NULL,NULL,NULL,NULL,NULL,NULL,NULL,NULL,NULL,NULL,NULL,NULL,NULL,NULL,NULL,0,0,'',''),(136,93,NULL,456,2,'2023-09-29 08:02:18','2023-09-29 08:02:18',6,'simple','{\"info_buyRequest\":{\"uenc\":\"aHR0cDovL2NoZWNrb3V0c3VjY2Vzc3BhZ2UuZGVtbzkubWFnZWFudHMuYml6Lw,,\",\"product\":\"6\",\"qty\":1}}',NULL,0,'24-MB02','Fusion Backpack',NULL,NULL,NULL,0,0,NULL,0.0000,0.0000,1.0000,0.0000,0.0000,NULL,59.0000,59.0000,59.0000,59.0000,8.2500,4.8700,4.8700,0.0000,0.0000,0.0000,0.0000,0.0000,0.0000,0.0000,0.0000,0.0000,59.0000,59.0000,0.0000,0.0000,0.0000,NULL,NULL,NULL,NULL,NULL,63.8700,63.8700,63.8700,63.8700,0.0000,0.0000,NULL,NULL,NULL,NULL,NULL,NULL,NULL,NULL,NULL,NULL,NULL,NULL,NULL,NULL,NULL,NULL,NULL,NULL,NULL,NULL,0,0,'',''),(137,94,NULL,457,2,'2023-09-29 08:04:18','2023-09-29 08:04:18',14,'simple','{\"info_buyRequest\":{\"uenc\":\"aHR0cDovL2NoZWNrb3V0c3VjY2Vzc3BhZ2UuZGVtbzkubWFnZWFudHMuYml6Lw,,\",\"product\":\"14\",\"qty\":1}}',NULL,0,'24-WB04','Push It Messenger Bag',NULL,NULL,NULL,0,0,NULL,0.0000,0.0000,1.0000,0.0000,0.0000,NULL,45.0000,45.0000,45.0000,45.0000,8.2500,3.7100,3.7100,0.0000,0.0000,0.0000,0.0000,0.0000,0.0000,0.0000,0.0000,0.0000,45.0000,45.0000,0.0000,0.0000,0.0000,NULL,NULL,NULL,NULL,NULL,48.7100,48.7100,48.7100,48.7100,0.0000,0.0000,NULL,NULL,NULL,NULL,NULL,NULL,NULL,NULL,NULL,NULL,NULL,NULL,NULL,NULL,NULL,NULL,NULL,NULL,NULL,NULL,0,0,'',''),(138,95,NULL,458,2,'2023-09-29 10:30:33','2023-09-29 10:30:33',4,'simple','{\"info_buyRequest\":{\"uenc\":\"aHR0cDovL2NoZWNrb3V0c3VjY2Vzc3BhZ2UuZGVtbzkubWFnZWFudHMuYml6L2dlYXIvYmFncy5odG1s\",\"product\":\"4\",\"qty\":1}}',NULL,0,'24-MB05','Wayfarer Messenger Bag',NULL,NULL,NULL,0,0,NULL,0.0000,0.0000,1.0000,0.0000,0.0000,NULL,45.0000,45.0000,45.0000,45.0000,0.0000,0.0000,0.0000,0.0000,0.0000,0.0000,0.0000,0.0000,0.0000,0.0000,0.0000,0.0000,45.0000,45.0000,0.0000,0.0000,0.0000,NULL,NULL,NULL,NULL,NULL,45.0000,45.0000,45.0000,45.0000,0.0000,0.0000,NULL,NULL,NULL,NULL,NULL,NULL,NULL,NULL,NULL,NULL,NULL,NULL,NULL,NULL,NULL,NULL,NULL,NULL,NULL,NULL,0,0,'',''),(139,96,NULL,460,2,'2023-09-29 11:04:25','2023-09-29 11:04:25',1,'simple','{\"info_buyRequest\":{\"uenc\":\"aHR0cDovL2NoZWNrb3V0c3VjY2Vzc3BhZ2UuZGVtbzkubWFnZWFudHMuYml6L2dlYXIvYmFncy5odG1s\",\"product\":\"1\",\"qty\":1}}',NULL,0,'24-MB01','Joust Duffle Bag',NULL,NULL,NULL,0,0,NULL,0.0000,0.0000,1.0000,0.0000,0.0000,NULL,34.0000,34.0000,34.0000,34.0000,0.0000,0.0000,0.0000,0.0000,0.0000,0.0000,0.0000,0.0000,0.0000,0.0000,0.0000,0.0000,34.0000,34.0000,0.0000,0.0000,0.0000,NULL,NULL,NULL,NULL,NULL,34.0000,34.0000,34.0000,34.0000,0.0000,0.0000,NULL,NULL,NULL,NULL,NULL,NULL,NULL,NULL,NULL,NULL,NULL,NULL,NULL,NULL,NULL,NULL,NULL,NULL,NULL,NULL,0,0,'',''),(140,97,NULL,461,5,'2023-09-29 11:13:26','2023-09-29 11:13:26',292,'configurable','{\"info_buyRequest\":{\"uenc\":\"aHR0cDovL2N1c3RvbXN0b2Nrc3RhdHVzLmRlbW85Lm1hZ2VhbnRzLmJpei9tZW4vdG9wcy1tZW4vamFja2V0cy1tZW4uaHRtbA,,\",\"product\":\"292\",\"super_attribute\":{\"142\":\"169\",\"93\":\"56\"},\"qty\":1},\"attributes_info\":[{\"label\":\"Size\",\"value\":\"L\",\"option_id\":142,\"option_value\":\"169\"},{\"label\":\"Color\",\"value\":\"Orange\",\"option_id\":93,\"option_value\":\"56\"}],\"simple_name\":\"Hyperion Elements Jacket-L-Orange\",\"simple_sku\":\"MJ02-L-Orange\",\"product_calculations\":1,\"shipment_type\":0}',1.0000,0,'MJ02-L-Orange','Hyperion Elements Jacket',NULL,NULL,NULL,0,0,NULL,0.0000,0.0000,1.0000,0.0000,0.0000,NULL,51.0000,51.0000,51.0000,51.0000,0.0000,0.0000,0.0000,0.0000,0.0000,0.0000,0.0000,0.0000,0.0000,0.0000,0.0000,0.0000,51.0000,51.0000,0.0000,0.0000,1.0000,NULL,NULL,NULL,NULL,NULL,51.0000,51.0000,51.0000,51.0000,0.0000,0.0000,NULL,NULL,NULL,NULL,NULL,NULL,NULL,NULL,NULL,NULL,NULL,NULL,NULL,NULL,NULL,NULL,NULL,NULL,NULL,NULL,0,0,'',''),(141,97,140,462,5,'2023-09-29 11:13:26','2023-09-29 11:13:26',287,'simple','{\"info_buyRequest\":{\"uenc\":\"aHR0cDovL2N1c3RvbXN0b2Nrc3RhdHVzLmRlbW85Lm1hZ2VhbnRzLmJpei9tZW4vdG9wcy1tZW4vamFja2V0cy1tZW4uaHRtbA,,\",\"product\":\"292\",\"super_attribute\":{\"142\":\"169\",\"93\":\"56\"},\"qty\":1}}',1.0000,0,'MJ02-L-Orange','Hyperion Elements Jacket-L-Orange',NULL,NULL,NULL,0,0,NULL,0.0000,0.0000,1.0000,0.0000,0.0000,NULL,0.0000,0.0000,0.0000,NULL,0.0000,0.0000,0.0000,0.0000,0.0000,0.0000,0.0000,0.0000,0.0000,0.0000,0.0000,0.0000,0.0000,0.0000,0.0000,0.0000,0.0000,NULL,NULL,NULL,NULL,NULL,NULL,NULL,NULL,NULL,NULL,NULL,NULL,NULL,NULL,NULL,NULL,NULL,NULL,NULL,NULL,NULL,NULL,NULL,NULL,NULL,NULL,NULL,NULL,NULL,NULL,NULL,NULL,0,'',''),(142,98,NULL,463,5,'2023-09-29 11:50:56','2023-09-29 11:50:56',9,'simple','{\"info_buyRequest\":{\"uenc\":\"aHR0cDovL2N1c3RvbXN0b2Nrc3RhdHVzLmRlbW85Lm1hZ2VhbnRzLmJpei9nZWFyL2JhZ3MuaHRtbA,,\",\"product\":\"9\",\"qty\":1}}',NULL,0,'24-WB02','Compete Track Tote',NULL,NULL,NULL,0,0,NULL,0.0000,0.0000,1.0000,0.0000,0.0000,NULL,32.0000,32.0000,32.0000,32.0000,0.0000,0.0000,0.0000,0.0000,0.0000,0.0000,0.0000,0.0000,0.0000,0.0000,0.0000,0.0000,32.0000,32.0000,0.0000,0.0000,0.0000,NULL,NULL,NULL,NULL,NULL,32.0000,32.0000,32.0000,32.0000,0.0000,0.0000,NULL,NULL,NULL,NULL,NULL,NULL,NULL,NULL,NULL,NULL,NULL,NULL,NULL,NULL,NULL,NULL,NULL,NULL,NULL,NULL,0,0,'',''),(143,99,NULL,472,2,'2023-09-29 12:34:43','2023-09-29 12:34:43',132,'configurable','{\"info_buyRequest\":{\"uenc\":\"aHR0cDovL2NoZWNrb3V0c3VjY2Vzc3BhZ2UuZGVtbzkubWFnZWFudHMuYml6L21lbi90b3BzLW1lbi9ob29kaWVzLWFuZC1zd2VhdHNoaXJ0cy1tZW4uaHRtbA,,\",\"product\":\"132\",\"super_attribute\":{\"142\":\"170\",\"93\":\"59\"},\"qty\":1},\"attributes_info\":[{\"label\":\"Size\",\"value\":\"XL\",\"option_id\":142,\"option_value\":\"170\"},{\"label\":\"Color\",\"value\":\"White\",\"option_id\":93,\"option_value\":\"59\"}],\"simple_name\":\"Hollister Backyard Sweatshirt-XL-White\",\"simple_sku\":\"MH05-XL-White\",\"product_calculations\":1,\"shipment_type\":0}',1.0000,0,'MH05-XL-White','Hollister Backyard Sweatshirt',NULL,NULL,NULL,0,0,NULL,0.0000,0.0000,1.0000,0.0000,0.0000,NULL,52.0000,52.0000,52.0000,52.0000,0.0000,0.0000,0.0000,0.0000,0.0000,0.0000,0.0000,0.0000,0.0000,0.0000,0.0000,0.0000,52.0000,52.0000,0.0000,0.0000,1.0000,NULL,NULL,NULL,NULL,NULL,52.0000,52.0000,52.0000,52.0000,0.0000,0.0000,NULL,NULL,NULL,NULL,NULL,NULL,NULL,NULL,NULL,NULL,NULL,NULL,NULL,NULL,NULL,NULL,NULL,NULL,NULL,NULL,NULL,0,'',''),(144,99,143,473,2,'2023-09-29 12:34:43','2023-09-29 12:34:43',131,'simple','{\"info_buyRequest\":{\"uenc\":\"aHR0cDovL2NoZWNrb3V0c3VjY2Vzc3BhZ2UuZGVtbzkubWFnZWFudHMuYml6L21lbi90b3BzLW1lbi9ob29kaWVzLWFuZC1zd2VhdHNoaXJ0cy1tZW4uaHRtbA,,\",\"product\":\"132\",\"super_attribute\":{\"142\":\"170\",\"93\":\"59\"},\"qty\":1}}',1.0000,0,'MH05-XL-White','Hollister Backyard Sweatshirt-XL-White',NULL,NULL,NULL,0,0,NULL,0.0000,0.0000,1.0000,0.0000,0.0000,NULL,0.0000,0.0000,0.0000,NULL,0.0000,0.0000,0.0000,0.0000,0.0000,0.0000,0.0000,0.0000,0.0000,0.0000,0.0000,0.0000,0.0000,0.0000,0.0000,0.0000,0.0000,NULL,NULL,NULL,NULL,NULL,NULL,NULL,NULL,NULL,NULL,NULL,NULL,NULL,NULL,NULL,NULL,NULL,NULL,NULL,NULL,NULL,NULL,NULL,NULL,NULL,NULL,NULL,NULL,NULL,NULL,NULL,0,0,'',''),(145,100,NULL,487,11,'2023-10-13 06:15:52','2023-10-13 06:18:41',68,'configurable','{\"info_buyRequest\":{\"uenc\":\"aHR0cDovL3NhbXBsZXByb2R1Y3QuZGVtbzkubWFnZWFudHMuYml6L21lbi90b3BzLW1lbi9ob29kaWVzLWFuZC1zd2VhdHNoaXJ0cy1tZW4uaHRtbD9wPTI,\",\"product\":\"68\",\"sample-price\":\"40\",\"isSample\":\"1\",\"super_attribute\":{\"142\":\"170\",\"93\":\"56\"},\"qty\":\"1.0000\"},\"attributes_info\":[{\"label\":\"Size\",\"value\":\"XL\",\"option_id\":142,\"option_value\":\"170\"},{\"label\":\"Color\",\"value\":\"Orange\",\"option_id\":93,\"option_value\":\"56\"}],\"simple_name\":\"Chaz Kangeroo Hoodie-XL-Orange\",\"simple_sku\":\"MH01-XL-Orange\",\"product_calculations\":1,\"shipment_type\":0,\"additional_options\":[{\"label\":\"Sample Order\",\"value\":\" - Yes\"}]}',1.0000,0,'MH01-XL-Orange','Chaz Kangeroo Hoodie',NULL,NULL,NULL,0,0,NULL,0.0000,1.0000,1.0000,0.0000,1.0000,NULL,40.0000,40.0000,52.0000,52.0000,0.0000,0.0000,0.0000,0.0000,0.0000,0.0000,0.0000,0.0000,0.0000,0.0000,0.0000,0.0000,40.0000,40.0000,40.0000,40.0000,1.0000,NULL,NULL,NULL,NULL,NULL,40.0000,40.0000,40.0000,40.0000,0.0000,0.0000,0.0000,0.0000,NULL,NULL,NULL,NULL,NULL,NULL,NULL,NULL,'[]',NULL,NULL,NULL,NULL,NULL,NULL,NULL,NULL,NULL,0,0,'',''),(146,100,145,488,11,'2023-10-13 06:15:52','2023-10-13 06:18:18',67,'simple','{\"info_buyRequest\":{\"uenc\":\"aHR0cDovL3NhbXBsZXByb2R1Y3QuZGVtbzkubWFnZWFudHMuYml6L21lbi90b3BzLW1lbi9ob29kaWVzLWFuZC1zd2VhdHNoaXJ0cy1tZW4uaHRtbD9wPTI,\",\"product\":\"68\",\"sample-price\":\"40\",\"isSample\":\"1\",\"super_attribute\":{\"142\":\"170\",\"93\":\"56\"},\"qty\":1},\"additional_options\":[{\"label\":\"Sample Order\",\"value\":\" - Yes\"}]}',1.0000,0,'MH01-XL-Orange','Chaz Kangeroo Hoodie-XL-Orange',NULL,NULL,NULL,0,0,NULL,0.0000,1.0000,1.0000,0.0000,0.0000,NULL,0.0000,0.0000,0.0000,NULL,0.0000,0.0000,0.0000,0.0000,0.0000,0.0000,0.0000,0.0000,0.0000,0.0000,0.0000,0.0000,0.0000,0.0000,0.0000,0.0000,0.0000,NULL,NULL,NULL,NULL,NULL,NULL,NULL,NULL,NULL,NULL,NULL,0.0000,0.0000,NULL,NULL,NULL,NULL,NULL,NULL,NULL,NULL,NULL,NULL,NULL,NULL,NULL,NULL,NULL,NULL,NULL,NULL,0,0,'',''),(147,101,NULL,500,10,'2023-10-13 07:02:31','2023-10-13 07:04:35',7,'simple','{\"info_buyRequest\":{\"uenc\":\"aHR0cDovL21pbmltdW1vcmRlcmN1c3RvbWVyZ3JvdXAuZGVtbzkubWFnZWFudHMuYml6L2dlYXIvYmFncy5odG1s\",\"product\":\"7\",\"qty\":1}}',NULL,0,'24-UB02','Impulse Duffle',NULL,NULL,NULL,0,0,NULL,0.0000,1.0000,1.0000,0.0000,1.0000,NULL,74.0000,74.0000,74.0000,74.0000,8.2500,6.1100,6.1100,6.1100,6.1100,0.0000,0.0000,0.0000,0.0000,0.0000,0.0000,0.0000,74.0000,74.0000,74.0000,74.0000,0.0000,NULL,NULL,NULL,NULL,NULL,80.1100,80.1100,80.1100,80.1100,0.0000,0.0000,0.0000,0.0000,NULL,NULL,NULL,NULL,NULL,NULL,NULL,NULL,'[]',NULL,NULL,NULL,NULL,NULL,NULL,NULL,NULL,NULL,0,0,'',''),(148,102,NULL,509,6,'2023-11-03 05:23:00','2023-11-03 05:23:00',1,'simple','{\"info_buyRequest\":{\"uenc\":\"aHR0cDovL2ZvcmNlbG9naW4uZGVtbzkubWFnZWFudHMuYml6L2pvdXN0LWR1ZmZsZS1iYWcuaHRtbA,,\",\"product\":\"1\",\"selected_configurable_option\":\"\",\"related_product\":\"\",\"item\":\"1\",\"qty\":\"1\"}}',NULL,0,'24-MB01','Joust Duffle Bag',NULL,NULL,NULL,0,0,NULL,0.0000,0.0000,1.0000,0.0000,0.0000,NULL,34.0000,34.0000,34.0000,34.0000,0.0000,0.0000,0.0000,0.0000,0.0000,0.0000,0.0000,0.0000,0.0000,0.0000,0.0000,0.0000,34.0000,34.0000,0.0000,0.0000,0.0000,NULL,NULL,NULL,NULL,NULL,34.0000,34.0000,34.0000,34.0000,0.0000,0.0000,NULL,NULL,NULL,NULL,NULL,NULL,NULL,NULL,NULL,NULL,NULL,NULL,NULL,NULL,NULL,NULL,NULL,NULL,NULL,NULL,0,0,'',''),(149,103,NULL,510,7,'2023-11-03 05:50:21','2023-11-03 05:50:21',38,'simple','{\"info_buyRequest\":{\"uenc\":\"aHR0cDovL2ltcG9ydGNvdXBvbi5kZW1vOS5tYWdlYW50cy5iaXovZ2Vhci93YXRjaGVzLmh0bWw,\",\"product\":\"38\",\"qty\":1}}',NULL,0,'24-MG03','Summit Watch',NULL,'12',NULL,0,0,NULL,0.0000,0.0000,1.0000,0.0000,0.0000,NULL,54.0000,54.0000,54.0000,54.0000,0.0000,0.0000,0.0000,0.0000,0.0000,0.0000,20.0000,20.0000,0.0000,0.0000,0.0000,0.0000,54.0000,54.0000,0.0000,0.0000,0.0000,NULL,NULL,NULL,NULL,NULL,54.0000,54.0000,54.0000,54.0000,0.0000,0.0000,NULL,NULL,NULL,NULL,NULL,NULL,NULL,NULL,NULL,NULL,NULL,NULL,NULL,NULL,NULL,NULL,NULL,NULL,NULL,NULL,NULL,0,'',''),(150,104,NULL,511,9,'2023-11-03 06:11:49','2023-11-03 06:24:58',6,'simple','{\"info_buyRequest\":{\"uenc\":\"aHR0cDovL2xvZ2luYXNjdXN0b21lci5kZW1vOS5tYWdlYW50cy5iaXovZ2Vhci9iYWdzLmh0bWw,\",\"product\":\"6\",\"qty\":1}}',NULL,0,'24-MB02','Fusion Backpack',NULL,NULL,NULL,0,0,NULL,0.0000,1.0000,1.0000,0.0000,1.0000,NULL,50.0000,50.0000,59.0000,59.0000,0.0000,0.0000,0.0000,0.0000,0.0000,0.0000,0.0000,0.0000,0.0000,0.0000,0.0000,0.0000,50.0000,50.0000,50.0000,50.0000,0.0000,NULL,NULL,NULL,NULL,NULL,50.0000,50.0000,50.0000,50.0000,0.0000,0.0000,0.0000,0.0000,NULL,NULL,NULL,NULL,NULL,NULL,NULL,NULL,'[]',NULL,NULL,NULL,NULL,NULL,NULL,NULL,NULL,NULL,0,0,'',''),(151,105,NULL,557,11,'2023-11-03 09:37:58','2023-11-03 09:37:58',6,'simple','{\"info_buyRequest\":{\"uenc\":\"aHR0cDovL3NhbXBsZXByb2R1Y3QuZGVtbzkubWFnZWFudHMuYml6L2dlYXIvYmFncy5odG1sP3A9Mg,,\",\"product\":\"6\",\"sample-price\":\"40\",\"isSample\":\"1\",\"qty\":1},\"additional_options\":[{\"label\":\"Sample Order\",\"value\":\" - Yes\"}]}',NULL,0,'24-MB02','Fusion Backpack',NULL,NULL,NULL,0,0,NULL,0.0000,0.0000,6.0000,0.0000,0.0000,NULL,40.0000,40.0000,59.0000,59.0000,0.0000,0.0000,0.0000,0.0000,0.0000,0.0000,0.0000,0.0000,0.0000,0.0000,0.0000,0.0000,240.0000,240.0000,0.0000,0.0000,0.0000,NULL,NULL,NULL,NULL,NULL,40.0000,40.0000,240.0000,240.0000,0.0000,0.0000,NULL,NULL,NULL,NULL,NULL,NULL,NULL,NULL,NULL,NULL,NULL,NULL,NULL,NULL,NULL,NULL,NULL,NULL,NULL,NULL,0,0,'',''),(152,106,NULL,558,11,'2023-11-03 09:46:14','2023-11-03 09:46:14',6,'simple','{\"info_buyRequest\":{\"uenc\":\"aHR0cDovL3NhbXBsZXByb2R1Y3QuZGVtbzkubWFnZWFudHMuYml6L2dlYXIvYmFncy5odG1sP3A9Mg,,\",\"product\":\"6\",\"sample-price\":\"0\",\"isSample\":\"1\",\"qty\":1},\"additional_options\":[{\"label\":\"Sample Order\",\"value\":\" - Yes\"}]}',NULL,0,'24-MB02','Fusion Backpack',NULL,NULL,NULL,0,0,NULL,0.0000,0.0000,2.0000,0.0000,0.0000,NULL,0.0000,0.0000,59.0000,59.0000,0.0000,0.0000,0.0000,0.0000,0.0000,0.0000,0.0000,0.0000,0.0000,0.0000,0.0000,0.0000,0.0000,0.0000,0.0000,0.0000,0.0000,NULL,NULL,NULL,NULL,NULL,0.0000,0.0000,0.0000,0.0000,0.0000,0.0000,NULL,NULL,NULL,NULL,NULL,NULL,NULL,NULL,NULL,NULL,NULL,NULL,NULL,NULL,NULL,NULL,NULL,NULL,NULL,NULL,0,0,'',''),(153,107,NULL,591,6,'2023-11-06 06:11:07','2023-11-06 06:11:07',38,'simple','{\"info_buyRequest\":{\"uenc\":\"aHR0cDovL2ZvcmNlbG9naW4uZGVtbzkubWFnZWFudHMuYml6L2dlYXIvd2F0Y2hlcy5odG1s\",\"product\":\"38\",\"qty\":1}}',NULL,0,'24-MG03','Summit Watch',NULL,NULL,NULL,0,0,NULL,0.0000,0.0000,1.0000,0.0000,0.0000,NULL,54.0000,54.0000,54.0000,54.0000,8.2500,4.4600,4.4600,0.0000,0.0000,0.0000,0.0000,0.0000,0.0000,0.0000,0.0000,0.0000,54.0000,54.0000,0.0000,0.0000,0.0000,NULL,NULL,NULL,NULL,NULL,58.4600,58.4600,58.4600,58.4600,0.0000,0.0000,NULL,NULL,NULL,NULL,NULL,NULL,NULL,NULL,NULL,NULL,NULL,NULL,NULL,NULL,NULL,NULL,NULL,NULL,NULL,NULL,NULL,0,'',''),(154,108,NULL,592,11,'2023-11-06 06:36:40','2023-11-06 06:36:40',6,'simple','{\"info_buyRequest\":{\"uenc\":\"aHR0cDovL3NhbXBsZXByb2R1Y3QuZGVtbzkubWFnZWFudHMuYml6L2dlYXIvYmFncy5odG1s\",\"product\":\"6\",\"sample-price\":\"0\",\"isSample\":\"1\",\"qty\":1},\"additional_options\":[{\"label\":\"Sample Order\",\"value\":\" - Yes\"}]}',NULL,0,'24-MB02','Fusion Backpack',NULL,NULL,NULL,0,0,NULL,0.0000,0.0000,1.0000,0.0000,0.0000,NULL,0.0000,0.0000,59.0000,59.0000,8.2500,0.0000,0.0000,0.0000,0.0000,0.0000,0.0000,0.0000,0.0000,0.0000,0.0000,0.0000,0.0000,0.0000,0.0000,0.0000,0.0000,NULL,NULL,NULL,NULL,NULL,0.0000,0.0000,0.0000,0.0000,0.0000,0.0000,NULL,NULL,NULL,NULL,NULL,NULL,NULL,NULL,NULL,NULL,NULL,NULL,NULL,NULL,NULL,NULL,NULL,NULL,NULL,NULL,0,0,'',''),(155,109,NULL,593,11,'2023-11-06 06:37:40','2023-11-06 06:37:40',68,'configurable','{\"info_buyRequest\":{\"uenc\":\"aHR0cDovL3NhbXBsZXByb2R1Y3QuZGVtbzkubWFnZWFudHMuYml6L21lbi90b3BzLW1lbi9ob29kaWVzLWFuZC1zd2VhdHNoaXJ0cy1tZW4uaHRtbA,,\",\"product\":\"68\",\"sample-price\":\"40\",\"isSample\":\"1\",\"super_attribute\":{\"142\":\"170\",\"93\":\"56\"},\"qty\":1},\"attributes_info\":[{\"label\":\"Size\",\"value\":\"XL\",\"option_id\":142,\"option_value\":\"170\"},{\"label\":\"Color\",\"value\":\"Orange\",\"option_id\":93,\"option_value\":\"56\"}],\"simple_name\":\"Chaz Kangeroo Hoodie-XL-Orange\",\"simple_sku\":\"MH01-XL-Orange\",\"product_calculations\":1,\"shipment_type\":0,\"additional_options\":[{\"label\":\"Sample Order\",\"value\":\" - Yes\"}]}',1.0000,0,'MH01-XL-Orange','Chaz Kangeroo Hoodie',NULL,NULL,NULL,0,0,NULL,0.0000,0.0000,1.0000,0.0000,0.0000,NULL,40.0000,40.0000,52.0000,52.0000,8.2500,3.3000,3.3000,0.0000,0.0000,0.0000,0.0000,0.0000,0.0000,0.0000,0.0000,0.0000,40.0000,40.0000,0.0000,0.0000,1.0000,NULL,NULL,NULL,NULL,NULL,43.3000,43.3000,43.3000,43.3000,0.0000,0.0000,NULL,NULL,NULL,NULL,NULL,NULL,NULL,NULL,NULL,NULL,NULL,NULL,NULL,NULL,NULL,NULL,NULL,NULL,NULL,NULL,0,0,'',''),(156,109,155,594,11,'2023-11-06 06:37:40','2023-11-06 06:37:40',67,'simple','{\"info_buyRequest\":{\"uenc\":\"aHR0cDovL3NhbXBsZXByb2R1Y3QuZGVtbzkubWFnZWFudHMuYml6L21lbi90b3BzLW1lbi9ob29kaWVzLWFuZC1zd2VhdHNoaXJ0cy1tZW4uaHRtbA,,\",\"product\":\"68\",\"sample-price\":\"40\",\"isSample\":\"1\",\"super_attribute\":{\"142\":\"170\",\"93\":\"56\"},\"qty\":1},\"additional_options\":[{\"label\":\"Sample Order\",\"value\":\" - Yes\"}]}',1.0000,0,'MH01-XL-Orange','Chaz Kangeroo Hoodie-XL-Orange',NULL,NULL,NULL,0,0,NULL,0.0000,0.0000,1.0000,0.0000,0.0000,NULL,0.0000,0.0000,0.0000,NULL,0.0000,0.0000,0.0000,0.0000,0.0000,0.0000,0.0000,0.0000,0.0000,0.0000,0.0000,0.0000,0.0000,0.0000,0.0000,0.0000,0.0000,NULL,NULL,NULL,NULL,NULL,NULL,NULL,NULL,NULL,NULL,NULL,NULL,NULL,NULL,NULL,NULL,NULL,NULL,NULL,NULL,NULL,NULL,NULL,NULL,NULL,NULL,NULL,NULL,NULL,NULL,NULL,0,0,'',''),(157,110,NULL,596,1,'2023-11-10 05:57:02','2023-11-10 05:57:02',49,'downloadable','{\"info_buyRequest\":{\"uenc\":\"aHR0cDovL2RlbW85Lm1hZ2VhbnRzLmJpei90cmFpbmluZy90cmFpbmluZy12aWRlby5odG1s\",\"product\":\"49\",\"qty\":1},\"links\":[\"5\"],\"is_downloadable\":true,\"real_product_type\":\"downloadable\"}',NULL,1,'240-LV08','Advanced Pilates & Yoga (Strength)',NULL,NULL,NULL,0,0,NULL,0.0000,0.0000,1.0000,0.0000,0.0000,NULL,18.0000,18.0000,18.0000,18.0000,8.2500,1.4900,1.4900,0.0000,0.0000,0.0000,0.0000,0.0000,0.0000,0.0000,0.0000,0.0000,18.0000,18.0000,0.0000,0.0000,0.0000,NULL,NULL,NULL,NULL,NULL,19.4900,19.4900,19.4900,19.4900,0.0000,0.0000,NULL,NULL,NULL,NULL,NULL,NULL,NULL,NULL,NULL,NULL,NULL,NULL,NULL,NULL,NULL,NULL,NULL,NULL,NULL,NULL,NULL,0,'',''),(158,111,NULL,611,12,'2023-12-15 06:06:57','2023-12-15 06:06:57',1,'simple','{\"info_buyRequest\":{\"uenc\":\"aHR0cDovL3NpbXBsZWNvbmZpZ3VyYWJsZS5kZW1vOS5tYWdlYW50cy5iaXovam91c3QtZHVmZmxlLWJhZy5odG1s\",\"product\":\"1\",\"selected_configurable_option\":\"\",\"related_product\":\"\",\"item\":\"1\",\"options\":{\"1\":\"qeqeqeqew\",\"2\":\"ewqeqeqeqwew\"},\"qty\":\"1\",\"sample-price\":\"15\",\"isSample\":\"0\"},\"options\":[{\"label\":\"qwerty\",\"value\":\"qeqeqeqew\",\"print_value\":\"qeqeqeqew\",\"option_id\":\"1\",\"option_type\":\"field\",\"option_value\":\"qeqeqeqew\",\"custom_view\":false},{\"label\":\"qwewqrewr\",\"value\":\"ewqeqeqeqwew\",\"print_value\":\"ewqeqeqeqwew\",\"option_id\":\"2\",\"option_type\":\"area\",\"option_value\":\"ewqeqeqeqwew\",\"custom_view\":false}]}',NULL,0,'24-MB01-132-321321','Joust Duffle Bag',NULL,NULL,NULL,0,0,NULL,0.0000,0.0000,1.0000,0.0000,0.0000,NULL,56.0000,56.0000,34.0000,34.0000,0.0000,0.0000,0.0000,0.0000,0.0000,0.0000,0.0000,0.0000,0.0000,0.0000,0.0000,0.0000,56.0000,56.0000,0.0000,0.0000,0.0000,NULL,NULL,NULL,NULL,NULL,56.0000,56.0000,56.0000,56.0000,0.0000,0.0000,NULL,NULL,NULL,NULL,NULL,NULL,NULL,NULL,NULL,NULL,NULL,NULL,NULL,NULL,NULL,NULL,NULL,NULL,NULL,NULL,0,0,'',''),(159,112,NULL,612,12,'2023-12-15 06:08:03','2023-12-15 06:08:03',1,'simple','{\"info_buyRequest\":{\"uenc\":\"aHR0cDovL3NpbXBsZWNvbmZpZ3VyYWJsZS5kZW1vOS5tYWdlYW50cy5iaXovam91c3QtZHVmZmxlLWJhZy5odG1s\",\"product\":\"1\",\"selected_configurable_option\":\"\",\"related_product\":\"\",\"item\":\"1\",\"options\":{\"1\":\"qeqeqeqew\",\"2\":\"frfrfref\"},\"qty\":\"1\",\"sample-price\":\"15\",\"isSample\":\"0\"},\"options\":[{\"label\":\"qwerty\",\"value\":\"qeqeqeqew\",\"print_value\":\"qeqeqeqew\",\"option_id\":\"1\",\"option_type\":\"field\",\"option_value\":\"qeqeqeqew\",\"custom_view\":false},{\"label\":\"qwewqrewr\",\"value\":\"frfrfref\",\"print_value\":\"frfrfref\",\"option_id\":\"2\",\"option_type\":\"area\",\"option_value\":\"frfrfref\",\"custom_view\":false}]}',NULL,0,'24-MB01-132-321321','Joust Duffle Bag',NULL,NULL,NULL,0,0,NULL,0.0000,0.0000,1.0000,0.0000,0.0000,NULL,56.0000,56.0000,34.0000,34.0000,0.0000,0.0000,0.0000,0.0000,0.0000,0.0000,0.0000,0.0000,0.0000,0.0000,0.0000,0.0000,56.0000,56.0000,0.0000,0.0000,0.0000,NULL,NULL,NULL,NULL,NULL,56.0000,56.0000,56.0000,56.0000,0.0000,0.0000,NULL,NULL,NULL,NULL,NULL,NULL,NULL,NULL,NULL,NULL,NULL,NULL,NULL,NULL,NULL,NULL,NULL,NULL,NULL,NULL,0,0,'',''),(160,113,NULL,613,12,'2023-12-15 06:10:32','2023-12-15 06:10:32',1,'simple','{\"info_buyRequest\":{\"uenc\":\"aHR0cDovL3NpbXBsZWNvbmZpZ3VyYWJsZS5kZW1vOS5tYWdlYW50cy5iaXovam91c3QtZHVmZmxlLWJhZy5odG1s\",\"product\":\"1\",\"selected_configurable_option\":\"\",\"related_product\":\"\",\"item\":\"1\",\"options\":{\"1\":\"12\",\"2\":\"12\"},\"qty\":\"1\",\"sample-price\":\"15\",\"isSample\":\"0\"},\"options\":[{\"label\":\"qwerty\",\"value\":\"12\",\"print_value\":\"12\",\"option_id\":\"1\",\"option_type\":\"field\",\"option_value\":\"12\",\"custom_view\":false},{\"label\":\"qwewqrewr\",\"value\":\"12\",\"print_value\":\"12\",\"option_id\":\"2\",\"option_type\":\"area\",\"option_value\":\"12\",\"custom_view\":false}]}',NULL,0,'24-MB01-132-321321','Joust Duffle Bag',NULL,NULL,NULL,0,0,NULL,0.0000,0.0000,1.0000,0.0000,0.0000,NULL,56.0000,56.0000,34.0000,34.0000,0.0000,0.0000,0.0000,0.0000,0.0000,0.0000,0.0000,0.0000,0.0000,0.0000,0.0000,0.0000,56.0000,56.0000,0.0000,0.0000,0.0000,NULL,NULL,NULL,NULL,NULL,56.0000,56.0000,56.0000,56.0000,0.0000,0.0000,NULL,NULL,NULL,NULL,NULL,NULL,NULL,NULL,NULL,NULL,NULL,NULL,NULL,NULL,NULL,NULL,NULL,NULL,NULL,NULL,0,0,'',''),(161,114,NULL,614,1,'2023-12-15 06:11:33','2023-12-15 06:11:33',8,'simple','{\"info_buyRequest\":{\"uenc\":\"aHR0cDovL2RlbW85Lm1hZ2VhbnRzLmJpei9nZWFyL2JhZ3MuaHRtbA,,\",\"product\":\"8\",\"qty\":1}}',NULL,0,'24-WB01','Voyage Yoga Bag',NULL,NULL,NULL,0,0,NULL,0.0000,0.0000,1.0000,0.0000,0.0000,NULL,32.0000,32.0000,32.0000,32.0000,0.0000,0.0000,0.0000,0.0000,0.0000,0.0000,0.0000,0.0000,0.0000,0.0000,0.0000,0.0000,32.0000,32.0000,0.0000,0.0000,0.0000,NULL,NULL,NULL,NULL,NULL,32.0000,32.0000,32.0000,32.0000,0.0000,0.0000,NULL,NULL,NULL,NULL,NULL,NULL,NULL,NULL,NULL,NULL,NULL,NULL,NULL,NULL,NULL,NULL,NULL,NULL,NULL,NULL,0,0,'',''),(162,115,NULL,615,12,'2023-12-15 06:20:13','2023-12-15 06:20:13',1,'simple','{\"info_buyRequest\":{\"uenc\":\"aHR0cDovL3NpbXBsZWNvbmZpZ3VyYWJsZS5kZW1vOS5tYWdlYW50cy5iaXovam91c3QtZHVmZmxlLWJhZy5odG1s\",\"product\":\"1\",\"selected_configurable_option\":\"\",\"related_product\":\"\",\"item\":\"1\",\"options\":{\"1\":\"asd\",\"2\":\"as\"},\"qty\":\"1\",\"sample-price\":\"15\",\"isSample\":\"0\"},\"options\":[{\"label\":\"qwerty\",\"value\":\"asd\",\"print_value\":\"asd\",\"option_id\":\"1\",\"option_type\":\"field\",\"option_value\":\"asd\",\"custom_view\":false},{\"label\":\"qwewqrewr\",\"value\":\"as\",\"print_value\":\"as\",\"option_id\":\"2\",\"option_type\":\"area\",\"option_value\":\"as\",\"custom_view\":false}]}',NULL,0,'24-MB01-132-321321','Joust Duffle Bag',NULL,NULL,NULL,0,0,NULL,0.0000,0.0000,1.0000,0.0000,0.0000,NULL,56.0000,56.0000,34.0000,34.0000,0.0000,0.0000,0.0000,0.0000,0.0000,0.0000,0.0000,0.0000,0.0000,0.0000,0.0000,0.0000,56.0000,56.0000,0.0000,0.0000,0.0000,NULL,NULL,NULL,NULL,NULL,56.0000,56.0000,56.0000,56.0000,0.0000,0.0000,NULL,NULL,NULL,NULL,NULL,NULL,NULL,NULL,NULL,NULL,NULL,NULL,NULL,NULL,NULL,NULL,NULL,NULL,NULL,NULL,0,0,'',''),(163,116,NULL,616,1,'2023-12-15 06:24:07','2023-12-15 06:24:07',38,'simple','{\"info_buyRequest\":{\"uenc\":\"aHR0cDovL2RlbW85Lm1hZ2VhbnRzLmJpei9nZWFyL3dhdGNoZXMuaHRtbA,,\",\"product\":\"38\",\"qty\":1}}',NULL,0,'24-MG03','Summit Watch',NULL,'2',NULL,0,0,NULL,0.0000,0.0000,1.0000,0.0000,0.0000,NULL,54.0000,54.0000,54.0000,54.0000,0.0000,0.0000,0.0000,0.0000,0.0000,0.0000,0.0000,0.0000,0.0000,0.0000,0.0000,0.0000,54.0000,54.0000,0.0000,0.0000,0.0000,NULL,NULL,NULL,NULL,NULL,54.0000,54.0000,54.0000,54.0000,0.0000,0.0000,NULL,NULL,NULL,NULL,NULL,NULL,NULL,NULL,NULL,NULL,NULL,NULL,NULL,NULL,NULL,NULL,NULL,NULL,NULL,NULL,NULL,0,'','');

--
-- Table structure for table `sales_order_payment`
--

CREATE TABLE `sales_order_payment` (
  `entity_id` int(10) unsigned NOT NULL AUTO_INCREMENT COMMENT 'Entity ID',
  `parent_id` int(10) unsigned NOT NULL COMMENT 'Parent ID',
  `base_shipping_captured` decimal(20,4) DEFAULT NULL COMMENT 'Base Shipping Captured',
  `shipping_captured` decimal(20,4) DEFAULT NULL COMMENT 'Shipping Captured',
  `amount_refunded` decimal(20,4) DEFAULT NULL COMMENT 'Amount Refunded',
  `base_amount_paid` decimal(20,4) DEFAULT NULL COMMENT 'Base Amount Paid',
  `amount_canceled` decimal(20,4) DEFAULT NULL COMMENT 'Amount Canceled',
  `base_amount_authorized` decimal(20,4) DEFAULT NULL COMMENT 'Base Amount Authorized',
  `base_amount_paid_online` decimal(20,4) DEFAULT NULL COMMENT 'Base Amount Paid Online',
  `base_amount_refunded_online` decimal(20,4) DEFAULT NULL COMMENT 'Base Amount Refunded Online',
  `base_shipping_amount` decimal(20,4) DEFAULT NULL COMMENT 'Base Shipping Amount',
  `shipping_amount` decimal(20,4) DEFAULT NULL COMMENT 'Shipping Amount',
  `amount_paid` decimal(20,4) DEFAULT NULL COMMENT 'Amount Paid',
  `amount_authorized` decimal(20,4) DEFAULT NULL COMMENT 'Amount Authorized',
  `base_amount_ordered` decimal(20,4) DEFAULT NULL COMMENT 'Base Amount Ordered',
  `base_shipping_refunded` decimal(20,4) DEFAULT NULL COMMENT 'Base Shipping Refunded',
  `shipping_refunded` decimal(20,4) DEFAULT NULL COMMENT 'Shipping Refunded',
  `base_amount_refunded` decimal(20,4) DEFAULT NULL COMMENT 'Base Amount Refunded',
  `amount_ordered` decimal(20,4) DEFAULT NULL COMMENT 'Amount Ordered',
  `base_amount_canceled` decimal(20,4) DEFAULT NULL COMMENT 'Base Amount Canceled',
  `quote_payment_id` int(11) DEFAULT NULL COMMENT 'Quote Payment ID',
  `additional_data` text COMMENT 'Additional Data',
  `cc_exp_month` varchar(12) DEFAULT NULL COMMENT 'Cc Exp Month',
  `cc_ss_start_year` varchar(12) DEFAULT NULL COMMENT 'Cc Ss Start Year',
  `echeck_bank_name` varchar(128) DEFAULT NULL COMMENT 'Echeck Bank Name',
  `method` varchar(128) DEFAULT NULL COMMENT 'Method',
  `cc_debug_request_body` varchar(32) DEFAULT NULL COMMENT 'Cc Debug Request Body',
  `cc_secure_verify` varchar(32) DEFAULT NULL COMMENT 'Cc Secure Verify',
  `protection_eligibility` varchar(32) DEFAULT NULL COMMENT 'Protection Eligibility',
  `cc_approval` varchar(32) DEFAULT NULL COMMENT 'Cc Approval',
  `cc_last_4` varchar(100) DEFAULT NULL COMMENT 'Cc Last 4',
  `cc_status_description` varchar(32) DEFAULT NULL COMMENT 'Cc Status Description',
  `echeck_type` varchar(32) DEFAULT NULL COMMENT 'Echeck Type',
  `cc_debug_response_serialized` varchar(32) DEFAULT NULL COMMENT 'Cc Debug Response Serialized',
  `cc_ss_start_month` varchar(128) DEFAULT NULL COMMENT 'Cc Ss Start Month',
  `echeck_account_type` varchar(255) DEFAULT NULL COMMENT 'Echeck Account Type',
  `last_trans_id` varchar(255) DEFAULT NULL COMMENT 'Last Trans ID',
  `cc_cid_status` varchar(32) DEFAULT NULL COMMENT 'Cc Cid Status',
  `cc_owner` varchar(128) DEFAULT NULL COMMENT 'Cc Owner',
  `cc_type` varchar(32) DEFAULT NULL COMMENT 'Cc Type',
  `po_number` varchar(32) DEFAULT NULL COMMENT 'Po Number',
  `cc_exp_year` varchar(4) DEFAULT NULL COMMENT 'Cc Exp Year',
  `cc_status` varchar(4) DEFAULT NULL COMMENT 'Cc Status',
  `echeck_routing_number` varchar(32) DEFAULT NULL COMMENT 'Echeck Routing Number',
  `account_status` varchar(32) DEFAULT NULL COMMENT 'Account Status',
  `anet_trans_method` varchar(32) DEFAULT NULL COMMENT 'Anet Trans Method',
  `cc_debug_response_body` varchar(32) DEFAULT NULL COMMENT 'Cc Debug Response Body',
  `cc_ss_issue` varchar(32) DEFAULT NULL COMMENT 'Cc Ss Issue',
  `echeck_account_name` varchar(32) DEFAULT NULL COMMENT 'Echeck Account Name',
  `cc_avs_status` varchar(32) DEFAULT NULL COMMENT 'Cc Avs Status',
  `cc_number_enc` varchar(128) DEFAULT NULL,
  `cc_trans_id` varchar(32) DEFAULT NULL COMMENT 'Cc Trans ID',
  `address_status` varchar(32) DEFAULT NULL COMMENT 'Address Status',
  `additional_information` text COMMENT 'Additional Information',
  PRIMARY KEY (`entity_id`),
  KEY `SALES_ORDER_PAYMENT_PARENT_ID` (`parent_id`),
  CONSTRAINT `SALES_ORDER_PAYMENT_PARENT_ID_SALES_ORDER_ENTITY_ID` FOREIGN KEY (`parent_id`) REFERENCES `sales_order` (`entity_id`) ON DELETE CASCADE
) ENGINE=InnoDB AUTO_INCREMENT=117 DEFAULT CHARSET=utf8 COMMENT='Sales Flat Order Payment';

--
-- Dumping data for table `sales_order_payment`
--

INSERT INTO `sales_order_payment` VALUES (1,1,5.0000,5.0000,NULL,36.3900,NULL,NULL,NULL,NULL,5.0000,5.0000,36.3900,NULL,36.3900,NULL,NULL,NULL,36.3900,NULL,NULL,NULL,NULL,NULL,NULL,'checkmo',NULL,NULL,NULL,NULL,NULL,NULL,NULL,NULL,NULL,NULL,NULL,NULL,NULL,NULL,NULL,NULL,NULL,NULL,NULL,NULL,NULL,NULL,NULL,NULL,NULL,NULL,NULL,'{\"method_title\":\"Check \\/ Money order\"}'),(2,2,5.0000,5.0000,39.6400,39.6400,NULL,NULL,NULL,NULL,5.0000,5.0000,39.6400,NULL,39.6400,5.0000,5.0000,39.6400,39.6400,NULL,NULL,NULL,NULL,NULL,NULL,'checkmo',NULL,NULL,NULL,NULL,NULL,NULL,NULL,NULL,NULL,NULL,NULL,NULL,NULL,NULL,NULL,NULL,NULL,NULL,NULL,NULL,NULL,NULL,NULL,NULL,NULL,NULL,NULL,'{\"method_title\":\"Check \\/ Money order\"}'),(3,3,NULL,NULL,NULL,NULL,NULL,NULL,NULL,NULL,5.0000,5.0000,NULL,NULL,39.0000,NULL,NULL,NULL,39.0000,NULL,NULL,NULL,NULL,'0',NULL,'checkmo',NULL,NULL,NULL,NULL,NULL,NULL,NULL,NULL,'0',NULL,NULL,NULL,NULL,NULL,NULL,'0',NULL,NULL,NULL,NULL,NULL,NULL,NULL,NULL,NULL,NULL,NULL,'{\"method_title\":\"Check \\/ Money order\"}'),(4,4,NULL,NULL,NULL,NULL,NULL,NULL,NULL,NULL,10.0000,10.0000,NULL,NULL,80.0000,NULL,NULL,NULL,80.0000,NULL,NULL,NULL,NULL,'0',NULL,'checkmo',NULL,NULL,NULL,NULL,NULL,NULL,NULL,NULL,'0',NULL,NULL,NULL,NULL,NULL,NULL,'0',NULL,NULL,NULL,NULL,NULL,NULL,NULL,NULL,NULL,NULL,NULL,'{\"method_title\":\"Check \\/ Money order\"}'),(5,5,NULL,NULL,NULL,NULL,NULL,NULL,NULL,NULL,10.0000,10.0000,NULL,NULL,87.0000,NULL,NULL,NULL,87.0000,NULL,NULL,NULL,NULL,'0',NULL,'checkmo',NULL,NULL,NULL,NULL,NULL,NULL,NULL,NULL,'0',NULL,NULL,NULL,NULL,NULL,NULL,'0',NULL,NULL,NULL,NULL,NULL,NULL,NULL,NULL,NULL,NULL,NULL,'{\"method_title\":\"Check \\/ Money order\"}'),(6,6,NULL,NULL,NULL,NULL,NULL,NULL,NULL,NULL,5.0000,5.0000,NULL,NULL,12.0000,NULL,NULL,NULL,12.0000,NULL,NULL,NULL,NULL,'0',NULL,'checkmo',NULL,NULL,NULL,NULL,NULL,NULL,NULL,NULL,'0',NULL,NULL,NULL,NULL,NULL,NULL,'0',NULL,NULL,NULL,NULL,NULL,NULL,NULL,NULL,NULL,NULL,NULL,'{\"method_title\":\"Check \\/ Money order\"}'),(7,7,5.0000,5.0000,39.0000,39.0000,NULL,NULL,NULL,NULL,5.0000,5.0000,39.0000,NULL,39.0000,5.0000,5.0000,39.0000,39.0000,NULL,NULL,NULL,NULL,'0',NULL,'checkmo',NULL,NULL,NULL,NULL,NULL,NULL,NULL,NULL,'0',NULL,NULL,NULL,NULL,NULL,NULL,'0',NULL,NULL,NULL,NULL,NULL,NULL,NULL,NULL,NULL,NULL,NULL,'{\"method_title\":\"Check \\/ Money order\"}'),(8,8,NULL,NULL,NULL,NULL,NULL,NULL,NULL,NULL,5.0000,5.0000,NULL,NULL,37.0000,NULL,NULL,NULL,37.0000,NULL,NULL,NULL,NULL,'0',NULL,'checkmo',NULL,NULL,NULL,NULL,NULL,NULL,NULL,NULL,'0',NULL,NULL,NULL,NULL,NULL,NULL,'0',NULL,NULL,NULL,NULL,NULL,NULL,NULL,NULL,NULL,NULL,NULL,'{\"method_title\":\"Check \\/ Money order\"}'),(9,9,NULL,NULL,NULL,NULL,NULL,NULL,NULL,NULL,5.0000,5.0000,NULL,NULL,43.0000,NULL,NULL,NULL,43.0000,NULL,NULL,NULL,NULL,'0',NULL,'checkmo',NULL,NULL,NULL,NULL,NULL,NULL,NULL,NULL,'0',NULL,NULL,NULL,NULL,NULL,NULL,'0',NULL,NULL,NULL,NULL,NULL,NULL,NULL,NULL,NULL,NULL,NULL,'{\"method_title\":\"Check \\/ Money order\"}'),(10,10,NULL,NULL,NULL,NULL,NULL,NULL,NULL,NULL,5.0000,5.0000,NULL,NULL,64.0000,NULL,NULL,NULL,64.0000,NULL,NULL,NULL,NULL,'0',NULL,'checkmo',NULL,NULL,NULL,NULL,NULL,NULL,NULL,NULL,'0',NULL,NULL,NULL,NULL,NULL,NULL,'0',NULL,NULL,NULL,NULL,NULL,NULL,NULL,NULL,NULL,NULL,NULL,'{\"method_title\":\"Check \\/ Money order\"}'),(11,11,NULL,NULL,NULL,NULL,NULL,NULL,NULL,NULL,5.0000,5.0000,NULL,NULL,64.0000,NULL,NULL,NULL,64.0000,NULL,NULL,NULL,NULL,'0',NULL,'checkmo',NULL,NULL,NULL,NULL,NULL,NULL,NULL,NULL,'0',NULL,NULL,NULL,NULL,NULL,NULL,'0',NULL,NULL,NULL,NULL,NULL,NULL,NULL,NULL,NULL,NULL,NULL,'{\"method_title\":\"Check \\/ Money order\"}'),(12,12,NULL,NULL,NULL,NULL,NULL,NULL,NULL,NULL,10.0000,10.0000,NULL,NULL,143.0000,NULL,NULL,NULL,143.0000,NULL,NULL,NULL,NULL,'0',NULL,'checkmo',NULL,NULL,NULL,NULL,NULL,NULL,NULL,NULL,'0',NULL,NULL,NULL,NULL,NULL,NULL,'0',NULL,NULL,NULL,NULL,NULL,NULL,NULL,NULL,NULL,NULL,NULL,'{\"method_title\":\"Check \\/ Money order\"}'),(13,13,NULL,NULL,NULL,NULL,NULL,NULL,NULL,NULL,5.0000,5.0000,NULL,NULL,37.0000,NULL,NULL,NULL,37.0000,NULL,NULL,NULL,NULL,'0',NULL,'checkmo',NULL,NULL,NULL,NULL,NULL,NULL,NULL,NULL,'0',NULL,NULL,NULL,NULL,NULL,NULL,'0',NULL,NULL,NULL,NULL,NULL,NULL,NULL,NULL,NULL,NULL,NULL,'{\"method_title\":\"Check \\/ Money order\"}'),(14,14,NULL,NULL,NULL,NULL,NULL,NULL,NULL,NULL,5.0000,5.0000,NULL,NULL,53.7100,NULL,NULL,NULL,53.7100,NULL,NULL,NULL,NULL,'0',NULL,'checkmo',NULL,NULL,NULL,NULL,NULL,NULL,NULL,NULL,'0',NULL,NULL,NULL,NULL,NULL,NULL,'0',NULL,NULL,NULL,NULL,NULL,NULL,NULL,NULL,NULL,NULL,NULL,'{\"method_title\":\"Check \\/ Money order\"}'),(15,15,NULL,NULL,NULL,NULL,NULL,NULL,NULL,NULL,5.0000,5.0000,NULL,NULL,39.0000,NULL,NULL,NULL,39.0000,NULL,NULL,NULL,NULL,'0',NULL,'checkmo',NULL,NULL,NULL,NULL,NULL,NULL,NULL,NULL,'0',NULL,NULL,NULL,NULL,NULL,NULL,'0',NULL,NULL,NULL,NULL,NULL,NULL,NULL,NULL,NULL,NULL,NULL,'{\"method_title\":\"Check \\/ Money order\"}'),(16,16,NULL,NULL,NULL,NULL,NULL,NULL,NULL,NULL,5.0000,5.0000,NULL,NULL,39.0000,NULL,NULL,NULL,39.0000,NULL,NULL,NULL,NULL,'0',NULL,'checkmo',NULL,NULL,NULL,NULL,NULL,NULL,NULL,NULL,'0',NULL,NULL,NULL,NULL,NULL,NULL,'0',NULL,NULL,NULL,NULL,NULL,NULL,NULL,NULL,NULL,NULL,NULL,'{\"method_title\":\"Check \\/ Money order\"}'),(17,17,NULL,NULL,NULL,NULL,NULL,NULL,NULL,NULL,5.0000,5.0000,NULL,NULL,43.0000,NULL,NULL,NULL,43.0000,NULL,NULL,NULL,NULL,'0',NULL,'checkmo',NULL,NULL,NULL,NULL,NULL,NULL,NULL,NULL,'0',NULL,NULL,NULL,NULL,NULL,NULL,'0',NULL,NULL,NULL,NULL,NULL,NULL,NULL,NULL,NULL,NULL,NULL,'{\"method_title\":\"Check \\/ Money order\"}'),(18,18,NULL,NULL,NULL,NULL,NULL,NULL,NULL,NULL,5.0000,5.0000,NULL,NULL,47.0000,NULL,NULL,NULL,47.0000,NULL,NULL,NULL,NULL,'0',NULL,'checkmo',NULL,NULL,NULL,NULL,NULL,NULL,NULL,NULL,'0',NULL,NULL,NULL,NULL,NULL,NULL,'0',NULL,NULL,NULL,NULL,NULL,NULL,NULL,NULL,NULL,NULL,NULL,'{\"method_title\":\"Check \\/ Money order\"}'),(19,19,5.0000,5.0000,NULL,39.0000,NULL,NULL,NULL,NULL,5.0000,5.0000,39.0000,NULL,39.0000,NULL,NULL,NULL,39.0000,NULL,NULL,NULL,NULL,'0',NULL,'checkmo',NULL,NULL,NULL,NULL,NULL,NULL,NULL,NULL,'0',NULL,NULL,NULL,NULL,NULL,NULL,'0',NULL,NULL,NULL,NULL,NULL,NULL,NULL,NULL,NULL,NULL,NULL,'{\"method_title\":\"Check \\/ Money order\"}'),(20,20,NULL,NULL,NULL,NULL,NULL,NULL,NULL,NULL,5.0000,5.0000,NULL,NULL,39.0000,NULL,NULL,NULL,39.0000,NULL,NULL,NULL,NULL,'0',NULL,'checkmo',NULL,NULL,NULL,NULL,NULL,NULL,NULL,NULL,'0',NULL,NULL,NULL,NULL,NULL,NULL,'0',NULL,NULL,NULL,NULL,NULL,NULL,NULL,NULL,NULL,NULL,NULL,'{\"method_title\":\"Check \\/ Money order\"}'),(21,21,5.0000,5.0000,37.0000,37.0000,NULL,NULL,NULL,NULL,5.0000,5.0000,37.0000,NULL,37.0000,5.0000,5.0000,37.0000,37.0000,NULL,NULL,NULL,NULL,'0',NULL,'checkmo',NULL,NULL,NULL,NULL,NULL,NULL,NULL,NULL,'0',NULL,NULL,NULL,NULL,NULL,NULL,'0',NULL,NULL,NULL,NULL,NULL,NULL,NULL,NULL,NULL,NULL,NULL,'{\"method_title\":\"Check \\/ Money order\"}'),(22,22,10.0000,10.0000,67.0000,67.0000,NULL,NULL,NULL,NULL,10.0000,10.0000,67.0000,NULL,67.0000,10.0000,10.0000,67.0000,67.0000,NULL,NULL,NULL,NULL,'0',NULL,'checkmo',NULL,NULL,NULL,NULL,NULL,NULL,NULL,NULL,'0',NULL,NULL,NULL,NULL,NULL,NULL,'0',NULL,NULL,NULL,NULL,NULL,NULL,NULL,NULL,NULL,NULL,NULL,'{\"method_title\":\"Check \\/ Money order\"}'),(23,23,NULL,NULL,NULL,NULL,NULL,NULL,NULL,NULL,5.0000,5.0000,NULL,NULL,43.0000,NULL,NULL,NULL,43.0000,NULL,NULL,NULL,NULL,'0',NULL,'checkmo',NULL,NULL,NULL,NULL,NULL,NULL,NULL,NULL,'0',NULL,NULL,NULL,NULL,NULL,NULL,'0',NULL,NULL,NULL,NULL,NULL,NULL,NULL,NULL,NULL,NULL,NULL,'{\"method_title\":\"Check \\/ Money order\"}'),(24,24,NULL,NULL,NULL,NULL,NULL,NULL,NULL,NULL,5.0000,5.0000,NULL,NULL,50.0000,NULL,NULL,NULL,50.0000,NULL,NULL,NULL,NULL,'0',NULL,'checkmo',NULL,NULL,NULL,NULL,NULL,NULL,NULL,NULL,'0',NULL,NULL,NULL,NULL,NULL,NULL,'0',NULL,NULL,NULL,NULL,NULL,NULL,NULL,NULL,NULL,NULL,NULL,'{\"method_title\":\"Check \\/ Money order\"}'),(25,25,NULL,NULL,NULL,NULL,NULL,NULL,NULL,NULL,15.0000,15.0000,NULL,NULL,79.0000,NULL,NULL,NULL,79.0000,NULL,NULL,NULL,NULL,'0',NULL,'checkmo',NULL,NULL,NULL,NULL,NULL,NULL,NULL,NULL,'0',NULL,NULL,NULL,NULL,NULL,NULL,'0',NULL,NULL,NULL,NULL,NULL,NULL,NULL,NULL,NULL,NULL,NULL,'{\"method_title\":\"Check \\/ Money order\"}'),(26,26,NULL,NULL,NULL,NULL,NULL,NULL,NULL,NULL,0.0000,0.0000,NULL,NULL,99.5900,NULL,NULL,NULL,99.5900,NULL,NULL,NULL,NULL,'0',NULL,'checkmo',NULL,NULL,NULL,NULL,NULL,NULL,NULL,NULL,'0',NULL,NULL,NULL,NULL,NULL,NULL,'0',NULL,NULL,NULL,NULL,NULL,NULL,NULL,NULL,NULL,NULL,NULL,'{\"method_title\":\"Check \\/ Money order\"}'),(27,27,NULL,NULL,NULL,NULL,NULL,NULL,NULL,NULL,5.0000,5.0000,NULL,NULL,20.0000,NULL,NULL,NULL,20.0000,NULL,NULL,NULL,NULL,'0',NULL,'checkmo',NULL,NULL,NULL,NULL,NULL,NULL,NULL,NULL,'0',NULL,NULL,NULL,NULL,NULL,NULL,'0',NULL,NULL,NULL,NULL,NULL,NULL,NULL,NULL,NULL,NULL,NULL,'{\"method_title\":\"Check \\/ Money order\"}'),(28,28,440.0000,440.0000,3784.0000,3784.0000,NULL,NULL,NULL,NULL,440.0000,440.0000,3784.0000,NULL,3784.0000,440.0000,440.0000,3784.0000,3784.0000,NULL,NULL,NULL,NULL,'0',NULL,'checkmo',NULL,NULL,NULL,NULL,NULL,NULL,NULL,NULL,'0',NULL,NULL,NULL,NULL,NULL,NULL,'0',NULL,NULL,NULL,NULL,NULL,NULL,NULL,NULL,NULL,NULL,NULL,'{\"method_title\":\"Check \\/ Money order\"}'),(29,29,NULL,NULL,NULL,NULL,NULL,NULL,NULL,NULL,960.0000,960.0000,NULL,NULL,43880.0000,NULL,NULL,NULL,43880.0000,NULL,NULL,NULL,NULL,'0',NULL,'checkmo',NULL,NULL,NULL,NULL,NULL,NULL,NULL,NULL,'0',NULL,NULL,NULL,NULL,NULL,NULL,'0',NULL,NULL,NULL,NULL,NULL,NULL,NULL,NULL,NULL,NULL,NULL,'{\"method_title\":\"Check \\/ Money order\"}'),(30,30,NULL,NULL,NULL,NULL,NULL,NULL,NULL,NULL,5.0000,5.0000,NULL,NULL,46.1400,NULL,NULL,NULL,46.1400,NULL,NULL,NULL,NULL,'0',NULL,'checkmo',NULL,NULL,NULL,NULL,NULL,NULL,NULL,NULL,'0',NULL,NULL,NULL,NULL,NULL,NULL,'0',NULL,NULL,NULL,NULL,NULL,NULL,NULL,NULL,NULL,NULL,NULL,'{\"method_title\":\"Check \\/ Money order\"}'),(31,31,NULL,NULL,NULL,NULL,NULL,NULL,NULL,NULL,5.0000,5.0000,NULL,NULL,53.7100,NULL,NULL,NULL,53.7100,NULL,NULL,NULL,NULL,'0',NULL,'checkmo',NULL,NULL,NULL,NULL,NULL,NULL,NULL,NULL,'0',NULL,NULL,NULL,NULL,NULL,NULL,'0',NULL,NULL,NULL,NULL,NULL,NULL,NULL,NULL,NULL,NULL,NULL,'{\"method_title\":\"Check \\/ Money order\"}'),(32,32,NULL,NULL,NULL,NULL,NULL,NULL,NULL,NULL,5.0000,5.0000,NULL,NULL,39.6400,NULL,NULL,NULL,39.6400,NULL,NULL,NULL,NULL,'0',NULL,'checkmo',NULL,NULL,NULL,NULL,NULL,NULL,NULL,NULL,'0',NULL,NULL,NULL,NULL,NULL,NULL,'0',NULL,NULL,NULL,NULL,NULL,NULL,NULL,NULL,NULL,NULL,NULL,'{\"method_title\":\"Check \\/ Money order\"}'),(33,33,5.0000,5.0000,NULL,97.0000,NULL,NULL,NULL,NULL,5.0000,5.0000,97.0000,NULL,97.0000,NULL,NULL,NULL,97.0000,NULL,NULL,NULL,NULL,'0',NULL,'checkmo',NULL,NULL,NULL,NULL,NULL,NULL,NULL,NULL,'0',NULL,NULL,NULL,NULL,NULL,NULL,'0',NULL,NULL,NULL,NULL,NULL,NULL,NULL,NULL,NULL,NULL,NULL,'{\"method_title\":\"Check \\/ Money order\"}'),(34,34,NULL,NULL,NULL,NULL,NULL,NULL,NULL,NULL,5.0000,5.0000,NULL,NULL,12.5800,NULL,NULL,NULL,12.5800,NULL,NULL,NULL,NULL,'0',NULL,'checkmo',NULL,NULL,NULL,NULL,NULL,NULL,NULL,NULL,'0',NULL,NULL,NULL,NULL,NULL,NULL,'0',NULL,NULL,NULL,NULL,NULL,NULL,NULL,NULL,NULL,NULL,NULL,'{\"method_title\":\"Check \\/ Money order\"}'),(35,35,NULL,NULL,NULL,NULL,NULL,NULL,NULL,NULL,5.0000,5.0000,NULL,NULL,80.7800,NULL,NULL,NULL,80.7800,NULL,NULL,NULL,NULL,'0',NULL,'checkmo',NULL,NULL,NULL,NULL,NULL,NULL,NULL,NULL,'0',NULL,NULL,NULL,NULL,NULL,NULL,'0',NULL,NULL,NULL,NULL,NULL,NULL,NULL,NULL,NULL,NULL,NULL,'{\"method_title\":\"Check \\/ Money order\"}'),(36,36,NULL,NULL,NULL,NULL,NULL,NULL,NULL,NULL,5.0000,5.0000,NULL,NULL,27.0000,NULL,NULL,NULL,27.0000,NULL,NULL,NULL,NULL,'0',NULL,'checkmo',NULL,NULL,NULL,NULL,NULL,NULL,NULL,NULL,'0',NULL,NULL,NULL,NULL,NULL,NULL,'0',NULL,NULL,NULL,NULL,NULL,NULL,NULL,NULL,NULL,NULL,NULL,'{\"method_title\":\"Check \\/ Money order\"}'),(37,37,NULL,NULL,NULL,NULL,NULL,NULL,NULL,NULL,5.0000,5.0000,NULL,NULL,37.0000,NULL,NULL,NULL,37.0000,NULL,NULL,NULL,NULL,'0',NULL,'checkmo',NULL,NULL,NULL,NULL,NULL,NULL,NULL,NULL,'0',NULL,NULL,NULL,NULL,NULL,NULL,'0',NULL,NULL,NULL,NULL,NULL,NULL,NULL,NULL,NULL,NULL,NULL,'{\"method_title\":\"Check \\/ Money order\"}'),(38,38,NULL,NULL,NULL,NULL,NULL,NULL,NULL,NULL,5.0000,5.0000,NULL,NULL,46.1400,NULL,NULL,NULL,46.1400,NULL,NULL,NULL,NULL,'0',NULL,'checkmo',NULL,NULL,NULL,NULL,NULL,NULL,NULL,NULL,'0',NULL,NULL,NULL,NULL,NULL,NULL,'0',NULL,NULL,NULL,NULL,NULL,NULL,NULL,NULL,NULL,NULL,NULL,'{\"method_title\":\"Check \\/ Money order\"}'),(39,39,NULL,NULL,NULL,NULL,NULL,NULL,NULL,NULL,5.0000,5.0000,NULL,NULL,59.0000,NULL,NULL,NULL,59.0000,NULL,NULL,NULL,NULL,'0',NULL,'checkmo',NULL,NULL,NULL,NULL,NULL,NULL,NULL,NULL,'0',NULL,NULL,NULL,NULL,NULL,NULL,'0',NULL,NULL,NULL,NULL,NULL,NULL,NULL,NULL,NULL,NULL,NULL,'{\"method_title\":\"Check \\/ Money order\"}'),(40,40,NULL,NULL,NULL,NULL,NULL,NULL,NULL,NULL,0.0000,0.0000,NULL,NULL,6.5000,NULL,NULL,NULL,6.5000,NULL,NULL,NULL,NULL,'0',NULL,'checkmo',NULL,NULL,NULL,NULL,NULL,NULL,NULL,NULL,'0',NULL,NULL,NULL,NULL,NULL,NULL,'0',NULL,NULL,NULL,NULL,NULL,NULL,NULL,NULL,NULL,NULL,NULL,'{\"method_title\":\"Check \\/ Money order\"}'),(41,41,NULL,NULL,NULL,NULL,NULL,NULL,NULL,NULL,0.0000,0.0000,NULL,NULL,92.0000,NULL,NULL,NULL,92.0000,NULL,NULL,NULL,NULL,'0',NULL,'checkmo',NULL,NULL,NULL,NULL,NULL,NULL,NULL,NULL,'0',NULL,NULL,NULL,NULL,NULL,NULL,'0',NULL,NULL,NULL,NULL,NULL,NULL,NULL,NULL,NULL,NULL,NULL,'{\"method_title\":\"Check \\/ Money order\"}'),(42,42,NULL,NULL,NULL,NULL,NULL,NULL,NULL,NULL,5.0000,5.0000,NULL,NULL,17.0000,NULL,NULL,NULL,17.0000,NULL,NULL,NULL,NULL,'0',NULL,'checkmo',NULL,NULL,NULL,NULL,NULL,NULL,NULL,NULL,'0',NULL,NULL,NULL,NULL,NULL,NULL,'0',NULL,NULL,NULL,NULL,NULL,NULL,NULL,NULL,NULL,NULL,NULL,'{\"method_title\":\"Check \\/ Money order\"}'),(43,43,NULL,NULL,NULL,NULL,NULL,NULL,NULL,NULL,5.0000,5.0000,NULL,NULL,97.0000,NULL,NULL,NULL,97.0000,NULL,NULL,NULL,NULL,'0',NULL,'checkmo',NULL,NULL,NULL,NULL,NULL,NULL,NULL,NULL,'0',NULL,NULL,NULL,NULL,NULL,NULL,'0',NULL,NULL,NULL,NULL,NULL,NULL,NULL,NULL,NULL,NULL,NULL,'{\"method_title\":\"Check \\/ Money order\"}'),(44,44,NULL,NULL,NULL,NULL,NULL,NULL,NULL,NULL,5.0000,5.0000,NULL,NULL,57.0000,NULL,NULL,NULL,57.0000,NULL,NULL,NULL,NULL,'0',NULL,'checkmo',NULL,NULL,NULL,NULL,NULL,NULL,NULL,NULL,'0',NULL,NULL,NULL,NULL,NULL,NULL,'0',NULL,NULL,NULL,NULL,NULL,NULL,NULL,NULL,NULL,NULL,NULL,'{\"method_title\":\"Check \\/ Money order\"}'),(45,45,NULL,NULL,NULL,NULL,NULL,NULL,NULL,NULL,5.0000,5.0000,NULL,NULL,66.0000,NULL,NULL,NULL,66.0000,NULL,NULL,NULL,NULL,'0',NULL,'checkmo',NULL,NULL,NULL,NULL,NULL,NULL,NULL,NULL,'0',NULL,NULL,NULL,NULL,NULL,NULL,'0',NULL,NULL,NULL,NULL,NULL,NULL,NULL,NULL,NULL,NULL,NULL,'{\"method_title\":\"Check \\/ Money order\"}'),(46,46,NULL,NULL,NULL,NULL,NULL,NULL,NULL,NULL,5.0000,5.0000,NULL,NULL,47.0000,NULL,NULL,NULL,47.0000,NULL,NULL,NULL,NULL,'0',NULL,'checkmo',NULL,NULL,NULL,NULL,NULL,NULL,NULL,NULL,'0',NULL,NULL,NULL,NULL,NULL,NULL,'0',NULL,NULL,NULL,NULL,NULL,NULL,NULL,NULL,NULL,NULL,NULL,'{\"method_title\":\"Check \\/ Money order\"}'),(47,47,NULL,NULL,NULL,NULL,NULL,NULL,NULL,NULL,5.0000,5.0000,NULL,NULL,17.0000,NULL,NULL,NULL,17.0000,NULL,NULL,NULL,NULL,'0',NULL,'checkmo',NULL,NULL,NULL,NULL,NULL,NULL,NULL,NULL,'0',NULL,NULL,NULL,NULL,NULL,NULL,'0',NULL,NULL,NULL,NULL,NULL,NULL,NULL,NULL,NULL,NULL,NULL,'{\"method_title\":\"Check \\/ Money order\"}'),(48,48,NULL,NULL,NULL,NULL,NULL,NULL,NULL,NULL,10.0000,10.0000,NULL,NULL,132.0000,NULL,NULL,NULL,132.0000,NULL,NULL,NULL,NULL,'0',NULL,'checkmo',NULL,NULL,NULL,NULL,NULL,NULL,NULL,NULL,'0',NULL,NULL,NULL,NULL,NULL,NULL,'0',NULL,NULL,NULL,NULL,NULL,NULL,NULL,NULL,NULL,NULL,NULL,'{\"method_title\":\"Check \\/ Money order\"}'),(49,49,NULL,NULL,NULL,NULL,NULL,NULL,NULL,NULL,5.0000,5.0000,NULL,NULL,36.3900,NULL,NULL,NULL,36.3900,NULL,NULL,NULL,NULL,'0',NULL,'checkmo',NULL,NULL,NULL,NULL,NULL,NULL,NULL,NULL,'0',NULL,NULL,NULL,NULL,NULL,NULL,'0',NULL,NULL,NULL,NULL,NULL,NULL,NULL,NULL,NULL,NULL,NULL,'{\"method_title\":\"Check \\/ Money order\"}'),(50,50,NULL,NULL,NULL,NULL,NULL,NULL,NULL,NULL,5.0000,5.0000,NULL,NULL,62.0000,NULL,NULL,NULL,62.0000,NULL,NULL,NULL,NULL,'0',NULL,'checkmo',NULL,NULL,NULL,NULL,NULL,NULL,NULL,NULL,'0',NULL,NULL,NULL,NULL,NULL,NULL,'0',NULL,NULL,NULL,NULL,NULL,NULL,NULL,NULL,NULL,NULL,NULL,'{\"method_title\":\"Check \\/ Money order\"}'),(51,51,NULL,NULL,NULL,NULL,NULL,NULL,NULL,NULL,5.0000,5.0000,NULL,NULL,66.0000,NULL,NULL,NULL,66.0000,NULL,NULL,NULL,NULL,'0',NULL,'checkmo',NULL,NULL,NULL,NULL,NULL,NULL,NULL,NULL,'0',NULL,NULL,NULL,NULL,NULL,NULL,'0',NULL,NULL,NULL,NULL,NULL,NULL,NULL,NULL,NULL,NULL,NULL,'{\"method_title\":\"Check \\/ Money order\"}'),(52,52,NULL,NULL,NULL,NULL,NULL,NULL,NULL,NULL,10.0000,10.0000,NULL,NULL,10.0000,NULL,NULL,NULL,10.0000,NULL,NULL,NULL,NULL,'0',NULL,'checkmo',NULL,NULL,NULL,NULL,NULL,NULL,NULL,NULL,'0',NULL,NULL,NULL,NULL,NULL,NULL,'0',NULL,NULL,NULL,NULL,NULL,NULL,NULL,NULL,NULL,NULL,NULL,'{\"method_title\":\"Check \\/ Money order\"}'),(53,53,NULL,NULL,NULL,NULL,NULL,NULL,NULL,NULL,5.0000,5.0000,NULL,NULL,5.0000,NULL,NULL,NULL,5.0000,NULL,NULL,NULL,NULL,'0',NULL,'checkmo',NULL,NULL,NULL,NULL,NULL,NULL,NULL,NULL,'0',NULL,NULL,NULL,NULL,NULL,NULL,'0',NULL,NULL,NULL,NULL,NULL,NULL,NULL,NULL,NULL,NULL,NULL,'{\"method_title\":\"Check \\/ Money order\"}'),(54,54,NULL,NULL,NULL,NULL,NULL,NULL,NULL,NULL,10.0000,10.0000,NULL,NULL,44.0000,NULL,NULL,NULL,44.0000,NULL,NULL,NULL,NULL,'0',NULL,'checkmo',NULL,NULL,NULL,NULL,NULL,NULL,NULL,NULL,'0',NULL,NULL,NULL,NULL,NULL,NULL,'0',NULL,NULL,NULL,NULL,NULL,NULL,NULL,NULL,NULL,NULL,NULL,'{\"method_title\":\"Check \\/ Money order\"}'),(55,55,NULL,NULL,NULL,NULL,NULL,NULL,NULL,NULL,5.0000,5.0000,NULL,NULL,53.0000,NULL,NULL,NULL,53.0000,NULL,NULL,NULL,NULL,'0',NULL,'checkmo',NULL,NULL,NULL,NULL,NULL,NULL,NULL,NULL,'0',NULL,NULL,NULL,NULL,NULL,NULL,'0',NULL,NULL,NULL,NULL,NULL,NULL,NULL,NULL,NULL,NULL,NULL,'{\"method_title\":\"Check \\/ Money order\"}'),(56,56,NULL,NULL,NULL,NULL,NULL,NULL,NULL,NULL,0.0000,0.0000,NULL,NULL,6.0000,NULL,NULL,NULL,6.0000,NULL,NULL,NULL,NULL,'0',NULL,'checkmo',NULL,NULL,NULL,NULL,NULL,NULL,NULL,NULL,'0',NULL,NULL,NULL,NULL,NULL,NULL,'0',NULL,NULL,NULL,NULL,NULL,NULL,NULL,NULL,NULL,NULL,NULL,'{\"method_title\":\"Check \\/ Money order\"}'),(57,57,NULL,NULL,NULL,NULL,NULL,NULL,NULL,NULL,5.0000,5.0000,NULL,NULL,60.0000,NULL,NULL,NULL,60.0000,NULL,NULL,NULL,NULL,'0',NULL,'checkmo',NULL,NULL,NULL,NULL,NULL,NULL,NULL,NULL,'0',NULL,NULL,NULL,NULL,NULL,NULL,'0',NULL,NULL,NULL,NULL,NULL,NULL,NULL,NULL,NULL,NULL,NULL,'{\"method_title\":\"Check \\/ Money order\"}'),(58,58,NULL,NULL,NULL,NULL,NULL,NULL,NULL,NULL,5.0000,5.0000,NULL,NULL,66.0000,NULL,NULL,NULL,66.0000,NULL,NULL,NULL,NULL,'0',NULL,'checkmo',NULL,NULL,NULL,NULL,NULL,NULL,NULL,NULL,'0',NULL,NULL,NULL,NULL,NULL,NULL,'0',NULL,NULL,NULL,NULL,NULL,NULL,NULL,NULL,NULL,NULL,NULL,'{\"method_title\":\"Check \\/ Money order\"}'),(59,59,NULL,NULL,NULL,NULL,NULL,NULL,NULL,NULL,5.0000,5.0000,NULL,NULL,33.0000,NULL,NULL,NULL,33.0000,NULL,NULL,NULL,NULL,'0',NULL,'checkmo',NULL,NULL,NULL,NULL,NULL,NULL,NULL,NULL,'0',NULL,NULL,NULL,NULL,NULL,NULL,'0',NULL,NULL,NULL,NULL,NULL,NULL,NULL,NULL,NULL,NULL,NULL,'{\"method_title\":\"Check \\/ Money order\"}'),(60,60,5.0000,5.0000,-1.0000,64.0000,NULL,NULL,NULL,NULL,5.0000,5.0000,64.0000,NULL,64.0000,0.0000,0.0000,-1.0000,64.0000,NULL,NULL,NULL,NULL,'0',NULL,'checkmo',NULL,NULL,NULL,NULL,NULL,NULL,NULL,NULL,'0',NULL,NULL,NULL,NULL,NULL,NULL,'0',NULL,NULL,NULL,NULL,NULL,NULL,NULL,NULL,NULL,NULL,NULL,'{\"method_title\":\"Check \\/ Money order\"}'),(61,61,NULL,NULL,NULL,NULL,NULL,NULL,NULL,NULL,5.0000,5.0000,NULL,NULL,37.0000,NULL,NULL,NULL,37.0000,NULL,NULL,NULL,NULL,'0',NULL,'checkmo',NULL,NULL,NULL,NULL,NULL,NULL,NULL,NULL,'0',NULL,NULL,NULL,NULL,NULL,NULL,'0',NULL,NULL,NULL,NULL,NULL,NULL,NULL,NULL,NULL,NULL,NULL,'{\"method_title\":\"Check \\/ Money order\"}'),(62,62,NULL,NULL,NULL,NULL,NULL,NULL,NULL,NULL,5.0000,5.0000,NULL,NULL,50.0000,NULL,NULL,NULL,50.0000,NULL,NULL,NULL,NULL,'0',NULL,'checkmo',NULL,NULL,NULL,NULL,NULL,NULL,NULL,NULL,'0',NULL,NULL,NULL,NULL,NULL,NULL,'0',NULL,NULL,NULL,NULL,NULL,NULL,NULL,NULL,NULL,NULL,NULL,'{\"method_title\":\"Check \\/ Money order\"}'),(63,63,NULL,NULL,NULL,NULL,NULL,NULL,NULL,NULL,5.0000,5.0000,NULL,NULL,54.0000,NULL,NULL,NULL,54.0000,NULL,NULL,NULL,NULL,'0',NULL,'checkmo',NULL,NULL,NULL,NULL,NULL,NULL,NULL,NULL,'0',NULL,NULL,NULL,NULL,NULL,NULL,'0',NULL,NULL,NULL,NULL,NULL,NULL,NULL,NULL,NULL,NULL,NULL,'{\"method_title\":\"Check \\/ Money order\"}'),(64,64,NULL,NULL,NULL,NULL,NULL,NULL,NULL,NULL,5.0000,5.0000,NULL,NULL,54.0000,NULL,NULL,NULL,54.0000,NULL,NULL,NULL,NULL,'0',NULL,'checkmo',NULL,NULL,NULL,NULL,NULL,NULL,NULL,NULL,'0',NULL,NULL,NULL,NULL,NULL,NULL,'0',NULL,NULL,NULL,NULL,NULL,NULL,NULL,NULL,NULL,NULL,NULL,'{\"method_title\":\"Check \\/ Money order\"}'),(65,65,NULL,NULL,NULL,NULL,NULL,NULL,NULL,NULL,5.0000,5.0000,NULL,NULL,67.0000,NULL,NULL,NULL,67.0000,NULL,NULL,NULL,NULL,'0',NULL,'checkmo',NULL,NULL,NULL,NULL,NULL,NULL,NULL,NULL,'0',NULL,NULL,NULL,NULL,NULL,NULL,'0',NULL,NULL,NULL,NULL,NULL,NULL,NULL,NULL,NULL,NULL,NULL,'{\"method_title\":\"Check \\/ Money order\"}'),(66,66,NULL,NULL,NULL,NULL,NULL,NULL,NULL,NULL,25.0000,25.0000,NULL,NULL,320.0000,NULL,NULL,NULL,320.0000,NULL,NULL,NULL,NULL,'0',NULL,'checkmo',NULL,NULL,NULL,NULL,NULL,NULL,NULL,NULL,'0',NULL,NULL,NULL,NULL,NULL,NULL,'0',NULL,NULL,NULL,NULL,NULL,NULL,NULL,NULL,NULL,NULL,NULL,'{\"method_title\":\"Check \\/ Money order\"}'),(67,67,NULL,NULL,NULL,NULL,NULL,NULL,NULL,NULL,5.0000,5.0000,NULL,NULL,17.0000,NULL,NULL,NULL,17.0000,NULL,NULL,NULL,NULL,'0',NULL,'checkmo',NULL,NULL,NULL,NULL,NULL,NULL,NULL,NULL,'0',NULL,NULL,NULL,NULL,NULL,NULL,'0',NULL,NULL,NULL,NULL,NULL,NULL,NULL,NULL,NULL,NULL,NULL,'{\"method_title\":\"Check \\/ Money order\"}'),(68,68,NULL,NULL,NULL,NULL,NULL,NULL,NULL,NULL,5.0000,5.0000,NULL,NULL,17.0000,NULL,NULL,NULL,17.0000,NULL,NULL,NULL,NULL,'0',NULL,'checkmo',NULL,NULL,NULL,NULL,NULL,NULL,NULL,NULL,'0',NULL,NULL,NULL,NULL,NULL,NULL,'0',NULL,NULL,NULL,NULL,NULL,NULL,NULL,NULL,NULL,NULL,NULL,'{\"method_title\":\"Check \\/ Money order\"}'),(69,69,NULL,NULL,NULL,NULL,NULL,NULL,NULL,NULL,5.0000,5.0000,NULL,NULL,85.1100,NULL,NULL,NULL,85.1100,NULL,NULL,NULL,NULL,'0',NULL,'checkmo',NULL,NULL,NULL,NULL,NULL,NULL,NULL,NULL,'0',NULL,NULL,NULL,NULL,NULL,NULL,'0',NULL,NULL,NULL,NULL,NULL,NULL,NULL,NULL,NULL,NULL,NULL,'{\"method_title\":\"Check \\/ Money order\"}'),(70,70,NULL,NULL,NULL,NULL,NULL,NULL,NULL,NULL,5.0000,5.0000,NULL,NULL,68.8700,NULL,NULL,NULL,68.8700,NULL,NULL,NULL,NULL,'0',NULL,'checkmo',NULL,NULL,NULL,NULL,NULL,NULL,NULL,NULL,'0',NULL,NULL,NULL,NULL,NULL,NULL,'0',NULL,NULL,NULL,NULL,NULL,NULL,NULL,NULL,NULL,NULL,NULL,'{\"method_title\":\"Check \\/ Money order\"}'),(71,71,NULL,NULL,NULL,NULL,NULL,NULL,NULL,NULL,5.0000,5.0000,NULL,NULL,39.0000,NULL,NULL,NULL,39.0000,NULL,NULL,NULL,NULL,'0',NULL,'checkmo',NULL,NULL,NULL,NULL,NULL,NULL,NULL,NULL,'0',NULL,NULL,NULL,NULL,NULL,NULL,'0',NULL,NULL,NULL,NULL,NULL,NULL,NULL,NULL,NULL,NULL,NULL,'{\"method_title\":\"Check \\/ Money order\"}'),(72,72,NULL,NULL,NULL,NULL,NULL,NULL,NULL,NULL,10.0000,10.0000,NULL,NULL,82.0000,NULL,NULL,NULL,82.0000,NULL,NULL,NULL,NULL,'0',NULL,'checkmo',NULL,NULL,NULL,NULL,NULL,NULL,NULL,NULL,'0',NULL,NULL,NULL,NULL,NULL,NULL,'0',NULL,NULL,NULL,NULL,NULL,NULL,NULL,NULL,NULL,NULL,NULL,'{\"method_title\":\"Check \\/ Money order\"}'),(73,73,NULL,NULL,NULL,NULL,NULL,NULL,NULL,NULL,5.0000,5.0000,NULL,NULL,37.0000,NULL,NULL,NULL,37.0000,NULL,NULL,NULL,NULL,'0',NULL,'checkmo',NULL,NULL,NULL,NULL,NULL,NULL,NULL,NULL,'0',NULL,NULL,NULL,NULL,NULL,NULL,'0',NULL,NULL,NULL,NULL,NULL,NULL,NULL,NULL,NULL,NULL,NULL,'{\"method_title\":\"Check \\/ Money order\"}'),(74,74,NULL,NULL,NULL,NULL,NULL,NULL,NULL,NULL,5.0000,5.0000,NULL,NULL,39.0000,NULL,NULL,NULL,39.0000,NULL,NULL,NULL,NULL,'0',NULL,'checkmo',NULL,NULL,NULL,NULL,NULL,NULL,NULL,NULL,'0',NULL,NULL,NULL,NULL,NULL,NULL,'0',NULL,NULL,NULL,NULL,NULL,NULL,NULL,NULL,NULL,NULL,NULL,'{\"method_title\":\"Check \\/ Money order\"}'),(75,75,NULL,NULL,NULL,NULL,NULL,NULL,NULL,NULL,5.0000,5.0000,NULL,NULL,39.0000,NULL,NULL,NULL,39.0000,NULL,NULL,NULL,NULL,'0',NULL,'checkmo',NULL,NULL,NULL,NULL,NULL,NULL,NULL,NULL,'0',NULL,NULL,NULL,NULL,NULL,NULL,'0',NULL,NULL,NULL,NULL,NULL,NULL,NULL,NULL,NULL,NULL,NULL,'{\"method_title\":\"Check \\/ Money order\"}'),(76,76,NULL,NULL,NULL,NULL,NULL,NULL,NULL,NULL,10.0000,10.0000,NULL,NULL,115.0000,NULL,NULL,NULL,115.0000,NULL,NULL,NULL,NULL,'0',NULL,'checkmo',NULL,NULL,NULL,NULL,NULL,NULL,NULL,NULL,'0',NULL,NULL,NULL,NULL,NULL,NULL,'0',NULL,NULL,NULL,NULL,NULL,NULL,NULL,NULL,NULL,NULL,NULL,'{\"method_title\":\"Check \\/ Money order\"}'),(77,77,NULL,NULL,NULL,NULL,NULL,NULL,NULL,NULL,5.0000,5.0000,NULL,NULL,61.2900,NULL,NULL,NULL,61.2900,NULL,NULL,NULL,NULL,'0',NULL,'checkmo',NULL,NULL,NULL,NULL,NULL,NULL,NULL,NULL,'0',NULL,NULL,NULL,NULL,NULL,NULL,'0',NULL,NULL,NULL,NULL,NULL,NULL,NULL,NULL,NULL,NULL,NULL,'{\"method_title\":\"Check \\/ Money order\"}'),(78,78,NULL,NULL,NULL,NULL,NULL,NULL,NULL,NULL,5.0000,5.0000,NULL,NULL,43.9700,NULL,NULL,NULL,43.9700,NULL,NULL,NULL,NULL,'0',NULL,'checkmo',NULL,NULL,NULL,NULL,NULL,NULL,NULL,NULL,'0',NULL,NULL,NULL,NULL,NULL,NULL,'0',NULL,NULL,NULL,NULL,NULL,NULL,NULL,NULL,NULL,NULL,NULL,'{\"method_title\":\"Check \\/ Money order\"}'),(79,79,NULL,NULL,NULL,NULL,NULL,NULL,NULL,NULL,5.0000,5.0000,NULL,NULL,72.1200,NULL,NULL,NULL,72.1200,NULL,NULL,NULL,NULL,'0',NULL,'checkmo',NULL,NULL,NULL,NULL,NULL,NULL,NULL,NULL,'0',NULL,NULL,NULL,NULL,NULL,NULL,'0',NULL,NULL,NULL,NULL,NULL,NULL,NULL,NULL,NULL,NULL,NULL,'{\"method_title\":\"Check \\/ Money order\"}'),(80,80,NULL,NULL,NULL,NULL,NULL,NULL,NULL,NULL,5.0000,5.0000,NULL,NULL,36.3900,NULL,NULL,NULL,36.3900,NULL,NULL,NULL,NULL,'0',NULL,'checkmo',NULL,NULL,NULL,NULL,NULL,NULL,NULL,NULL,'0',NULL,NULL,NULL,NULL,NULL,NULL,'0',NULL,NULL,NULL,NULL,NULL,NULL,NULL,NULL,NULL,NULL,NULL,'{\"method_title\":\"Check \\/ Money order\"}'),(81,81,NULL,NULL,NULL,NULL,NULL,NULL,NULL,NULL,5.0000,5.0000,NULL,NULL,50.0000,NULL,NULL,NULL,50.0000,NULL,NULL,NULL,NULL,'0',NULL,'checkmo',NULL,NULL,NULL,NULL,NULL,NULL,NULL,NULL,'0',NULL,NULL,NULL,NULL,NULL,NULL,'0',NULL,NULL,NULL,NULL,NULL,NULL,NULL,NULL,NULL,NULL,NULL,'{\"method_title\":\"Check \\/ Money order\"}'),(82,82,NULL,NULL,NULL,NULL,NULL,NULL,NULL,NULL,5.0000,5.0000,NULL,NULL,64.0000,NULL,NULL,NULL,64.0000,NULL,NULL,NULL,NULL,'0',NULL,'checkmo',NULL,NULL,NULL,NULL,NULL,NULL,NULL,NULL,'0',NULL,NULL,NULL,NULL,NULL,NULL,'0',NULL,NULL,NULL,NULL,NULL,NULL,NULL,NULL,NULL,NULL,NULL,'{\"method_title\":\"Check \\/ Money order\"}'),(83,83,NULL,NULL,NULL,NULL,NULL,NULL,NULL,NULL,5.0000,5.0000,NULL,NULL,43.0000,NULL,NULL,NULL,43.0000,NULL,NULL,NULL,NULL,'0',NULL,'checkmo',NULL,NULL,NULL,NULL,NULL,NULL,NULL,NULL,'0',NULL,NULL,NULL,NULL,NULL,NULL,'0',NULL,NULL,NULL,NULL,NULL,NULL,NULL,NULL,NULL,NULL,NULL,'{\"method_title\":\"Check \\/ Money order\"}'),(84,84,NULL,NULL,NULL,NULL,NULL,NULL,NULL,NULL,5.0000,5.0000,NULL,NULL,50.0000,NULL,NULL,NULL,50.0000,NULL,NULL,NULL,NULL,'0',NULL,'checkmo',NULL,NULL,NULL,NULL,NULL,NULL,NULL,NULL,'0',NULL,NULL,NULL,NULL,NULL,NULL,'0',NULL,NULL,NULL,NULL,NULL,NULL,NULL,NULL,NULL,NULL,NULL,'{\"method_title\":\"Check \\/ Money order\"}'),(85,85,NULL,NULL,NULL,NULL,NULL,NULL,NULL,NULL,10.0000,10.0000,NULL,NULL,66.0000,NULL,NULL,NULL,66.0000,NULL,NULL,NULL,NULL,'0',NULL,'checkmo',NULL,NULL,NULL,NULL,NULL,NULL,NULL,NULL,'0',NULL,NULL,NULL,NULL,NULL,NULL,'0',NULL,NULL,NULL,NULL,NULL,NULL,NULL,NULL,NULL,NULL,NULL,'{\"method_title\":\"Check \\/ Money order\"}'),(86,86,NULL,NULL,NULL,NULL,NULL,NULL,NULL,NULL,5.0000,5.0000,NULL,NULL,43.0000,NULL,NULL,NULL,43.0000,NULL,NULL,NULL,NULL,'0',NULL,'checkmo',NULL,NULL,NULL,NULL,NULL,NULL,NULL,NULL,'0',NULL,NULL,NULL,NULL,NULL,NULL,'0',NULL,NULL,NULL,NULL,NULL,NULL,NULL,NULL,NULL,NULL,NULL,'{\"method_title\":\"Check \\/ Money order\"}'),(87,87,NULL,NULL,NULL,NULL,NULL,NULL,NULL,NULL,10.0000,10.0000,NULL,NULL,72.0000,NULL,NULL,NULL,72.0000,NULL,NULL,NULL,NULL,'0',NULL,'checkmo',NULL,NULL,NULL,NULL,NULL,NULL,NULL,NULL,'0',NULL,NULL,NULL,NULL,NULL,NULL,'0',NULL,NULL,NULL,NULL,NULL,NULL,NULL,NULL,NULL,NULL,NULL,'{\"method_title\":\"Check \\/ Money order\"}'),(88,88,NULL,NULL,NULL,NULL,NULL,NULL,NULL,NULL,5.0000,5.0000,NULL,NULL,37.0000,NULL,NULL,NULL,37.0000,NULL,NULL,NULL,NULL,'0',NULL,'checkmo',NULL,NULL,NULL,NULL,NULL,NULL,NULL,NULL,'0',NULL,NULL,NULL,NULL,NULL,NULL,'0',NULL,NULL,NULL,NULL,NULL,NULL,NULL,NULL,NULL,NULL,NULL,'{\"method_title\":\"Check \\/ Money order\"}'),(89,89,NULL,NULL,NULL,NULL,NULL,NULL,NULL,NULL,5.0000,5.0000,NULL,NULL,79.0000,NULL,NULL,NULL,79.0000,NULL,NULL,NULL,NULL,'0',NULL,'checkmo',NULL,NULL,NULL,NULL,NULL,NULL,NULL,NULL,'0',NULL,NULL,NULL,NULL,NULL,NULL,'0',NULL,NULL,NULL,NULL,NULL,NULL,NULL,NULL,NULL,NULL,NULL,'{\"method_title\":\"Check \\/ Money order\"}'),(90,90,NULL,NULL,NULL,NULL,NULL,NULL,NULL,NULL,5.0000,5.0000,NULL,NULL,37.0000,NULL,NULL,NULL,37.0000,NULL,NULL,NULL,NULL,'0',NULL,'checkmo',NULL,NULL,NULL,NULL,NULL,NULL,NULL,NULL,'0',NULL,NULL,NULL,NULL,NULL,NULL,'0',NULL,NULL,NULL,NULL,NULL,NULL,NULL,NULL,NULL,NULL,NULL,'{\"method_title\":\"Check \\/ Money order\"}'),(91,91,NULL,NULL,NULL,NULL,NULL,NULL,NULL,NULL,5.0000,5.0000,NULL,NULL,50.0000,NULL,NULL,NULL,50.0000,NULL,NULL,NULL,NULL,'0',NULL,'checkmo',NULL,NULL,NULL,NULL,NULL,NULL,NULL,NULL,'0',NULL,NULL,NULL,NULL,NULL,NULL,'0',NULL,NULL,NULL,NULL,NULL,NULL,NULL,NULL,NULL,NULL,NULL,'{\"method_title\":\"Check \\/ Money order\"}'),(92,92,NULL,NULL,NULL,NULL,NULL,NULL,NULL,NULL,5.0000,5.0000,NULL,NULL,38.0000,NULL,NULL,NULL,38.0000,NULL,NULL,NULL,NULL,'0',NULL,'checkmo',NULL,NULL,NULL,NULL,NULL,NULL,NULL,NULL,'0',NULL,NULL,NULL,NULL,NULL,NULL,'0',NULL,NULL,NULL,NULL,NULL,NULL,NULL,NULL,NULL,NULL,NULL,'{\"method_title\":\"Check \\/ Money order\"}'),(93,93,NULL,NULL,NULL,NULL,NULL,NULL,NULL,NULL,5.0000,5.0000,NULL,NULL,68.8700,NULL,NULL,NULL,68.8700,NULL,NULL,NULL,NULL,'0',NULL,'checkmo',NULL,NULL,NULL,NULL,NULL,NULL,NULL,NULL,'0',NULL,NULL,NULL,NULL,NULL,NULL,'0',NULL,NULL,NULL,NULL,NULL,NULL,NULL,NULL,NULL,NULL,NULL,'{\"method_title\":\"Check \\/ Money order\"}'),(94,94,NULL,NULL,NULL,NULL,NULL,NULL,NULL,NULL,5.0000,5.0000,NULL,NULL,53.7100,NULL,NULL,NULL,53.7100,NULL,NULL,NULL,NULL,'0',NULL,'checkmo',NULL,NULL,NULL,NULL,NULL,NULL,NULL,NULL,'0',NULL,NULL,NULL,NULL,NULL,NULL,'0',NULL,NULL,NULL,NULL,NULL,NULL,NULL,NULL,NULL,NULL,NULL,'{\"method_title\":\"Check \\/ Money order\"}'),(95,95,NULL,NULL,NULL,NULL,NULL,NULL,NULL,NULL,5.0000,5.0000,NULL,NULL,50.0000,NULL,NULL,NULL,50.0000,NULL,NULL,NULL,NULL,'0',NULL,'checkmo',NULL,NULL,NULL,NULL,NULL,NULL,NULL,NULL,'0',NULL,NULL,NULL,NULL,NULL,NULL,'0',NULL,NULL,NULL,NULL,NULL,NULL,NULL,NULL,NULL,NULL,NULL,'{\"method_title\":\"Check \\/ Money order\"}'),(96,96,NULL,NULL,NULL,NULL,NULL,NULL,NULL,NULL,5.0000,5.0000,NULL,NULL,39.0000,NULL,NULL,NULL,39.0000,NULL,NULL,NULL,NULL,'0',NULL,'checkmo',NULL,NULL,NULL,NULL,NULL,NULL,NULL,NULL,'0',NULL,NULL,NULL,NULL,NULL,NULL,'0',NULL,NULL,NULL,NULL,NULL,NULL,NULL,NULL,NULL,NULL,NULL,'{\"method_title\":\"Check \\/ Money order\"}'),(97,97,NULL,NULL,NULL,NULL,NULL,NULL,NULL,NULL,5.0000,5.0000,NULL,NULL,56.0000,NULL,NULL,NULL,56.0000,NULL,NULL,NULL,NULL,'0',NULL,'checkmo',NULL,NULL,NULL,NULL,NULL,NULL,NULL,NULL,'0',NULL,NULL,NULL,NULL,NULL,NULL,'0',NULL,NULL,NULL,NULL,NULL,NULL,NULL,NULL,NULL,NULL,NULL,'{\"method_title\":\"Check \\/ Money order\"}'),(98,98,NULL,NULL,NULL,NULL,NULL,NULL,NULL,NULL,5.0000,5.0000,NULL,NULL,37.0000,NULL,NULL,NULL,37.0000,NULL,NULL,NULL,NULL,'0',NULL,'checkmo',NULL,NULL,NULL,NULL,NULL,NULL,NULL,NULL,'0',NULL,NULL,NULL,NULL,NULL,NULL,'0',NULL,NULL,NULL,NULL,NULL,NULL,NULL,NULL,NULL,NULL,NULL,'{\"method_title\":\"Check \\/ Money order\"}'),(99,99,NULL,NULL,NULL,NULL,NULL,NULL,NULL,NULL,5.0000,5.0000,NULL,NULL,57.0000,NULL,NULL,NULL,57.0000,NULL,NULL,NULL,NULL,'0',NULL,'checkmo',NULL,NULL,NULL,NULL,NULL,NULL,NULL,NULL,'0',NULL,NULL,NULL,NULL,NULL,NULL,'0',NULL,NULL,NULL,NULL,NULL,NULL,NULL,NULL,NULL,NULL,NULL,'{\"method_title\":\"Check \\/ Money order\"}'),(100,100,5.0000,5.0000,NULL,45.0000,NULL,NULL,NULL,NULL,5.0000,5.0000,45.0000,NULL,45.0000,NULL,NULL,NULL,45.0000,NULL,NULL,NULL,NULL,'0',NULL,'checkmo',NULL,NULL,NULL,NULL,NULL,NULL,NULL,NULL,'0',NULL,NULL,NULL,NULL,NULL,NULL,'0',NULL,NULL,NULL,NULL,NULL,NULL,NULL,NULL,NULL,NULL,NULL,'{\"method_title\":\"Check \\/ Money order\"}'),(101,101,5.0000,5.0000,NULL,85.1100,NULL,NULL,NULL,NULL,5.0000,5.0000,85.1100,NULL,85.1100,NULL,NULL,NULL,85.1100,NULL,NULL,NULL,NULL,'0',NULL,'checkmo',NULL,NULL,NULL,NULL,NULL,NULL,NULL,NULL,'0',NULL,NULL,NULL,NULL,NULL,NULL,'0',NULL,NULL,NULL,NULL,NULL,NULL,NULL,NULL,NULL,NULL,NULL,'{\"method_title\":\"Check \\/ Money order\"}'),(102,102,NULL,NULL,NULL,NULL,NULL,NULL,NULL,NULL,5.0000,5.0000,NULL,NULL,39.0000,NULL,NULL,NULL,39.0000,NULL,NULL,NULL,NULL,'0',NULL,'checkmo',NULL,NULL,NULL,NULL,NULL,NULL,NULL,NULL,'0',NULL,NULL,NULL,NULL,NULL,NULL,'0',NULL,NULL,NULL,NULL,NULL,NULL,NULL,NULL,NULL,NULL,NULL,'{\"method_title\":\"Check \\/ Money order\"}'),(103,103,NULL,NULL,NULL,NULL,NULL,NULL,NULL,NULL,5.0000,5.0000,NULL,NULL,39.0000,NULL,NULL,NULL,39.0000,NULL,NULL,NULL,NULL,'0',NULL,'checkmo',NULL,NULL,NULL,NULL,NULL,NULL,NULL,NULL,'0',NULL,NULL,NULL,NULL,NULL,NULL,'0',NULL,NULL,NULL,NULL,NULL,NULL,NULL,NULL,NULL,NULL,NULL,'{\"method_title\":\"Check \\/ Money order\"}'),(104,104,5.0000,5.0000,NULL,55.0000,NULL,NULL,NULL,NULL,5.0000,5.0000,55.0000,NULL,55.0000,NULL,NULL,NULL,55.0000,NULL,NULL,NULL,NULL,'0',NULL,'checkmo',NULL,NULL,NULL,NULL,NULL,NULL,NULL,NULL,'0',NULL,NULL,NULL,NULL,NULL,NULL,'0',NULL,NULL,NULL,NULL,NULL,NULL,NULL,NULL,NULL,NULL,NULL,'{\"method_title\":\"Check \\/ Money order\"}'),(105,105,NULL,NULL,NULL,NULL,NULL,NULL,NULL,NULL,30.0000,30.0000,NULL,NULL,270.0000,NULL,NULL,NULL,270.0000,NULL,NULL,NULL,NULL,'0',NULL,'checkmo',NULL,NULL,NULL,NULL,NULL,NULL,NULL,NULL,'0',NULL,NULL,NULL,NULL,NULL,NULL,'0',NULL,NULL,NULL,NULL,NULL,NULL,NULL,NULL,NULL,NULL,NULL,'{\"method_title\":\"Check \\/ Money order\"}'),(106,106,NULL,NULL,NULL,NULL,NULL,NULL,NULL,NULL,10.0000,10.0000,NULL,NULL,10.0000,NULL,NULL,NULL,10.0000,NULL,NULL,NULL,NULL,'0',NULL,'checkmo',NULL,NULL,NULL,NULL,NULL,NULL,NULL,NULL,'0',NULL,NULL,NULL,NULL,NULL,NULL,'0',NULL,NULL,NULL,NULL,NULL,NULL,NULL,NULL,NULL,NULL,NULL,'{\"method_title\":\"Check \\/ Money order\"}'),(107,107,NULL,NULL,NULL,NULL,NULL,NULL,NULL,NULL,5.0000,5.0000,NULL,NULL,63.4600,NULL,NULL,NULL,63.4600,NULL,NULL,NULL,NULL,'0',NULL,'checkmo',NULL,NULL,NULL,NULL,NULL,NULL,NULL,NULL,'0',NULL,NULL,NULL,NULL,NULL,NULL,'0',NULL,NULL,NULL,NULL,NULL,NULL,NULL,NULL,NULL,NULL,NULL,'{\"method_title\":\"Check \\/ Money order\"}'),(108,108,NULL,NULL,NULL,NULL,NULL,NULL,NULL,NULL,5.0000,5.0000,NULL,NULL,5.0000,NULL,NULL,NULL,5.0000,NULL,NULL,NULL,NULL,'0',NULL,'checkmo',NULL,NULL,NULL,NULL,NULL,NULL,NULL,NULL,'0',NULL,NULL,NULL,NULL,NULL,NULL,'0',NULL,NULL,NULL,NULL,NULL,NULL,NULL,NULL,NULL,NULL,NULL,'{\"method_title\":\"Check \\/ Money order\"}'),(109,109,NULL,NULL,NULL,NULL,NULL,NULL,NULL,NULL,5.0000,5.0000,NULL,NULL,48.3000,NULL,NULL,NULL,48.3000,NULL,NULL,NULL,NULL,'0',NULL,'checkmo',NULL,NULL,NULL,NULL,NULL,NULL,NULL,NULL,'0',NULL,NULL,NULL,NULL,NULL,NULL,'0',NULL,NULL,NULL,NULL,NULL,NULL,NULL,NULL,NULL,NULL,NULL,'{\"method_title\":\"Check \\/ Money order\"}'),(110,110,NULL,NULL,NULL,NULL,NULL,NULL,NULL,NULL,0.0000,0.0000,NULL,NULL,19.4900,NULL,NULL,NULL,19.4900,NULL,NULL,NULL,NULL,'0',NULL,'checkmo',NULL,NULL,NULL,NULL,NULL,NULL,NULL,NULL,'0',NULL,NULL,NULL,NULL,NULL,NULL,'0',NULL,NULL,NULL,NULL,NULL,NULL,NULL,NULL,NULL,NULL,NULL,'{\"method_title\":\"Check \\/ Money order\"}'),(111,111,NULL,NULL,NULL,NULL,NULL,NULL,NULL,NULL,5.0000,5.0000,NULL,NULL,61.0000,NULL,NULL,NULL,61.0000,NULL,NULL,NULL,NULL,'0',NULL,'checkmo',NULL,NULL,NULL,NULL,NULL,NULL,NULL,NULL,'0',NULL,NULL,NULL,NULL,NULL,NULL,'0',NULL,NULL,NULL,NULL,NULL,NULL,NULL,NULL,NULL,NULL,NULL,'{\"method_title\":\"Check \\/ Money order\"}'),(112,112,NULL,NULL,NULL,NULL,NULL,NULL,NULL,NULL,5.0000,5.0000,NULL,NULL,61.0000,NULL,NULL,NULL,61.0000,NULL,NULL,NULL,NULL,'0',NULL,'checkmo',NULL,NULL,NULL,NULL,NULL,NULL,NULL,NULL,'0',NULL,NULL,NULL,NULL,NULL,NULL,'0',NULL,NULL,NULL,NULL,NULL,NULL,NULL,NULL,NULL,NULL,NULL,'{\"method_title\":\"Check \\/ Money order\"}'),(113,113,NULL,NULL,NULL,NULL,NULL,NULL,NULL,NULL,5.0000,5.0000,NULL,NULL,61.0000,NULL,NULL,NULL,61.0000,NULL,NULL,NULL,NULL,'0',NULL,'checkmo',NULL,NULL,NULL,NULL,NULL,NULL,NULL,NULL,'0',NULL,NULL,NULL,NULL,NULL,NULL,'0',NULL,NULL,NULL,NULL,NULL,NULL,NULL,NULL,NULL,NULL,NULL,'{\"method_title\":\"Check \\/ Money order\"}'),(114,114,NULL,NULL,NULL,NULL,NULL,NULL,NULL,NULL,5.0000,5.0000,NULL,NULL,37.0000,NULL,NULL,NULL,37.0000,NULL,NULL,NULL,NULL,'0',NULL,'checkmo',NULL,NULL,NULL,NULL,NULL,NULL,NULL,NULL,'0',NULL,NULL,NULL,NULL,NULL,NULL,'0',NULL,NULL,NULL,NULL,NULL,NULL,NULL,NULL,NULL,NULL,NULL,'{\"method_title\":\"Check \\/ Money order\"}'),(115,115,NULL,NULL,NULL,NULL,NULL,NULL,NULL,NULL,5.0000,5.0000,NULL,NULL,61.0000,NULL,NULL,NULL,61.0000,NULL,NULL,NULL,NULL,'0',NULL,'checkmo',NULL,NULL,NULL,NULL,NULL,NULL,NULL,NULL,'0',NULL,NULL,NULL,NULL,NULL,NULL,'0',NULL,NULL,NULL,NULL,NULL,NULL,NULL,NULL,NULL,NULL,NULL,'{\"method_title\":\"Check \\/ Money order\"}'),(116,116,NULL,NULL,NULL,NULL,NULL,NULL,NULL,NULL,5.0000,5.0000,NULL,NULL,59.0000,NULL,NULL,NULL,59.0000,NULL,NULL,NULL,NULL,'0',NULL,'checkmo',NULL,NULL,NULL,NULL,NULL,NULL,NULL,NULL,'0',NULL,NULL,NULL,NULL,NULL,NULL,'0',NULL,NULL,NULL,NULL,NULL,NULL,NULL,NULL,NULL,NULL,NULL,'{\"method_title\":\"Check \\/ Money order\"}');

--
-- Table structure for table `sales_order_status`
--

CREATE TABLE `sales_order_status` (
  `status` varchar(32) NOT NULL COMMENT 'Status',
  `label` varchar(128) NOT NULL COMMENT 'Label',
  PRIMARY KEY (`status`)
) ENGINE=InnoDB DEFAULT CHARSET=utf8 COMMENT='Sales Order Status Table';

--
-- Dumping data for table `sales_order_status`
--

INSERT INTO `sales_order_status` VALUES ('canceled','Canceled'),('closed','Closed'),('complete','Complete'),('fraud','Suspected Fraud'),('holded','On Hold'),('payment_review','Payment Review'),('paypal_canceled_reversal','PayPal Canceled Reversal'),('paypal_reversed','PayPal Reversed'),('pending','Pending'),('pending_payment','Pending Payment'),('pending_paypal','Pending PayPal'),('processing','Processing');

--
-- Table structure for table `sales_order_status_history`
--

CREATE TABLE `sales_order_status_history` (
  `entity_id` int(10) unsigned NOT NULL AUTO_INCREMENT COMMENT 'Entity ID',
  `parent_id` int(10) unsigned NOT NULL COMMENT 'Parent ID',
  `is_customer_notified` int(11) DEFAULT NULL COMMENT 'Is Customer Notified',
  `is_visible_on_front` smallint(5) unsigned NOT NULL DEFAULT '0' COMMENT 'Is Visible On Front',
  `comment` text COMMENT 'Comment',
  `status` varchar(32) DEFAULT NULL COMMENT 'Status',
  `created_at` timestamp NOT NULL DEFAULT CURRENT_TIMESTAMP COMMENT 'Created At',
  `entity_name` varchar(32) DEFAULT NULL COMMENT 'Shows what entity history is bind to.',
  PRIMARY KEY (`entity_id`),
  KEY `SALES_ORDER_STATUS_HISTORY_PARENT_ID` (`parent_id`),
  KEY `SALES_ORDER_STATUS_HISTORY_CREATED_AT` (`created_at`),
  CONSTRAINT `SALES_ORDER_STATUS_HISTORY_PARENT_ID_SALES_ORDER_ENTITY_ID` FOREIGN KEY (`parent_id`) REFERENCES `sales_order` (`entity_id`) ON DELETE CASCADE
) ENGINE=InnoDB AUTO_INCREMENT=7 DEFAULT CHARSET=utf8 COMMENT='Sales Flat Order Status History';

--
-- Dumping data for table `sales_order_status_history`
--

INSERT INTO `sales_order_status_history` VALUES (1,2,1,0,'We refunded $39.64 offline.','closed','2022-10-12 05:29:17','creditmemo'),(2,7,0,0,'We refunded $39.00 offline.','closed','2022-11-02 07:42:09','creditmemo'),(3,21,0,0,'We refunded $37.00 offline.','closed','2022-11-23 10:38:50','creditmemo'),(4,22,0,0,'We refunded $67.00 offline.','closed','2022-11-23 11:04:19','creditmemo'),(5,28,0,0,'We refunded $3,784.00 offline.','closed','2023-03-15 05:27:46','creditmemo'),(6,60,0,0,'We refunded -$1.00 offline.','complete','2023-10-11 08:44:32','creditmemo');

--
-- Table structure for table `sales_order_status_label`
--

CREATE TABLE `sales_order_status_label` (
  `status` varchar(32) NOT NULL COMMENT 'Status',
  `store_id` smallint(5) unsigned NOT NULL COMMENT 'Store ID',
  `label` varchar(128) NOT NULL COMMENT 'Label',
  PRIMARY KEY (`status`,`store_id`),
  KEY `SALES_ORDER_STATUS_LABEL_STORE_ID` (`store_id`),
  CONSTRAINT `SALES_ORDER_STATUS_LABEL_STATUS_SALES_ORDER_STATUS_STATUS` FOREIGN KEY (`status`) REFERENCES `sales_order_status` (`status`) ON DELETE CASCADE,
  CONSTRAINT `SALES_ORDER_STATUS_LABEL_STORE_ID_STORE_STORE_ID` FOREIGN KEY (`store_id`) REFERENCES `store` (`store_id`) ON DELETE CASCADE
) ENGINE=InnoDB DEFAULT CHARSET=utf8 COMMENT='Sales Order Status Label Table';

--
-- Dumping data for table `sales_order_status_label`
--


--
-- Table structure for table `sales_order_status_state`
--

CREATE TABLE `sales_order_status_state` (
  `status` varchar(32) NOT NULL COMMENT 'Status',
  `state` varchar(32) NOT NULL COMMENT 'Label',
  `is_default` smallint(5) unsigned NOT NULL DEFAULT '0' COMMENT 'Is Default',
  `visible_on_front` smallint(5) unsigned NOT NULL DEFAULT '0' COMMENT 'Visible on front',
  PRIMARY KEY (`status`,`state`),
  CONSTRAINT `SALES_ORDER_STATUS_STATE_STATUS_SALES_ORDER_STATUS_STATUS` FOREIGN KEY (`status`) REFERENCES `sales_order_status` (`status`) ON DELETE CASCADE
) ENGINE=InnoDB DEFAULT CHARSET=utf8 COMMENT='Sales Order Status Table';

--
-- Dumping data for table `sales_order_status_state`
--

INSERT INTO `sales_order_status_state` VALUES ('canceled','canceled',1,1),('closed','closed',1,1),('complete','complete',1,1),('fraud','payment_review',0,1),('fraud','processing',0,1),('holded','holded',1,1),('payment_review','payment_review',1,1),('pending','new',1,1),('pending_payment','pending_payment',1,0),('processing','processing',1,1);

--
-- Table structure for table `sales_order_tax`
--

CREATE TABLE `sales_order_tax` (
  `tax_id` int(10) unsigned NOT NULL AUTO_INCREMENT COMMENT 'Tax ID',
  `order_id` int(10) unsigned NOT NULL COMMENT 'Order ID',
  `code` varchar(255) DEFAULT NULL COMMENT 'Code',
  `title` varchar(255) DEFAULT NULL COMMENT 'Title',
  `percent` decimal(12,4) DEFAULT NULL COMMENT 'Percent',
  `amount` decimal(20,4) DEFAULT NULL COMMENT 'Amount',
  `priority` int(11) NOT NULL COMMENT 'Priority',
  `position` int(11) NOT NULL COMMENT 'Position',
  `base_amount` decimal(20,4) DEFAULT NULL COMMENT 'Base Amount',
  `process` smallint(6) NOT NULL COMMENT 'Process',
  `base_real_amount` decimal(20,4) DEFAULT NULL COMMENT 'Base Real Amount',
  PRIMARY KEY (`tax_id`),
  KEY `SALES_ORDER_TAX_ORDER_ID_PRIORITY_POSITION` (`order_id`,`priority`,`position`)
) ENGINE=InnoDB AUTO_INCREMENT=26 DEFAULT CHARSET=utf8 COMMENT='Sales Order Tax Table';

--
-- Dumping data for table `sales_order_tax`
--

INSERT INTO `sales_order_tax` VALUES (1,1,'US-MI-*-Rate 1','US-MI-*-Rate 1',8.2500,2.3900,0,0,2.3900,0,2.3900),(2,2,'US-MI-*-Rate 1','US-MI-*-Rate 1',8.2500,2.6400,0,0,2.6400,0,2.6400),(3,14,'US-MI-*-Rate 1','US-MI-*-Rate 1',8.2500,3.7100,0,0,3.7100,0,3.7100),(4,26,'US-MI-*-Rate 1','US-MI-*-Rate 1',8.2500,7.5900,0,0,7.5900,0,7.5900),(5,30,'US-MI-*-Rate 1','US-MI-*-Rate 1',8.2500,3.1400,0,0,3.1400,0,3.1400),(6,31,'US-MI-*-Rate 1','US-MI-*-Rate 1',8.2500,3.7100,0,0,3.7100,0,3.7100),(7,32,'US-MI-*-Rate 1','US-MI-*-Rate 1',8.2500,2.6400,0,0,2.6400,0,2.6400),(8,34,'US-MI-*-Rate 1','US-MI-*-Rate 1',8.2500,0.5800,0,0,0.5800,0,0.5800),(9,35,'US-MI-*-Rate 1','US-MI-*-Rate 1',8.2500,5.7800,0,0,5.7800,0,5.7800),(10,38,'US-MI-*-Rate 1','US-MI-*-Rate 1',8.2500,3.1400,0,0,3.1400,0,3.1400),(11,40,'US-MI-*-Rate 1','US-MI-*-Rate 1',8.2500,0.5000,0,0,0.5000,0,0.5000),(12,49,'US-MI-*-Rate 1','US-MI-*-Rate 1',8.2500,2.3900,0,0,2.3900,0,2.3900),(13,69,'US-MI-*-Rate 1','US-MI-*-Rate 1',8.2500,6.1100,0,0,6.1100,0,6.1100),(14,70,'US-MI-*-Rate 1','US-MI-*-Rate 1',8.2500,4.8700,0,0,4.8700,0,4.8700),(15,76,'US-MI-*-Rate 1','US-MI-*-Rate 1',8.2500,8.0000,0,0,8.0000,0,8.0000),(16,77,'US-MI-*-Rate 1','US-MI-*-Rate 1',8.2500,4.2900,0,0,4.2900,0,4.2900),(17,78,'US-MI-*-Rate 1','US-MI-*-Rate 1',8.2500,2.9700,0,0,2.9700,0,2.9700),(18,79,'US-MI-*-Rate 1','US-MI-*-Rate 1',8.2500,5.1200,0,0,5.1200,0,5.1200),(19,80,'US-MI-*-Rate 1','US-MI-*-Rate 1',8.2500,2.3900,0,0,2.3900,0,2.3900),(20,93,'US-MI-*-Rate 1','US-MI-*-Rate 1',8.2500,4.8700,0,0,4.8700,0,4.8700),(21,94,'US-MI-*-Rate 1','US-MI-*-Rate 1',8.2500,3.7100,0,0,3.7100,0,3.7100),(22,101,'US-MI-*-Rate 1','US-MI-*-Rate 1',8.2500,6.1100,0,0,6.1100,0,6.1100),(23,107,'US-MI-*-Rate 1','US-MI-*-Rate 1',8.2500,4.4600,0,0,4.4600,0,4.4600),(24,109,'US-MI-*-Rate 1','US-MI-*-Rate 1',8.2500,3.3000,0,0,3.3000,0,3.3000),(25,110,'US-MI-*-Rate 1','US-MI-*-Rate 1',8.2500,1.4900,0,0,1.4900,0,1.4900);

--
-- Table structure for table `sales_order_tax_item`
--

CREATE TABLE `sales_order_tax_item` (
  `tax_item_id` int(10) unsigned NOT NULL AUTO_INCREMENT COMMENT 'Tax Item ID',
  `tax_id` int(10) unsigned NOT NULL COMMENT 'Tax ID',
  `item_id` int(10) unsigned DEFAULT NULL COMMENT 'Item ID',
  `tax_percent` decimal(12,4) NOT NULL COMMENT 'Real Tax Percent For Item',
  `amount` decimal(20,4) NOT NULL COMMENT 'Tax amount for the item and tax rate',
  `base_amount` decimal(20,4) NOT NULL COMMENT 'Base tax amount for the item and tax rate',
  `real_amount` decimal(20,4) NOT NULL COMMENT 'Real tax amount for the item and tax rate',
  `real_base_amount` decimal(20,4) NOT NULL COMMENT 'Real base tax amount for the item and tax rate',
  `associated_item_id` int(10) unsigned DEFAULT NULL COMMENT 'Id of the associated item',
  `taxable_item_type` varchar(32) NOT NULL COMMENT 'Type of the taxable item',
  PRIMARY KEY (`tax_item_id`),
  UNIQUE KEY `SALES_ORDER_TAX_ITEM_TAX_ID_ITEM_ID` (`tax_id`,`item_id`),
  KEY `SALES_ORDER_TAX_ITEM_ASSOCIATED_ITEM_ID_SALES_ORDER_ITEM_ITEM_ID` (`associated_item_id`),
  KEY `SALES_ORDER_TAX_ITEM_ITEM_ID` (`item_id`),
  CONSTRAINT `SALES_ORDER_TAX_ITEM_ASSOCIATED_ITEM_ID_SALES_ORDER_ITEM_ITEM_ID` FOREIGN KEY (`associated_item_id`) REFERENCES `sales_order_item` (`item_id`) ON DELETE CASCADE,
  CONSTRAINT `SALES_ORDER_TAX_ITEM_ITEM_ID_SALES_ORDER_ITEM_ITEM_ID` FOREIGN KEY (`item_id`) REFERENCES `sales_order_item` (`item_id`) ON DELETE CASCADE,
  CONSTRAINT `SALES_ORDER_TAX_ITEM_TAX_ID_SALES_ORDER_TAX_TAX_ID` FOREIGN KEY (`tax_id`) REFERENCES `sales_order_tax` (`tax_id`) ON DELETE CASCADE
) ENGINE=InnoDB AUTO_INCREMENT=27 DEFAULT CHARSET=utf8 COMMENT='Sales Order Tax Item';

--
-- Dumping data for table `sales_order_tax_item`
--

INSERT INTO `sales_order_tax_item` VALUES (1,1,NULL,8.2500,2.3900,2.3900,2.3900,2.3900,NULL,'product'),(2,2,NULL,8.2500,2.6400,2.6400,2.6400,2.6400,NULL,'product'),(3,3,17,8.2500,3.7100,3.7100,3.7100,3.7100,NULL,'product'),(4,4,32,8.2500,7.5900,7.5900,7.5900,7.5900,NULL,'product'),(5,5,39,8.2500,3.1400,3.1400,3.1400,3.1400,NULL,'product'),(6,6,40,8.2500,3.7100,3.7100,3.7100,3.7100,NULL,'product'),(7,7,41,8.2500,2.6400,2.6400,2.6400,2.6400,NULL,'product'),(8,8,NULL,8.2500,0.5800,0.5800,0.5800,0.5800,NULL,'product'),(9,9,44,8.2500,5.7800,5.7800,5.7800,5.7800,NULL,'product'),(10,10,49,8.2500,3.1400,3.1400,3.1400,3.1400,NULL,'product'),(11,11,51,8.2500,0.5000,0.5000,0.5000,0.5000,NULL,'product'),(12,12,70,8.2500,2.3900,2.3900,2.3900,2.3900,NULL,'product'),(13,13,104,8.2500,6.1100,6.1100,6.1100,6.1100,NULL,'product'),(14,14,105,8.2500,4.8700,4.8700,4.8700,4.8700,NULL,'product'),(15,15,112,8.2500,4.2900,4.2900,4.2900,4.2900,NULL,'product'),(16,15,114,8.2500,3.7100,3.7100,3.7100,3.7100,NULL,'product'),(17,16,115,8.2500,4.2900,4.2900,4.2900,4.2900,NULL,'product'),(18,17,117,8.2500,2.9700,2.9700,2.9700,2.9700,NULL,'product'),(19,18,118,8.2500,5.1200,5.1200,5.1200,5.1200,NULL,'product'),(20,19,120,8.2500,2.3900,2.3900,2.3900,2.3900,NULL,'product'),(21,20,136,8.2500,4.8700,4.8700,4.8700,4.8700,NULL,'product'),(22,21,137,8.2500,3.7100,3.7100,3.7100,3.7100,NULL,'product'),(23,22,147,8.2500,6.1100,6.1100,6.1100,6.1100,NULL,'product'),(24,23,153,8.2500,4.4600,4.4600,4.4600,4.4600,NULL,'product'),(25,24,155,8.2500,3.3000,3.3000,3.3000,3.3000,NULL,'product'),(26,25,157,8.2500,1.4900,1.4900,1.4900,1.4900,NULL,'product');

--
-- Table structure for table `sales_payment_transaction`
--

CREATE TABLE `sales_payment_transaction` (
  `transaction_id` int(10) unsigned NOT NULL AUTO_INCREMENT COMMENT 'Transaction ID',
  `parent_id` int(10) unsigned DEFAULT NULL COMMENT 'Parent ID',
  `order_id` int(10) unsigned NOT NULL DEFAULT '0' COMMENT 'Order ID',
  `payment_id` int(10) unsigned NOT NULL DEFAULT '0' COMMENT 'Payment ID',
  `txn_id` varchar(100) DEFAULT NULL COMMENT 'Txn ID',
  `parent_txn_id` varchar(100) DEFAULT NULL COMMENT 'Parent Txn ID',
  `txn_type` varchar(15) DEFAULT NULL COMMENT 'Txn Type',
  `is_closed` smallint(5) unsigned NOT NULL DEFAULT '1' COMMENT 'Is Closed',
  `additional_information` blob COMMENT 'Additional Information',
  `created_at` timestamp NOT NULL DEFAULT CURRENT_TIMESTAMP COMMENT 'Created At',
  PRIMARY KEY (`transaction_id`),
  UNIQUE KEY `SALES_PAYMENT_TRANSACTION_ORDER_ID_PAYMENT_ID_TXN_ID` (`order_id`,`payment_id`,`txn_id`),
  KEY `SALES_PAYMENT_TRANSACTION_PARENT_ID` (`parent_id`),
  KEY `SALES_PAYMENT_TRANSACTION_PAYMENT_ID` (`payment_id`),
  CONSTRAINT `FK_B99FF1A06402D725EBDB0F3A7ECD47A2` FOREIGN KEY (`parent_id`) REFERENCES `sales_payment_transaction` (`transaction_id`) ON DELETE CASCADE,
  CONSTRAINT `SALES_PAYMENT_TRANSACTION_ORDER_ID_SALES_ORDER_ENTITY_ID` FOREIGN KEY (`order_id`) REFERENCES `sales_order` (`entity_id`) ON DELETE CASCADE,
  CONSTRAINT `SALES_PAYMENT_TRANSACTION_PAYMENT_ID_SALES_ORDER_PAYMENT_ENTT_ID` FOREIGN KEY (`payment_id`) REFERENCES `sales_order_payment` (`entity_id`) ON DELETE CASCADE
) ENGINE=InnoDB DEFAULT CHARSET=utf8 COMMENT='Sales Payment Transaction';

--
-- Dumping data for table `sales_payment_transaction`
--


--
-- Table structure for table `sales_refunded_aggregated`
--

CREATE TABLE `sales_refunded_aggregated` (
  `id` int(10) unsigned NOT NULL AUTO_INCREMENT COMMENT 'ID',
  `period` date DEFAULT NULL COMMENT 'Period',
  `store_id` smallint(5) unsigned DEFAULT NULL COMMENT 'Store ID',
  `order_status` varchar(50) NOT NULL COMMENT 'Order Status',
  `orders_count` int(11) NOT NULL DEFAULT '0' COMMENT 'Orders Count',
  `refunded` decimal(20,4) DEFAULT NULL COMMENT 'Refunded',
  `online_refunded` decimal(20,4) DEFAULT NULL COMMENT 'Online Refunded',
  `offline_refunded` decimal(20,4) DEFAULT NULL COMMENT 'Offline Refunded',
  PRIMARY KEY (`id`),
  UNIQUE KEY `SALES_REFUNDED_AGGREGATED_PERIOD_STORE_ID_ORDER_STATUS` (`period`,`store_id`,`order_status`),
  KEY `SALES_REFUNDED_AGGREGATED_STORE_ID` (`store_id`),
  CONSTRAINT `SALES_REFUNDED_AGGREGATED_STORE_ID_STORE_STORE_ID` FOREIGN KEY (`store_id`) REFERENCES `store` (`store_id`) ON DELETE SET NULL
) ENGINE=InnoDB DEFAULT CHARSET=utf8 COMMENT='Sales Refunded Aggregated';

--
-- Dumping data for table `sales_refunded_aggregated`
--


--
-- Table structure for table `sales_refunded_aggregated_order`
--

CREATE TABLE `sales_refunded_aggregated_order` (
  `id` int(10) unsigned NOT NULL AUTO_INCREMENT COMMENT 'ID',
  `period` date DEFAULT NULL COMMENT 'Period',
  `store_id` smallint(5) unsigned DEFAULT NULL COMMENT 'Store ID',
  `order_status` varchar(50) DEFAULT NULL COMMENT 'Order Status',
  `orders_count` int(11) NOT NULL DEFAULT '0' COMMENT 'Orders Count',
  `refunded` decimal(20,4) DEFAULT NULL COMMENT 'Refunded',
  `online_refunded` decimal(20,4) DEFAULT NULL COMMENT 'Online Refunded',
  `offline_refunded` decimal(20,4) DEFAULT NULL COMMENT 'Offline Refunded',
  PRIMARY KEY (`id`),
  UNIQUE KEY `SALES_REFUNDED_AGGREGATED_ORDER_PERIOD_STORE_ID_ORDER_STATUS` (`period`,`store_id`,`order_status`),
  KEY `SALES_REFUNDED_AGGREGATED_ORDER_STORE_ID` (`store_id`),
  CONSTRAINT `SALES_REFUNDED_AGGREGATED_ORDER_STORE_ID_STORE_STORE_ID` FOREIGN KEY (`store_id`) REFERENCES `store` (`store_id`) ON DELETE SET NULL
) ENGINE=InnoDB DEFAULT CHARSET=utf8 COMMENT='Sales Refunded Aggregated Order';

--
-- Dumping data for table `sales_refunded_aggregated_order`
--


--
-- Table structure for table `sales_sequence_meta`
--

CREATE TABLE `sales_sequence_meta` (
  `meta_id` int(10) unsigned NOT NULL AUTO_INCREMENT COMMENT 'ID',
  `entity_type` varchar(32) NOT NULL COMMENT 'Prefix',
  `store_id` smallint(5) unsigned NOT NULL COMMENT 'Store ID',
  `sequence_table` varchar(64) NOT NULL COMMENT 'table for sequence',
  PRIMARY KEY (`meta_id`),
  UNIQUE KEY `SALES_SEQUENCE_META_ENTITY_TYPE_STORE_ID` (`entity_type`,`store_id`)
) ENGINE=InnoDB AUTO_INCREMENT=57 DEFAULT CHARSET=utf8 COMMENT='sales_sequence_meta';

--
-- Dumping data for table `sales_sequence_meta`
--

INSERT INTO `sales_sequence_meta` VALUES (1,'order',0,'sequence_order_0'),(2,'invoice',0,'sequence_invoice_0'),(3,'creditmemo',0,'sequence_creditmemo_0'),(4,'shipment',0,'sequence_shipment_0'),(5,'order',1,'sequence_order_1'),(6,'invoice',1,'sequence_invoice_1'),(7,'creditmemo',1,'sequence_creditmemo_1'),(8,'shipment',1,'sequence_shipment_1'),(9,'order',2,'sequence_order_2'),(10,'invoice',2,'sequence_invoice_2'),(11,'creditmemo',2,'sequence_creditmemo_2'),(12,'shipment',2,'sequence_shipment_2'),(13,'order',3,'sequence_order_3'),(14,'invoice',3,'sequence_invoice_3'),(15,'creditmemo',3,'sequence_creditmemo_3'),(16,'shipment',3,'sequence_shipment_3'),(17,'order',4,'sequence_order_4'),(18,'invoice',4,'sequence_invoice_4'),(19,'creditmemo',4,'sequence_creditmemo_4'),(20,'shipment',4,'sequence_shipment_4'),(21,'order',5,'sequence_order_5'),(22,'invoice',5,'sequence_invoice_5'),(23,'creditmemo',5,'sequence_creditmemo_5'),(24,'shipment',5,'sequence_shipment_5'),(25,'order',6,'sequence_order_6'),(26,'invoice',6,'sequence_invoice_6'),(27,'creditmemo',6,'sequence_creditmemo_6'),(28,'shipment',6,'sequence_shipment_6'),(29,'order',7,'sequence_order_7'),(30,'invoice',7,'sequence_invoice_7'),(31,'creditmemo',7,'sequence_creditmemo_7'),(32,'shipment',7,'sequence_shipment_7'),(33,'order',8,'sequence_order_8'),(34,'invoice',8,'sequence_invoice_8'),(35,'creditmemo',8,'sequence_creditmemo_8'),(36,'shipment',8,'sequence_shipment_8'),(37,'order',9,'sequence_order_9'),(38,'invoice',9,'sequence_invoice_9'),(39,'creditmemo',9,'sequence_creditmemo_9'),(40,'shipment',9,'sequence_shipment_9'),(41,'order',10,'sequence_order_10'),(42,'invoice',10,'sequence_invoice_10'),(43,'creditmemo',10,'sequence_creditmemo_10'),(44,'shipment',10,'sequence_shipment_10'),(45,'order',11,'sequence_order_11'),(46,'invoice',11,'sequence_invoice_11'),(47,'creditmemo',11,'sequence_creditmemo_11'),(48,'shipment',11,'sequence_shipment_11'),(49,'order',12,'sequence_order_12'),(50,'invoice',12,'sequence_invoice_12'),(51,'creditmemo',12,'sequence_creditmemo_12'),(52,'shipment',12,'sequence_shipment_12'),(53,'order',13,'sequence_order_13'),(54,'invoice',13,'sequence_invoice_13'),(55,'creditmemo',13,'sequence_creditmemo_13'),(56,'shipment',13,'sequence_shipment_13');

--
-- Table structure for table `sales_sequence_profile`
--

CREATE TABLE `sales_sequence_profile` (
  `profile_id` int(10) unsigned NOT NULL AUTO_INCREMENT COMMENT 'ID',
  `meta_id` int(10) unsigned NOT NULL COMMENT 'Meta_id',
  `prefix` varchar(32) DEFAULT NULL COMMENT 'Prefix',
  `suffix` varchar(32) DEFAULT NULL COMMENT 'Suffix',
  `start_value` int(10) unsigned NOT NULL DEFAULT '1' COMMENT 'Start value for sequence',
  `step` int(10) unsigned NOT NULL DEFAULT '1' COMMENT 'Step for sequence',
  `max_value` int(10) unsigned NOT NULL COMMENT 'MaxValue for sequence',
  `warning_value` int(10) unsigned NOT NULL COMMENT 'WarningValue for sequence',
  `is_active` tinyint(1) NOT NULL DEFAULT '0' COMMENT 'isActive flag',
  PRIMARY KEY (`profile_id`),
  UNIQUE KEY `SALES_SEQUENCE_PROFILE_META_ID_PREFIX_SUFFIX` (`meta_id`,`prefix`,`suffix`),
  CONSTRAINT `SALES_SEQUENCE_PROFILE_META_ID_SALES_SEQUENCE_META_META_ID` FOREIGN KEY (`meta_id`) REFERENCES `sales_sequence_meta` (`meta_id`) ON DELETE CASCADE
) ENGINE=InnoDB AUTO_INCREMENT=57 DEFAULT CHARSET=utf8 COMMENT='sales_sequence_profile';

--
-- Dumping data for table `sales_sequence_profile`
--

INSERT INTO `sales_sequence_profile` VALUES (1,1,NULL,NULL,1,1,4294967295,4294966295,1),(2,2,NULL,NULL,1,1,4294967295,4294966295,1),(3,3,NULL,NULL,1,1,4294967295,4294966295,1),(4,4,NULL,NULL,1,1,4294967295,4294966295,1),(5,5,NULL,NULL,1,1,4294967295,4294966295,1),(6,6,NULL,NULL,1,1,4294967295,4294966295,1),(7,7,NULL,NULL,1,1,4294967295,4294966295,1),(8,8,NULL,NULL,1,1,4294967295,4294966295,1),(9,9,'2',NULL,1,1,4294967295,4294966295,1),(10,10,'2',NULL,1,1,4294967295,4294966295,1),(11,11,'2',NULL,1,1,4294967295,4294966295,1),(12,12,'2',NULL,1,1,4294967295,4294966295,1),(13,13,'3',NULL,1,1,4294967295,4294966295,1),(14,14,'3',NULL,1,1,4294967295,4294966295,1),(15,15,'3',NULL,1,1,4294967295,4294966295,1),(16,16,'3',NULL,1,1,4294967295,4294966295,1),(17,17,'4',NULL,1,1,4294967295,4294966295,1),(18,18,'4',NULL,1,1,4294967295,4294966295,1),(19,19,'4',NULL,1,1,4294967295,4294966295,1),(20,20,'4',NULL,1,1,4294967295,4294966295,1),(21,21,'5',NULL,1,1,4294967295,4294966295,1),(22,22,'5',NULL,1,1,4294967295,4294966295,1),(23,23,'5',NULL,1,1,4294967295,4294966295,1),(24,24,'5',NULL,1,1,4294967295,4294966295,1),(25,25,'6',NULL,1,1,4294967295,4294966295,1),(26,26,'6',NULL,1,1,4294967295,4294966295,1),(27,27,'6',NULL,1,1,4294967295,4294966295,1),(28,28,'6',NULL,1,1,4294967295,4294966295,1),(29,29,'7',NULL,1,1,4294967295,4294966295,1),(30,30,'7',NULL,1,1,4294967295,4294966295,1),(31,31,'7',NULL,1,1,4294967295,4294966295,1),(32,32,'7',NULL,1,1,4294967295,4294966295,1),(33,33,'8',NULL,1,1,4294967295,4294966295,1),(34,34,'8',NULL,1,1,4294967295,4294966295,1),(35,35,'8',NULL,1,1,4294967295,4294966295,1),(36,36,'8',NULL,1,1,4294967295,4294966295,1),(37,37,'9',NULL,1,1,4294967295,4294966295,1),(38,38,'9',NULL,1,1,4294967295,4294966295,1),(39,39,'9',NULL,1,1,4294967295,4294966295,1),(40,40,'9',NULL,1,1,4294967295,4294966295,1),(41,41,'10',NULL,1,1,4294967295,4294966295,1),(42,42,'10',NULL,1,1,4294967295,4294966295,1),(43,43,'10',NULL,1,1,4294967295,4294966295,1),(44,44,'10',NULL,1,1,4294967295,4294966295,1),(45,45,'11',NULL,1,1,4294967295,4294966295,1),(46,46,'11',NULL,1,1,4294967295,4294966295,1),(47,47,'11',NULL,1,1,4294967295,4294966295,1),(48,48,'11',NULL,1,1,4294967295,4294966295,1),(49,49,'12',NULL,1,1,4294967295,4294966295,1),(50,50,'12',NULL,1,1,4294967295,4294966295,1),(51,51,'12',NULL,1,1,4294967295,4294966295,1),(52,52,'12',NULL,1,1,4294967295,4294966295,1),(53,53,'13',NULL,1,1,4294967295,4294966295,1),(54,54,'13',NULL,1,1,4294967295,4294966295,1),(55,55,'13',NULL,1,1,4294967295,4294966295,1),(56,56,'13',NULL,1,1,4294967295,4294966295,1);

--
-- Table structure for table `sales_shipment`
--

CREATE TABLE `sales_shipment` (
  `entity_id` int(10) unsigned NOT NULL AUTO_INCREMENT COMMENT 'Entity ID',
  `store_id` smallint(5) unsigned DEFAULT NULL COMMENT 'Store ID',
  `total_weight` decimal(12,4) DEFAULT NULL COMMENT 'Total Weight',
  `total_qty` decimal(12,4) DEFAULT NULL COMMENT 'Total Qty',
  `email_sent` smallint(5) unsigned DEFAULT NULL COMMENT 'Email Sent',
  `send_email` smallint(5) unsigned DEFAULT NULL COMMENT 'Send Email',
  `order_id` int(10) unsigned NOT NULL COMMENT 'Order ID',
  `customer_id` int(11) DEFAULT NULL COMMENT 'Customer ID',
  `shipping_address_id` int(11) DEFAULT NULL COMMENT 'Shipping Address ID',
  `billing_address_id` int(11) DEFAULT NULL COMMENT 'Billing Address ID',
  `shipment_status` int(11) DEFAULT NULL COMMENT 'Shipment Status',
  `increment_id` varchar(50) DEFAULT NULL COMMENT 'Increment ID',
  `created_at` timestamp NOT NULL DEFAULT CURRENT_TIMESTAMP COMMENT 'Created At',
  `updated_at` timestamp NOT NULL DEFAULT CURRENT_TIMESTAMP ON UPDATE CURRENT_TIMESTAMP COMMENT 'Updated At',
  `packages` text COMMENT 'Packed Products in Packages',
  `shipping_label` mediumblob COMMENT 'Shipping Label Content',
  `customer_note` text COMMENT 'Customer Note',
  `customer_note_notify` smallint(5) unsigned DEFAULT NULL COMMENT 'Customer Note Notify',
  PRIMARY KEY (`entity_id`),
  UNIQUE KEY `SALES_SHIPMENT_INCREMENT_ID_STORE_ID` (`increment_id`,`store_id`),
  KEY `SALES_SHIPMENT_STORE_ID` (`store_id`),
  KEY `SALES_SHIPMENT_TOTAL_QTY` (`total_qty`),
  KEY `SALES_SHIPMENT_ORDER_ID` (`order_id`),
  KEY `SALES_SHIPMENT_CREATED_AT` (`created_at`),
  KEY `SALES_SHIPMENT_UPDATED_AT` (`updated_at`),
  KEY `SALES_SHIPMENT_SEND_EMAIL` (`send_email`),
  KEY `SALES_SHIPMENT_EMAIL_SENT` (`email_sent`),
  CONSTRAINT `SALES_SHIPMENT_ORDER_ID_SALES_ORDER_ENTITY_ID` FOREIGN KEY (`order_id`) REFERENCES `sales_order` (`entity_id`) ON DELETE CASCADE,
  CONSTRAINT `SALES_SHIPMENT_STORE_ID_STORE_STORE_ID` FOREIGN KEY (`store_id`) REFERENCES `store` (`store_id`) ON DELETE SET NULL
) ENGINE=InnoDB AUTO_INCREMENT=12 DEFAULT CHARSET=utf8 COMMENT='Sales Flat Shipment';

--
-- Dumping data for table `sales_shipment`
--

INSERT INTO `sales_shipment` VALUES (1,1,NULL,1.0000,NULL,NULL,1,1,1,2,NULL,'000000001','2022-10-12 05:29:17','2022-10-12 05:29:17','[]',NULL,NULL,NULL),(2,1,NULL,1.0000,NULL,NULL,2,1,3,4,NULL,'000000002','2022-10-12 05:29:17','2022-10-12 05:29:17','[]',NULL,NULL,NULL),(3,4,NULL,1.0000,NULL,NULL,7,NULL,13,14,NULL,'SHI-22-11-02-4-00004','2022-11-02 07:38:34','2022-11-02 07:38:34','[]',NULL,NULL,NULL),(4,2,NULL,1.0000,NULL,NULL,19,15,37,38,NULL,'2000000001','2022-11-22 12:29:36','2022-11-22 12:29:36','[]',NULL,NULL,NULL),(5,4,NULL,1.0000,NULL,NULL,21,NULL,41,42,NULL,'SHI-22-11-23-4-00010','2022-11-23 10:38:38','2022-11-23 10:38:38','[]',NULL,NULL,NULL),(6,4,NULL,2.0000,NULL,NULL,22,NULL,43,44,NULL,'SHI-22-11-23-4-00013','2022-11-23 11:03:47','2022-11-23 11:03:47','[]',NULL,NULL,NULL),(7,11,NULL,2.0000,NULL,NULL,52,NULL,102,103,NULL,'11000000001','2023-08-04 10:20:39','2023-08-04 10:20:39','[]',NULL,NULL,NULL),(8,5,NULL,1.0000,NULL,NULL,60,19,117,118,NULL,'5000000001','2023-09-14 05:08:30','2023-09-14 05:08:30','[]',NULL,NULL,NULL),(9,11,NULL,1.0000,1,1,100,44,197,198,NULL,'11000000002','2023-10-13 06:18:39','2023-10-13 06:18:42','[]',NULL,NULL,NULL),(10,10,NULL,1.0000,1,1,101,1,199,200,NULL,'10000000001','2023-10-13 07:04:33','2023-10-13 07:04:36','[]',NULL,NULL,NULL),(11,9,NULL,1.0000,1,1,104,44,205,206,NULL,'9000000001','2023-11-03 06:24:57','2023-11-03 06:24:59','[]',NULL,NULL,NULL);

--
-- Table structure for table `sales_shipment_comment`
--

CREATE TABLE `sales_shipment_comment` (
  `entity_id` int(10) unsigned NOT NULL AUTO_INCREMENT COMMENT 'Entity ID',
  `parent_id` int(10) unsigned NOT NULL COMMENT 'Parent ID',
  `is_customer_notified` int(11) DEFAULT NULL COMMENT 'Is Customer Notified',
  `is_visible_on_front` smallint(5) unsigned NOT NULL DEFAULT '0' COMMENT 'Is Visible On Front',
  `comment` text COMMENT 'Comment',
  `created_at` timestamp NOT NULL DEFAULT CURRENT_TIMESTAMP COMMENT 'Created At',
  PRIMARY KEY (`entity_id`),
  KEY `SALES_SHIPMENT_COMMENT_CREATED_AT` (`created_at`),
  KEY `SALES_SHIPMENT_COMMENT_PARENT_ID` (`parent_id`),
  CONSTRAINT `SALES_SHIPMENT_COMMENT_PARENT_ID_SALES_SHIPMENT_ENTITY_ID` FOREIGN KEY (`parent_id`) REFERENCES `sales_shipment` (`entity_id`) ON DELETE CASCADE
) ENGINE=InnoDB DEFAULT CHARSET=utf8 COMMENT='Sales Flat Shipment Comment';

--
-- Dumping data for table `sales_shipment_comment`
--


--
-- Table structure for table `sales_shipment_grid`
--

CREATE TABLE `sales_shipment_grid` (
  `entity_id` int(10) unsigned NOT NULL COMMENT 'Entity ID',
  `increment_id` varchar(50) DEFAULT NULL COMMENT 'Increment ID',
  `store_id` smallint(5) unsigned DEFAULT NULL COMMENT 'Store ID',
  `order_increment_id` varchar(32) NOT NULL COMMENT 'Order Increment ID',
  `order_id` int(10) unsigned NOT NULL COMMENT 'Order ID',
  `order_created_at` timestamp NOT NULL DEFAULT CURRENT_TIMESTAMP COMMENT 'Order Increment ID',
  `customer_name` varchar(128) NOT NULL COMMENT 'Customer Name',
  `total_qty` decimal(12,4) DEFAULT NULL COMMENT 'Total Qty',
  `shipment_status` int(11) DEFAULT NULL COMMENT 'Shipment Status',
  `order_status` varchar(32) DEFAULT NULL COMMENT 'Order',
  `billing_address` varchar(255) DEFAULT NULL COMMENT 'Billing Address',
  `shipping_address` varchar(255) DEFAULT NULL COMMENT 'Shipping Address',
  `billing_name` varchar(128) DEFAULT NULL COMMENT 'Billing Name',
  `shipping_name` varchar(128) DEFAULT NULL COMMENT 'Shipping Name',
  `customer_email` varchar(128) DEFAULT NULL COMMENT 'Customer Email',
  `customer_group_id` int(11) DEFAULT NULL,
  `payment_method` varchar(32) DEFAULT NULL COMMENT 'Payment Method',
  `shipping_information` varchar(255) DEFAULT NULL COMMENT 'Shipping Method Name',
  `created_at` timestamp NULL DEFAULT NULL COMMENT 'Created At',
  `updated_at` timestamp NULL DEFAULT NULL COMMENT 'Updated At',
  PRIMARY KEY (`entity_id`),
  UNIQUE KEY `SALES_SHIPMENT_GRID_INCREMENT_ID_STORE_ID` (`increment_id`,`store_id`),
  KEY `SALES_SHIPMENT_GRID_STORE_ID` (`store_id`),
  KEY `SALES_SHIPMENT_GRID_TOTAL_QTY` (`total_qty`),
  KEY `SALES_SHIPMENT_GRID_ORDER_INCREMENT_ID` (`order_increment_id`),
  KEY `SALES_SHIPMENT_GRID_SHIPMENT_STATUS` (`shipment_status`),
  KEY `SALES_SHIPMENT_GRID_ORDER_STATUS` (`order_status`),
  KEY `SALES_SHIPMENT_GRID_CREATED_AT` (`created_at`),
  KEY `SALES_SHIPMENT_GRID_UPDATED_AT` (`updated_at`),
  KEY `SALES_SHIPMENT_GRID_ORDER_CREATED_AT` (`order_created_at`),
  KEY `SALES_SHIPMENT_GRID_SHIPPING_NAME` (`shipping_name`),
  KEY `SALES_SHIPMENT_GRID_BILLING_NAME` (`billing_name`),
  KEY `SALES_SHIPMENT_GRID_ORDER_ID` (`order_id`),
  FULLTEXT KEY `FTI_086B40C8955F167B8EA76653437879B4` (`increment_id`,`order_increment_id`,`shipping_name`,`customer_name`,`customer_email`,`billing_address`,`shipping_address`)
) ENGINE=InnoDB DEFAULT CHARSET=utf8 COMMENT='Sales Flat Shipment Grid';

--
-- Dumping data for table `sales_shipment_grid`
--

INSERT INTO `sales_shipment_grid` VALUES (1,'000000001',1,'000000001',1,'2022-10-12 05:29:16','Veronica Costello',1.0000,NULL,'processing','6146 Honey Bluff Parkway,Calder,Michigan,49628-7978','6146 Honey Bluff Parkway,Calder,Michigan,49628-7978','Veronica Costello','Veronica Costello','roni_cost@example.com',1,'checkmo','Flat Rate - Fixed','2022-10-12 05:29:17','2022-10-12 05:29:17'),(2,'000000002',1,'000000002',2,'2022-10-12 05:29:17','Veronica Costello',1.0000,NULL,'processing','6146 Honey Bluff Parkway,Calder,Michigan,49628-7978','6146 Honey Bluff Parkway,Calder,Michigan,49628-7978','Veronica Costello','Veronica Costello','roni_cost@example.com',1,'checkmo','Flat Rate - Fixed','2022-10-12 05:29:17','2022-10-12 05:29:17'),(3,'SHI-22-11-02-4-00004',4,'ORD-22-11-02-4-00004',7,'2022-11-02 07:33:35','Sara Romero',1.0000,NULL,'complete','Merritt and Hess Associates,18 West White Clarendon Parkway\nQuo nihil maiores ac\nCorrupti adipisicin,Velit sint incididun,25683','Merritt and Hess Associates,18 West White Clarendon Parkway\nQuo nihil maiores ac\nCorrupti adipisicin,Velit sint incididun,25683','Sara Romero','Sara Romero','lynut@mailinator.com',0,'checkmo','Flat Rate - Fixed','2022-11-02 07:38:34','2022-11-02 07:38:34'),(4,'2000000001',2,'2000000006',19,'2022-11-22 12:23:30','janvi Rock',1.0000,NULL,'complete','rocktechnology,XYZ\nXYZ\nXYZ,ahmedabad,Gujarat,380001','rocktechnology,XYZ\nXYZ\nXYZ,ahmedabad,Gujarat,380001','janvi Rock','janvi Rock','janvi@rocktechnolabs.com',1,'checkmo','Flat Rate - Fixed','2022-11-22 12:29:36','2022-11-22 12:29:36'),(5,'SHI-22-11-23-4-00010',4,'ORD-22-11-23-4-00010',21,'2022-11-23 10:34:23','Kyle Robinson',1.0000,NULL,'complete','Whitehead and Bishop Associates,89 West Old Extension\nRerum dolore facere \nVeniam voluptates v,Ducimus voluptas at,28272','Whitehead and Bishop Associates,89 West Old Extension\nRerum dolore facere \nVeniam voluptates v,Ducimus voluptas at,28272','Kyle Robinson','Kyle Robinson','xuqysom@mailinator.com',0,'checkmo','Flat Rate - Fixed','2022-11-23 10:38:38','2022-11-23 10:38:38'),(6,'SHI-22-11-23-4-00013',4,'ORD-22-11-23-4-00013',22,'2022-11-23 11:02:20','Imani Reynolds',2.0000,NULL,'complete','Clements Howell Traders,673 South Oak Boulevard\nOdit reprehenderit d\nSed ut sint nobis si,Explicabo Do rerum ,16551','Clements Howell Traders,673 South Oak Boulevard\nOdit reprehenderit d\nSed ut sint nobis si,Explicabo Do rerum ,16551','Imani Reynolds','Imani Reynolds','zugyjekeqe@mailinator.com',0,'checkmo','Flat Rate - Fixed','2022-11-23 11:03:47','2022-11-23 11:03:47'),(7,'11000000001',11,'11000000003',52,'2023-08-04 10:17:59','Bug Tester',2.0000,NULL,'processing','6146 Honey Bluff Parkway,LA,Hawaii,10755','6146 Honey Bluff Parkway,LA,Hawaii,10755','Bug Tester','Bug Tester','roni_cos1t@example.com',0,'checkmo','Flat Rate - Fixed','2023-08-04 10:20:39','2023-08-04 10:20:39'),(8,'5000000001',5,'5000000010',60,'2023-09-14 05:06:46','Rahul Bhatt',1.0000,NULL,'complete','7/8 Gokul Residency,Ahmedabad,Gujarat,380001','7/8 Gokul Residency,Ahmedabad,Gujarat,380001','Rahul Bhatt','Rahul Bhatt','rahulb@rocktechnolabs.com',1,'checkmo','Flat Rate - Fixed','2023-09-14 05:08:30','2023-09-14 05:08:30'),(9,'11000000002',11,'11000000007',100,'2023-10-13 06:15:52','Rahul Bhatt',1.0000,NULL,'complete','7/8 Gokul Residency,Ahmedabad,Gujarat,380001','7/8 Gokul Residency,Ahmedabad,Gujarat,380001','Rahul Bhatt','Rahul Bhatt','rahulb@rocktechnolabs.com',1,'checkmo','Flat Rate - Fixed','2023-10-13 06:18:39','2023-10-13 06:18:39'),(10,'10000000001',10,'10000000005',101,'2023-10-13 07:02:31','Veronica Costello',1.0000,NULL,'complete','6146 Honey Bluff Parkway,Calder,Michigan,49628-7978','6146 Honey Bluff Parkway,Calder,Michigan,49628-7978','Veronica Costello','Veronica Costello','roni_cost@example.com',1,'checkmo','Flat Rate - Fixed','2023-10-13 07:04:33','2023-10-13 07:04:33'),(11,'9000000001',9,'9000000002',104,'2023-11-03 06:11:49','Rahul Bhatt',1.0000,NULL,'complete','7/8 Gokul Residency,Ahmedabad,Gujarat,380001','7/8 Gokul Residency,Ahmedabad,Gujarat,380001','Rahul Bhatt','Rahul Bhatt','rahulb@rocktechnolabs.com',1,'checkmo','Flat Rate - Fixed','2023-11-03 06:24:57','2023-11-03 06:24:57');

--
-- Table structure for table `sales_shipment_item`
--

CREATE TABLE `sales_shipment_item` (
  `entity_id` int(10) unsigned NOT NULL AUTO_INCREMENT COMMENT 'Entity ID',
  `parent_id` int(10) unsigned NOT NULL COMMENT 'Parent ID',
  `row_total` decimal(20,4) DEFAULT NULL COMMENT 'Row Total',
  `price` decimal(20,4) DEFAULT NULL COMMENT 'Price',
  `weight` decimal(12,4) DEFAULT NULL COMMENT 'Weight',
  `qty` decimal(12,4) DEFAULT NULL COMMENT 'Qty',
  `product_id` int(11) DEFAULT NULL COMMENT 'Product ID',
  `order_item_id` int(11) DEFAULT NULL COMMENT 'Order Item ID',
  `additional_data` text COMMENT 'Additional Data',
  `description` text COMMENT 'Description',
  `name` varchar(255) DEFAULT NULL COMMENT 'Name',
  `sku` varchar(255) DEFAULT NULL COMMENT 'Sku',
  PRIMARY KEY (`entity_id`),
  KEY `SALES_SHIPMENT_ITEM_PARENT_ID` (`parent_id`),
  CONSTRAINT `SALES_SHIPMENT_ITEM_PARENT_ID_SALES_SHIPMENT_ENTITY_ID` FOREIGN KEY (`parent_id`) REFERENCES `sales_shipment` (`entity_id`) ON DELETE CASCADE
) ENGINE=InnoDB AUTO_INCREMENT=13 DEFAULT CHARSET=utf8 COMMENT='Sales Flat Shipment Item';

--
-- Dumping data for table `sales_shipment_item`
--

INSERT INTO `sales_shipment_item` VALUES (1,1,NULL,29.0000,1.0000,1.0000,1434,1,NULL,NULL,'Iris Workout Top','WS03-XS-Red'),(2,2,NULL,32.0000,1.0000,1.0000,1498,2,NULL,NULL,'Minerva LumaTech&trade; V-Tee','WS08-XS-Blue'),(3,3,NULL,34.0000,NULL,1.0000,1,9,NULL,NULL,'Joust Duffle Bag','24-MB01'),(4,4,NULL,34.0000,NULL,1.0000,1,23,NULL,NULL,'Joust Duffle Bag','24-MB01'),(5,5,NULL,32.0000,NULL,1.0000,2,25,NULL,NULL,'Strive Shoulder Pack','24-MB04'),(6,6,NULL,12.0000,NULL,1.0000,17,26,NULL,NULL,'Zing Jump Rope','24-UG04'),(7,6,NULL,45.0000,NULL,1.0000,14,27,NULL,NULL,'Push It Messenger Bag','24-WB04'),(8,7,NULL,0.0000,NULL,2.0000,1,79,NULL,NULL,'Joust Duffle Bag','24-MB01'),(9,8,NULL,59.0000,NULL,1.0000,6,94,NULL,NULL,'Fusion Backpack','24-MB02'),(10,9,NULL,40.0000,1.0000,1.0000,68,145,NULL,NULL,'Chaz Kangeroo Hoodie','MH01-XL-Orange'),(11,10,NULL,74.0000,NULL,1.0000,7,147,NULL,NULL,'Impulse Duffle','24-UB02'),(12,11,NULL,50.0000,NULL,1.0000,6,150,NULL,NULL,'Fusion Backpack','24-MB02');

--
-- Table structure for table `sales_shipment_track`
--

CREATE TABLE `sales_shipment_track` (
  `entity_id` int(10) unsigned NOT NULL AUTO_INCREMENT COMMENT 'Entity ID',
  `parent_id` int(10) unsigned NOT NULL COMMENT 'Parent ID',
  `weight` decimal(12,4) DEFAULT NULL COMMENT 'Weight',
  `qty` decimal(12,4) DEFAULT NULL COMMENT 'Qty',
  `order_id` int(10) unsigned NOT NULL COMMENT 'Order ID',
  `track_number` text COMMENT 'Number',
  `description` text COMMENT 'Description',
  `title` varchar(255) DEFAULT NULL COMMENT 'Title',
  `carrier_code` varchar(32) DEFAULT NULL COMMENT 'Carrier Code',
  `created_at` timestamp NOT NULL DEFAULT CURRENT_TIMESTAMP COMMENT 'Created At',
  `updated_at` timestamp NOT NULL DEFAULT CURRENT_TIMESTAMP ON UPDATE CURRENT_TIMESTAMP COMMENT 'Updated At',
  PRIMARY KEY (`entity_id`),
  KEY `SALES_SHIPMENT_TRACK_PARENT_ID` (`parent_id`),
  KEY `SALES_SHIPMENT_TRACK_ORDER_ID` (`order_id`),
  KEY `SALES_SHIPMENT_TRACK_CREATED_AT` (`created_at`),
  CONSTRAINT `SALES_SHIPMENT_TRACK_PARENT_ID_SALES_SHIPMENT_ENTITY_ID` FOREIGN KEY (`parent_id`) REFERENCES `sales_shipment` (`entity_id`) ON DELETE CASCADE
) ENGINE=InnoDB DEFAULT CHARSET=utf8 COMMENT='Sales Flat Shipment Track';

--
-- Dumping data for table `sales_shipment_track`
--


--
-- Table structure for table `sales_shipping_aggregated`
--

CREATE TABLE `sales_shipping_aggregated` (
  `id` int(10) unsigned NOT NULL AUTO_INCREMENT COMMENT 'ID',
  `period` date DEFAULT NULL COMMENT 'Period',
  `store_id` smallint(5) unsigned DEFAULT NULL COMMENT 'Store ID',
  `order_status` varchar(50) DEFAULT NULL COMMENT 'Order Status',
  `shipping_description` varchar(255) DEFAULT NULL COMMENT 'Shipping Description',
  `orders_count` int(11) NOT NULL DEFAULT '0' COMMENT 'Orders Count',
  `total_shipping` decimal(20,4) DEFAULT NULL COMMENT 'Total Shipping',
  `total_shipping_actual` decimal(20,4) DEFAULT NULL COMMENT 'Total Shipping Actual',
  PRIMARY KEY (`id`),
  UNIQUE KEY `SALES_SHPP_AGGRED_PERIOD_STORE_ID_ORDER_STS_SHPP_DESCRIPTION` (`period`,`store_id`,`order_status`,`shipping_description`),
  KEY `SALES_SHIPPING_AGGREGATED_STORE_ID` (`store_id`),
  CONSTRAINT `SALES_SHIPPING_AGGREGATED_STORE_ID_STORE_STORE_ID` FOREIGN KEY (`store_id`) REFERENCES `store` (`store_id`) ON DELETE SET NULL
) ENGINE=InnoDB DEFAULT CHARSET=utf8 COMMENT='Sales Shipping Aggregated';

--
-- Dumping data for table `sales_shipping_aggregated`
--


--
-- Table structure for table `sales_shipping_aggregated_order`
--

CREATE TABLE `sales_shipping_aggregated_order` (
  `id` int(10) unsigned NOT NULL AUTO_INCREMENT COMMENT 'ID',
  `period` date DEFAULT NULL COMMENT 'Period',
  `store_id` smallint(5) unsigned DEFAULT NULL COMMENT 'Store ID',
  `order_status` varchar(50) DEFAULT NULL COMMENT 'Order Status',
  `shipping_description` varchar(255) DEFAULT NULL COMMENT 'Shipping Description',
  `orders_count` int(11) NOT NULL DEFAULT '0' COMMENT 'Orders Count',
  `total_shipping` decimal(20,4) DEFAULT NULL COMMENT 'Total Shipping',
  `total_shipping_actual` decimal(20,4) DEFAULT NULL COMMENT 'Total Shipping Actual',
  PRIMARY KEY (`id`),
  UNIQUE KEY `UNQ_C05FAE47282EEA68654D0924E946761F` (`period`,`store_id`,`order_status`,`shipping_description`),
  KEY `SALES_SHIPPING_AGGREGATED_ORDER_STORE_ID` (`store_id`),
  CONSTRAINT `SALES_SHIPPING_AGGREGATED_ORDER_STORE_ID_STORE_STORE_ID` FOREIGN KEY (`store_id`) REFERENCES `store` (`store_id`) ON DELETE SET NULL
) ENGINE=InnoDB DEFAULT CHARSET=utf8 COMMENT='Sales Shipping Aggregated Order';

--
-- Dumping data for table `sales_shipping_aggregated_order`
--


--
-- Table structure for table `salesrule`
--

CREATE TABLE `salesrule` (
  `rule_id` int(10) unsigned NOT NULL AUTO_INCREMENT COMMENT 'Entity ID',
  `name` varchar(255) DEFAULT NULL COMMENT 'Name',
  `description` text COMMENT 'Description',
  `from_date` date DEFAULT NULL COMMENT 'From',
  `to_date` date DEFAULT NULL COMMENT 'To',
  `uses_per_customer` int(11) NOT NULL DEFAULT '0' COMMENT 'Uses Per Customer',
  `is_active` smallint(6) NOT NULL DEFAULT '0' COMMENT 'Is Active',
  `conditions_serialized` mediumtext COMMENT 'Conditions Serialized',
  `actions_serialized` mediumtext COMMENT 'Actions Serialized',
  `stop_rules_processing` smallint(6) NOT NULL DEFAULT '1' COMMENT 'Stop Rules Processing',
  `is_advanced` smallint(5) unsigned NOT NULL DEFAULT '1' COMMENT 'Is Advanced',
  `product_ids` text COMMENT 'Product Ids',
  `sort_order` int(10) unsigned NOT NULL DEFAULT '0' COMMENT 'Sort Order',
  `simple_action` varchar(32) DEFAULT NULL COMMENT 'Simple Action',
  `discount_amount` decimal(12,4) NOT NULL DEFAULT '0.0000' COMMENT 'Discount Amount',
  `discount_qty` decimal(12,4) DEFAULT NULL COMMENT 'Discount Qty',
  `discount_step` int(10) unsigned NOT NULL DEFAULT '0' COMMENT 'Discount Step',
  `apply_to_shipping` smallint(5) unsigned NOT NULL DEFAULT '0' COMMENT 'Apply To Shipping',
  `times_used` int(10) unsigned NOT NULL DEFAULT '0' COMMENT 'Times Used',
  `is_rss` smallint(6) NOT NULL DEFAULT '0' COMMENT 'Is Rss',
  `coupon_type` smallint(5) unsigned NOT NULL DEFAULT '1' COMMENT 'Coupon Type',
  `use_auto_generation` smallint(6) NOT NULL DEFAULT '0' COMMENT 'Use Auto Generation',
  `uses_per_coupon` int(11) NOT NULL DEFAULT '0' COMMENT 'User Per Coupon',
  `simple_free_shipping` smallint(5) unsigned NOT NULL DEFAULT '0' COMMENT 'Simple Free Shipping',
  PRIMARY KEY (`rule_id`),
  KEY `SALESRULE_IS_ACTIVE_SORT_ORDER_TO_DATE_FROM_DATE` (`is_active`,`sort_order`,`to_date`,`from_date`)
) ENGINE=InnoDB AUTO_INCREMENT=13 DEFAULT CHARSET=utf8 COMMENT='Salesrule';

--
-- Dumping data for table `salesrule`
--

INSERT INTO `salesrule` VALUES (1,'Buy 3 tee shirts and get the 4th free','Buy 3 tee shirts and get the 4th free',NULL,NULL,0,1,'{\"type\":\"Magento\\\\SalesRule\\\\Model\\\\Rule\\\\Condition\\\\Combine\",\"attribute\":null,\"operator\":null,\"value\":\"1\",\"is_value_processed\":null,\"aggregator\":\"all\",\"conditions\":[{\"type\":\"Magento\\\\SalesRule\\\\Model\\\\Rule\\\\Condition\\\\Product\\\\Found\",\"attribute\":null,\"operator\":null,\"value\":\"1\",\"is_value_processed\":null,\"aggregator\":\"all\",\"conditions\":[{\"type\":\"Magento\\\\SalesRule\\\\Model\\\\Rule\\\\Condition\\\\Product\",\"attribute\":\"category_ids\",\"operator\":\"()\",\"value\":\"25,16\",\"is_value_processed\":false,\"attribute_scope\":null}]}]}','{\"type\":\"Magento\\\\SalesRule\\\\Model\\\\Rule\\\\Condition\\\\Product\\\\Combine\",\"attribute\":null,\"operator\":null,\"value\":\"1\",\"is_value_processed\":null,\"aggregator\":\"all\"}',0,1,NULL,0,'buy_x_get_y',1.0000,NULL,3,0,2,1,1,0,0,0),(2,'Spend $50 or more - shipping is free!','Free shipping on any purchase over $50',NULL,NULL,0,1,'{\"type\":\"Magento\\\\SalesRule\\\\Model\\\\Rule\\\\Condition\\\\Combine\",\"attribute\":null,\"operator\":null,\"value\":\"1\",\"is_value_processed\":null,\"aggregator\":\"all\",\"conditions\":[{\"type\":\"Magento\\\\SalesRule\\\\Model\\\\Rule\\\\Condition\\\\Address\",\"attribute\":\"base_subtotal\",\"operator\":\">=\",\"value\":\"50\",\"is_value_processed\":false}]}','{\"type\":\"Magento\\\\SalesRule\\\\Model\\\\Rule\\\\Condition\\\\Product\\\\Combine\",\"attribute\":null,\"operator\":null,\"value\":\"1\",\"is_value_processed\":null,\"aggregator\":\"all\"}',0,1,NULL,0,'by_percent',0.0000,NULL,0,0,0,1,1,0,0,2),(3,'20% OFF Ever $200-plus purchase!*','Shopping cart price rule for the cart over $200. Does not applied on other sales items',NULL,NULL,0,1,'{\"type\":\"Magento\\\\SalesRule\\\\Model\\\\Rule\\\\Condition\\\\Combine\",\"attribute\":null,\"operator\":null,\"value\":\"1\",\"is_value_processed\":null,\"aggregator\":\"all\",\"conditions\":[{\"type\":\"Magento\\\\SalesRule\\\\Model\\\\Rule\\\\Condition\\\\Address\",\"attribute\":\"base_subtotal\",\"operator\":\">=\",\"value\":\"200\",\"is_value_processed\":false}]}','{\"type\":\"Magento\\\\SalesRule\\\\Model\\\\Rule\\\\Condition\\\\Product\\\\Combine\",\"attribute\":null,\"operator\":null,\"value\":\"1\",\"is_value_processed\":null,\"aggregator\":\"all\",\"conditions\":[{\"type\":\"Magento\\\\SalesRule\\\\Model\\\\Rule\\\\Condition\\\\Product\\\\Combine\",\"attribute\":null,\"operator\":null,\"value\":\"0\",\"is_value_processed\":null,\"aggregator\":\"all\",\"conditions\":[{\"type\":\"Magento\\\\SalesRule\\\\Model\\\\Rule\\\\Condition\\\\Product\",\"attribute\":\"category_ids\",\"operator\":\"==\",\"value\":\"6\",\"is_value_processed\":false,\"attribute_scope\":null},{\"type\":\"Magento\\\\SalesRule\\\\Model\\\\Rule\\\\Condition\\\\Product\",\"attribute\":\"sale\",\"operator\":\"==\",\"value\":\"1\",\"is_value_processed\":false,\"attribute_scope\":null}]}]}',0,1,NULL,0,'by_percent',20.0000,NULL,0,0,0,1,1,0,0,0),(4,'$4 Luma water bottle (save 70%)','Use promo code H20 at checkout',NULL,NULL,1,1,'{\"type\":\"Magento\\\\SalesRule\\\\Model\\\\Rule\\\\Condition\\\\Combine\",\"attribute\":null,\"operator\":null,\"value\":\"1\",\"is_value_processed\":null,\"aggregator\":\"all\",\"conditions\":[{\"type\":\"Magento\\\\SalesRule\\\\Model\\\\Rule\\\\Condition\\\\Product\\\\Found\",\"attribute\":null,\"operator\":null,\"value\":\"1\",\"is_value_processed\":null,\"aggregator\":\"all\"}]}','{\"type\":\"Magento\\\\SalesRule\\\\Model\\\\Rule\\\\Condition\\\\Product\\\\Combine\",\"attribute\":null,\"operator\":null,\"value\":\"1\",\"is_value_processed\":null,\"aggregator\":\"all\",\"conditions\":[{\"type\":\"Magento\\\\SalesRule\\\\Model\\\\Rule\\\\Condition\\\\Product\",\"attribute\":\"sku\",\"operator\":\"==\",\"value\":\"24-UG06\",\"is_value_processed\":false,\"attribute_scope\":null}]}',0,1,NULL,0,'by_percent',70.0000,NULL,0,0,0,1,2,0,0,0),(12,'Import coupon','Import coupon','2023-04-27',NULL,0,1,'{\"type\":\"Magento\\\\SalesRule\\\\Model\\\\Rule\\\\Condition\\\\Combine\",\"attribute\":null,\"operator\":null,\"value\":true,\"is_value_processed\":null,\"aggregator\":\"all\"}','{\"type\":\"Magento\\\\SalesRule\\\\Model\\\\Rule\\\\Condition\\\\Product\\\\Combine\",\"attribute\":null,\"operator\":null,\"value\":\"1\",\"is_value_processed\":null,\"aggregator\":\"all\"}',1,1,NULL,0,'by_fixed',20.0000,NULL,0,0,0,1,2,1,0,0);

--
-- Table structure for table `salesrule_coupon`
--

CREATE TABLE `salesrule_coupon` (
  `coupon_id` int(10) unsigned NOT NULL AUTO_INCREMENT COMMENT 'Coupon ID',
  `rule_id` int(10) unsigned NOT NULL COMMENT 'Rule ID',
  `code` varchar(255) DEFAULT NULL COMMENT 'Code',
  `usage_limit` int(10) unsigned DEFAULT NULL COMMENT 'Usage Limit',
  `usage_per_customer` int(10) unsigned DEFAULT NULL COMMENT 'Usage Per Customer',
  `times_used` int(10) unsigned NOT NULL DEFAULT '0' COMMENT 'Times Used',
  `expiration_date` datetime DEFAULT NULL COMMENT 'Expiration Date',
  `is_primary` smallint(5) unsigned DEFAULT NULL COMMENT 'Is Primary',
  `created_at` timestamp NULL DEFAULT NULL COMMENT 'Coupon Code Creation Date',
  `type` smallint(6) DEFAULT '0' COMMENT 'Coupon Code Type',
  `generated_by_dotmailer` smallint(6) DEFAULT NULL COMMENT '1 = Generated by dotmailer',
  PRIMARY KEY (`coupon_id`),
  UNIQUE KEY `SALESRULE_COUPON_CODE` (`code`),
  UNIQUE KEY `SALESRULE_COUPON_RULE_ID_IS_PRIMARY` (`rule_id`,`is_primary`),
  KEY `SALESRULE_COUPON_RULE_ID` (`rule_id`),
  CONSTRAINT `SALESRULE_COUPON_RULE_ID_SALESRULE_RULE_ID` FOREIGN KEY (`rule_id`) REFERENCES `salesrule` (`rule_id`) ON DELETE CASCADE
) ENGINE=InnoDB AUTO_INCREMENT=84 DEFAULT CHARSET=utf8 COMMENT='Salesrule Coupon';

--
-- Dumping data for table `salesrule_coupon`
--

INSERT INTO `salesrule_coupon` VALUES (1,4,'H20',NULL,1,0,NULL,1,NULL,0,NULL),(76,12,'PROMO_BK857',0,0,0,NULL,NULL,'2023-04-27 00:00:00',1,NULL),(77,12,'PROMO_HA717',0,0,0,NULL,NULL,'2023-04-27 00:00:00',1,NULL),(78,12,'PROMO_ZR139',0,0,0,NULL,NULL,'2023-04-27 00:00:00',1,NULL),(79,12,'PROMO_ZD690',0,0,0,NULL,NULL,'2023-04-27 00:00:00',1,NULL),(80,12,'BBBBBBBBBB',0,0,0,'2023-05-15 00:00:00',NULL,'2023-05-15 00:00:00',1,NULL),(81,12,'WH2EDAYM7AAN',0,0,0,NULL,NULL,'2023-04-27 00:00:00',1,NULL),(82,12,'FNSF74DOZ7Q1',0,0,0,NULL,NULL,'2023-04-27 00:00:00',1,NULL),(83,12,'MCJHGDMHEN62',0,0,0,NULL,NULL,'2023-04-27 00:00:00',1,NULL);

--
-- Table structure for table `salesrule_coupon_aggregated`
--

CREATE TABLE `salesrule_coupon_aggregated` (
  `id` int(10) unsigned NOT NULL AUTO_INCREMENT COMMENT 'ID',
  `period` date NOT NULL COMMENT 'Period',
  `store_id` smallint(5) unsigned DEFAULT NULL COMMENT 'Store ID',
  `order_status` varchar(50) DEFAULT NULL COMMENT 'Order Status',
  `coupon_code` varchar(50) DEFAULT NULL COMMENT 'Coupon Code',
  `coupon_uses` int(11) NOT NULL DEFAULT '0' COMMENT 'Coupon Uses',
  `subtotal_amount` decimal(20,4) NOT NULL DEFAULT '0.0000' COMMENT 'Subtotal Amount',
  `discount_amount` decimal(12,4) NOT NULL DEFAULT '0.0000' COMMENT 'Discount Amount',
  `total_amount` decimal(20,4) NOT NULL DEFAULT '0.0000' COMMENT 'Total Amount',
  `subtotal_amount_actual` decimal(20,4) NOT NULL DEFAULT '0.0000' COMMENT 'Subtotal Amount Actual',
  `discount_amount_actual` decimal(12,4) NOT NULL DEFAULT '0.0000' COMMENT 'Discount Amount Actual',
  `total_amount_actual` decimal(20,4) NOT NULL DEFAULT '0.0000' COMMENT 'Total Amount Actual',
  `rule_name` varchar(255) DEFAULT NULL COMMENT 'Rule Name',
  PRIMARY KEY (`id`),
  UNIQUE KEY `SALESRULE_COUPON_AGGRED_PERIOD_STORE_ID_ORDER_STS_COUPON_CODE` (`period`,`store_id`,`order_status`,`coupon_code`),
  KEY `SALESRULE_COUPON_AGGREGATED_STORE_ID` (`store_id`),
  KEY `SALESRULE_COUPON_AGGREGATED_RULE_NAME` (`rule_name`),
  CONSTRAINT `SALESRULE_COUPON_AGGREGATED_STORE_ID_STORE_STORE_ID` FOREIGN KEY (`store_id`) REFERENCES `store` (`store_id`) ON DELETE CASCADE
) ENGINE=InnoDB DEFAULT CHARSET=utf8 COMMENT='Coupon Aggregated';

--
-- Dumping data for table `salesrule_coupon_aggregated`
--


--
-- Table structure for table `salesrule_coupon_aggregated_order`
--

CREATE TABLE `salesrule_coupon_aggregated_order` (
  `id` int(10) unsigned NOT NULL AUTO_INCREMENT COMMENT 'ID',
  `period` date NOT NULL COMMENT 'Period',
  `store_id` smallint(5) unsigned DEFAULT NULL COMMENT 'Store ID',
  `order_status` varchar(50) DEFAULT NULL COMMENT 'Order Status',
  `coupon_code` varchar(50) DEFAULT NULL COMMENT 'Coupon Code',
  `coupon_uses` int(11) NOT NULL DEFAULT '0' COMMENT 'Coupon Uses',
  `subtotal_amount` decimal(20,4) NOT NULL DEFAULT '0.0000' COMMENT 'Subtotal Amount',
  `discount_amount` decimal(12,4) NOT NULL DEFAULT '0.0000' COMMENT 'Discount Amount',
  `total_amount` decimal(20,4) NOT NULL DEFAULT '0.0000' COMMENT 'Total Amount',
  `rule_name` varchar(255) DEFAULT NULL COMMENT 'Rule Name',
  PRIMARY KEY (`id`),
  UNIQUE KEY `UNQ_1094D1FBBCBB11704A29DEF3ACC37D2B` (`period`,`store_id`,`order_status`,`coupon_code`),
  KEY `SALESRULE_COUPON_AGGREGATED_ORDER_STORE_ID` (`store_id`),
  KEY `SALESRULE_COUPON_AGGREGATED_ORDER_RULE_NAME` (`rule_name`),
  CONSTRAINT `SALESRULE_COUPON_AGGREGATED_ORDER_STORE_ID_STORE_STORE_ID` FOREIGN KEY (`store_id`) REFERENCES `store` (`store_id`) ON DELETE CASCADE
) ENGINE=InnoDB DEFAULT CHARSET=utf8 COMMENT='Coupon Aggregated Order';

--
-- Dumping data for table `salesrule_coupon_aggregated_order`
--


--
-- Table structure for table `salesrule_coupon_aggregated_updated`
--

CREATE TABLE `salesrule_coupon_aggregated_updated` (
  `id` int(10) unsigned NOT NULL AUTO_INCREMENT COMMENT 'ID',
  `period` date NOT NULL COMMENT 'Period',
  `store_id` smallint(5) unsigned DEFAULT NULL COMMENT 'Store ID',
  `order_status` varchar(50) DEFAULT NULL COMMENT 'Order Status',
  `coupon_code` varchar(50) DEFAULT NULL COMMENT 'Coupon Code',
  `coupon_uses` int(11) NOT NULL DEFAULT '0' COMMENT 'Coupon Uses',
  `subtotal_amount` decimal(20,4) NOT NULL DEFAULT '0.0000' COMMENT 'Subtotal Amount',
  `discount_amount` decimal(12,4) NOT NULL DEFAULT '0.0000' COMMENT 'Discount Amount',
  `total_amount` decimal(20,4) NOT NULL DEFAULT '0.0000' COMMENT 'Total Amount',
  `subtotal_amount_actual` decimal(20,4) NOT NULL DEFAULT '0.0000' COMMENT 'Subtotal Amount Actual',
  `discount_amount_actual` decimal(12,4) NOT NULL DEFAULT '0.0000' COMMENT 'Discount Amount Actual',
  `total_amount_actual` decimal(20,4) NOT NULL DEFAULT '0.0000' COMMENT 'Total Amount Actual',
  `rule_name` varchar(255) DEFAULT NULL COMMENT 'Rule Name',
  PRIMARY KEY (`id`),
  UNIQUE KEY `UNQ_7196FA120A4F0F84E1B66605E87E213E` (`period`,`store_id`,`order_status`,`coupon_code`),
  KEY `SALESRULE_COUPON_AGGREGATED_UPDATED_STORE_ID` (`store_id`),
  KEY `SALESRULE_COUPON_AGGREGATED_UPDATED_RULE_NAME` (`rule_name`),
  CONSTRAINT `SALESRULE_COUPON_AGGREGATED_UPDATED_STORE_ID_STORE_STORE_ID` FOREIGN KEY (`store_id`) REFERENCES `store` (`store_id`) ON DELETE CASCADE
) ENGINE=InnoDB DEFAULT CHARSET=utf8 COMMENT='Salesrule Coupon Aggregated Updated';

--
-- Dumping data for table `salesrule_coupon_aggregated_updated`
--


--
-- Table structure for table `salesrule_coupon_usage`
--

CREATE TABLE `salesrule_coupon_usage` (
  `coupon_id` int(10) unsigned NOT NULL COMMENT 'Coupon ID',
  `customer_id` int(10) unsigned NOT NULL COMMENT 'Customer ID',
  `times_used` int(10) unsigned NOT NULL DEFAULT '0' COMMENT 'Times Used',
  PRIMARY KEY (`coupon_id`,`customer_id`),
  KEY `SALESRULE_COUPON_USAGE_CUSTOMER_ID` (`customer_id`),
  CONSTRAINT `SALESRULE_COUPON_USAGE_COUPON_ID_SALESRULE_COUPON_COUPON_ID` FOREIGN KEY (`coupon_id`) REFERENCES `salesrule_coupon` (`coupon_id`) ON DELETE CASCADE,
  CONSTRAINT `SALESRULE_COUPON_USAGE_CUSTOMER_ID_CUSTOMER_ENTITY_ENTITY_ID` FOREIGN KEY (`customer_id`) REFERENCES `customer_entity` (`entity_id`) ON DELETE CASCADE
) ENGINE=InnoDB DEFAULT CHARSET=utf8 COMMENT='Salesrule Coupon Usage';

--
-- Dumping data for table `salesrule_coupon_usage`
--


--
-- Table structure for table `salesrule_customer`
--

CREATE TABLE `salesrule_customer` (
  `rule_customer_id` int(10) unsigned NOT NULL AUTO_INCREMENT COMMENT 'Rule Customer ID',
  `rule_id` int(10) unsigned NOT NULL DEFAULT '0' COMMENT 'Rule ID',
  `customer_id` int(10) unsigned NOT NULL DEFAULT '0' COMMENT 'Customer ID',
  `times_used` smallint(5) unsigned NOT NULL DEFAULT '0' COMMENT 'Times Used',
  PRIMARY KEY (`rule_customer_id`),
  KEY `SALESRULE_CUSTOMER_RULE_ID_CUSTOMER_ID` (`rule_id`,`customer_id`),
  KEY `SALESRULE_CUSTOMER_CUSTOMER_ID_RULE_ID` (`customer_id`,`rule_id`),
  CONSTRAINT `SALESRULE_CUSTOMER_CUSTOMER_ID_CUSTOMER_ENTITY_ENTITY_ID` FOREIGN KEY (`customer_id`) REFERENCES `customer_entity` (`entity_id`) ON DELETE CASCADE,
  CONSTRAINT `SALESRULE_CUSTOMER_RULE_ID_SALESRULE_RULE_ID` FOREIGN KEY (`rule_id`) REFERENCES `salesrule` (`rule_id`) ON DELETE CASCADE
) ENGINE=InnoDB AUTO_INCREMENT=2 DEFAULT CHARSET=utf8 COMMENT='Salesrule Customer';

--
-- Dumping data for table `salesrule_customer`
--

INSERT INTO `salesrule_customer` VALUES (1,1,1,2);

--
-- Table structure for table `salesrule_customer_group`
--

CREATE TABLE `salesrule_customer_group` (
  `rule_id` int(10) unsigned NOT NULL COMMENT 'Rule ID',
  `customer_group_id` int(10) unsigned NOT NULL COMMENT 'Customer Group ID',
  PRIMARY KEY (`rule_id`,`customer_group_id`),
  KEY `SALESRULE_CUSTOMER_GROUP_CUSTOMER_GROUP_ID` (`customer_group_id`),
  CONSTRAINT `SALESRULE_CSTR_GROUP_CSTR_GROUP_ID_CSTR_GROUP_CSTR_GROUP_ID` FOREIGN KEY (`customer_group_id`) REFERENCES `customer_group` (`customer_group_id`) ON DELETE CASCADE,
  CONSTRAINT `SALESRULE_CUSTOMER_GROUP_RULE_ID_SALESRULE_RULE_ID` FOREIGN KEY (`rule_id`) REFERENCES `salesrule` (`rule_id`) ON DELETE CASCADE
) ENGINE=InnoDB DEFAULT CHARSET=utf8 COMMENT='Sales Rules To Customer Groups Relations';

--
-- Dumping data for table `salesrule_customer_group`
--

INSERT INTO `salesrule_customer_group` VALUES (1,0),(2,0),(3,0),(4,0),(12,0),(1,1),(2,1),(3,1),(4,1),(12,1),(1,2),(2,2),(3,2),(4,2),(12,2),(1,3),(2,3),(3,3),(4,3),(12,3);

--
-- Table structure for table `salesrule_label`
--

CREATE TABLE `salesrule_label` (
  `label_id` int(10) unsigned NOT NULL AUTO_INCREMENT COMMENT 'Label ID',
  `rule_id` int(10) unsigned NOT NULL COMMENT 'Rule ID',
  `store_id` smallint(5) unsigned NOT NULL COMMENT 'Store ID',
  `label` varchar(255) DEFAULT NULL COMMENT 'Label',
  PRIMARY KEY (`label_id`),
  UNIQUE KEY `SALESRULE_LABEL_RULE_ID_STORE_ID` (`rule_id`,`store_id`),
  KEY `SALESRULE_LABEL_STORE_ID` (`store_id`),
  CONSTRAINT `SALESRULE_LABEL_RULE_ID_SALESRULE_RULE_ID` FOREIGN KEY (`rule_id`) REFERENCES `salesrule` (`rule_id`) ON DELETE CASCADE,
  CONSTRAINT `SALESRULE_LABEL_STORE_ID_STORE_STORE_ID` FOREIGN KEY (`store_id`) REFERENCES `store` (`store_id`) ON DELETE CASCADE
) ENGINE=InnoDB DEFAULT CHARSET=utf8 COMMENT='Salesrule Label';

--
-- Dumping data for table `salesrule_label`
--


--
-- Table structure for table `salesrule_product_attribute`
--

CREATE TABLE `salesrule_product_attribute` (
  `rule_id` int(10) unsigned NOT NULL COMMENT 'Rule ID',
  `website_id` smallint(5) unsigned NOT NULL COMMENT 'Website ID',
  `customer_group_id` int(10) unsigned NOT NULL COMMENT 'Customer Group ID',
  `attribute_id` smallint(5) unsigned NOT NULL COMMENT 'Attribute ID',
  PRIMARY KEY (`rule_id`,`website_id`,`customer_group_id`,`attribute_id`),
  KEY `SALESRULE_PRODUCT_ATTRIBUTE_WEBSITE_ID` (`website_id`),
  KEY `SALESRULE_PRODUCT_ATTRIBUTE_CUSTOMER_GROUP_ID` (`customer_group_id`),
  KEY `SALESRULE_PRODUCT_ATTRIBUTE_ATTRIBUTE_ID` (`attribute_id`),
  CONSTRAINT `SALESRULE_PRD_ATTR_ATTR_ID_EAV_ATTR_ATTR_ID` FOREIGN KEY (`attribute_id`) REFERENCES `eav_attribute` (`attribute_id`) ON DELETE CASCADE,
  CONSTRAINT `SALESRULE_PRD_ATTR_CSTR_GROUP_ID_CSTR_GROUP_CSTR_GROUP_ID` FOREIGN KEY (`customer_group_id`) REFERENCES `customer_group` (`customer_group_id`) ON DELETE CASCADE,
  CONSTRAINT `SALESRULE_PRODUCT_ATTRIBUTE_RULE_ID_SALESRULE_RULE_ID` FOREIGN KEY (`rule_id`) REFERENCES `salesrule` (`rule_id`) ON DELETE CASCADE,
  CONSTRAINT `SALESRULE_PRODUCT_ATTRIBUTE_WEBSITE_ID_STORE_WEBSITE_WEBSITE_ID` FOREIGN KEY (`website_id`) REFERENCES `store_website` (`website_id`) ON DELETE CASCADE
) ENGINE=InnoDB DEFAULT CHARSET=utf8 COMMENT='Salesrule Product Attribute';

--
-- Dumping data for table `salesrule_product_attribute`
--

INSERT INTO `salesrule_product_attribute` VALUES (1,1,0,105),(1,1,1,105),(1,1,2,105),(1,1,3,105),(3,1,0,105),(3,1,0,147),(3,1,1,105),(3,1,1,147),(3,1,2,105),(3,1,2,147),(3,1,3,105),(3,1,3,147),(4,1,0,74),(4,1,1,74),(4,1,2,74),(4,1,3,74);

--
-- Table structure for table `salesrule_website`
--

CREATE TABLE `salesrule_website` (
  `rule_id` int(10) unsigned NOT NULL COMMENT 'Rule ID',
  `website_id` smallint(5) unsigned NOT NULL COMMENT 'Website ID',
  PRIMARY KEY (`rule_id`,`website_id`),
  KEY `SALESRULE_WEBSITE_WEBSITE_ID` (`website_id`),
  CONSTRAINT `SALESRULE_WEBSITE_RULE_ID_SALESRULE_RULE_ID` FOREIGN KEY (`rule_id`) REFERENCES `salesrule` (`rule_id`) ON DELETE CASCADE,
  CONSTRAINT `SALESRULE_WEBSITE_WEBSITE_ID_STORE_WEBSITE_WEBSITE_ID` FOREIGN KEY (`website_id`) REFERENCES `store_website` (`website_id`) ON DELETE CASCADE
) ENGINE=InnoDB DEFAULT CHARSET=utf8 COMMENT='Sales Rules To Websites Relations';

--
-- Dumping data for table `salesrule_website`
--

INSERT INTO `salesrule_website` VALUES (1,1),(2,1),(3,1),(4,1),(12,1),(12,7);

--
-- Table structure for table `search_query`
--

CREATE TABLE `search_query` (
  `query_id` int(10) unsigned NOT NULL AUTO_INCREMENT COMMENT 'Query ID',
  `query_text` varchar(255) DEFAULT NULL COMMENT 'Query text',
  `num_results` int(10) unsigned NOT NULL DEFAULT '0' COMMENT 'Num results',
  `popularity` int(10) unsigned NOT NULL DEFAULT '0' COMMENT 'Popularity',
  `redirect` varchar(255) DEFAULT NULL COMMENT 'Redirect',
  `store_id` smallint(5) unsigned NOT NULL DEFAULT '0' COMMENT 'Store ID',
  `display_in_terms` smallint(6) NOT NULL DEFAULT '1' COMMENT 'Display in terms',
  `is_active` smallint(6) DEFAULT '1' COMMENT 'Active status',
  `is_processed` smallint(6) DEFAULT '0' COMMENT 'Processed status',
  `updated_at` timestamp NOT NULL DEFAULT CURRENT_TIMESTAMP ON UPDATE CURRENT_TIMESTAMP COMMENT 'Updated at',
  PRIMARY KEY (`query_id`),
  UNIQUE KEY `SEARCH_QUERY_QUERY_TEXT_STORE_ID` (`query_text`,`store_id`),
  KEY `SEARCH_QUERY_QUERY_TEXT_STORE_ID_POPULARITY` (`query_text`,`store_id`,`popularity`),
  KEY `SEARCH_QUERY_STORE_ID` (`store_id`),
  KEY `SEARCH_QUERY_IS_PROCESSED` (`is_processed`),
  KEY `SEARCH_QUERY_STORE_ID_POPULARITY` (`store_id`,`popularity`),
  CONSTRAINT `SEARCH_QUERY_STORE_ID_STORE_STORE_ID` FOREIGN KEY (`store_id`) REFERENCES `store` (`store_id`) ON DELETE CASCADE
) ENGINE=InnoDB AUTO_INCREMENT=254 DEFAULT CHARSET=utf8 COMMENT='Search query table';

--
-- Dumping data for table `search_query`
--

INSERT INTO `search_query` VALUES (1,'fusion',3,1,NULL,5,1,1,0,'2022-11-02 07:57:40'),(3,'wer',0,3,NULL,6,1,1,0,'2022-11-02 10:20:26'),(9,'bag',8,5,NULL,6,1,1,0,'2022-11-02 10:38:01'),(17,'nzs',0,1,NULL,6,1,1,0,'2022-11-02 10:32:04'),(22,'qwe',0,1,NULL,6,1,1,0,'2022-11-02 10:50:53'),(24,'mb01',1,3,NULL,6,1,1,0,'2022-11-03 11:31:59'),(25,'MB04',1,1,NULL,5,1,1,0,'2023-01-02 13:13:25'),(26,'MJ01-L-Yellow',103,75,NULL,12,1,1,0,'2024-08-30 09:17:19'),(27,'全球通WhatsAppmarketing模式-(⏩官方网站：whats',6,1,NULL,13,1,1,0,'2023-02-25 10:42:25'),(29,'24-MB01',35,3,NULL,11,1,1,0,'2023-08-04 10:24:05'),(31,'crown',1,1,NULL,5,1,1,0,'2023-03-15 05:26:18'),(32,'mj01',1,5,NULL,5,1,1,0,'2024-01-19 09:56:13'),(33,'mj01123',0,1,NULL,5,1,1,0,'2023-03-15 13:01:45'),(35,'hyperion',1,14,NULL,12,1,1,0,'2023-04-26 06:32:07'),(36,'24+mj01',36,1,NULL,11,1,1,0,'2023-04-26 08:00:12'),(39,'breathe+easy+trail+xs+yellow',123,2,NULL,12,1,1,0,'2024-03-22 07:40:44'),(40,'mj01',1,3,NULL,12,1,1,0,'2024-02-16 09:24:16'),(50,'24+mh07',36,1,NULL,11,1,1,0,'2023-09-06 06:46:51'),(52,'breathe+easy+took+xs+yellow',117,2,NULL,12,1,1,0,'2024-03-22 10:14:43'),(53,'mj03',1,1,NULL,6,1,1,0,'2023-09-14 14:41:06'),(56,'mj02',1,1,NULL,5,1,1,0,'2023-09-18 12:27:18'),(57,'mb01',1,1,NULL,2,1,1,0,'2023-09-19 09:56:35'),(58,'mh01',1,12,NULL,11,1,1,0,'2023-09-20 10:31:48'),(59,'xl+green',117,6,NULL,12,1,1,0,'2024-02-16 10:43:32'),(61,'mh01',1,1,NULL,6,1,1,0,'2023-11-03 05:15:01'),(64,'color',20,3,NULL,12,1,1,0,'2024-08-30 09:15:10'),(66,'breathe+easy+tank+xs+yellow',116,1,NULL,12,1,1,0,'2024-02-16 09:28:41'),(67,'tees',27,1,NULL,11,1,1,0,'2023-12-15 06:01:18'),(69,'bag',8,1,NULL,11,1,1,0,'2023-12-15 06:01:25'),(71,'cold',20,3,NULL,12,1,1,0,'2024-08-30 09:15:03'),(75,'breathe+easily+tote+xs+yellow',111,1,NULL,12,1,1,0,'2024-02-16 09:47:41'),(77,'breathe+easy+tone+xs+yellow',119,1,NULL,12,1,1,0,'2024-02-16 09:28:36'),(82,'breathe+easily+tank+xs+yellow',106,5,NULL,12,1,1,0,'2024-02-16 10:05:00'),(96,'breathe easily track xs yellow',125,5,NULL,12,1,1,0,'2024-08-30 09:17:34'),(114,'coat',8,1,NULL,12,1,1,0,'2024-02-16 10:45:05'),(118,'breathe easy tote xs yellow',120,5,NULL,12,1,1,0,'2024-08-30 09:17:50'),(120,'breathe easy tank xs yellow',117,6,NULL,12,1,1,0,'2024-08-30 09:17:38'),(122,'cool',72,5,NULL,12,1,1,0,'2024-08-30 09:18:09'),(126,'breathe easy track xs yellow',131,5,NULL,12,1,1,0,'2024-08-30 09:17:56'),(128,'breathe easy train xs yellow',121,5,NULL,12,1,1,0,'2024-08-30 09:18:06'),(129,'mh07',1,1,NULL,12,1,1,0,'2024-05-17 07:36:04'),(131,'mj08',1,2,NULL,12,1,1,0,'2024-05-17 07:37:16'),(135,'breathe+easy+tote+xs+yellow',120,1,NULL,12,1,1,0,'2024-05-17 07:41:59'),(137,'mj09',1,2,NULL,12,1,1,0,'2024-05-17 10:18:50'),(138,'24+mh01',0,1,NULL,11,1,1,0,'2024-05-21 07:31:09'),(142,'breathe easily train xs yellow',112,1,NULL,12,1,1,0,'2024-08-30 09:14:15'),(144,'breathe easy trek xs yellow',119,1,NULL,12,1,1,0,'2024-08-30 09:14:19'),(148,'breathe easily tank xs yellow',107,4,NULL,12,1,1,0,'2024-08-30 09:17:27'),(150,'breathe easily tote xs yellow',112,4,NULL,12,1,1,0,'2024-08-30 09:17:31'),(156,'breathe easy tone xs yellow',120,4,NULL,12,1,1,0,'2024-08-30 09:17:41'),(158,'breathe easy took xs yellow',117,4,NULL,12,1,1,0,'2024-08-30 09:17:45'),(164,'breathe easy trail xs yellow',123,4,NULL,12,1,1,0,'2024-08-30 09:18:00'),(174,'xl green',118,4,NULL,12,1,1,0,'2024-08-30 09:18:14');

--
-- Table structure for table `search_synonyms`
--

CREATE TABLE `search_synonyms` (
  `group_id` bigint(20) unsigned NOT NULL AUTO_INCREMENT COMMENT 'Synonyms Group ID',
  `synonyms` text NOT NULL COMMENT 'list of synonyms making up this group',
  `store_id` smallint(5) unsigned NOT NULL DEFAULT '0' COMMENT 'Store ID - identifies the store view these synonyms belong to',
  `website_id` smallint(5) unsigned NOT NULL DEFAULT '0' COMMENT 'Website ID - identifies the website ID these synonyms belong to',
  PRIMARY KEY (`group_id`),
  KEY `SEARCH_SYNONYMS_STORE_ID` (`store_id`),
  KEY `SEARCH_SYNONYMS_WEBSITE_ID` (`website_id`),
  FULLTEXT KEY `SEARCH_SYNONYMS_SYNONYMS` (`synonyms`),
  CONSTRAINT `SEARCH_SYNONYMS_STORE_ID_STORE_STORE_ID` FOREIGN KEY (`store_id`) REFERENCES `store` (`store_id`) ON DELETE CASCADE,
  CONSTRAINT `SEARCH_SYNONYMS_WEBSITE_ID_STORE_WEBSITE_WEBSITE_ID` FOREIGN KEY (`website_id`) REFERENCES `store_website` (`website_id`) ON DELETE CASCADE
) ENGINE=InnoDB DEFAULT CHARSET=utf8 COMMENT='table storing various synonyms groups';

--
-- Dumping data for table `search_synonyms`
--


--
-- Table structure for table `sendfriend_log`
--

CREATE TABLE `sendfriend_log` (
  `log_id` int(10) unsigned NOT NULL AUTO_INCREMENT COMMENT 'Log ID',
  `ip` bigint(20) unsigned NOT NULL DEFAULT '0' COMMENT 'Customer IP address',
  `time` int(10) unsigned NOT NULL DEFAULT '0' COMMENT 'Log time',
  `website_id` smallint(5) unsigned NOT NULL DEFAULT '0' COMMENT 'Website ID',
  PRIMARY KEY (`log_id`),
  KEY `SENDFRIEND_LOG_IP` (`ip`),
  KEY `SENDFRIEND_LOG_TIME` (`time`)
) ENGINE=InnoDB DEFAULT CHARSET=utf8 COMMENT='Send to friend function log storage table';

--
-- Dumping data for table `sendfriend_log`
--


--
-- Table structure for table `sequence_creditmemo_0`
--

CREATE TABLE `sequence_creditmemo_0` (
  `sequence_value` int(10) unsigned NOT NULL AUTO_INCREMENT,
  PRIMARY KEY (`sequence_value`)
) ENGINE=InnoDB DEFAULT CHARSET=latin1;

--
-- Dumping data for table `sequence_creditmemo_0`
--


--
-- Table structure for table `sequence_creditmemo_1`
--

CREATE TABLE `sequence_creditmemo_1` (
  `sequence_value` int(10) unsigned NOT NULL AUTO_INCREMENT,
  PRIMARY KEY (`sequence_value`)
) ENGINE=InnoDB AUTO_INCREMENT=2 DEFAULT CHARSET=latin1;

--
