--
-- Host: localhost    Database: mageants_demo9upgrade
-- ------------------------------------------------------


--
-- Table structure for table `admin_analytics_usage_version_log`
--

CREATE TABLE `admin_analytics_usage_version_log` (
  `id` int(10) unsigned NOT NULL AUTO_INCREMENT COMMENT 'Log ID',
  `last_viewed_in_version` varchar(50) NOT NULL COMMENT 'Viewer last viewed on product version',
  PRIMARY KEY (`id`),
  UNIQUE KEY `ADMIN_ANALYTICS_USAGE_VERSION_LOG_LAST_VIEWED_IN_VERSION` (`last_viewed_in_version`)
) ENGINE=InnoDB AUTO_INCREMENT=2 DEFAULT CHARSET=utf8 COMMENT='Admin Notification Viewer Log Table';

--
-- Dumping data for table `admin_analytics_usage_version_log`
--

INSERT INTO `admin_analytics_usage_version_log` VALUES (1,'2.4.3-p1');

--
-- Table structure for table `admin_system_messages`
--

CREATE TABLE `admin_system_messages` (
  `identity` varchar(100) NOT NULL COMMENT 'Message ID',
  `severity` smallint(5) unsigned NOT NULL DEFAULT '0' COMMENT 'Problem type',
  `created_at` timestamp NOT NULL DEFAULT CURRENT_TIMESTAMP COMMENT 'Create date',
  PRIMARY KEY (`identity`)
) ENGINE=InnoDB DEFAULT CHARSET=utf8 COMMENT='Admin System Messages';

--
-- Dumping data for table `admin_system_messages`
--


--
-- Table structure for table `admin_user_expiration`
--

CREATE TABLE `admin_user_expiration` (
  `user_id` int(10) unsigned NOT NULL COMMENT 'User ID',
  `expires_at` timestamp NOT NULL DEFAULT '0000-00-00 00:00:00' COMMENT 'User Expiration Date',
  PRIMARY KEY (`user_id`),
  CONSTRAINT `ADMIN_USER_EXPIRATION_USER_ID_ADMIN_USER_USER_ID` FOREIGN KEY (`user_id`) REFERENCES `admin_user` (`user_id`) ON DELETE CASCADE
) ENGINE=InnoDB DEFAULT CHARSET=utf8 COMMENT='Admin User expiration dates table';

--
-- Dumping data for table `admin_user_expiration`
--


--
-- Table structure for table `adminnotification_inbox`
--

CREATE TABLE `adminnotification_inbox` (
  `notification_id` int(10) unsigned NOT NULL AUTO_INCREMENT COMMENT 'Notification ID',
  `severity` smallint(5) unsigned NOT NULL DEFAULT '0' COMMENT 'Problem type',
  `date_added` timestamp NOT NULL DEFAULT CURRENT_TIMESTAMP COMMENT 'Create date',
  `title` varchar(255) NOT NULL COMMENT 'Title',
  `description` text COMMENT 'Description',
  `url` varchar(255) DEFAULT NULL COMMENT 'Url',
  `is_read` smallint(5) unsigned NOT NULL DEFAULT '0' COMMENT 'Flag if notification read',
  `is_remove` smallint(5) unsigned NOT NULL DEFAULT '0' COMMENT 'Flag if notification might be removed',
  PRIMARY KEY (`notification_id`),
  KEY `ADMINNOTIFICATION_INBOX_SEVERITY` (`severity`),
  KEY `ADMINNOTIFICATION_INBOX_IS_READ` (`is_read`),
  KEY `ADMINNOTIFICATION_INBOX_IS_REMOVE` (`is_remove`)
) ENGINE=InnoDB AUTO_INCREMENT=4 DEFAULT CHARSET=utf8 COMMENT='Adminnotification Inbox';

--
-- Dumping data for table `adminnotification_inbox`
--

INSERT INTO `adminnotification_inbox` VALUES (1,4,'2022-10-12 05:28:11','Disable Notice','To improve performance, collecting statistics for the Magento Report module is disabled by default. \nYou can enable it in System Config.','',0,1),(2,1,'2023-03-14 16:47:30','Welcome Magento Open Source 2.4.6, along with exciting product updates','We are excited to announce that our March release, including Magento Open Source 2.4.6, is now available to our entire Commerce Community. In this core release, you will find several enhancements to platform quality, security, performance, and scale. Also included in this release is the expansion of Payment Services to UK and France. Refer to the Adobe release blog. ','https://business.adobe.com/blog/the-latest/7-adobe-commerce-innovations-that-increase-sales-and-performance',0,0),(3,1,'2023-06-13 14:28:45','Magento Open Source June release brings important accessibility and security updates','We are excited to announce great new accessibility updates in PWA Studio, along with multiple security updates in our June release. PWA Studio can now address the needs of people with all types, degrees, and combinations of disability. These guidelines make Web content more usable for individuals with changing abilities due to aging and often improve usability for users in general. We also have new security patches for all versions still under support or extended support. ','https://business.adobe.com/blog/the-latest/three-rules-of-b2b-commerce-using-adobe-commerce',0,0);

--
-- Table structure for table `adobe_stock_asset`
--

CREATE TABLE `adobe_stock_asset` (
  `id` int(10) unsigned NOT NULL AUTO_INCREMENT COMMENT 'Entity ID',
  `media_gallery_id` int(10) unsigned DEFAULT NULL COMMENT 'Media gallery ID',
  `category_id` int(10) unsigned DEFAULT NULL COMMENT 'Category ID',
  `creator_id` int(10) unsigned DEFAULT NULL COMMENT 'Creator ID',
  `is_licensed` int(10) unsigned NOT NULL DEFAULT '0' COMMENT 'Is Licensed',
  `creation_date` varchar(255) DEFAULT NULL COMMENT 'Creation Date',
  PRIMARY KEY (`id`),
  KEY `ADOBE_STOCK_ASSET_MEDIA_GALLERY_ID_MEDIA_GALLERY_ASSET_ID` (`media_gallery_id`),
  KEY `ADOBE_STOCK_ASSET_ID` (`id`),
  KEY `ADOBE_STOCK_ASSET_CATEGORY_ID` (`category_id`),
  KEY `ADOBE_STOCK_ASSET_CREATOR_ID` (`creator_id`),
  CONSTRAINT `ADOBE_STOCK_ASSET_CATEGORY_ID_ADOBE_STOCK_CATEGORY_ID` FOREIGN KEY (`category_id`) REFERENCES `adobe_stock_category` (`id`) ON DELETE SET NULL,
  CONSTRAINT `ADOBE_STOCK_ASSET_CREATOR_ID_ADOBE_STOCK_CREATOR_ID` FOREIGN KEY (`creator_id`) REFERENCES `adobe_stock_creator` (`id`) ON DELETE SET NULL,
  CONSTRAINT `ADOBE_STOCK_ASSET_MEDIA_GALLERY_ID_MEDIA_GALLERY_ASSET_ID` FOREIGN KEY (`media_gallery_id`) REFERENCES `media_gallery_asset` (`id`) ON DELETE CASCADE
) ENGINE=InnoDB DEFAULT CHARSET=utf8 COMMENT='Adobe Stock Asset';

--
-- Dumping data for table `adobe_stock_asset`
--


--
-- Table structure for table `adobe_stock_category`
--

CREATE TABLE `adobe_stock_category` (
  `id` int(10) unsigned NOT NULL AUTO_INCREMENT COMMENT 'Entity ID',
  `name` varchar(255) DEFAULT NULL COMMENT 'Name',
  PRIMARY KEY (`id`),
  KEY `ADOBE_STOCK_CATEGORY_ID` (`id`)
) ENGINE=InnoDB DEFAULT CHARSET=utf8 COMMENT='Adobe Stock Category';

--
-- Dumping data for table `adobe_stock_category`
--


--
-- Table structure for table `adobe_stock_creator`
--

CREATE TABLE `adobe_stock_creator` (
  `id` int(10) unsigned NOT NULL AUTO_INCREMENT COMMENT 'ID',
  `name` varchar(255) DEFAULT NULL COMMENT 'Asset creator''s name',
  PRIMARY KEY (`id`),
  KEY `ADOBE_STOCK_CREATOR_ID` (`id`)
) ENGINE=InnoDB DEFAULT CHARSET=utf8 COMMENT='Adobe Stock Creator';

--
-- Dumping data for table `adobe_stock_creator`
--


--
-- Table structure for table `amazon_customer`
--

CREATE TABLE `amazon_customer` (
  `entity_id` int(10) unsigned NOT NULL AUTO_INCREMENT COMMENT 'Entity_id',
  `customer_id` int(10) unsigned NOT NULL COMMENT 'Customer_id',
  `amazon_id` varchar(255) NOT NULL COMMENT 'Amazon_id',
  PRIMARY KEY (`entity_id`),
  UNIQUE KEY `AMAZON_CUSTOMER_CUSTOMER_ID_AMAZON_ID` (`customer_id`,`amazon_id`),
  UNIQUE KEY `AMAZON_CUSTOMER_CUSTOMER_ID` (`customer_id`),
  CONSTRAINT `AMAZON_CUSTOMER_CUSTOMER_ID_CUSTOMER_ENTITY_ENTITY_ID` FOREIGN KEY (`customer_id`) REFERENCES `customer_entity` (`entity_id`) ON DELETE CASCADE
) ENGINE=InnoDB DEFAULT CHARSET=utf8 COMMENT='amazon_customer';

--
-- Dumping data for table `amazon_customer`
--


--
-- Table structure for table `amazon_pending_capture`
--

CREATE TABLE `amazon_pending_capture` (
  `entity_id` int(10) unsigned NOT NULL AUTO_INCREMENT COMMENT 'Entity_id',
  `capture_id` varchar(255) NOT NULL COMMENT 'Capture_id',
  `created_at` datetime NOT NULL COMMENT 'Created_at',
  `order_id` int(10) unsigned NOT NULL COMMENT 'order id',
  `payment_id` int(10) unsigned NOT NULL COMMENT 'payment id',
  PRIMARY KEY (`entity_id`),
  UNIQUE KEY `AMAZON_PENDING_CAPTURE_ORDER_ID_PAYMENT_ID_CAPTURE_ID` (`order_id`,`payment_id`,`capture_id`)
) ENGINE=InnoDB DEFAULT CHARSET=utf8 COMMENT='amazon_pending_capture';

--
-- Dumping data for table `amazon_pending_capture`
--


--
-- Table structure for table `amazon_pending_refund`
--

CREATE TABLE `amazon_pending_refund` (
  `entity_id` int(10) unsigned NOT NULL AUTO_INCREMENT COMMENT 'Entity_id',
  `refund_id` varchar(255) NOT NULL COMMENT 'Refund_id',
  `created_at` datetime NOT NULL COMMENT 'Created_at',
  `order_id` int(10) unsigned NOT NULL COMMENT 'Order_id',
  `payment_id` int(10) unsigned NOT NULL COMMENT 'Payment_id',
  PRIMARY KEY (`entity_id`),
  UNIQUE KEY `AMAZON_PENDING_REFUND_ORDER_ID_PAYMENT_ID_REFUND_ID` (`order_id`,`payment_id`,`refund_id`)
) ENGINE=InnoDB DEFAULT CHARSET=utf8 COMMENT='amazon_pending_refund';

--
-- Dumping data for table `amazon_pending_refund`
--


--
-- Table structure for table `amazon_quote`
--

CREATE TABLE `amazon_quote` (
  `entity_id` int(10) unsigned NOT NULL AUTO_INCREMENT COMMENT 'Entity ID',
  `quote_id` int(10) unsigned NOT NULL COMMENT 'Quote ID',
  `amazon_order_reference_id` varchar(255) NOT NULL COMMENT 'Amazon Order Reference ID',
  `sandbox_simulation_reference` varchar(255) DEFAULT NULL COMMENT 'Sandbox simulation reference',
  `confirmed` smallint(5) unsigned NOT NULL DEFAULT '0' COMMENT 'Quote confirmed with Amazon',
  PRIMARY KEY (`entity_id`),
  UNIQUE KEY `AMAZON_QUOTE_QUOTE_ID` (`quote_id`),
  CONSTRAINT `AMAZON_QUOTE_QUOTE_ID_QUOTE_ENTITY_ID` FOREIGN KEY (`quote_id`) REFERENCES `quote` (`entity_id`) ON DELETE CASCADE
) ENGINE=InnoDB DEFAULT CHARSET=utf8 COMMENT='amazon_quote';

--
-- Dumping data for table `amazon_quote`
--


--
-- Table structure for table `amazon_sales_order`
--

CREATE TABLE `amazon_sales_order` (
  `entity_id` int(10) unsigned NOT NULL AUTO_INCREMENT COMMENT 'Entity ID',
  `order_id` int(10) unsigned NOT NULL COMMENT 'Order ID',
  `amazon_order_reference_id` varchar(255) NOT NULL COMMENT 'Amazon Order Reference ID',
  PRIMARY KEY (`entity_id`),
  UNIQUE KEY `AMAZON_SALES_ORDER_ORDER_ID` (`order_id`),
  CONSTRAINT `AMAZON_SALES_ORDER_ORDER_ID_SALES_ORDER_ENTITY_ID` FOREIGN KEY (`order_id`) REFERENCES `sales_order` (`entity_id`) ON DELETE CASCADE
) ENGINE=InnoDB DEFAULT CHARSET=utf8 COMMENT='amazon_sales_order';

--
-- Dumping data for table `amazon_sales_order`
--


--
-- Table structure for table `authorization_role`
--

CREATE TABLE `authorization_role` (
  `role_id` int(10) unsigned NOT NULL AUTO_INCREMENT COMMENT 'Role ID',
  `parent_id` int(10) unsigned NOT NULL DEFAULT '0' COMMENT 'Parent Role ID',
  `tree_level` smallint(5) unsigned NOT NULL DEFAULT '0' COMMENT 'Role Tree Level',
  `sort_order` smallint(5) unsigned NOT NULL DEFAULT '0' COMMENT 'Role Sort Order',
  `role_type` varchar(1) NOT NULL DEFAULT '0' COMMENT 'Role Type',
  `user_id` int(10) unsigned NOT NULL DEFAULT '0' COMMENT 'User ID',
  `user_type` varchar(16) DEFAULT NULL COMMENT 'User Type',
  `role_name` varchar(50) DEFAULT NULL COMMENT 'Role Name',
  PRIMARY KEY (`role_id`),
  KEY `AUTHORIZATION_ROLE_PARENT_ID_SORT_ORDER` (`parent_id`,`sort_order`),
  KEY `AUTHORIZATION_ROLE_TREE_LEVEL` (`tree_level`)
) ENGINE=InnoDB AUTO_INCREMENT=65 DEFAULT CHARSET=utf8 COMMENT='Admin Role Table';

--
-- Dumping data for table `authorization_role`
--

INSERT INTO `authorization_role` VALUES (1,0,1,1,'G',0,'2','Administrators'),(3,0,1,0,'G',0,'2','checkoutsuccesspage'),(4,0,1,0,'G',0,'2','customerapproval'),(5,0,1,0,'G',0,'2','customordernumber'),(6,0,1,0,'G',0,'2','customstockstatus'),(7,0,1,0,'G',0,'2','forcelogin'),(8,0,1,0,'G',0,'2','importcoupon'),(9,0,1,0,'G',0,'2','infinitescroll'),(10,0,1,0,'G',0,'2','loginascustomer'),(11,0,1,0,'G',0,'2','minimumordercustomergroup'),(12,0,1,0,'G',0,'2','sampleproduct'),(13,0,1,0,'G',0,'2','simpleconfigurable'),(14,0,1,0,'G',0,'2','spamandbotblocker'),(45,4,2,0,'U',3,'2','customerapproval'),(46,5,2,0,'U',4,'2','customordernumber'),(47,6,2,0,'U',5,'2','customstockstatus'),(49,7,2,0,'U',6,'2','forcelogin'),(51,9,2,0,'U',8,'2','infinitescroll'),(54,11,2,0,'U',10,'2','minimumordercustomergroup'),(55,12,2,0,'U',11,'2','sampleproduct'),(56,13,2,0,'U',12,'2','simpleconfigurable'),(57,14,2,0,'U',13,'2','spamandbotblocker'),(58,1,2,0,'U',1,'2','Upgrade'),(59,3,2,0,'U',2,'2','checkoutsuccesspage'),(60,10,2,0,'U',9,'2','loginascustomer'),(64,8,2,0,'U',7,'2','importcoupon');

--
-- Table structure for table `authorization_rule`
--

CREATE TABLE `authorization_rule` (
  `rule_id` int(10) unsigned NOT NULL AUTO_INCREMENT COMMENT 'Rule ID',
  `role_id` int(10) unsigned NOT NULL DEFAULT '0' COMMENT 'Role ID',
  `resource_id` varchar(255) DEFAULT NULL COMMENT 'Resource ID',
  `privileges` varchar(20) DEFAULT NULL COMMENT 'Privileges',
  `permission` varchar(10) DEFAULT NULL COMMENT 'Permission',
  PRIMARY KEY (`rule_id`),
  KEY `AUTHORIZATION_RULE_RESOURCE_ID_ROLE_ID` (`resource_id`,`role_id`),
  KEY `AUTHORIZATION_RULE_ROLE_ID_RESOURCE_ID` (`role_id`,`resource_id`),
  CONSTRAINT `AUTHORIZATION_RULE_ROLE_ID_AUTHORIZATION_ROLE_ROLE_ID` FOREIGN KEY (`role_id`) REFERENCES `authorization_role` (`role_id`) ON DELETE CASCADE
) ENGINE=InnoDB AUTO_INCREMENT=11444 DEFAULT CHARSET=utf8 COMMENT='Admin Rule Table';

--
-- Dumping data for table `authorization_rule`
--

INSERT INTO `authorization_rule` VALUES (1,1,'Magento_Backend::all',NULL,'allow'),(5493,4,'Magento_Backend::all',NULL,'deny'),(5494,4,'Magento_Backend::admin',NULL,'allow'),(5495,4,'Magento_Backend::dashboard',NULL,'deny'),(5496,4,'Magento_Analytics::analytics',NULL,'deny'),(5497,4,'Magento_Analytics::analytics_api',NULL,'deny'),(5498,4,'Mageants_ExtentionAdminLogin::extentionadminlogin_content',NULL,'deny'),(5499,4,'Mageants_ExtentionAdminLogin::extentionadminlogin_grid',NULL,'deny'),(5500,4,'Mageants_ExtentionAdminLogin::extentionadminlogin_new_edit',NULL,'deny'),(5501,4,'Mageants_ExtentionAdminLogin::extentionadminlogin_save',NULL,'deny'),(5502,4,'Mageants_ExtentionAdminLogin::extentionadminlogin_delete',NULL,'deny'),(5503,4,'Mageants_ExtentionAdminLogin::extentionadminlogin_massenable',NULL,'deny'),(5504,4,'Mageants_ExtentionAdminLogin::extentionadminlogin_massdisable',NULL,'deny'),(5505,4,'Mageants_ExtentionAdminLogin::extentionadminlogin_massdelete',NULL,'deny'),(5506,4,'Magento_Sales::sales',NULL,'allow'),(5507,4,'Magento_Sales::sales_operation',NULL,'allow'),(5508,4,'Magento_Sales::sales_order',NULL,'allow'),(5509,4,'Magento_Sales::actions',NULL,'allow'),(5510,4,'Magento_Sales::create',NULL,'allow'),(5511,4,'Magento_Sales::actions_view',NULL,'allow'),(5512,4,'Magento_Sales::email',NULL,'allow'),(5513,4,'Magento_Sales::reorder',NULL,'allow'),(5514,4,'Magento_Sales::actions_edit',NULL,'allow'),(5515,4,'Magento_Sales::cancel',NULL,'allow'),(5516,4,'Magento_Sales::review_payment',NULL,'allow'),(5517,4,'Magento_Sales::capture',NULL,'allow'),(5518,4,'Magento_Sales::invoice',NULL,'allow'),(5519,4,'Magento_Sales::creditmemo',NULL,'allow'),(5520,4,'Magento_Sales::hold',NULL,'allow'),(5521,4,'Magento_Sales::unhold',NULL,'allow'),(5522,4,'Magento_Sales::ship',NULL,'allow'),(5523,4,'Magento_Sales::comment',NULL,'allow'),(5524,4,'Magento_Sales::emails',NULL,'allow'),(5525,4,'Magento_Paypal::authorization',NULL,'allow'),(5526,4,'Magento_Sales::sales_invoice',NULL,'allow'),(5527,4,'Magento_Sales::shipment',NULL,'allow'),(5528,4,'Magento_Sales::sales_creditmemo',NULL,'allow'),(5529,4,'Magento_Paypal::billing_agreement',NULL,'allow'),(5530,4,'Magento_Paypal::billing_agreement_actions',NULL,'allow'),(5531,4,'Magento_Paypal::billing_agreement_actions_view',NULL,'allow'),(5532,4,'Magento_Paypal::actions_manage',NULL,'allow'),(5533,4,'Magento_Paypal::use',NULL,'allow'),(5534,4,'Magento_Sales::transactions',NULL,'deny'),(5535,4,'Magento_Sales::transactions_fetch',NULL,'deny'),(5536,4,'Magento_Catalog::catalog',NULL,'allow'),(5537,4,'Magento_Catalog::catalog_inventory',NULL,'allow'),(5538,4,'Magento_Catalog::products',NULL,'allow'),(5539,4,'Magento_Catalog::update_attributes',NULL,'allow'),(5540,4,'Magento_Catalog::edit_product_design',NULL,'allow'),(5541,4,'Magento_Catalog::categories',NULL,'deny'),(5542,4,'Magento_Catalog::edit_category_design',NULL,'deny'),(5543,4,'Magento_Customer::customer',NULL,'allow'),(5544,4,'Magento_Customer::manage',NULL,'allow'),(5545,4,'Magento_Customer::actions',NULL,'allow'),(5546,4,'Magento_Customer::delete',NULL,'allow'),(5547,4,'Magento_Customer::reset_password',NULL,'allow'),(5548,4,'Magento_Customer::invalidate_tokens',NULL,'allow'),(5549,4,'Magento_LoginAsCustomer::allow_shopping_assistance',NULL,'allow'),(5550,4,'Mageants_LoginAsCustomer::loginascustomer_button',NULL,'deny'),(5551,4,'Magento_Customer::online',NULL,'allow'),(5552,4,'Magento_Customer::group',NULL,'allow'),(5553,4,'Mageants_LoginAsCustomer::loginascustomer_content',NULL,'deny'),(5554,4,'Mageants_LoginAsCustomer::list_of_login_as_customer',NULL,'deny'),(5555,4,'Mageants_LoginAsCustomer::MassDelete',NULL,'deny'),(5556,4,'Magento_LoginAsCustomer::login',NULL,'deny'),(5557,4,'Magento_LoginAsCustomerLog::login_log',NULL,'deny'),(5558,4,'Magento_Cart::cart',NULL,'deny'),(5559,4,'Magento_Cart::manage',NULL,'deny'),(5560,4,'Magento_Backend::myaccount',NULL,'deny'),(5561,4,'Magento_Backend::marketing',NULL,'deny'),(5562,4,'Magento_CatalogRule::promo',NULL,'deny'),(5563,4,'Magento_CatalogRule::promo_catalog',NULL,'deny'),(5564,4,'Magento_SalesRule::quote',NULL,'deny'),(5565,4,'Dotdigitalgroup_Email::automation',NULL,'deny'),(5566,4,'Dotdigitalgroup_Email::automation_studio',NULL,'deny'),(5567,4,'Dotdigitalgroup_Chat::config',NULL,'deny'),(5568,4,'Dotdigitalgroup_Sms::config',NULL,'deny'),(5569,4,'Dotdigitalgroup_Email::exclusion_rules',NULL,'deny'),(5570,4,'Magento_Backend::marketing_communications',NULL,'deny'),(5571,4,'Magento_Email::template',NULL,'deny'),(5572,4,'Magento_Newsletter::template',NULL,'deny'),(5573,4,'Magento_Newsletter::queue',NULL,'deny'),(5574,4,'Magento_Newsletter::subscriber',NULL,'deny'),(5575,4,'Magento_Backend::marketing_seo',NULL,'deny'),(5576,4,'Magento_Search::search',NULL,'deny'),(5577,4,'Magento_Search::synonyms',NULL,'deny'),(5578,4,'Magento_UrlRewrite::urlrewrite',NULL,'deny'),(5579,4,'Magento_Sitemap::sitemap',NULL,'deny'),(5580,4,'Magento_Backend::marketing_user_content',NULL,'deny'),(5581,4,'Magento_Review::reviews_all',NULL,'deny'),(5582,4,'Magento_Review::pending',NULL,'deny'),(5583,4,'Yotpo_Yotpo::yotpo_report_reviews',NULL,'deny'),(5584,4,'Magento_Backend::content',NULL,'deny'),(5585,4,'Magento_Backend::content_elements',NULL,'deny'),(5586,4,'Magento_Cms::page',NULL,'deny'),(5587,4,'Magento_Cms::save',NULL,'deny'),(5588,4,'Magento_Cms::save_design',NULL,'deny'),(5589,4,'Magento_Cms::page_delete',NULL,'deny'),(5590,4,'Magento_Cms::block',NULL,'deny'),(5591,4,'Magento_Widget::widget_instance',NULL,'deny'),(5592,4,'Magento_Cms::media_gallery',NULL,'deny'),(5593,4,'Magento_MediaGalleryUiApi::insert_assets',NULL,'deny'),(5594,4,'Magento_MediaGalleryUiApi::upload_assets',NULL,'deny'),(5595,4,'Magento_MediaGalleryUiApi::edit_assets',NULL,'deny'),(5596,4,'Magento_AdobeStockImageAdminUi::media_gallery',NULL,'deny'),(5597,4,'Magento_AdobeStockImageAdminUi::save_preview_images',NULL,'deny'),(5598,4,'Magento_AdobeStockImageAdminUi::license_images',NULL,'deny'),(5599,4,'Magento_MediaGalleryUiApi::delete_assets',NULL,'deny'),(5600,4,'Magento_MediaGalleryUiApi::create_folder',NULL,'deny'),(5601,4,'Magento_MediaGalleryUiApi::delete_folder',NULL,'deny'),(5602,4,'Magento_PageBuilder::templates',NULL,'deny'),(5603,4,'Magento_PageBuilder::template_save',NULL,'deny'),(5604,4,'Magento_PageBuilder::template_apply',NULL,'deny'),(5605,4,'Magento_PageBuilder::template_delete',NULL,'deny'),(5606,4,'Magento_Backend::design',NULL,'deny'),(5607,4,'Magento_Theme::theme',NULL,'deny'),(5608,4,'Magento_Backend::schedule',NULL,'deny'),(5609,4,'Magento_Backend::content_translation',NULL,'deny'),(5610,4,'Magento_Reports::report',NULL,'deny'),(5611,4,'Dotdigitalgroup_Sms::reports',NULL,'deny'),(5612,4,'Dotdigitalgroup_Sms::report',NULL,'deny'),(5613,4,'Dotdigitalgroup_Email::reports',NULL,'deny'),(5614,4,'Dotdigitalgroup_Email::contact',NULL,'deny'),(5615,4,'Dotdigitalgroup_Email::order',NULL,'deny'),(5616,4,'Dotdigitalgroup_Email::review',NULL,'deny'),(5617,4,'Dotdigitalgroup_Email::wishlist',NULL,'deny'),(5618,4,'Dotdigitalgroup_Email::catalog',NULL,'deny'),(5619,4,'Dotdigitalgroup_Email::importer',NULL,'deny'),(5620,4,'Dotdigitalgroup_Email::campaign',NULL,'deny'),(5621,4,'Dotdigitalgroup_Email::cron',NULL,'deny'),(5622,4,'Dotdigitalgroup_Email::dashboard',NULL,'deny'),(5623,4,'Dotdigitalgroup_Email::automation_enrollment',NULL,'deny'),(5624,4,'Dotdigitalgroup_Email::logviewer',NULL,'deny'),(5625,4,'Dotdigitalgroup_Email::abandoned',NULL,'deny'),(5626,4,'Magento_Reports::report_marketing',NULL,'deny'),(5627,4,'Magento_Reports::shopcart',NULL,'deny'),(5628,4,'Magento_Reports::product',NULL,'deny'),(5629,4,'Magento_Reports::abandoned',NULL,'deny'),(5630,4,'Magento_Reports::report_search',NULL,'deny'),(5631,4,'Magento_Newsletter::problem',NULL,'deny'),(5632,4,'Magento_Reports::review',NULL,'deny'),(5633,4,'Magento_Reports::review_customer',NULL,'deny'),(5634,4,'Magento_Reports::review_product',NULL,'deny'),(5635,4,'Yotpo_Yotpo::yotpo_reviews_external',NULL,'deny'),(5636,4,'Magento_Reports::salesroot',NULL,'deny'),(5637,4,'Magento_Reports::salesroot_sales',NULL,'deny'),(5638,4,'Magento_Reports::tax',NULL,'deny'),(5639,4,'Magento_Reports::invoiced',NULL,'deny'),(5640,4,'Magento_Reports::shipping',NULL,'deny'),(5641,4,'Magento_Reports::refunded',NULL,'deny'),(5642,4,'Magento_Reports::coupons',NULL,'deny'),(5643,4,'Magento_Paypal::paypal_settlement_reports',NULL,'deny'),(5644,4,'Magento_Paypal::paypal_settlement_reports_view',NULL,'deny'),(5645,4,'Magento_Paypal::fetch',NULL,'deny'),(5646,4,'PayPal_Braintree::settlement_report',NULL,'deny'),(5647,4,'Magento_Reports::customers',NULL,'deny'),(5648,4,'Magento_Reports::totals',NULL,'deny'),(5649,4,'Magento_Reports::customers_orders',NULL,'deny'),(5650,4,'Magento_Reports::accounts',NULL,'deny'),(5651,4,'Magento_Reports::report_products',NULL,'deny'),(5652,4,'Magento_Reports::viewed',NULL,'deny'),(5653,4,'Magento_Reports::bestsellers',NULL,'deny'),(5654,4,'Magento_Reports::lowstock',NULL,'deny'),(5655,4,'Magento_Reports::sold',NULL,'deny'),(5656,4,'Magento_Reports::downloads',NULL,'deny'),(5657,4,'Magento_Reports::statistics',NULL,'deny'),(5658,4,'Magento_Reports::statistics_refresh',NULL,'deny'),(5659,4,'Magento_Analytics::business_intelligence',NULL,'deny'),(5660,4,'Magento_Analytics::advanced_reporting',NULL,'deny'),(5661,4,'Magento_Analytics::bi_essentials',NULL,'deny'),(5662,4,'Yotpo_Yotpo::yotpo_analytics_external',NULL,'deny'),(5663,4,'Magento_Backend::stores',NULL,'allow'),(5664,4,'Magento_Backend::stores_settings',NULL,'allow'),(5665,4,'Magento_Backend::store',NULL,'deny'),(5666,4,'Magento_Config::config',NULL,'allow'),(5667,4,'MagePal_GmailSmtpApp::magepal_gmailsmtpapp',NULL,'deny'),(5668,4,'Magento_Catalog::config_catalog',NULL,'deny'),(5669,4,'Magento_CatalogSearch::config_catalog_search',NULL,'deny'),(5670,4,'Dotdigitalgroup_Email::config',NULL,'deny'),(5671,4,'Magento_Newsletter::newsletter',NULL,'deny'),(5672,4,'Magento_LoginAsCustomer::config_section',NULL,'deny'),(5673,4,'Magento_GoogleAnalytics::google',NULL,'deny'),(5674,4,'Magento_Downloadable::downloadable',NULL,'deny'),(5675,4,'Magento_Payment::payment_services',NULL,'deny'),(5676,4,'Magento_Payment::payment',NULL,'deny'),(5677,4,'Magento_CatalogInventory::cataloginventory',NULL,'deny'),(5678,4,'Magento_Contact::contact',NULL,'deny'),(5679,4,'Magento_Cms::config_cms',NULL,'deny'),(5680,4,'Mageants_Forcelogin::system_config',NULL,'deny'),(5681,4,'Magento_Shipping::config_shipping',NULL,'deny'),(5682,4,'Magento_Shipping::shipping_policy',NULL,'deny'),(5683,4,'Magento_Shipping::carriers',NULL,'deny'),(5684,4,'Magento_Multishipping::config_multishipping',NULL,'deny'),(5685,4,'Magento_Securitytxt::config',NULL,'deny'),(5686,4,'Magento_ReCaptchaUi::config',NULL,'deny'),(5687,4,'Mageants_Couponimport::mageants_config',NULL,'deny'),(5688,4,'Mageants_SimpleConfigurable::mageants_simpleconfigurable_config',NULL,'deny'),(5689,4,'Mageants_CustomStockStatus::custom_stock_content',NULL,'deny'),(5690,4,'Mageants_CustomStockStatus::configuration',NULL,'deny'),(5691,4,'Mageants_Sample::config',NULL,'deny'),(5692,4,'Mageants_CustomOrderNumber::configuration',NULL,'deny'),(5693,4,'Magento_Config::config_general',NULL,'deny'),(5694,4,'Magento_Config::web',NULL,'deny'),(5695,4,'Magento_Config::config_design',NULL,'deny'),(5696,4,'Mageants_CustomerApproval::customerApproval_config',NULL,'allow'),(5697,4,'Mageants_ExtentionAdminLogin::mageants_extentionadminlogin',NULL,'deny'),(5698,4,'Magento_Customer::config_customer',NULL,'deny'),(5699,4,'Mageants_LoginAsCustomer::loginascustomer_config',NULL,'deny'),(5700,4,'Mageants_CheckoutSuccessPage::Configuration',NULL,'deny'),(5701,4,'Mageants_CustomStockStatus::mageants_customstockst',NULL,'deny'),(5702,4,'Magento_Paypal::paypal',NULL,'deny'),(5703,4,'Magento_Tax::config_tax',NULL,'deny'),(5704,4,'Magento_Checkout::checkout',NULL,'deny'),(5705,4,'Magento_Sales::config_sales',NULL,'deny'),(5706,4,'Mageants_MinOrderCustomerGroup::minimum_order',NULL,'deny'),(5707,4,'Magento_Persistent::persistent',NULL,'deny'),(5708,4,'Magento_Sales::sales_email',NULL,'deny'),(5709,4,'Magento_Sales::sales_pdf',NULL,'deny'),(5710,4,'Magento_Sitemap::config_sitemap',NULL,'deny'),(5711,4,'Magento_Reports::reports',NULL,'deny'),(5712,4,'Yotpo_Core::config',NULL,'deny'),(5713,4,'Yotpo_Yotpo::config',NULL,'deny'),(5714,4,'Magento_Config::config_system',NULL,'deny'),(5715,4,'Magento_Wishlist::config_wishlist',NULL,'deny'),(5716,4,'Magento_SalesRule::config_promo',NULL,'deny'),(5717,4,'Magento_Config::trans_email',NULL,'deny'),(5718,4,'Magento_Config::config_admin',NULL,'deny'),(5719,4,'Magento_Config::dev',NULL,'deny'),(5720,4,'Magento_Config::currency',NULL,'deny'),(5721,4,'Magento_Rss::rss',NULL,'deny'),(5722,4,'Magento_Config::sendfriend',NULL,'deny'),(5723,4,'Magento_Analytics::analytics_settings',NULL,'deny'),(5724,4,'Mageants_InfiniteScroll::infinitescroll',NULL,'deny'),(5725,4,'Mageants_SpamAndBotBlocker::config',NULL,'deny'),(5726,4,'Magento_NewRelicReporting::config_newrelicreporting',NULL,'deny'),(5727,4,'Magento_CheckoutAgreements::checkoutagreement',NULL,'deny'),(5728,4,'Magento_Sales::order_statuses',NULL,'deny'),(5729,4,'Magento_InventoryApi::inventory',NULL,'deny'),(5730,4,'Magento_InventoryApi::source',NULL,'deny'),(5731,4,'Magento_InventoryApi::source_edit',NULL,'deny'),(5732,4,'Magento_InventoryApi::stock',NULL,'deny'),(5733,4,'Magento_InventoryApi::stock_edit',NULL,'deny'),(5734,4,'Magento_InventoryApi::stock_delete',NULL,'deny'),(5735,4,'Magento_InventoryApi::stock_source_link',NULL,'deny'),(5736,4,'Magento_InventoryInStorePickupApi::inStorePickup',NULL,'deny'),(5737,4,'Magento_InventoryInStorePickupApi::notify_orders_are_ready_for_pickup',NULL,'deny'),(5738,4,'Magento_InventorySalesApi::stock',NULL,'deny'),(5739,4,'Magento_Tax::manage_tax',NULL,'deny'),(5740,4,'Magento_CurrencySymbol::system_currency',NULL,'deny'),(5741,4,'Magento_CurrencySymbol::currency_rates',NULL,'deny'),(5742,4,'Magento_CurrencySymbol::symbols',NULL,'deny'),(5743,4,'Magento_Backend::stores_attributes',NULL,'deny'),(5744,4,'Magento_Catalog::attributes_attributes',NULL,'deny'),(5745,4,'Magento_Catalog::sets',NULL,'deny'),(5746,4,'Magento_Review::ratings',NULL,'deny'),(5747,4,'Magento_Swatches::iframe',NULL,'deny'),(5748,4,'Magento_Backend::stores_other_settings',NULL,'deny'),(5749,4,'Magento_Backend::system',NULL,'allow'),(5750,4,'Magento_AdobeIms::adobe_ims',NULL,'deny'),(5751,4,'Magento_AdobeIms::actions',NULL,'deny'),(5752,4,'Magento_AdobeIms::login',NULL,'deny'),(5753,4,'Magento_AdobeIms::logout',NULL,'deny'),(5754,4,'Magento_AdobeStockAsset::adobe_stock_asset',NULL,'deny'),(5755,4,'Magento_AdobeStockAsset::actions',NULL,'deny'),(5756,4,'Magento_AdobeStockAsset::actions_delete',NULL,'deny'),(5757,4,'Magento_AdobeStockAsset::actions_save',NULL,'deny'),(5758,4,'Magento_AdobeStockAsset::actions_view',NULL,'deny'),(5759,4,'Magento_AdobeStockAsset::actions_get',NULL,'deny'),(5760,4,'Magento_Backend::convert',NULL,'deny'),(5761,4,'Magento_ImportExport::import',NULL,'deny'),(5762,4,'Magento_ImportExport::export',NULL,'deny'),(5763,4,'Magento_TaxImportExport::import_export',NULL,'deny'),(5764,4,'Magento_ImportExport::history',NULL,'deny'),(5765,4,'Klarna_Core::system_support_form',NULL,'deny'),(5766,4,'Magento_Backend::extensions',NULL,'deny'),(5767,4,'Magento_Backend::local',NULL,'deny'),(5768,4,'Magento_Backend::custom',NULL,'deny'),(5769,4,'Klarna_Core::system_logging',NULL,'deny'),(5770,4,'Magento_Integration::extensions',NULL,'deny'),(5771,4,'Magento_Integration::integrations',NULL,'deny'),(5772,4,'Magento_Backend::tools',NULL,'allow'),(5773,4,'Magento_Backend::cache',NULL,'allow'),(5774,4,'Magento_Backend::main_actions',NULL,'allow'),(5775,4,'Magento_Backend::flush_cache_storage',NULL,'allow'),(5776,4,'Magento_Backend::flush_magento_cache',NULL,'allow'),(5777,4,'Magento_Backend::mass_actions',NULL,'allow'),(5778,4,'Magento_Backend::toggling_cache_type',NULL,'allow'),(5779,4,'Magento_Backend::refresh_cache_type',NULL,'allow'),(5780,4,'Magento_Backend::additional_cache_management',NULL,'allow'),(5781,4,'Magento_Backend::flush_catalog_images',NULL,'allow'),(5782,4,'Magento_Backend::flush_js_css',NULL,'allow'),(5783,4,'Magento_Backend::flush_static_files',NULL,'allow'),(5784,4,'Magento_Backup::backup',NULL,'deny'),(5785,4,'Magento_Backup::rollback',NULL,'deny'),(5786,4,'Magento_Indexer::index',NULL,'deny'),(5787,4,'Magento_Indexer::changeMode',NULL,'deny'),(5788,4,'Magento_Indexer::invalidate',NULL,'deny'),(5789,4,'Magefan_ConflictDetector::elements',NULL,'deny'),(5790,4,'Magento_User::acl',NULL,'deny'),(5791,4,'Magento_User::acl_users',NULL,'deny'),(5792,4,'Magento_User::locks',NULL,'deny'),(5793,4,'Magento_User::acl_roles',NULL,'deny'),(5794,4,'Magento_Logging::magento_logging',NULL,'deny'),(5795,4,'Magento_Logging::magento_logging_events',NULL,'deny'),(5796,4,'Magento_Logging::system_magento_logging_bulk_operations',NULL,'deny'),(5797,4,'Magento_Backend::system_other_settings',NULL,'deny'),(5798,4,'Magento_AdminNotification::adminnotification',NULL,'deny'),(5799,4,'Magento_AdminNotification::show_toolbar',NULL,'deny'),(5800,4,'Magento_AdminNotification::show_list',NULL,'deny'),(5801,4,'Magento_AdminNotification::mark_as_read',NULL,'deny'),(5802,4,'Magento_AdminNotification::adminnotification_remove',NULL,'deny'),(5803,4,'Magento_Variable::variable',NULL,'deny'),(5804,4,'Magento_EncryptionKey::crypt_key',NULL,'deny'),(5805,4,'Magento_Backend::global_search',NULL,'deny'),(5806,5,'Magento_Backend::all',NULL,'deny'),(5807,5,'Magento_Backend::admin',NULL,'allow'),(5808,5,'Magento_Backend::dashboard',NULL,'deny'),(5809,5,'Magento_Analytics::analytics',NULL,'deny'),(5810,5,'Magento_Analytics::analytics_api',NULL,'deny'),(5811,5,'Mageants_ExtentionAdminLogin::extentionadminlogin_content',NULL,'deny'),(5812,5,'Mageants_ExtentionAdminLogin::extentionadminlogin_grid',NULL,'deny'),(5813,5,'Mageants_ExtentionAdminLogin::extentionadminlogin_new_edit',NULL,'deny'),(5814,5,'Mageants_ExtentionAdminLogin::extentionadminlogin_save',NULL,'deny'),(5815,5,'Mageants_ExtentionAdminLogin::extentionadminlogin_delete',NULL,'deny'),(5816,5,'Mageants_ExtentionAdminLogin::extentionadminlogin_massenable',NULL,'deny'),(5817,5,'Mageants_ExtentionAdminLogin::extentionadminlogin_massdisable',NULL,'deny'),(5818,5,'Mageants_ExtentionAdminLogin::extentionadminlogin_massdelete',NULL,'deny'),(5819,5,'Magento_Sales::sales',NULL,'allow'),(5820,5,'Magento_Sales::sales_operation',NULL,'allow'),(5821,5,'Magento_Sales::sales_order',NULL,'allow'),(5822,5,'Magento_Sales::actions',NULL,'allow'),(5823,5,'Magento_Sales::create',NULL,'allow'),(5824,5,'Magento_Sales::actions_view',NULL,'allow'),(5825,5,'Magento_Sales::email',NULL,'allow'),(5826,5,'Magento_Sales::reorder',NULL,'allow'),(5827,5,'Magento_Sales::actions_edit',NULL,'allow'),(5828,5,'Magento_Sales::cancel',NULL,'allow'),(5829,5,'Magento_Sales::review_payment',NULL,'allow'),(5830,5,'Magento_Sales::capture',NULL,'allow'),(5831,5,'Magento_Sales::invoice',NULL,'allow'),(5832,5,'Magento_Sales::creditmemo',NULL,'allow'),(5833,5,'Magento_Sales::hold',NULL,'allow'),(5834,5,'Magento_Sales::unhold',NULL,'allow'),(5835,5,'Magento_Sales::ship',NULL,'allow'),(5836,5,'Magento_Sales::comment',NULL,'allow'),(5837,5,'Magento_Sales::emails',NULL,'allow'),(5838,5,'Magento_Paypal::authorization',NULL,'allow'),(5839,5,'Magento_Sales::sales_invoice',NULL,'allow'),(5840,5,'Magento_Sales::shipment',NULL,'allow'),(5841,5,'Magento_Sales::sales_creditmemo',NULL,'allow'),(5842,5,'Magento_Paypal::billing_agreement',NULL,'allow'),(5843,5,'Magento_Paypal::billing_agreement_actions',NULL,'allow'),(5844,5,'Magento_Paypal::billing_agreement_actions_view',NULL,'allow'),(5845,5,'Magento_Paypal::actions_manage',NULL,'allow'),(5846,5,'Magento_Paypal::use',NULL,'allow'),(5847,5,'Magento_Sales::transactions',NULL,'deny'),(5848,5,'Magento_Sales::transactions_fetch',NULL,'deny'),(5849,5,'Magento_Catalog::catalog',NULL,'allow'),(5850,5,'Magento_Catalog::catalog_inventory',NULL,'allow'),(5851,5,'Magento_Catalog::products',NULL,'allow'),(5852,5,'Magento_Catalog::update_attributes',NULL,'allow'),(5853,5,'Magento_Catalog::edit_product_design',NULL,'allow'),(5854,5,'Magento_Catalog::categories',NULL,'deny'),(5855,5,'Magento_Catalog::edit_category_design',NULL,'deny'),(5856,5,'Magento_Customer::customer',NULL,'allow'),(5857,5,'Magento_Customer::manage',NULL,'allow'),(5858,5,'Magento_Customer::actions',NULL,'allow'),(5859,5,'Magento_Customer::delete',NULL,'allow'),(5860,5,'Magento_Customer::reset_password',NULL,'allow'),(5861,5,'Magento_Customer::invalidate_tokens',NULL,'allow'),(5862,5,'Magento_LoginAsCustomer::allow_shopping_assistance',NULL,'allow'),(5863,5,'Mageants_LoginAsCustomer::loginascustomer_button',NULL,'deny'),(5864,5,'Magento_Customer::online',NULL,'deny'),(5865,5,'Magento_Customer::group',NULL,'deny'),(5866,5,'Mageants_LoginAsCustomer::loginascustomer_content',NULL,'deny'),(5867,5,'Mageants_LoginAsCustomer::list_of_login_as_customer',NULL,'deny'),(5868,5,'Mageants_LoginAsCustomer::MassDelete',NULL,'deny'),(5869,5,'Magento_LoginAsCustomer::login',NULL,'deny'),(5870,5,'Magento_LoginAsCustomerLog::login_log',NULL,'deny'),(5871,5,'Magento_Cart::cart',NULL,'deny'),(5872,5,'Magento_Cart::manage',NULL,'deny'),(5873,5,'Magento_Backend::myaccount',NULL,'deny'),(5874,5,'Magento_Backend::marketing',NULL,'deny'),(5875,5,'Magento_CatalogRule::promo',NULL,'deny'),(5876,5,'Magento_CatalogRule::promo_catalog',NULL,'deny'),(5877,5,'Magento_SalesRule::quote',NULL,'deny'),(5878,5,'Dotdigitalgroup_Email::automation',NULL,'deny'),(5879,5,'Dotdigitalgroup_Email::automation_studio',NULL,'deny'),(5880,5,'Dotdigitalgroup_Chat::config',NULL,'deny'),(5881,5,'Dotdigitalgroup_Sms::config',NULL,'deny'),(5882,5,'Dotdigitalgroup_Email::exclusion_rules',NULL,'deny'),(5883,5,'Magento_Backend::marketing_communications',NULL,'deny'),(5884,5,'Magento_Email::template',NULL,'deny'),(5885,5,'Magento_Newsletter::template',NULL,'deny'),(5886,5,'Magento_Newsletter::queue',NULL,'deny'),(5887,5,'Magento_Newsletter::subscriber',NULL,'deny'),(5888,5,'Magento_Backend::marketing_seo',NULL,'deny'),(5889,5,'Magento_Search::search',NULL,'deny'),(5890,5,'Magento_Search::synonyms',NULL,'deny'),(5891,5,'Magento_UrlRewrite::urlrewrite',NULL,'deny'),(5892,5,'Magento_Sitemap::sitemap',NULL,'deny'),(5893,5,'Magento_Backend::marketing_user_content',NULL,'deny'),(5894,5,'Magento_Review::reviews_all',NULL,'deny'),(5895,5,'Magento_Review::pending',NULL,'deny'),(5896,5,'Yotpo_Yotpo::yotpo_report_reviews',NULL,'deny'),(5897,5,'Magento_Backend::content',NULL,'deny'),(5898,5,'Magento_Backend::content_elements',NULL,'deny'),(5899,5,'Magento_Cms::page',NULL,'deny'),(5900,5,'Magento_Cms::save',NULL,'deny'),(5901,5,'Magento_Cms::save_design',NULL,'deny'),(5902,5,'Magento_Cms::page_delete',NULL,'deny'),(5903,5,'Magento_Cms::block',NULL,'deny'),(5904,5,'Magento_Widget::widget_instance',NULL,'deny'),(5905,5,'Magento_Cms::media_gallery',NULL,'deny'),(5906,5,'Magento_MediaGalleryUiApi::insert_assets',NULL,'deny'),(5907,5,'Magento_MediaGalleryUiApi::upload_assets',NULL,'deny'),(5908,5,'Magento_MediaGalleryUiApi::edit_assets',NULL,'deny'),(5909,5,'Magento_AdobeStockImageAdminUi::media_gallery',NULL,'deny'),(5910,5,'Magento_AdobeStockImageAdminUi::save_preview_images',NULL,'deny'),(5911,5,'Magento_AdobeStockImageAdminUi::license_images',NULL,'deny'),(5912,5,'Magento_MediaGalleryUiApi::delete_assets',NULL,'deny'),(5913,5,'Magento_MediaGalleryUiApi::create_folder',NULL,'deny'),(5914,5,'Magento_MediaGalleryUiApi::delete_folder',NULL,'deny'),(5915,5,'Magento_PageBuilder::templates',NULL,'deny'),(5916,5,'Magento_PageBuilder::template_save',NULL,'deny'),(5917,5,'Magento_PageBuilder::template_apply',NULL,'deny'),(5918,5,'Magento_PageBuilder::template_delete',NULL,'deny'),(5919,5,'Magento_Backend::design',NULL,'deny'),(5920,5,'Magento_Theme::theme',NULL,'deny'),(5921,5,'Magento_Backend::schedule',NULL,'deny'),(5922,5,'Magento_Backend::content_translation',NULL,'deny'),(5923,5,'Magento_Reports::report',NULL,'allow'),(5924,5,'Dotdigitalgroup_Sms::reports',NULL,'deny'),(5925,5,'Dotdigitalgroup_Sms::report',NULL,'deny'),(5926,5,'Dotdigitalgroup_Email::reports',NULL,'deny'),(5927,5,'Dotdigitalgroup_Email::contact',NULL,'deny'),(5928,5,'Dotdigitalgroup_Email::order',NULL,'deny'),(5929,5,'Dotdigitalgroup_Email::review',NULL,'deny'),(5930,5,'Dotdigitalgroup_Email::wishlist',NULL,'deny'),(5931,5,'Dotdigitalgroup_Email::catalog',NULL,'deny'),(5932,5,'Dotdigitalgroup_Email::importer',NULL,'deny'),(5933,5,'Dotdigitalgroup_Email::campaign',NULL,'deny'),(5934,5,'Dotdigitalgroup_Email::cron',NULL,'deny'),(5935,5,'Dotdigitalgroup_Email::dashboard',NULL,'deny'),(5936,5,'Dotdigitalgroup_Email::automation_enrollment',NULL,'deny'),(5937,5,'Dotdigitalgroup_Email::logviewer',NULL,'deny'),(5938,5,'Dotdigitalgroup_Email::abandoned',NULL,'deny'),(5939,5,'Magento_Reports::report_marketing',NULL,'deny'),(5940,5,'Magento_Reports::shopcart',NULL,'deny'),(5941,5,'Magento_Reports::product',NULL,'deny'),(5942,5,'Magento_Reports::abandoned',NULL,'deny'),(5943,5,'Magento_Reports::report_search',NULL,'deny'),(5944,5,'Magento_Newsletter::problem',NULL,'deny'),(5945,5,'Magento_Reports::review',NULL,'deny'),(5946,5,'Magento_Reports::review_customer',NULL,'deny'),(5947,5,'Magento_Reports::review_product',NULL,'deny'),(5948,5,'Yotpo_Yotpo::yotpo_reviews_external',NULL,'deny'),(5949,5,'Magento_Reports::salesroot',NULL,'allow'),(5950,5,'Magento_Reports::salesroot_sales',NULL,'allow'),(5951,5,'Magento_Reports::tax',NULL,'allow'),(5952,5,'Magento_Reports::invoiced',NULL,'allow'),(5953,5,'Magento_Reports::shipping',NULL,'allow'),(5954,5,'Magento_Reports::refunded',NULL,'allow'),(5955,5,'Magento_Reports::coupons',NULL,'allow'),(5956,5,'Magento_Paypal::paypal_settlement_reports',NULL,'allow'),(5957,5,'Magento_Paypal::paypal_settlement_reports_view',NULL,'allow'),(5958,5,'Magento_Paypal::fetch',NULL,'allow'),(5959,5,'PayPal_Braintree::settlement_report',NULL,'allow'),(5960,5,'Magento_Reports::customers',NULL,'deny'),(5961,5,'Magento_Reports::totals',NULL,'deny'),(5962,5,'Magento_Reports::customers_orders',NULL,'deny'),(5963,5,'Magento_Reports::accounts',NULL,'deny'),(5964,5,'Magento_Reports::report_products',NULL,'deny'),(5965,5,'Magento_Reports::viewed',NULL,'deny'),(5966,5,'Magento_Reports::bestsellers',NULL,'deny'),(5967,5,'Magento_Reports::lowstock',NULL,'deny'),(5968,5,'Magento_Reports::sold',NULL,'deny'),(5969,5,'Magento_Reports::downloads',NULL,'deny'),(5970,5,'Magento_Reports::statistics',NULL,'deny'),(5971,5,'Magento_Reports::statistics_refresh',NULL,'deny'),(5972,5,'Magento_Analytics::business_intelligence',NULL,'deny'),(5973,5,'Magento_Analytics::advanced_reporting',NULL,'deny'),(5974,5,'Magento_Analytics::bi_essentials',NULL,'deny'),(5975,5,'Yotpo_Yotpo::yotpo_analytics_external',NULL,'deny'),(5976,5,'Magento_Backend::stores',NULL,'allow'),(5977,5,'Magento_Backend::stores_settings',NULL,'allow'),(5978,5,'Magento_Backend::store',NULL,'deny'),(5979,5,'Magento_Config::config',NULL,'allow'),(5980,5,'MagePal_GmailSmtpApp::magepal_gmailsmtpapp',NULL,'deny'),(5981,5,'Magento_Catalog::config_catalog',NULL,'deny'),(5982,5,'Magento_CatalogSearch::config_catalog_search',NULL,'deny'),(5983,5,'Dotdigitalgroup_Email::config',NULL,'deny'),(5984,5,'Magento_Newsletter::newsletter',NULL,'deny'),(5985,5,'Magento_LoginAsCustomer::config_section',NULL,'deny'),(5986,5,'Magento_GoogleAnalytics::google',NULL,'deny'),(5987,5,'Magento_Downloadable::downloadable',NULL,'deny'),(5988,5,'Magento_Payment::payment_services',NULL,'deny'),(5989,5,'Magento_Payment::payment',NULL,'deny'),(5990,5,'Magento_CatalogInventory::cataloginventory',NULL,'deny'),(5991,5,'Magento_Contact::contact',NULL,'deny'),(5992,5,'Magento_Cms::config_cms',NULL,'deny'),(5993,5,'Mageants_Forcelogin::system_config',NULL,'deny'),(5994,5,'Magento_Shipping::config_shipping',NULL,'deny'),(5995,5,'Magento_Shipping::shipping_policy',NULL,'deny'),(5996,5,'Magento_Shipping::carriers',NULL,'deny'),(5997,5,'Magento_Multishipping::config_multishipping',NULL,'deny'),(5998,5,'Magento_Securitytxt::config',NULL,'deny'),(5999,5,'Magento_ReCaptchaUi::config',NULL,'deny'),(6000,5,'Mageants_Couponimport::mageants_config',NULL,'deny'),(6001,5,'Mageants_SimpleConfigurable::mageants_simpleconfigurable_config',NULL,'deny'),(6002,5,'Mageants_CustomStockStatus::custom_stock_content',NULL,'deny'),(6003,5,'Mageants_CustomStockStatus::configuration',NULL,'deny'),(6004,5,'Mageants_Sample::config',NULL,'deny'),(6005,5,'Mageants_CustomOrderNumber::configuration',NULL,'allow'),(6006,5,'Magento_Config::config_general',NULL,'deny'),(6007,5,'Magento_Config::web',NULL,'deny'),(6008,5,'Magento_Config::config_design',NULL,'deny'),(6009,5,'Mageants_CustomerApproval::customerApproval_config',NULL,'deny'),(6010,5,'Mageants_ExtentionAdminLogin::mageants_extentionadminlogin',NULL,'deny'),(6011,5,'Magento_Customer::config_customer',NULL,'deny'),(6012,5,'Mageants_LoginAsCustomer::loginascustomer_config',NULL,'deny'),(6013,5,'Mageants_CheckoutSuccessPage::Configuration',NULL,'deny'),(6014,5,'Mageants_CustomStockStatus::mageants_customstockst',NULL,'deny'),(6015,5,'Magento_Paypal::paypal',NULL,'deny'),(6016,5,'Magento_Tax::config_tax',NULL,'deny'),(6017,5,'Magento_Checkout::checkout',NULL,'deny'),(6018,5,'Magento_Sales::config_sales',NULL,'deny'),(6019,5,'Mageants_MinOrderCustomerGroup::minimum_order',NULL,'deny'),(6020,5,'Magento_Persistent::persistent',NULL,'deny'),(6021,5,'Magento_Sales::sales_email',NULL,'deny'),(6022,5,'Magento_Sales::sales_pdf',NULL,'deny'),(6023,5,'Magento_Sitemap::config_sitemap',NULL,'deny'),(6024,5,'Magento_Reports::reports',NULL,'deny'),(6025,5,'Yotpo_Core::config',NULL,'deny'),(6026,5,'Yotpo_Yotpo::config',NULL,'deny'),(6027,5,'Magento_Config::config_system',NULL,'deny'),(6028,5,'Magento_Wishlist::config_wishlist',NULL,'deny'),(6029,5,'Magento_SalesRule::config_promo',NULL,'deny'),(6030,5,'Magento_Config::trans_email',NULL,'deny'),(6031,5,'Magento_Config::config_admin',NULL,'deny'),(6032,5,'Magento_Config::dev',NULL,'deny'),(6033,5,'Magento_Config::currency',NULL,'deny'),(6034,5,'Magento_Rss::rss',NULL,'deny'),(6035,5,'Magento_Config::sendfriend',NULL,'deny'),(6036,5,'Magento_Analytics::analytics_settings',NULL,'deny'),(6037,5,'Mageants_InfiniteScroll::infinitescroll',NULL,'deny'),(6038,5,'Mageants_SpamAndBotBlocker::config',NULL,'deny'),(6039,5,'Magento_NewRelicReporting::config_newrelicreporting',NULL,'deny'),(6040,5,'Magento_CheckoutAgreements::checkoutagreement',NULL,'deny'),(6041,5,'Magento_Sales::order_statuses',NULL,'deny'),(6042,5,'Magento_InventoryApi::inventory',NULL,'deny'),(6043,5,'Magento_InventoryApi::source',NULL,'deny'),(6044,5,'Magento_InventoryApi::source_edit',NULL,'deny'),(6045,5,'Magento_InventoryApi::stock',NULL,'deny'),(6046,5,'Magento_InventoryApi::stock_edit',NULL,'deny'),(6047,5,'Magento_InventoryApi::stock_delete',NULL,'deny'),(6048,5,'Magento_InventoryApi::stock_source_link',NULL,'deny'),(6049,5,'Magento_InventoryInStorePickupApi::inStorePickup',NULL,'deny'),(6050,5,'Magento_InventoryInStorePickupApi::notify_orders_are_ready_for_pickup',NULL,'deny'),(6051,5,'Magento_InventorySalesApi::stock',NULL,'deny'),(6052,5,'Magento_Tax::manage_tax',NULL,'deny'),(6053,5,'Magento_CurrencySymbol::system_currency',NULL,'deny'),(6054,5,'Magento_CurrencySymbol::currency_rates',NULL,'deny'),(6055,5,'Magento_CurrencySymbol::symbols',NULL,'deny'),(6056,5,'Magento_Backend::stores_attributes',NULL,'deny'),(6057,5,'Magento_Catalog::attributes_attributes',NULL,'deny'),(6058,5,'Magento_Catalog::sets',NULL,'deny'),(6059,5,'Magento_Review::ratings',NULL,'deny'),(6060,5,'Magento_Swatches::iframe',NULL,'deny'),(6061,5,'Magento_Backend::stores_other_settings',NULL,'deny'),(6062,5,'Magento_Backend::system',NULL,'allow'),(6063,5,'Magento_AdobeIms::adobe_ims',NULL,'deny'),(6064,5,'Magento_AdobeIms::actions',NULL,'deny'),(6065,5,'Magento_AdobeIms::login',NULL,'deny'),(6066,5,'Magento_AdobeIms::logout',NULL,'deny'),(6067,5,'Magento_AdobeStockAsset::adobe_stock_asset',NULL,'deny'),(6068,5,'Magento_AdobeStockAsset::actions',NULL,'deny'),(6069,5,'Magento_AdobeStockAsset::actions_delete',NULL,'deny'),(6070,5,'Magento_AdobeStockAsset::actions_save',NULL,'deny'),(6071,5,'Magento_AdobeStockAsset::actions_view',NULL,'deny'),(6072,5,'Magento_AdobeStockAsset::actions_get',NULL,'deny'),(6073,5,'Magento_Backend::convert',NULL,'deny'),(6074,5,'Magento_ImportExport::import',NULL,'deny'),(6075,5,'Magento_ImportExport::export',NULL,'deny'),(6076,5,'Magento_TaxImportExport::import_export',NULL,'deny'),(6077,5,'Magento_ImportExport::history',NULL,'deny'),(6078,5,'Klarna_Core::system_support_form',NULL,'deny'),(6079,5,'Magento_Backend::extensions',NULL,'deny'),(6080,5,'Magento_Backend::local',NULL,'deny'),(6081,5,'Magento_Backend::custom',NULL,'deny'),(6082,5,'Klarna_Core::system_logging',NULL,'deny'),(6083,5,'Magento_Integration::extensions',NULL,'deny'),(6084,5,'Magento_Integration::integrations',NULL,'deny'),(6085,5,'Magento_Backend::tools',NULL,'allow'),(6086,5,'Magento_Backend::cache',NULL,'allow'),(6087,5,'Magento_Backend::main_actions',NULL,'allow'),(6088,5,'Magento_Backend::flush_cache_storage',NULL,'allow'),(6089,5,'Magento_Backend::flush_magento_cache',NULL,'allow'),(6090,5,'Magento_Backend::mass_actions',NULL,'allow'),(6091,5,'Magento_Backend::toggling_cache_type',NULL,'allow'),(6092,5,'Magento_Backend::refresh_cache_type',NULL,'allow'),(6093,5,'Magento_Backend::additional_cache_management',NULL,'allow'),(6094,5,'Magento_Backend::flush_catalog_images',NULL,'allow'),(6095,5,'Magento_Backend::flush_js_css',NULL,'allow'),(6096,5,'Magento_Backend::flush_static_files',NULL,'allow'),(6097,5,'Magento_Backup::backup',NULL,'deny'),(6098,5,'Magento_Backup::rollback',NULL,'deny'),(6099,5,'Magento_Indexer::index',NULL,'deny'),(6100,5,'Magento_Indexer::changeMode',NULL,'deny'),(6101,5,'Magento_Indexer::invalidate',NULL,'deny'),(6102,5,'Magefan_ConflictDetector::elements',NULL,'deny'),(6103,5,'Magento_User::acl',NULL,'deny'),(6104,5,'Magento_User::acl_users',NULL,'deny'),(6105,5,'Magento_User::locks',NULL,'deny'),(6106,5,'Magento_User::acl_roles',NULL,'deny'),(6107,5,'Magento_Logging::magento_logging',NULL,'deny'),(6108,5,'Magento_Logging::magento_logging_events',NULL,'deny'),(6109,5,'Magento_Logging::system_magento_logging_bulk_operations',NULL,'deny'),(6110,5,'Magento_Backend::system_other_settings',NULL,'deny'),(6111,5,'Magento_AdminNotification::adminnotification',NULL,'deny'),(6112,5,'Magento_AdminNotification::show_toolbar',NULL,'deny'),(6113,5,'Magento_AdminNotification::show_list',NULL,'deny'),(6114,5,'Magento_AdminNotification::mark_as_read',NULL,'deny'),(6115,5,'Magento_AdminNotification::adminnotification_remove',NULL,'deny'),(6116,5,'Magento_Variable::variable',NULL,'deny'),(6117,5,'Magento_EncryptionKey::crypt_key',NULL,'deny'),(6118,5,'Magento_Backend::global_search',NULL,'deny'),(6119,6,'Magento_Backend::all',NULL,'deny'),(6120,6,'Magento_Backend::admin',NULL,'allow'),(6121,6,'Magento_Backend::dashboard',NULL,'deny'),(6122,6,'Magento_Analytics::analytics',NULL,'deny'),(6123,6,'Magento_Analytics::analytics_api',NULL,'deny'),(6124,6,'Mageants_ExtentionAdminLogin::extentionadminlogin_content',NULL,'deny'),(6125,6,'Mageants_ExtentionAdminLogin::extentionadminlogin_grid',NULL,'deny'),(6126,6,'Mageants_ExtentionAdminLogin::extentionadminlogin_new_edit',NULL,'deny'),(6127,6,'Mageants_ExtentionAdminLogin::extentionadminlogin_save',NULL,'deny'),(6128,6,'Mageants_ExtentionAdminLogin::extentionadminlogin_delete',NULL,'deny'),(6129,6,'Mageants_ExtentionAdminLogin::extentionadminlogin_massenable',NULL,'deny'),(6130,6,'Mageants_ExtentionAdminLogin::extentionadminlogin_massdisable',NULL,'deny'),(6131,6,'Mageants_ExtentionAdminLogin::extentionadminlogin_massdelete',NULL,'deny'),(6132,6,'Magento_Sales::sales',NULL,'allow'),(6133,6,'Magento_Sales::sales_operation',NULL,'allow'),(6134,6,'Magento_Sales::sales_order',NULL,'allow'),(6135,6,'Magento_Sales::actions',NULL,'allow'),(6136,6,'Magento_Sales::create',NULL,'allow'),(6137,6,'Magento_Sales::actions_view',NULL,'allow'),(6138,6,'Magento_Sales::email',NULL,'allow'),(6139,6,'Magento_Sales::reorder',NULL,'allow'),(6140,6,'Magento_Sales::actions_edit',NULL,'allow'),(6141,6,'Magento_Sales::cancel',NULL,'allow'),(6142,6,'Magento_Sales::review_payment',NULL,'allow'),(6143,6,'Magento_Sales::capture',NULL,'allow'),(6144,6,'Magento_Sales::invoice',NULL,'allow'),(6145,6,'Magento_Sales::creditmemo',NULL,'allow'),(6146,6,'Magento_Sales::hold',NULL,'allow'),(6147,6,'Magento_Sales::unhold',NULL,'allow'),(6148,6,'Magento_Sales::ship',NULL,'allow'),(6149,6,'Magento_Sales::comment',NULL,'allow'),(6150,6,'Magento_Sales::emails',NULL,'allow'),(6151,6,'Magento_Paypal::authorization',NULL,'allow'),(6152,6,'Magento_Sales::sales_invoice',NULL,'allow'),(6153,6,'Magento_Sales::shipment',NULL,'allow'),(6154,6,'Magento_Sales::sales_creditmemo',NULL,'allow'),(6155,6,'Magento_Paypal::billing_agreement',NULL,'allow'),(6156,6,'Magento_Paypal::billing_agreement_actions',NULL,'allow'),(6157,6,'Magento_Paypal::billing_agreement_actions_view',NULL,'allow'),(6158,6,'Magento_Paypal::actions_manage',NULL,'allow'),(6159,6,'Magento_Paypal::use',NULL,'allow'),(6160,6,'Magento_Sales::transactions',NULL,'allow'),(6161,6,'Magento_Sales::transactions_fetch',NULL,'allow'),(6162,6,'Magento_Catalog::catalog',NULL,'allow'),(6163,6,'Magento_Catalog::catalog_inventory',NULL,'allow'),(6164,6,'Magento_Catalog::products',NULL,'allow'),(6165,6,'Magento_Catalog::update_attributes',NULL,'allow'),(6166,6,'Magento_Catalog::edit_product_design',NULL,'allow'),(6167,6,'Magento_Catalog::categories',NULL,'allow'),(6168,6,'Magento_Catalog::edit_category_design',NULL,'allow'),(6169,6,'Magento_Customer::customer',NULL,'allow'),(6170,6,'Magento_Customer::manage',NULL,'allow'),(6171,6,'Magento_Customer::actions',NULL,'allow'),(6172,6,'Magento_Customer::delete',NULL,'allow'),(6173,6,'Magento_Customer::reset_password',NULL,'allow'),(6174,6,'Magento_Customer::invalidate_tokens',NULL,'allow'),(6175,6,'Magento_LoginAsCustomer::allow_shopping_assistance',NULL,'allow'),(6176,6,'Mageants_LoginAsCustomer::loginascustomer_button',NULL,'deny'),(6177,6,'Magento_Customer::online',NULL,'deny'),(6178,6,'Magento_Customer::group',NULL,'deny'),(6179,6,'Mageants_LoginAsCustomer::loginascustomer_content',NULL,'deny'),(6180,6,'Mageants_LoginAsCustomer::list_of_login_as_customer',NULL,'deny'),(6181,6,'Mageants_LoginAsCustomer::MassDelete',NULL,'deny'),(6182,6,'Magento_LoginAsCustomer::login',NULL,'deny'),(6183,6,'Magento_LoginAsCustomerLog::login_log',NULL,'deny'),(6184,6,'Magento_Cart::cart',NULL,'deny'),(6185,6,'Magento_Cart::manage',NULL,'deny'),(6186,6,'Magento_Backend::myaccount',NULL,'deny'),(6187,6,'Magento_Backend::marketing',NULL,'deny'),(6188,6,'Magento_CatalogRule::promo',NULL,'deny'),(6189,6,'Magento_CatalogRule::promo_catalog',NULL,'deny'),(6190,6,'Magento_SalesRule::quote',NULL,'deny'),(6191,6,'Dotdigitalgroup_Email::automation',NULL,'deny'),(6192,6,'Dotdigitalgroup_Email::automation_studio',NULL,'deny'),(6193,6,'Dotdigitalgroup_Chat::config',NULL,'deny'),(6194,6,'Dotdigitalgroup_Sms::config',NULL,'deny'),(6195,6,'Dotdigitalgroup_Email::exclusion_rules',NULL,'deny'),(6196,6,'Magento_Backend::marketing_communications',NULL,'deny'),(6197,6,'Magento_Email::template',NULL,'deny'),(6198,6,'Magento_Newsletter::template',NULL,'deny'),(6199,6,'Magento_Newsletter::queue',NULL,'deny'),(6200,6,'Magento_Newsletter::subscriber',NULL,'deny'),(6201,6,'Magento_Backend::marketing_seo',NULL,'deny'),(6202,6,'Magento_Search::search',NULL,'deny'),(6203,6,'Magento_Search::synonyms',NULL,'deny'),(6204,6,'Magento_UrlRewrite::urlrewrite',NULL,'deny'),(6205,6,'Magento_Sitemap::sitemap',NULL,'deny'),(6206,6,'Magento_Backend::marketing_user_content',NULL,'deny'),(6207,6,'Magento_Review::reviews_all',NULL,'deny'),(6208,6,'Magento_Review::pending',NULL,'deny'),(6209,6,'Yotpo_Yotpo::yotpo_report_reviews',NULL,'deny'),(6210,6,'Magento_Backend::content',NULL,'deny'),(6211,6,'Magento_Backend::content_elements',NULL,'deny'),(6212,6,'Magento_Cms::page',NULL,'deny'),(6213,6,'Magento_Cms::save',NULL,'deny'),(6214,6,'Magento_Cms::save_design',NULL,'deny'),(6215,6,'Magento_Cms::page_delete',NULL,'deny'),(6216,6,'Magento_Cms::block',NULL,'deny'),(6217,6,'Magento_Widget::widget_instance',NULL,'deny'),(6218,6,'Magento_Cms::media_gallery',NULL,'deny'),(6219,6,'Magento_MediaGalleryUiApi::insert_assets',NULL,'deny'),(6220,6,'Magento_MediaGalleryUiApi::upload_assets',NULL,'deny'),(6221,6,'Magento_MediaGalleryUiApi::edit_assets',NULL,'deny'),(6222,6,'Magento_AdobeStockImageAdminUi::media_gallery',NULL,'deny'),(6223,6,'Magento_AdobeStockImageAdminUi::save_preview_images',NULL,'deny'),(6224,6,'Magento_AdobeStockImageAdminUi::license_images',NULL,'deny'),(6225,6,'Magento_MediaGalleryUiApi::delete_assets',NULL,'deny'),(6226,6,'Magento_MediaGalleryUiApi::create_folder',NULL,'deny'),(6227,6,'Magento_MediaGalleryUiApi::delete_folder',NULL,'deny'),(6228,6,'Magento_PageBuilder::templates',NULL,'deny'),(6229,6,'Magento_PageBuilder::template_save',NULL,'deny'),(6230,6,'Magento_PageBuilder::template_apply',NULL,'deny'),(6231,6,'Magento_PageBuilder::template_delete',NULL,'deny'),(6232,6,'Magento_Backend::design',NULL,'deny'),(6233,6,'Magento_Theme::theme',NULL,'deny'),(6234,6,'Magento_Backend::schedule',NULL,'deny'),(6235,6,'Magento_Backend::content_translation',NULL,'deny'),(6236,6,'Magento_Reports::report',NULL,'deny'),(6237,6,'Dotdigitalgroup_Sms::reports',NULL,'deny'),(6238,6,'Dotdigitalgroup_Sms::report',NULL,'deny'),(6239,6,'Dotdigitalgroup_Email::reports',NULL,'deny'),(6240,6,'Dotdigitalgroup_Email::contact',NULL,'deny'),(6241,6,'Dotdigitalgroup_Email::order',NULL,'deny'),(6242,6,'Dotdigitalgroup_Email::review',NULL,'deny'),(6243,6,'Dotdigitalgroup_Email::wishlist',NULL,'deny'),(6244,6,'Dotdigitalgroup_Email::catalog',NULL,'deny'),(6245,6,'Dotdigitalgroup_Email::importer',NULL,'deny'),(6246,6,'Dotdigitalgroup_Email::campaign',NULL,'deny'),(6247,6,'Dotdigitalgroup_Email::cron',NULL,'deny'),(6248,6,'Dotdigitalgroup_Email::dashboard',NULL,'deny'),(6249,6,'Dotdigitalgroup_Email::automation_enrollment',NULL,'deny'),(6250,6,'Dotdigitalgroup_Email::logviewer',NULL,'deny'),(6251,6,'Dotdigitalgroup_Email::abandoned',NULL,'deny'),(6252,6,'Magento_Reports::report_marketing',NULL,'deny'),(6253,6,'Magento_Reports::shopcart',NULL,'deny'),(6254,6,'Magento_Reports::product',NULL,'deny'),(6255,6,'Magento_Reports::abandoned',NULL,'deny'),(6256,6,'Magento_Reports::report_search',NULL,'deny'),(6257,6,'Magento_Newsletter::problem',NULL,'deny'),(6258,6,'Magento_Reports::review',NULL,'deny'),(6259,6,'Magento_Reports::review_customer',NULL,'deny'),(6260,6,'Magento_Reports::review_product',NULL,'deny'),(6261,6,'Yotpo_Yotpo::yotpo_reviews_external',NULL,'deny'),(6262,6,'Magento_Reports::salesroot',NULL,'deny'),(6263,6,'Magento_Reports::salesroot_sales',NULL,'deny'),(6264,6,'Magento_Reports::tax',NULL,'deny'),(6265,6,'Magento_Reports::invoiced',NULL,'deny'),(6266,6,'Magento_Reports::shipping',NULL,'deny'),(6267,6,'Magento_Reports::refunded',NULL,'deny'),(6268,6,'Magento_Reports::coupons',NULL,'deny'),(6269,6,'Magento_Paypal::paypal_settlement_reports',NULL,'deny'),(6270,6,'Magento_Paypal::paypal_settlement_reports_view',NULL,'deny'),(6271,6,'Magento_Paypal::fetch',NULL,'deny'),(6272,6,'PayPal_Braintree::settlement_report',NULL,'deny'),(6273,6,'Magento_Reports::customers',NULL,'deny'),(6274,6,'Magento_Reports::totals',NULL,'deny'),(6275,6,'Magento_Reports::customers_orders',NULL,'deny'),(6276,6,'Magento_Reports::accounts',NULL,'deny'),(6277,6,'Magento_Reports::report_products',NULL,'deny'),(6278,6,'Magento_Reports::viewed',NULL,'deny'),(6279,6,'Magento_Reports::bestsellers',NULL,'deny'),(6280,6,'Magento_Reports::lowstock',NULL,'deny'),(6281,6,'Magento_Reports::sold',NULL,'deny'),(6282,6,'Magento_Reports::downloads',NULL,'deny'),(6283,6,'Magento_Reports::statistics',NULL,'deny'),(6284,6,'Magento_Reports::statistics_refresh',NULL,'deny'),(6285,6,'Magento_Analytics::business_intelligence',NULL,'deny'),(6286,6,'Magento_Analytics::advanced_reporting',NULL,'deny'),(6287,6,'Magento_Analytics::bi_essentials',NULL,'deny'),(6288,6,'Yotpo_Yotpo::yotpo_analytics_external',NULL,'deny'),(6289,6,'Magento_Backend::stores',NULL,'allow'),(6290,6,'Magento_Backend::stores_settings',NULL,'allow'),(6291,6,'Magento_Backend::store',NULL,'deny'),(6292,6,'Magento_Config::config',NULL,'allow'),(6293,6,'MagePal_GmailSmtpApp::magepal_gmailsmtpapp',NULL,'deny'),(6294,6,'Magento_Catalog::config_catalog',NULL,'deny'),(6295,6,'Magento_CatalogSearch::config_catalog_search',NULL,'deny'),(6296,6,'Dotdigitalgroup_Email::config',NULL,'deny'),(6297,6,'Magento_Newsletter::newsletter',NULL,'deny'),(6298,6,'Magento_LoginAsCustomer::config_section',NULL,'deny'),(6299,6,'Magento_GoogleAnalytics::google',NULL,'deny'),(6300,6,'Magento_Downloadable::downloadable',NULL,'deny'),(6301,6,'Magento_Payment::payment_services',NULL,'deny'),(6302,6,'Magento_Payment::payment',NULL,'deny'),(6303,6,'Magento_CatalogInventory::cataloginventory',NULL,'deny'),(6304,6,'Magento_Contact::contact',NULL,'deny'),(6305,6,'Magento_Cms::config_cms',NULL,'deny'),(6306,6,'Mageants_Forcelogin::system_config',NULL,'deny'),(6307,6,'Magento_Shipping::config_shipping',NULL,'deny'),(6308,6,'Magento_Shipping::shipping_policy',NULL,'deny'),(6309,6,'Magento_Shipping::carriers',NULL,'deny'),(6310,6,'Magento_Multishipping::config_multishipping',NULL,'deny'),(6311,6,'Magento_Securitytxt::config',NULL,'deny'),(6312,6,'Magento_ReCaptchaUi::config',NULL,'deny'),(6313,6,'Mageants_Couponimport::mageants_config',NULL,'deny'),(6314,6,'Mageants_SimpleConfigurable::mageants_simpleconfigurable_config',NULL,'deny'),(6315,6,'Mageants_CustomStockStatus::custom_stock_content',NULL,'allow'),(6316,6,'Mageants_CustomStockStatus::configuration',NULL,'allow'),(6317,6,'Mageants_Sample::config',NULL,'deny'),(6318,6,'Mageants_CustomOrderNumber::configuration',NULL,'deny'),(6319,6,'Magento_Config::config_general',NULL,'deny'),(6320,6,'Magento_Config::web',NULL,'deny'),(6321,6,'Magento_Config::config_design',NULL,'deny'),(6322,6,'Mageants_CustomerApproval::customerApproval_config',NULL,'deny'),(6323,6,'Mageants_ExtentionAdminLogin::mageants_extentionadminlogin',NULL,'deny'),(6324,6,'Magento_Customer::config_customer',NULL,'deny'),(6325,6,'Mageants_LoginAsCustomer::loginascustomer_config',NULL,'deny'),(6326,6,'Mageants_CheckoutSuccessPage::Configuration',NULL,'deny'),(6327,6,'Mageants_CustomStockStatus::mageants_customstockst',NULL,'allow'),(6328,6,'Magento_Paypal::paypal',NULL,'deny'),(6329,6,'Magento_Tax::config_tax',NULL,'deny'),(6330,6,'Magento_Checkout::checkout',NULL,'deny'),(6331,6,'Magento_Sales::config_sales',NULL,'deny'),(6332,6,'Mageants_MinOrderCustomerGroup::minimum_order',NULL,'deny'),(6333,6,'Magento_Persistent::persistent',NULL,'deny'),(6334,6,'Magento_Sales::sales_email',NULL,'deny'),(6335,6,'Magento_Sales::sales_pdf',NULL,'deny'),(6336,6,'Magento_Sitemap::config_sitemap',NULL,'deny'),(6337,6,'Magento_Reports::reports',NULL,'deny'),(6338,6,'Yotpo_Core::config',NULL,'deny'),(6339,6,'Yotpo_Yotpo::config',NULL,'deny'),(6340,6,'Magento_Config::config_system',NULL,'deny'),(6341,6,'Magento_Wishlist::config_wishlist',NULL,'deny'),(6342,6,'Magento_SalesRule::config_promo',NULL,'deny'),(6343,6,'Magento_Config::trans_email',NULL,'deny'),(6344,6,'Magento_Config::config_admin',NULL,'deny'),(6345,6,'Magento_Config::dev',NULL,'deny'),(6346,6,'Magento_Config::currency',NULL,'deny'),(6347,6,'Magento_Rss::rss',NULL,'deny'),(6348,6,'Magento_Config::sendfriend',NULL,'deny'),(6349,6,'Magento_Analytics::analytics_settings',NULL,'deny'),(6350,6,'Mageants_InfiniteScroll::infinitescroll',NULL,'deny'),(6351,6,'Mageants_SpamAndBotBlocker::config',NULL,'deny'),(6352,6,'Magento_NewRelicReporting::config_newrelicreporting',NULL,'deny'),(6353,6,'Magento_CheckoutAgreements::checkoutagreement',NULL,'deny'),(6354,6,'Magento_Sales::order_statuses',NULL,'deny'),(6355,6,'Magento_InventoryApi::inventory',NULL,'deny'),(6356,6,'Magento_InventoryApi::source',NULL,'deny'),(6357,6,'Magento_InventoryApi::source_edit',NULL,'deny'),(6358,6,'Magento_InventoryApi::stock',NULL,'deny'),(6359,6,'Magento_InventoryApi::stock_edit',NULL,'deny'),(6360,6,'Magento_InventoryApi::stock_delete',NULL,'deny'),(6361,6,'Magento_InventoryApi::stock_source_link',NULL,'deny'),(6362,6,'Magento_InventoryInStorePickupApi::inStorePickup',NULL,'deny'),(6363,6,'Magento_InventoryInStorePickupApi::notify_orders_are_ready_for_pickup',NULL,'deny'),(6364,6,'Magento_InventorySalesApi::stock',NULL,'deny'),(6365,6,'Magento_Tax::manage_tax',NULL,'deny'),(6366,6,'Magento_CurrencySymbol::system_currency',NULL,'deny'),(6367,6,'Magento_CurrencySymbol::currency_rates',NULL,'deny'),(6368,6,'Magento_CurrencySymbol::symbols',NULL,'deny'),(6369,6,'Magento_Backend::stores_attributes',NULL,'allow'),(6370,6,'Magento_Catalog::attributes_attributes',NULL,'allow'),(6371,6,'Magento_Catalog::sets',NULL,'allow'),(6372,6,'Magento_Review::ratings',NULL,'allow'),(6373,6,'Magento_Swatches::iframe',NULL,'allow'),(6374,6,'Magento_Backend::stores_other_settings',NULL,'deny'),(6375,6,'Magento_Backend::system',NULL,'allow'),(6376,6,'Magento_AdobeIms::adobe_ims',NULL,'deny'),(6377,6,'Magento_AdobeIms::actions',NULL,'deny'),(6378,6,'Magento_AdobeIms::login',NULL,'deny'),(6379,6,'Magento_AdobeIms::logout',NULL,'deny'),(6380,6,'Magento_AdobeStockAsset::adobe_stock_asset',NULL,'deny'),(6381,6,'Magento_AdobeStockAsset::actions',NULL,'deny'),(6382,6,'Magento_AdobeStockAsset::actions_delete',NULL,'deny'),(6383,6,'Magento_AdobeStockAsset::actions_save',NULL,'deny'),(6384,6,'Magento_AdobeStockAsset::actions_view',NULL,'deny'),(6385,6,'Magento_AdobeStockAsset::actions_get',NULL,'deny'),(6386,6,'Magento_Backend::convert',NULL,'deny'),(6387,6,'Magento_ImportExport::import',NULL,'deny'),(6388,6,'Magento_ImportExport::export',NULL,'deny'),(6389,6,'Magento_TaxImportExport::import_export',NULL,'deny'),(6390,6,'Magento_ImportExport::history',NULL,'deny'),(6391,6,'Klarna_Core::system_support_form',NULL,'deny'),(6392,6,'Magento_Backend::extensions',NULL,'deny'),(6393,6,'Magento_Backend::local',NULL,'deny'),(6394,6,'Magento_Backend::custom',NULL,'deny'),(6395,6,'Klarna_Core::system_logging',NULL,'deny'),(6396,6,'Magento_Integration::extensions',NULL,'deny'),(6397,6,'Magento_Integration::integrations',NULL,'deny'),(6398,6,'Magento_Backend::tools',NULL,'allow'),(6399,6,'Magento_Backend::cache',NULL,'allow'),(6400,6,'Magento_Backend::main_actions',NULL,'allow'),(6401,6,'Magento_Backend::flush_cache_storage',NULL,'allow'),(6402,6,'Magento_Backend::flush_magento_cache',NULL,'allow'),(6403,6,'Magento_Backend::mass_actions',NULL,'allow'),(6404,6,'Magento_Backend::toggling_cache_type',NULL,'allow'),(6405,6,'Magento_Backend::refresh_cache_type',NULL,'allow'),(6406,6,'Magento_Backend::additional_cache_management',NULL,'allow'),(6407,6,'Magento_Backend::flush_catalog_images',NULL,'allow'),(6408,6,'Magento_Backend::flush_js_css',NULL,'allow'),(6409,6,'Magento_Backend::flush_static_files',NULL,'allow'),(6410,6,'Magento_Backup::backup',NULL,'deny'),(6411,6,'Magento_Backup::rollback',NULL,'deny'),(6412,6,'Magento_Indexer::index',NULL,'deny'),(6413,6,'Magento_Indexer::changeMode',NULL,'deny'),(6414,6,'Magento_Indexer::invalidate',NULL,'deny'),(6415,6,'Magefan_ConflictDetector::elements',NULL,'deny'),(6416,6,'Magento_User::acl',NULL,'deny'),(6417,6,'Magento_User::acl_users',NULL,'deny'),(6418,6,'Magento_User::locks',NULL,'deny'),(6419,6,'Magento_User::acl_roles',NULL,'deny'),(6420,6,'Magento_Logging::magento_logging',NULL,'deny'),(6421,6,'Magento_Logging::magento_logging_events',NULL,'deny'),(6422,6,'Magento_Logging::system_magento_logging_bulk_operations',NULL,'deny'),(6423,6,'Magento_Backend::system_other_settings',NULL,'deny'),(6424,6,'Magento_AdminNotification::adminnotification',NULL,'deny'),(6425,6,'Magento_AdminNotification::show_toolbar',NULL,'deny'),(6426,6,'Magento_AdminNotification::show_list',NULL,'deny'),(6427,6,'Magento_AdminNotification::mark_as_read',NULL,'deny'),(6428,6,'Magento_AdminNotification::adminnotification_remove',NULL,'deny'),(6429,6,'Magento_Variable::variable',NULL,'deny'),(6430,6,'Magento_EncryptionKey::crypt_key',NULL,'deny'),(6431,6,'Magento_Backend::global_search',NULL,'deny'),(6745,7,'Magento_Backend::all',NULL,'deny'),(6746,7,'Magento_Backend::admin',NULL,'allow'),(6747,7,'Magento_Backend::dashboard',NULL,'deny'),(6748,7,'Magento_Analytics::analytics',NULL,'deny'),(6749,7,'Magento_Analytics::analytics_api',NULL,'deny'),(6750,7,'Mageants_ExtentionAdminLogin::extentionadminlogin_content',NULL,'deny'),(6751,7,'Mageants_ExtentionAdminLogin::extentionadminlogin_grid',NULL,'deny'),(6752,7,'Mageants_ExtentionAdminLogin::extentionadminlogin_new_edit',NULL,'deny'),(6753,7,'Mageants_ExtentionAdminLogin::extentionadminlogin_save',NULL,'deny'),(6754,7,'Mageants_ExtentionAdminLogin::extentionadminlogin_delete',NULL,'deny'),(6755,7,'Mageants_ExtentionAdminLogin::extentionadminlogin_massenable',NULL,'deny'),(6756,7,'Mageants_ExtentionAdminLogin::extentionadminlogin_massdisable',NULL,'deny'),(6757,7,'Mageants_ExtentionAdminLogin::extentionadminlogin_massdelete',NULL,'deny'),(6758,7,'Magento_Sales::sales',NULL,'allow'),(6759,7,'Magento_Sales::sales_operation',NULL,'allow'),(6760,7,'Magento_Sales::sales_order',NULL,'allow'),(6761,7,'Magento_Sales::actions',NULL,'allow'),(6762,7,'Magento_Sales::create',NULL,'allow'),(6763,7,'Magento_Sales::actions_view',NULL,'allow'),(6764,7,'Magento_Sales::email',NULL,'allow'),(6765,7,'Magento_Sales::reorder',NULL,'allow'),(6766,7,'Magento_Sales::actions_edit',NULL,'allow'),(6767,7,'Magento_Sales::cancel',NULL,'allow'),(6768,7,'Magento_Sales::review_payment',NULL,'allow'),(6769,7,'Magento_Sales::capture',NULL,'allow'),(6770,7,'Magento_Sales::invoice',NULL,'allow'),(6771,7,'Magento_Sales::creditmemo',NULL,'allow'),(6772,7,'Magento_Sales::hold',NULL,'allow'),(6773,7,'Magento_Sales::unhold',NULL,'allow'),(6774,7,'Magento_Sales::ship',NULL,'allow'),(6775,7,'Magento_Sales::comment',NULL,'allow'),(6776,7,'Magento_Sales::emails',NULL,'allow'),(6777,7,'Magento_Paypal::authorization',NULL,'allow'),(6778,7,'Magento_Sales::sales_invoice',NULL,'allow'),(6779,7,'Magento_Sales::shipment',NULL,'allow'),(6780,7,'Magento_Sales::sales_creditmemo',NULL,'allow'),(6781,7,'Magento_Paypal::billing_agreement',NULL,'allow'),(6782,7,'Magento_Paypal::billing_agreement_actions',NULL,'allow'),(6783,7,'Magento_Paypal::billing_agreement_actions_view',NULL,'allow'),(6784,7,'Magento_Paypal::actions_manage',NULL,'allow'),(6785,7,'Magento_Paypal::use',NULL,'allow'),(6786,7,'Magento_Sales::transactions',NULL,'allow'),(6787,7,'Magento_Sales::transactions_fetch',NULL,'allow'),(6788,7,'Magento_Catalog::catalog',NULL,'allow'),(6789,7,'Magento_Catalog::catalog_inventory',NULL,'allow'),(6790,7,'Magento_Catalog::products',NULL,'allow'),(6791,7,'Magento_Catalog::update_attributes',NULL,'allow'),(6792,7,'Magento_Catalog::edit_product_design',NULL,'allow'),(6793,7,'Magento_Catalog::categories',NULL,'deny'),(6794,7,'Magento_Catalog::edit_category_design',NULL,'deny'),(6795,7,'Magento_Customer::customer',NULL,'allow'),(6796,7,'Magento_Customer::manage',NULL,'allow'),(6797,7,'Magento_Customer::actions',NULL,'allow'),(6798,7,'Magento_Customer::delete',NULL,'allow'),(6799,7,'Magento_Customer::reset_password',NULL,'allow'),(6800,7,'Magento_Customer::invalidate_tokens',NULL,'allow'),(6801,7,'Magento_LoginAsCustomer::allow_shopping_assistance',NULL,'allow'),(6802,7,'Mageants_LoginAsCustomer::loginascustomer_button',NULL,'deny'),(6803,7,'Magento_Customer::online',NULL,'deny'),(6804,7,'Magento_Customer::group',NULL,'deny'),(6805,7,'Mageants_LoginAsCustomer::loginascustomer_content',NULL,'deny'),(6806,7,'Mageants_LoginAsCustomer::list_of_login_as_customer',NULL,'deny'),(6807,7,'Mageants_LoginAsCustomer::MassDelete',NULL,'deny'),(6808,7,'Magento_LoginAsCustomer::login',NULL,'deny'),(6809,7,'Magento_LoginAsCustomerLog::login_log',NULL,'deny'),(6810,7,'Magento_Cart::cart',NULL,'deny'),(6811,7,'Magento_Cart::manage',NULL,'deny'),(6812,7,'Magento_Backend::myaccount',NULL,'deny'),(6813,7,'Magento_Backend::marketing',NULL,'deny'),(6814,7,'Magento_CatalogRule::promo',NULL,'deny'),(6815,7,'Magento_CatalogRule::promo_catalog',NULL,'deny'),(6816,7,'Magento_SalesRule::quote',NULL,'deny'),(6817,7,'Dotdigitalgroup_Email::automation',NULL,'deny'),(6818,7,'Dotdigitalgroup_Email::automation_studio',NULL,'deny'),(6819,7,'Dotdigitalgroup_Chat::config',NULL,'deny'),(6820,7,'Dotdigitalgroup_Sms::config',NULL,'deny'),(6821,7,'Dotdigitalgroup_Email::exclusion_rules',NULL,'deny'),(6822,7,'Magento_Backend::marketing_communications',NULL,'deny'),(6823,7,'Magento_Email::template',NULL,'deny'),(6824,7,'Magento_Newsletter::template',NULL,'deny'),(6825,7,'Magento_Newsletter::queue',NULL,'deny'),(6826,7,'Magento_Newsletter::subscriber',NULL,'deny'),(6827,7,'Magento_Backend::marketing_seo',NULL,'deny'),(6828,7,'Magento_Search::search',NULL,'deny'),(6829,7,'Magento_Search::synonyms',NULL,'deny'),(6830,7,'Magento_UrlRewrite::urlrewrite',NULL,'deny'),(6831,7,'Magento_Sitemap::sitemap',NULL,'deny'),(6832,7,'Magento_Backend::marketing_user_content',NULL,'deny'),(6833,7,'Magento_Review::reviews_all',NULL,'deny'),(6834,7,'Magento_Review::pending',NULL,'deny'),(6835,7,'Yotpo_Yotpo::yotpo_report_reviews',NULL,'deny'),(6836,7,'Magento_Backend::content',NULL,'deny'),(6837,7,'Magento_Backend::content_elements',NULL,'deny'),(6838,7,'Magento_Cms::page',NULL,'deny'),(6839,7,'Magento_Cms::save',NULL,'deny'),(6840,7,'Magento_Cms::save_design',NULL,'deny'),(6841,7,'Magento_Cms::page_delete',NULL,'deny'),(6842,7,'Magento_Cms::block',NULL,'deny'),(6843,7,'Magento_Widget::widget_instance',NULL,'deny'),(6844,7,'Magento_Cms::media_gallery',NULL,'deny'),(6845,7,'Magento_MediaGalleryUiApi::insert_assets',NULL,'deny'),(6846,7,'Magento_MediaGalleryUiApi::upload_assets',NULL,'deny'),(6847,7,'Magento_MediaGalleryUiApi::edit_assets',NULL,'deny'),(6848,7,'Magento_AdobeStockImageAdminUi::media_gallery',NULL,'deny'),(6849,7,'Magento_AdobeStockImageAdminUi::save_preview_images',NULL,'deny'),(6850,7,'Magento_AdobeStockImageAdminUi::license_images',NULL,'deny'),(6851,7,'Magento_MediaGalleryUiApi::delete_assets',NULL,'deny'),(6852,7,'Magento_MediaGalleryUiApi::create_folder',NULL,'deny'),(6853,7,'Magento_MediaGalleryUiApi::delete_folder',NULL,'deny'),(6854,7,'Magento_PageBuilder::templates',NULL,'deny'),(6855,7,'Magento_PageBuilder::template_save',NULL,'deny'),(6856,7,'Magento_PageBuilder::template_apply',NULL,'deny'),(6857,7,'Magento_PageBuilder::template_delete',NULL,'deny'),(6858,7,'Magento_Backend::design',NULL,'deny'),(6859,7,'Magento_Theme::theme',NULL,'deny'),(6860,7,'Magento_Backend::schedule',NULL,'deny'),(6861,7,'Magento_Backend::content_translation',NULL,'deny'),(6862,7,'Magento_Reports::report',NULL,'deny'),(6863,7,'Dotdigitalgroup_Sms::reports',NULL,'deny'),(6864,7,'Dotdigitalgroup_Sms::report',NULL,'deny'),(6865,7,'Dotdigitalgroup_Email::reports',NULL,'deny'),(6866,7,'Dotdigitalgroup_Email::contact',NULL,'deny'),(6867,7,'Dotdigitalgroup_Email::order',NULL,'deny'),(6868,7,'Dotdigitalgroup_Email::review',NULL,'deny'),(6869,7,'Dotdigitalgroup_Email::wishlist',NULL,'deny'),(6870,7,'Dotdigitalgroup_Email::catalog',NULL,'deny'),(6871,7,'Dotdigitalgroup_Email::importer',NULL,'deny'),(6872,7,'Dotdigitalgroup_Email::campaign',NULL,'deny'),(6873,7,'Dotdigitalgroup_Email::cron',NULL,'deny'),(6874,7,'Dotdigitalgroup_Email::dashboard',NULL,'deny'),(6875,7,'Dotdigitalgroup_Email::automation_enrollment',NULL,'deny'),(6876,7,'Dotdigitalgroup_Email::logviewer',NULL,'deny'),(6877,7,'Dotdigitalgroup_Email::abandoned',NULL,'deny'),(6878,7,'Magento_Reports::report_marketing',NULL,'deny'),(6879,7,'Magento_Reports::shopcart',NULL,'deny'),(6880,7,'Magento_Reports::product',NULL,'deny'),(6881,7,'Magento_Reports::abandoned',NULL,'deny'),(6882,7,'Magento_Reports::report_search',NULL,'deny'),(6883,7,'Magento_Newsletter::problem',NULL,'deny'),(6884,7,'Magento_Reports::review',NULL,'deny'),(6885,7,'Magento_Reports::review_customer',NULL,'deny'),(6886,7,'Magento_Reports::review_product',NULL,'deny'),(6887,7,'Yotpo_Yotpo::yotpo_reviews_external',NULL,'deny'),(6888,7,'Magento_Reports::salesroot',NULL,'deny'),(6889,7,'Magento_Reports::salesroot_sales',NULL,'deny'),(6890,7,'Magento_Reports::tax',NULL,'deny'),(6891,7,'Magento_Reports::invoiced',NULL,'deny'),(6892,7,'Magento_Reports::shipping',NULL,'deny'),(6893,7,'Magento_Reports::refunded',NULL,'deny'),(6894,7,'Magento_Reports::coupons',NULL,'deny'),(6895,7,'Magento_Paypal::paypal_settlement_reports',NULL,'deny'),(6896,7,'Magento_Paypal::paypal_settlement_reports_view',NULL,'deny'),(6897,7,'Magento_Paypal::fetch',NULL,'deny'),(6898,7,'PayPal_Braintree::settlement_report',NULL,'deny'),(6899,7,'Magento_Reports::customers',NULL,'deny'),(6900,7,'Magento_Reports::totals',NULL,'deny'),(6901,7,'Magento_Reports::customers_orders',NULL,'deny'),(6902,7,'Magento_Reports::accounts',NULL,'deny'),(6903,7,'Magento_Reports::report_products',NULL,'deny'),(6904,7,'Magento_Reports::viewed',NULL,'deny'),(6905,7,'Magento_Reports::bestsellers',NULL,'deny'),(6906,7,'Magento_Reports::lowstock',NULL,'deny'),(6907,7,'Magento_Reports::sold',NULL,'deny'),(6908,7,'Magento_Reports::downloads',NULL,'deny'),(6909,7,'Magento_Reports::statistics',NULL,'deny'),(6910,7,'Magento_Reports::statistics_refresh',NULL,'deny'),(6911,7,'Magento_Analytics::business_intelligence',NULL,'deny'),(6912,7,'Magento_Analytics::advanced_reporting',NULL,'deny'),(6913,7,'Magento_Analytics::bi_essentials',NULL,'deny'),(6914,7,'Yotpo_Yotpo::yotpo_analytics_external',NULL,'deny'),(6915,7,'Magento_Backend::stores',NULL,'allow'),(6916,7,'Magento_Backend::stores_settings',NULL,'allow'),(6917,7,'Magento_Backend::store',NULL,'deny'),(6918,7,'Magento_Config::config',NULL,'allow'),(6919,7,'MagePal_GmailSmtpApp::magepal_gmailsmtpapp',NULL,'deny'),(6920,7,'Magento_Catalog::config_catalog',NULL,'deny'),(6921,7,'Magento_CatalogSearch::config_catalog_search',NULL,'deny'),(6922,7,'Dotdigitalgroup_Email::config',NULL,'deny'),(6923,7,'Magento_Newsletter::newsletter',NULL,'deny'),(6924,7,'Magento_LoginAsCustomer::config_section',NULL,'deny'),(6925,7,'Magento_GoogleAnalytics::google',NULL,'deny'),(6926,7,'Magento_Downloadable::downloadable',NULL,'deny'),(6927,7,'Magento_Payment::payment_services',NULL,'deny'),(6928,7,'Magento_Payment::payment',NULL,'deny'),(6929,7,'Magento_CatalogInventory::cataloginventory',NULL,'deny'),(6930,7,'Magento_Contact::contact',NULL,'deny'),(6931,7,'Magento_Cms::config_cms',NULL,'deny'),(6932,7,'Mageants_Forcelogin::system_config',NULL,'allow'),(6933,7,'Magento_Shipping::config_shipping',NULL,'deny'),(6934,7,'Magento_Shipping::shipping_policy',NULL,'deny'),(6935,7,'Magento_Shipping::carriers',NULL,'deny'),(6936,7,'Magento_Multishipping::config_multishipping',NULL,'deny'),(6937,7,'Magento_Securitytxt::config',NULL,'deny'),(6938,7,'Magento_ReCaptchaUi::config',NULL,'deny'),(6939,7,'Mageants_Couponimport::mageants_config',NULL,'deny'),(6940,7,'Mageants_SimpleConfigurable::mageants_simpleconfigurable_config',NULL,'deny'),(6941,7,'Mageants_CustomStockStatus::custom_stock_content',NULL,'deny'),(6942,7,'Mageants_CustomStockStatus::configuration',NULL,'deny'),(6943,7,'Mageants_Sample::config',NULL,'deny'),(6944,7,'Mageants_CustomOrderNumber::configuration',NULL,'deny'),(6945,7,'Magento_Config::config_general',NULL,'deny'),(6946,7,'Magento_Config::web',NULL,'deny'),(6947,7,'Magento_Config::config_design',NULL,'deny'),(6948,7,'Mageants_CustomerApproval::customerApproval_config',NULL,'deny'),(6949,7,'Mageants_ExtentionAdminLogin::mageants_extentionadminlogin',NULL,'deny'),(6950,7,'Magento_Customer::config_customer',NULL,'deny'),(6951,7,'Mageants_LoginAsCustomer::loginascustomer_config',NULL,'deny'),(6952,7,'Mageants_CheckoutSuccessPage::Configuration',NULL,'deny'),(6953,7,'Mageants_CustomStockStatus::mageants_customstockst',NULL,'deny'),(6954,7,'Magento_Paypal::paypal',NULL,'deny'),(6955,7,'Magento_Tax::config_tax',NULL,'deny'),(6956,7,'Magento_Checkout::checkout',NULL,'deny'),(6957,7,'Magento_Sales::config_sales',NULL,'deny'),(6958,7,'Mageants_MinOrderCustomerGroup::minimum_order',NULL,'deny'),(6959,7,'Magento_Persistent::persistent',NULL,'deny'),(6960,7,'Magento_Sales::sales_email',NULL,'deny'),(6961,7,'Magento_Sales::sales_pdf',NULL,'deny'),(6962,7,'Magento_Sitemap::config_sitemap',NULL,'deny'),(6963,7,'Magento_Reports::reports',NULL,'deny'),(6964,7,'Yotpo_Core::config',NULL,'deny'),(6965,7,'Yotpo_Yotpo::config',NULL,'deny'),(6966,7,'Magento_Config::config_system',NULL,'deny'),(6967,7,'Magento_Wishlist::config_wishlist',NULL,'deny'),(6968,7,'Magento_SalesRule::config_promo',NULL,'deny'),(6969,7,'Magento_Config::trans_email',NULL,'deny'),(6970,7,'Magento_Config::config_admin',NULL,'deny'),(6971,7,'Magento_Config::dev',NULL,'deny'),(6972,7,'Magento_Config::currency',NULL,'deny'),(6973,7,'Magento_Rss::rss',NULL,'deny'),(6974,7,'Magento_Config::sendfriend',NULL,'deny'),(6975,7,'Magento_Analytics::analytics_settings',NULL,'deny'),(6976,7,'Mageants_InfiniteScroll::infinitescroll',NULL,'deny'),(6977,7,'Mageants_SpamAndBotBlocker::config',NULL,'deny'),(6978,7,'Magento_NewRelicReporting::config_newrelicreporting',NULL,'deny'),(6979,7,'Magento_CheckoutAgreements::checkoutagreement',NULL,'deny'),(6980,7,'Magento_Sales::order_statuses',NULL,'deny'),(6981,7,'Magento_InventoryApi::inventory',NULL,'deny'),(6982,7,'Magento_InventoryApi::source',NULL,'deny'),(6983,7,'Magento_InventoryApi::source_edit',NULL,'deny'),(6984,7,'Magento_InventoryApi::stock',NULL,'deny'),(6985,7,'Magento_InventoryApi::stock_edit',NULL,'deny'),(6986,7,'Magento_InventoryApi::stock_delete',NULL,'deny'),(6987,7,'Magento_InventoryApi::stock_source_link',NULL,'deny'),(6988,7,'Magento_InventoryInStorePickupApi::inStorePickup',NULL,'deny'),(6989,7,'Magento_InventoryInStorePickupApi::notify_orders_are_ready_for_pickup',NULL,'deny'),(6990,7,'Magento_InventorySalesApi::stock',NULL,'deny'),(6991,7,'Magento_Tax::manage_tax',NULL,'deny'),(6992,7,'Magento_CurrencySymbol::system_currency',NULL,'deny'),(6993,7,'Magento_CurrencySymbol::currency_rates',NULL,'deny'),(6994,7,'Magento_CurrencySymbol::symbols',NULL,'deny'),(6995,7,'Magento_Backend::stores_attributes',NULL,'deny'),(6996,7,'Magento_Catalog::attributes_attributes',NULL,'deny'),(6997,7,'Magento_Catalog::sets',NULL,'deny'),(6998,7,'Magento_Review::ratings',NULL,'deny'),(6999,7,'Magento_Swatches::iframe',NULL,'deny'),(7000,7,'Magento_Backend::stores_other_settings',NULL,'deny'),(7001,7,'Magento_Backend::system',NULL,'allow'),(7002,7,'Magento_AdobeIms::adobe_ims',NULL,'deny'),(7003,7,'Magento_AdobeIms::actions',NULL,'deny'),(7004,7,'Magento_AdobeIms::login',NULL,'deny'),(7005,7,'Magento_AdobeIms::logout',NULL,'deny'),(7006,7,'Magento_AdobeStockAsset::adobe_stock_asset',NULL,'deny'),(7007,7,'Magento_AdobeStockAsset::actions',NULL,'deny'),(7008,7,'Magento_AdobeStockAsset::actions_delete',NULL,'deny'),(7009,7,'Magento_AdobeStockAsset::actions_save',NULL,'deny'),(7010,7,'Magento_AdobeStockAsset::actions_view',NULL,'deny'),(7011,7,'Magento_AdobeStockAsset::actions_get',NULL,'deny'),(7012,7,'Magento_Backend::convert',NULL,'deny'),(7013,7,'Magento_ImportExport::import',NULL,'deny'),(7014,7,'Magento_ImportExport::export',NULL,'deny'),(7015,7,'Magento_TaxImportExport::import_export',NULL,'deny'),(7016,7,'Magento_ImportExport::history',NULL,'deny'),(7017,7,'Klarna_Core::system_support_form',NULL,'deny'),(7018,7,'Magento_Backend::extensions',NULL,'deny'),(7019,7,'Magento_Backend::local',NULL,'deny'),(7020,7,'Magento_Backend::custom',NULL,'deny'),(7021,7,'Klarna_Core::system_logging',NULL,'deny'),(7022,7,'Magento_Integration::extensions',NULL,'deny'),(7023,7,'Magento_Integration::integrations',NULL,'deny'),(7024,7,'Magento_Backend::tools',NULL,'allow'),(7025,7,'Magento_Backend::cache',NULL,'allow'),(7026,7,'Magento_Backend::main_actions',NULL,'allow'),(7027,7,'Magento_Backend::flush_cache_storage',NULL,'allow'),(7028,7,'Magento_Backend::flush_magento_cache',NULL,'allow'),(7029,7,'Magento_Backend::mass_actions',NULL,'allow'),(7030,7,'Magento_Backend::toggling_cache_type',NULL,'allow'),(7031,7,'Magento_Backend::refresh_cache_type',NULL,'allow'),(7032,7,'Magento_Backend::additional_cache_management',NULL,'allow'),(7033,7,'Magento_Backend::flush_catalog_images',NULL,'allow'),(7034,7,'Magento_Backend::flush_js_css',NULL,'allow'),(7035,7,'Magento_Backend::flush_static_files',NULL,'allow'),(7036,7,'Magento_Backup::backup',NULL,'deny'),(7037,7,'Magento_Backup::rollback',NULL,'deny'),(7038,7,'Magento_Indexer::index',NULL,'deny'),(7039,7,'Magento_Indexer::changeMode',NULL,'deny'),(7040,7,'Magento_Indexer::invalidate',NULL,'deny'),(7041,7,'Magefan_ConflictDetector::elements',NULL,'deny'),(7042,7,'Magento_User::acl',NULL,'deny'),(7043,7,'Magento_User::acl_users',NULL,'deny'),(7044,7,'Magento_User::locks',NULL,'deny'),(7045,7,'Magento_User::acl_roles',NULL,'deny'),(7046,7,'Magento_Logging::magento_logging',NULL,'deny'),(7047,7,'Magento_Logging::magento_logging_events',NULL,'deny'),(7048,7,'Magento_Logging::system_magento_logging_bulk_operations',NULL,'deny'),(7049,7,'Magento_Backend::system_other_settings',NULL,'deny'),(7050,7,'Magento_AdminNotification::adminnotification',NULL,'deny'),(7051,7,'Magento_AdminNotification::show_toolbar',NULL,'deny'),(7052,7,'Magento_AdminNotification::show_list',NULL,'deny'),(7053,7,'Magento_AdminNotification::mark_as_read',NULL,'deny'),(7054,7,'Magento_AdminNotification::adminnotification_remove',NULL,'deny'),(7055,7,'Magento_Variable::variable',NULL,'deny'),(7056,7,'Magento_EncryptionKey::crypt_key',NULL,'deny'),(7057,7,'Magento_Backend::global_search',NULL,'deny'),(7371,9,'Magento_Backend::all',NULL,'deny'),(7372,9,'Magento_Backend::admin',NULL,'allow'),(7373,9,'Magento_Backend::dashboard',NULL,'deny'),(7374,9,'Magento_Analytics::analytics',NULL,'deny'),(7375,9,'Magento_Analytics::analytics_api',NULL,'deny'),(7376,9,'Mageants_ExtentionAdminLogin::extentionadminlogin_content',NULL,'deny'),(7377,9,'Mageants_ExtentionAdminLogin::extentionadminlogin_grid',NULL,'deny'),(7378,9,'Mageants_ExtentionAdminLogin::extentionadminlogin_new_edit',NULL,'deny'),(7379,9,'Mageants_ExtentionAdminLogin::extentionadminlogin_save',NULL,'deny'),(7380,9,'Mageants_ExtentionAdminLogin::extentionadminlogin_delete',NULL,'deny'),(7381,9,'Mageants_ExtentionAdminLogin::extentionadminlogin_massenable',NULL,'deny'),(7382,9,'Mageants_ExtentionAdminLogin::extentionadminlogin_massdisable',NULL,'deny'),(7383,9,'Mageants_ExtentionAdminLogin::extentionadminlogin_massdelete',NULL,'deny'),(7384,9,'Magento_Sales::sales',NULL,'allow'),(7385,9,'Magento_Sales::sales_operation',NULL,'allow'),(7386,9,'Magento_Sales::sales_order',NULL,'allow'),(7387,9,'Magento_Sales::actions',NULL,'allow'),(7388,9,'Magento_Sales::create',NULL,'allow'),(7389,9,'Magento_Sales::actions_view',NULL,'allow'),(7390,9,'Magento_Sales::email',NULL,'allow'),(7391,9,'Magento_Sales::reorder',NULL,'allow'),(7392,9,'Magento_Sales::actions_edit',NULL,'allow'),(7393,9,'Magento_Sales::cancel',NULL,'allow'),(7394,9,'Magento_Sales::review_payment',NULL,'allow'),(7395,9,'Magento_Sales::capture',NULL,'allow'),(7396,9,'Magento_Sales::invoice',NULL,'allow'),(7397,9,'Magento_Sales::creditmemo',NULL,'allow'),(7398,9,'Magento_Sales::hold',NULL,'allow'),(7399,9,'Magento_Sales::unhold',NULL,'allow'),(7400,9,'Magento_Sales::ship',NULL,'allow'),(7401,9,'Magento_Sales::comment',NULL,'allow'),(7402,9,'Magento_Sales::emails',NULL,'allow'),(7403,9,'Magento_Paypal::authorization',NULL,'allow'),(7404,9,'Magento_Sales::sales_invoice',NULL,'allow'),(7405,9,'Magento_Sales::shipment',NULL,'allow'),(7406,9,'Magento_Sales::sales_creditmemo',NULL,'allow'),(7407,9,'Magento_Paypal::billing_agreement',NULL,'allow'),(7408,9,'Magento_Paypal::billing_agreement_actions',NULL,'allow'),(7409,9,'Magento_Paypal::billing_agreement_actions_view',NULL,'allow'),(7410,9,'Magento_Paypal::actions_manage',NULL,'allow'),(7411,9,'Magento_Paypal::use',NULL,'allow'),(7412,9,'Magento_Sales::transactions',NULL,'deny'),(7413,9,'Magento_Sales::transactions_fetch',NULL,'deny'),(7414,9,'Magento_Catalog::catalog',NULL,'allow'),(7415,9,'Magento_Catalog::catalog_inventory',NULL,'allow'),(7416,9,'Magento_Catalog::products',NULL,'allow'),(7417,9,'Magento_Catalog::update_attributes',NULL,'allow'),(7418,9,'Magento_Catalog::edit_product_design',NULL,'allow'),(7419,9,'Magento_Catalog::categories',NULL,'allow'),(7420,9,'Magento_Catalog::edit_category_design',NULL,'allow'),(7421,9,'Magento_Customer::customer',NULL,'allow'),(7422,9,'Magento_Customer::manage',NULL,'allow'),(7423,9,'Magento_Customer::actions',NULL,'deny'),(7424,9,'Magento_Customer::delete',NULL,'deny'),(7425,9,'Magento_Customer::reset_password',NULL,'deny'),(7426,9,'Magento_Customer::invalidate_tokens',NULL,'deny'),(7427,9,'Magento_LoginAsCustomer::allow_shopping_assistance',NULL,'deny'),(7428,9,'Mageants_LoginAsCustomer::loginascustomer_button',NULL,'deny'),(7429,9,'Magento_Customer::online',NULL,'deny'),(7430,9,'Magento_Customer::group',NULL,'deny'),(7431,9,'Mageants_LoginAsCustomer::loginascustomer_content',NULL,'deny'),(7432,9,'Mageants_LoginAsCustomer::list_of_login_as_customer',NULL,'deny'),(7433,9,'Mageants_LoginAsCustomer::MassDelete',NULL,'deny'),(7434,9,'Magento_LoginAsCustomer::login',NULL,'deny'),(7435,9,'Magento_LoginAsCustomerLog::login_log',NULL,'deny'),(7436,9,'Magento_Cart::cart',NULL,'deny'),(7437,9,'Magento_Cart::manage',NULL,'deny'),(7438,9,'Magento_Backend::myaccount',NULL,'deny'),(7439,9,'Magento_Backend::marketing',NULL,'deny'),(7440,9,'Magento_CatalogRule::promo',NULL,'deny'),(7441,9,'Magento_CatalogRule::promo_catalog',NULL,'deny'),(7442,9,'Magento_SalesRule::quote',NULL,'deny'),(7443,9,'Dotdigitalgroup_Email::automation',NULL,'deny'),(7444,9,'Dotdigitalgroup_Email::automation_studio',NULL,'deny'),(7445,9,'Dotdigitalgroup_Chat::config',NULL,'deny'),(7446,9,'Dotdigitalgroup_Sms::config',NULL,'deny'),(7447,9,'Dotdigitalgroup_Email::exclusion_rules',NULL,'deny'),(7448,9,'Magento_Backend::marketing_communications',NULL,'deny'),(7449,9,'Magento_Email::template',NULL,'deny'),(7450,9,'Magento_Newsletter::template',NULL,'deny'),(7451,9,'Magento_Newsletter::queue',NULL,'deny'),(7452,9,'Magento_Newsletter::subscriber',NULL,'deny'),(7453,9,'Magento_Backend::marketing_seo',NULL,'deny'),(7454,9,'Magento_Search::search',NULL,'deny'),(7455,9,'Magento_Search::synonyms',NULL,'deny'),(7456,9,'Magento_UrlRewrite::urlrewrite',NULL,'deny'),(7457,9,'Magento_Sitemap::sitemap',NULL,'deny'),(7458,9,'Magento_Backend::marketing_user_content',NULL,'deny'),(7459,9,'Magento_Review::reviews_all',NULL,'deny'),(7460,9,'Magento_Review::pending',NULL,'deny'),(7461,9,'Yotpo_Yotpo::yotpo_report_reviews',NULL,'deny'),(7462,9,'Magento_Backend::content',NULL,'deny'),(7463,9,'Magento_Backend::content_elements',NULL,'deny'),(7464,9,'Magento_Cms::page',NULL,'deny'),(7465,9,'Magento_Cms::save',NULL,'deny'),(7466,9,'Magento_Cms::save_design',NULL,'deny'),(7467,9,'Magento_Cms::page_delete',NULL,'deny'),(7468,9,'Magento_Cms::block',NULL,'deny'),(7469,9,'Magento_Widget::widget_instance',NULL,'deny'),(7470,9,'Magento_Cms::media_gallery',NULL,'deny'),(7471,9,'Magento_MediaGalleryUiApi::insert_assets',NULL,'deny'),(7472,9,'Magento_MediaGalleryUiApi::upload_assets',NULL,'deny'),(7473,9,'Magento_MediaGalleryUiApi::edit_assets',NULL,'deny'),(7474,9,'Magento_AdobeStockImageAdminUi::media_gallery',NULL,'deny'),(7475,9,'Magento_AdobeStockImageAdminUi::save_preview_images',NULL,'deny'),(7476,9,'Magento_AdobeStockImageAdminUi::license_images',NULL,'deny'),(7477,9,'Magento_MediaGalleryUiApi::delete_assets',NULL,'deny'),(7478,9,'Magento_MediaGalleryUiApi::create_folder',NULL,'deny'),(7479,9,'Magento_MediaGalleryUiApi::delete_folder',NULL,'deny'),(7480,9,'Magento_PageBuilder::templates',NULL,'deny'),(7481,9,'Magento_PageBuilder::template_save',NULL,'deny'),(7482,9,'Magento_PageBuilder::template_apply',NULL,'deny'),(7483,9,'Magento_PageBuilder::template_delete',NULL,'deny'),(7484,9,'Magento_Backend::design',NULL,'deny'),(7485,9,'Magento_Theme::theme',NULL,'deny'),(7486,9,'Magento_Backend::schedule',NULL,'deny'),(7487,9,'Magento_Backend::content_translation',NULL,'deny'),(7488,9,'Magento_Reports::report',NULL,'deny'),(7489,9,'Dotdigitalgroup_Sms::reports',NULL,'deny'),(7490,9,'Dotdigitalgroup_Sms::report',NULL,'deny'),(7491,9,'Dotdigitalgroup_Email::reports',NULL,'deny'),(7492,9,'Dotdigitalgroup_Email::contact',NULL,'deny'),(7493,9,'Dotdigitalgroup_Email::order',NULL,'deny'),(7494,9,'Dotdigitalgroup_Email::review',NULL,'deny'),(7495,9,'Dotdigitalgroup_Email::wishlist',NULL,'deny'),(7496,9,'Dotdigitalgroup_Email::catalog',NULL,'deny'),(7497,9,'Dotdigitalgroup_Email::importer',NULL,'deny'),(7498,9,'Dotdigitalgroup_Email::campaign',NULL,'deny'),(7499,9,'Dotdigitalgroup_Email::cron',NULL,'deny'),(7500,9,'Dotdigitalgroup_Email::dashboard',NULL,'deny'),(7501,9,'Dotdigitalgroup_Email::automation_enrollment',NULL,'deny'),(7502,9,'Dotdigitalgroup_Email::logviewer',NULL,'deny'),(7503,9,'Dotdigitalgroup_Email::abandoned',NULL,'deny'),(7504,9,'Magento_Reports::report_marketing',NULL,'deny'),(7505,9,'Magento_Reports::shopcart',NULL,'deny'),(7506,9,'Magento_Reports::product',NULL,'deny'),(7507,9,'Magento_Reports::abandoned',NULL,'deny'),(7508,9,'Magento_Reports::report_search',NULL,'deny'),(7509,9,'Magento_Newsletter::problem',NULL,'deny'),(7510,9,'Magento_Reports::review',NULL,'deny'),(7511,9,'Magento_Reports::review_customer',NULL,'deny'),(7512,9,'Magento_Reports::review_product',NULL,'deny'),(7513,9,'Yotpo_Yotpo::yotpo_reviews_external',NULL,'deny'),(7514,9,'Magento_Reports::salesroot',NULL,'deny'),(7515,9,'Magento_Reports::salesroot_sales',NULL,'deny'),(7516,9,'Magento_Reports::tax',NULL,'deny'),(7517,9,'Magento_Reports::invoiced',NULL,'deny'),(7518,9,'Magento_Reports::shipping',NULL,'deny'),(7519,9,'Magento_Reports::refunded',NULL,'deny'),(7520,9,'Magento_Reports::coupons',NULL,'deny'),(7521,9,'Magento_Paypal::paypal_settlement_reports',NULL,'deny'),(7522,9,'Magento_Paypal::paypal_settlement_reports_view',NULL,'deny'),(7523,9,'Magento_Paypal::fetch',NULL,'deny'),(7524,9,'PayPal_Braintree::settlement_report',NULL,'deny'),(7525,9,'Magento_Reports::customers',NULL,'deny'),(7526,9,'Magento_Reports::totals',NULL,'deny'),(7527,9,'Magento_Reports::customers_orders',NULL,'deny'),(7528,9,'Magento_Reports::accounts',NULL,'deny'),(7529,9,'Magento_Reports::report_products',NULL,'deny'),(7530,9,'Magento_Reports::viewed',NULL,'deny'),(7531,9,'Magento_Reports::bestsellers',NULL,'deny'),(7532,9,'Magento_Reports::lowstock',NULL,'deny'),(7533,9,'Magento_Reports::sold',NULL,'deny'),(7534,9,'Magento_Reports::downloads',NULL,'deny'),(7535,9,'Magento_Reports::statistics',NULL,'deny'),(7536,9,'Magento_Reports::statistics_refresh',NULL,'deny'),(7537,9,'Magento_Analytics::business_intelligence',NULL,'deny'),(7538,9,'Magento_Analytics::advanced_reporting',NULL,'deny'),(7539,9,'Magento_Analytics::bi_essentials',NULL,'deny'),(7540,9,'Yotpo_Yotpo::yotpo_analytics_external',NULL,'deny'),(7541,9,'Magento_Backend::stores',NULL,'allow'),(7542,9,'Magento_Backend::stores_settings',NULL,'allow'),(7543,9,'Magento_Backend::store',NULL,'deny'),(7544,9,'Magento_Config::config',NULL,'allow'),(7545,9,'MagePal_GmailSmtpApp::magepal_gmailsmtpapp',NULL,'deny'),(7546,9,'Magento_Catalog::config_catalog',NULL,'deny'),(7547,9,'Magento_CatalogSearch::config_catalog_search',NULL,'deny'),(7548,9,'Dotdigitalgroup_Email::config',NULL,'deny'),(7549,9,'Magento_Newsletter::newsletter',NULL,'deny'),(7550,9,'Magento_LoginAsCustomer::config_section',NULL,'deny'),(7551,9,'Magento_GoogleAnalytics::google',NULL,'deny'),(7552,9,'Magento_Downloadable::downloadable',NULL,'deny'),(7553,9,'Magento_Payment::payment_services',NULL,'deny'),(7554,9,'Magento_Payment::payment',NULL,'deny'),(7555,9,'Magento_CatalogInventory::cataloginventory',NULL,'deny'),(7556,9,'Magento_Contact::contact',NULL,'deny'),(7557,9,'Magento_Cms::config_cms',NULL,'deny'),(7558,9,'Mageants_Forcelogin::system_config',NULL,'deny'),(7559,9,'Magento_Shipping::config_shipping',NULL,'deny'),(7560,9,'Magento_Shipping::shipping_policy',NULL,'deny'),(7561,9,'Magento_Shipping::carriers',NULL,'deny'),(7562,9,'Magento_Multishipping::config_multishipping',NULL,'deny'),(7563,9,'Magento_Securitytxt::config',NULL,'deny'),(7564,9,'Magento_ReCaptchaUi::config',NULL,'deny'),(7565,9,'Mageants_Couponimport::mageants_config',NULL,'deny'),(7566,9,'Mageants_SimpleConfigurable::mageants_simpleconfigurable_config',NULL,'deny'),(7567,9,'Mageants_CustomStockStatus::custom_stock_content',NULL,'deny'),(7568,9,'Mageants_CustomStockStatus::configuration',NULL,'deny'),(7569,9,'Mageants_Sample::config',NULL,'deny'),(7570,9,'Mageants_CustomOrderNumber::configuration',NULL,'deny'),(7571,9,'Magento_Config::config_general',NULL,'deny'),(7572,9,'Magento_Config::web',NULL,'deny'),(7573,9,'Magento_Config::config_design',NULL,'deny'),(7574,9,'Mageants_CustomerApproval::customerApproval_config',NULL,'deny'),(7575,9,'Mageants_ExtentionAdminLogin::mageants_extentionadminlogin',NULL,'deny'),(7576,9,'Magento_Customer::config_customer',NULL,'deny'),(7577,9,'Mageants_LoginAsCustomer::loginascustomer_config',NULL,'deny'),(7578,9,'Mageants_CheckoutSuccessPage::Configuration',NULL,'deny'),(7579,9,'Mageants_CustomStockStatus::mageants_customstockst',NULL,'deny'),(7580,9,'Magento_Paypal::paypal',NULL,'deny'),(7581,9,'Magento_Tax::config_tax',NULL,'deny'),(7582,9,'Magento_Checkout::checkout',NULL,'deny'),(7583,9,'Magento_Sales::config_sales',NULL,'deny'),(7584,9,'Mageants_MinOrderCustomerGroup::minimum_order',NULL,'deny'),(7585,9,'Magento_Persistent::persistent',NULL,'deny'),(7586,9,'Magento_Sales::sales_email',NULL,'deny'),(7587,9,'Magento_Sales::sales_pdf',NULL,'deny'),(7588,9,'Magento_Sitemap::config_sitemap',NULL,'deny'),(7589,9,'Magento_Reports::reports',NULL,'deny'),(7590,9,'Yotpo_Core::config',NULL,'deny'),(7591,9,'Yotpo_Yotpo::config',NULL,'deny'),(7592,9,'Magento_Config::config_system',NULL,'deny'),(7593,9,'Magento_Wishlist::config_wishlist',NULL,'deny'),(7594,9,'Magento_SalesRule::config_promo',NULL,'deny'),(7595,9,'Magento_Config::trans_email',NULL,'deny'),(7596,9,'Magento_Config::config_admin',NULL,'deny'),(7597,9,'Magento_Config::dev',NULL,'deny'),(7598,9,'Magento_Config::currency',NULL,'deny'),(7599,9,'Magento_Rss::rss',NULL,'deny'),(7600,9,'Magento_Config::sendfriend',NULL,'deny'),(7601,9,'Magento_Analytics::analytics_settings',NULL,'deny'),(7602,9,'Mageants_InfiniteScroll::infinitescroll',NULL,'allow'),(7603,9,'Mageants_SpamAndBotBlocker::config',NULL,'deny'),(7604,9,'Magento_NewRelicReporting::config_newrelicreporting',NULL,'deny'),(7605,9,'Magento_CheckoutAgreements::checkoutagreement',NULL,'deny'),(7606,9,'Magento_Sales::order_statuses',NULL,'deny'),(7607,9,'Magento_InventoryApi::inventory',NULL,'deny'),(7608,9,'Magento_InventoryApi::source',NULL,'deny'),(7609,9,'Magento_InventoryApi::source_edit',NULL,'deny'),(7610,9,'Magento_InventoryApi::stock',NULL,'deny'),(7611,9,'Magento_InventoryApi::stock_edit',NULL,'deny'),(7612,9,'Magento_InventoryApi::stock_delete',NULL,'deny'),(7613,9,'Magento_InventoryApi::stock_source_link',NULL,'deny'),(7614,9,'Magento_InventoryInStorePickupApi::inStorePickup',NULL,'deny'),(7615,9,'Magento_InventoryInStorePickupApi::notify_orders_are_ready_for_pickup',NULL,'deny'),(7616,9,'Magento_InventorySalesApi::stock',NULL,'deny'),(7617,9,'Magento_Tax::manage_tax',NULL,'deny'),(7618,9,'Magento_CurrencySymbol::system_currency',NULL,'deny'),(7619,9,'Magento_CurrencySymbol::currency_rates',NULL,'deny'),(7620,9,'Magento_CurrencySymbol::symbols',NULL,'deny'),(7621,9,'Magento_Backend::stores_attributes',NULL,'deny'),(7622,9,'Magento_Catalog::attributes_attributes',NULL,'deny'),(7623,9,'Magento_Catalog::sets',NULL,'deny'),(7624,9,'Magento_Review::ratings',NULL,'deny'),(7625,9,'Magento_Swatches::iframe',NULL,'deny'),(7626,9,'Magento_Backend::stores_other_settings',NULL,'deny'),(7627,9,'Magento_Backend::system',NULL,'allow'),(7628,9,'Magento_AdobeIms::adobe_ims',NULL,'deny'),(7629,9,'Magento_AdobeIms::actions',NULL,'deny'),(7630,9,'Magento_AdobeIms::login',NULL,'deny'),(7631,9,'Magento_AdobeIms::logout',NULL,'deny'),(7632,9,'Magento_AdobeStockAsset::adobe_stock_asset',NULL,'deny'),(7633,9,'Magento_AdobeStockAsset::actions',NULL,'deny'),(7634,9,'Magento_AdobeStockAsset::actions_delete',NULL,'deny'),(7635,9,'Magento_AdobeStockAsset::actions_save',NULL,'deny'),(7636,9,'Magento_AdobeStockAsset::actions_view',NULL,'deny'),(7637,9,'Magento_AdobeStockAsset::actions_get',NULL,'deny'),(7638,9,'Magento_Backend::convert',NULL,'deny'),(7639,9,'Magento_ImportExport::import',NULL,'deny'),(7640,9,'Magento_ImportExport::export',NULL,'deny'),(7641,9,'Magento_TaxImportExport::import_export',NULL,'deny'),(7642,9,'Magento_ImportExport::history',NULL,'deny'),(7643,9,'Klarna_Core::system_support_form',NULL,'deny'),(7644,9,'Magento_Backend::extensions',NULL,'deny'),(7645,9,'Magento_Backend::local',NULL,'deny'),(7646,9,'Magento_Backend::custom',NULL,'deny'),(7647,9,'Klarna_Core::system_logging',NULL,'deny'),(7648,9,'Magento_Integration::extensions',NULL,'deny'),(7649,9,'Magento_Integration::integrations',NULL,'deny'),(7650,9,'Magento_Backend::tools',NULL,'allow'),(7651,9,'Magento_Backend::cache',NULL,'allow'),(7652,9,'Magento_Backend::main_actions',NULL,'allow'),(7653,9,'Magento_Backend::flush_cache_storage',NULL,'allow'),(7654,9,'Magento_Backend::flush_magento_cache',NULL,'allow'),(7655,9,'Magento_Backend::mass_actions',NULL,'allow'),(7656,9,'Magento_Backend::toggling_cache_type',NULL,'allow'),(7657,9,'Magento_Backend::refresh_cache_type',NULL,'allow'),(7658,9,'Magento_Backend::additional_cache_management',NULL,'allow'),(7659,9,'Magento_Backend::flush_catalog_images',NULL,'allow'),(7660,9,'Magento_Backend::flush_js_css',NULL,'allow'),(7661,9,'Magento_Backend::flush_static_files',NULL,'allow'),(7662,9,'Magento_Backup::backup',NULL,'deny'),(7663,9,'Magento_Backup::rollback',NULL,'deny'),(7664,9,'Magento_Indexer::index',NULL,'deny'),(7665,9,'Magento_Indexer::changeMode',NULL,'deny'),(7666,9,'Magento_Indexer::invalidate',NULL,'deny'),(7667,9,'Magefan_ConflictDetector::elements',NULL,'deny'),(7668,9,'Magento_User::acl',NULL,'deny'),(7669,9,'Magento_User::acl_users',NULL,'deny'),(7670,9,'Magento_User::locks',NULL,'deny'),(7671,9,'Magento_User::acl_roles',NULL,'deny'),(7672,9,'Magento_Logging::magento_logging',NULL,'deny'),(7673,9,'Magento_Logging::magento_logging_events',NULL,'deny'),(7674,9,'Magento_Logging::system_magento_logging_bulk_operations',NULL,'deny'),(7675,9,'Magento_Backend::system_other_settings',NULL,'deny'),(7676,9,'Magento_AdminNotification::adminnotification',NULL,'deny'),(7677,9,'Magento_AdminNotification::show_toolbar',NULL,'deny'),(7678,9,'Magento_AdminNotification::show_list',NULL,'deny'),(7679,9,'Magento_AdminNotification::mark_as_read',NULL,'deny'),(7680,9,'Magento_AdminNotification::adminnotification_remove',NULL,'deny'),(7681,9,'Magento_Variable::variable',NULL,'deny'),(7682,9,'Magento_EncryptionKey::crypt_key',NULL,'deny'),(7683,9,'Magento_Backend::global_search',NULL,'deny'),(8310,11,'Magento_Backend::all',NULL,'deny'),(8311,11,'Magento_Backend::admin',NULL,'allow'),(8312,11,'Magento_Backend::dashboard',NULL,'deny'),(8313,11,'Magento_Analytics::analytics',NULL,'deny'),(8314,11,'Magento_Analytics::analytics_api',NULL,'deny'),(8315,11,'Mageants_ExtentionAdminLogin::extentionadminlogin_content',NULL,'deny'),(8316,11,'Mageants_ExtentionAdminLogin::extentionadminlogin_grid',NULL,'deny'),(8317,11,'Mageants_ExtentionAdminLogin::extentionadminlogin_new_edit',NULL,'deny'),(8318,11,'Mageants_ExtentionAdminLogin::extentionadminlogin_save',NULL,'deny'),(8319,11,'Mageants_ExtentionAdminLogin::extentionadminlogin_delete',NULL,'deny'),(8320,11,'Mageants_ExtentionAdminLogin::extentionadminlogin_massenable',NULL,'deny'),(8321,11,'Mageants_ExtentionAdminLogin::extentionadminlogin_massdisable',NULL,'deny'),(8322,11,'Mageants_ExtentionAdminLogin::extentionadminlogin_massdelete',NULL,'deny'),(8323,11,'Magento_Sales::sales',NULL,'allow'),(8324,11,'Magento_Sales::sales_operation',NULL,'allow'),(8325,11,'Magento_Sales::sales_order',NULL,'allow'),(8326,11,'Magento_Sales::actions',NULL,'allow'),(8327,11,'Magento_Sales::create',NULL,'allow'),(8328,11,'Magento_Sales::actions_view',NULL,'allow'),(8329,11,'Magento_Sales::email',NULL,'allow'),(8330,11,'Magento_Sales::reorder',NULL,'allow'),(8331,11,'Magento_Sales::actions_edit',NULL,'allow'),(8332,11,'Magento_Sales::cancel',NULL,'allow'),(8333,11,'Magento_Sales::review_payment',NULL,'allow'),(8334,11,'Magento_Sales::capture',NULL,'allow'),(8335,11,'Magento_Sales::invoice',NULL,'allow'),(8336,11,'Magento_Sales::creditmemo',NULL,'allow'),(8337,11,'Magento_Sales::hold',NULL,'allow'),(8338,11,'Magento_Sales::unhold',NULL,'allow'),(8339,11,'Magento_Sales::ship',NULL,'allow'),(8340,11,'Magento_Sales::comment',NULL,'allow'),(8341,11,'Magento_Sales::emails',NULL,'allow'),(8342,11,'Magento_Paypal::authorization',NULL,'allow'),(8343,11,'Magento_Sales::sales_invoice',NULL,'allow'),(8344,11,'Magento_Sales::shipment',NULL,'allow'),(8345,11,'Magento_Sales::sales_creditmemo',NULL,'allow'),(8346,11,'Magento_Paypal::billing_agreement',NULL,'allow'),(8347,11,'Magento_Paypal::billing_agreement_actions',NULL,'allow'),(8348,11,'Magento_Paypal::billing_agreement_actions_view',NULL,'allow'),(8349,11,'Magento_Paypal::actions_manage',NULL,'allow'),(8350,11,'Magento_Paypal::use',NULL,'allow'),(8351,11,'Magento_Sales::transactions',NULL,'allow'),(8352,11,'Magento_Sales::transactions_fetch',NULL,'allow'),(8353,11,'Magento_Catalog::catalog',NULL,'allow'),(8354,11,'Magento_Catalog::catalog_inventory',NULL,'allow'),(8355,11,'Magento_Catalog::products',NULL,'allow'),(8356,11,'Magento_Catalog::update_attributes',NULL,'allow'),(8357,11,'Magento_Catalog::edit_product_design',NULL,'allow'),(8358,11,'Magento_Catalog::categories',NULL,'deny'),(8359,11,'Magento_Catalog::edit_category_design',NULL,'deny'),(8360,11,'Magento_Customer::customer',NULL,'allow'),(8361,11,'Magento_Customer::manage',NULL,'allow'),(8362,11,'Magento_Customer::actions',NULL,'allow'),(8363,11,'Magento_Customer::delete',NULL,'allow'),(8364,11,'Magento_Customer::reset_password',NULL,'allow'),(8365,11,'Magento_Customer::invalidate_tokens',NULL,'allow'),(8366,11,'Magento_LoginAsCustomer::allow_shopping_assistance',NULL,'allow'),(8367,11,'Mageants_LoginAsCustomer::loginascustomer_button',NULL,'deny'),(8368,11,'Magento_Customer::online',NULL,'deny'),(8369,11,'Magento_Customer::group',NULL,'deny'),(8370,11,'Mageants_LoginAsCustomer::loginascustomer_content',NULL,'deny'),(8371,11,'Mageants_LoginAsCustomer::list_of_login_as_customer',NULL,'deny'),(8372,11,'Mageants_LoginAsCustomer::MassDelete',NULL,'deny'),(8373,11,'Magento_LoginAsCustomer::login',NULL,'deny'),(8374,11,'Magento_LoginAsCustomerLog::login_log',NULL,'deny'),(8375,11,'Magento_Cart::cart',NULL,'deny'),(8376,11,'Magento_Cart::manage',NULL,'deny'),(8377,11,'Magento_Backend::myaccount',NULL,'deny'),(8378,11,'Magento_Backend::marketing',NULL,'deny'),(8379,11,'Magento_CatalogRule::promo',NULL,'deny'),(8380,11,'Magento_CatalogRule::promo_catalog',NULL,'deny'),(8381,11,'Magento_SalesRule::quote',NULL,'deny'),(8382,11,'Dotdigitalgroup_Email::automation',NULL,'deny'),(8383,11,'Dotdigitalgroup_Email::automation_studio',NULL,'deny'),(8384,11,'Dotdigitalgroup_Chat::config',NULL,'deny'),(8385,11,'Dotdigitalgroup_Sms::config',NULL,'deny'),(8386,11,'Dotdigitalgroup_Email::exclusion_rules',NULL,'deny'),(8387,11,'Magento_Backend::marketing_communications',NULL,'deny'),(8388,11,'Magento_Email::template',NULL,'deny'),(8389,11,'Magento_Newsletter::template',NULL,'deny'),(8390,11,'Magento_Newsletter::queue',NULL,'deny'),(8391,11,'Magento_Newsletter::subscriber',NULL,'deny'),(8392,11,'Magento_Backend::marketing_seo',NULL,'deny'),(8393,11,'Magento_Search::search',NULL,'deny'),(8394,11,'Magento_Search::synonyms',NULL,'deny'),(8395,11,'Magento_UrlRewrite::urlrewrite',NULL,'deny'),(8396,11,'Magento_Sitemap::sitemap',NULL,'deny'),(8397,11,'Magento_Backend::marketing_user_content',NULL,'deny'),(8398,11,'Magento_Review::reviews_all',NULL,'deny'),(8399,11,'Magento_Review::pending',NULL,'deny'),(8400,11,'Yotpo_Yotpo::yotpo_report_reviews',NULL,'deny'),(8401,11,'Magento_Backend::content',NULL,'deny'),(8402,11,'Magento_Backend::content_elements',NULL,'deny'),(8403,11,'Magento_Cms::page',NULL,'deny'),(8404,11,'Magento_Cms::save',NULL,'deny'),(8405,11,'Magento_Cms::save_design',NULL,'deny'),(8406,11,'Magento_Cms::page_delete',NULL,'deny'),(8407,11,'Magento_Cms::block',NULL,'deny'),(8408,11,'Magento_Widget::widget_instance',NULL,'deny'),(8409,11,'Magento_Cms::media_gallery',NULL,'deny'),(8410,11,'Magento_MediaGalleryUiApi::insert_assets',NULL,'deny'),(8411,11,'Magento_MediaGalleryUiApi::upload_assets',NULL,'deny'),(8412,11,'Magento_MediaGalleryUiApi::edit_assets',NULL,'deny'),(8413,11,'Magento_AdobeStockImageAdminUi::media_gallery',NULL,'deny'),(8414,11,'Magento_AdobeStockImageAdminUi::save_preview_images',NULL,'deny'),(8415,11,'Magento_AdobeStockImageAdminUi::license_images',NULL,'deny'),(8416,11,'Magento_MediaGalleryUiApi::delete_assets',NULL,'deny'),(8417,11,'Magento_MediaGalleryUiApi::create_folder',NULL,'deny'),(8418,11,'Magento_MediaGalleryUiApi::delete_folder',NULL,'deny'),(8419,11,'Magento_PageBuilder::templates',NULL,'deny'),(8420,11,'Magento_PageBuilder::template_save',NULL,'deny'),(8421,11,'Magento_PageBuilder::template_apply',NULL,'deny'),(8422,11,'Magento_PageBuilder::template_delete',NULL,'deny'),(8423,11,'Magento_Backend::design',NULL,'deny'),(8424,11,'Magento_Theme::theme',NULL,'deny'),(8425,11,'Magento_Backend::schedule',NULL,'deny'),(8426,11,'Magento_Backend::content_translation',NULL,'deny'),(8427,11,'Magento_Reports::report',NULL,'deny'),(8428,11,'Dotdigitalgroup_Sms::reports',NULL,'deny'),(8429,11,'Dotdigitalgroup_Sms::report',NULL,'deny'),(8430,11,'Dotdigitalgroup_Email::reports',NULL,'deny'),(8431,11,'Dotdigitalgroup_Email::contact',NULL,'deny'),(8432,11,'Dotdigitalgroup_Email::order',NULL,'deny'),(8433,11,'Dotdigitalgroup_Email::review',NULL,'deny'),(8434,11,'Dotdigitalgroup_Email::wishlist',NULL,'deny'),(8435,11,'Dotdigitalgroup_Email::catalog',NULL,'deny'),(8436,11,'Dotdigitalgroup_Email::importer',NULL,'deny'),(8437,11,'Dotdigitalgroup_Email::campaign',NULL,'deny'),(8438,11,'Dotdigitalgroup_Email::cron',NULL,'deny'),(8439,11,'Dotdigitalgroup_Email::dashboard',NULL,'deny'),(8440,11,'Dotdigitalgroup_Email::automation_enrollment',NULL,'deny'),(8441,11,'Dotdigitalgroup_Email::logviewer',NULL,'deny'),(8442,11,'Dotdigitalgroup_Email::abandoned',NULL,'deny'),(8443,11,'Magento_Reports::report_marketing',NULL,'deny'),(8444,11,'Magento_Reports::shopcart',NULL,'deny'),(8445,11,'Magento_Reports::product',NULL,'deny'),(8446,11,'Magento_Reports::abandoned',NULL,'deny'),(8447,11,'Magento_Reports::report_search',NULL,'deny'),(8448,11,'Magento_Newsletter::problem',NULL,'deny'),(8449,11,'Magento_Reports::review',NULL,'deny'),(8450,11,'Magento_Reports::review_customer',NULL,'deny'),(8451,11,'Magento_Reports::review_product',NULL,'deny'),(8452,11,'Yotpo_Yotpo::yotpo_reviews_external',NULL,'deny'),(8453,11,'Magento_Reports::salesroot',NULL,'deny'),(8454,11,'Magento_Reports::salesroot_sales',NULL,'deny'),(8455,11,'Magento_Reports::tax',NULL,'deny'),(8456,11,'Magento_Reports::invoiced',NULL,'deny'),(8457,11,'Magento_Reports::shipping',NULL,'deny'),(8458,11,'Magento_Reports::refunded',NULL,'deny'),(8459,11,'Magento_Reports::coupons',NULL,'deny'),(8460,11,'Magento_Paypal::paypal_settlement_reports',NULL,'deny'),(8461,11,'Magento_Paypal::paypal_settlement_reports_view',NULL,'deny'),(8462,11,'Magento_Paypal::fetch',NULL,'deny'),(8463,11,'PayPal_Braintree::settlement_report',NULL,'deny'),(8464,11,'Magento_Reports::customers',NULL,'deny'),(8465,11,'Magento_Reports::totals',NULL,'deny'),(8466,11,'Magento_Reports::customers_orders',NULL,'deny'),(8467,11,'Magento_Reports::accounts',NULL,'deny'),(8468,11,'Magento_Reports::report_products',NULL,'deny'),(8469,11,'Magento_Reports::viewed',NULL,'deny'),(8470,11,'Magento_Reports::bestsellers',NULL,'deny'),(8471,11,'Magento_Reports::lowstock',NULL,'deny'),(8472,11,'Magento_Reports::sold',NULL,'deny'),(8473,11,'Magento_Reports::downloads',NULL,'deny'),(8474,11,'Magento_Reports::statistics',NULL,'deny'),(8475,11,'Magento_Reports::statistics_refresh',NULL,'deny'),(8476,11,'Magento_Analytics::business_intelligence',NULL,'deny'),(8477,11,'Magento_Analytics::advanced_reporting',NULL,'deny'),(8478,11,'Magento_Analytics::bi_essentials',NULL,'deny'),(8479,11,'Yotpo_Yotpo::yotpo_analytics_external',NULL,'deny'),(8480,11,'Magento_Backend::stores',NULL,'allow'),(8481,11,'Magento_Backend::stores_settings',NULL,'allow'),(8482,11,'Magento_Backend::store',NULL,'deny'),(8483,11,'Magento_Config::config',NULL,'allow'),(8484,11,'MagePal_GmailSmtpApp::magepal_gmailsmtpapp',NULL,'deny'),(8485,11,'Magento_Catalog::config_catalog',NULL,'deny'),(8486,11,'Magento_CatalogSearch::config_catalog_search',NULL,'deny'),(8487,11,'Dotdigitalgroup_Email::config',NULL,'deny'),(8488,11,'Magento_Newsletter::newsletter',NULL,'deny'),(8489,11,'Magento_LoginAsCustomer::config_section',NULL,'deny'),(8490,11,'Magento_GoogleAnalytics::google',NULL,'deny'),(8491,11,'Magento_Downloadable::downloadable',NULL,'deny'),(8492,11,'Magento_Payment::payment_services',NULL,'deny'),(8493,11,'Magento_Payment::payment',NULL,'deny'),(8494,11,'Magento_CatalogInventory::cataloginventory',NULL,'deny'),(8495,11,'Magento_Contact::contact',NULL,'deny'),(8496,11,'Magento_Cms::config_cms',NULL,'deny'),(8497,11,'Mageants_Forcelogin::system_config',NULL,'deny'),(8498,11,'Magento_Shipping::config_shipping',NULL,'deny'),(8499,11,'Magento_Shipping::shipping_policy',NULL,'deny'),(8500,11,'Magento_Shipping::carriers',NULL,'deny'),(8501,11,'Magento_Multishipping::config_multishipping',NULL,'deny'),(8502,11,'Magento_Securitytxt::config',NULL,'deny'),(8503,11,'Magento_ReCaptchaUi::config',NULL,'deny'),(8504,11,'Mageants_Couponimport::mageants_config',NULL,'deny'),(8505,11,'Mageants_SimpleConfigurable::mageants_simpleconfigurable_config',NULL,'deny'),(8506,11,'Mageants_CustomStockStatus::custom_stock_content',NULL,'deny'),(8507,11,'Mageants_CustomStockStatus::configuration',NULL,'deny'),(8508,11,'Mageants_Sample::config',NULL,'deny'),(8509,11,'Mageants_CustomOrderNumber::configuration',NULL,'deny'),(8510,11,'Magento_Config::config_general',NULL,'deny'),(8511,11,'Magento_Config::web',NULL,'deny'),(8512,11,'Magento_Config::config_design',NULL,'deny'),(8513,11,'Mageants_CustomerApproval::customerApproval_config',NULL,'deny'),(8514,11,'Mageants_ExtentionAdminLogin::mageants_extentionadminlogin',NULL,'deny'),(8515,11,'Magento_Customer::config_customer',NULL,'deny'),(8516,11,'Mageants_LoginAsCustomer::loginascustomer_config',NULL,'deny'),(8517,11,'Mageants_CheckoutSuccessPage::Configuration',NULL,'deny'),(8518,11,'Mageants_CustomStockStatus::mageants_customstockst',NULL,'deny'),(8519,11,'Magento_Paypal::paypal',NULL,'deny'),(8520,11,'Magento_Tax::config_tax',NULL,'deny'),(8521,11,'Magento_Checkout::checkout',NULL,'deny'),(8522,11,'Magento_Sales::config_sales',NULL,'allow'),(8523,11,'Mageants_MinOrderCustomerGroup::minimum_order',NULL,'allow'),(8524,11,'Magento_Persistent::persistent',NULL,'deny'),(8525,11,'Magento_Sales::sales_email',NULL,'deny'),(8526,11,'Magento_Sales::sales_pdf',NULL,'deny'),(8527,11,'Magento_Sitemap::config_sitemap',NULL,'deny'),(8528,11,'Magento_Reports::reports',NULL,'deny'),(8529,11,'Yotpo_Core::config',NULL,'deny'),(8530,11,'Yotpo_Yotpo::config',NULL,'deny'),(8531,11,'Magento_Config::config_system',NULL,'deny'),(8532,11,'Magento_Wishlist::config_wishlist',NULL,'deny'),(8533,11,'Magento_SalesRule::config_promo',NULL,'deny'),(8534,11,'Magento_Config::trans_email',NULL,'deny'),(8535,11,'Magento_Config::config_admin',NULL,'deny'),(8536,11,'Magento_Config::dev',NULL,'deny'),(8537,11,'Magento_Config::currency',NULL,'deny'),(8538,11,'Magento_Rss::rss',NULL,'deny'),(8539,11,'Magento_Config::sendfriend',NULL,'deny'),(8540,11,'Magento_Analytics::analytics_settings',NULL,'deny'),(8541,11,'Mageants_InfiniteScroll::infinitescroll',NULL,'deny'),(8542,11,'Mageants_SpamAndBotBlocker::config',NULL,'deny'),(8543,11,'Magento_NewRelicReporting::config_newrelicreporting',NULL,'deny'),(8544,11,'Magento_CheckoutAgreements::checkoutagreement',NULL,'deny'),(8545,11,'Magento_Sales::order_statuses',NULL,'deny'),(8546,11,'Magento_InventoryApi::inventory',NULL,'deny'),(8547,11,'Magento_InventoryApi::source',NULL,'deny'),(8548,11,'Magento_InventoryApi::source_edit',NULL,'deny'),(8549,11,'Magento_InventoryApi::stock',NULL,'deny'),(8550,11,'Magento_InventoryApi::stock_edit',NULL,'deny'),(8551,11,'Magento_InventoryApi::stock_delete',NULL,'deny'),(8552,11,'Magento_InventoryApi::stock_source_link',NULL,'deny'),(8553,11,'Magento_InventoryInStorePickupApi::inStorePickup',NULL,'deny'),(8554,11,'Magento_InventoryInStorePickupApi::notify_orders_are_ready_for_pickup',NULL,'deny'),(8555,11,'Magento_InventorySalesApi::stock',NULL,'deny'),(8556,11,'Magento_Tax::manage_tax',NULL,'deny'),(8557,11,'Magento_CurrencySymbol::system_currency',NULL,'deny'),(8558,11,'Magento_CurrencySymbol::currency_rates',NULL,'deny'),(8559,11,'Magento_CurrencySymbol::symbols',NULL,'deny'),(8560,11,'Magento_Backend::stores_attributes',NULL,'deny'),(8561,11,'Magento_Catalog::attributes_attributes',NULL,'deny'),(8562,11,'Magento_Catalog::sets',NULL,'deny'),(8563,11,'Magento_Review::ratings',NULL,'deny'),(8564,11,'Magento_Swatches::iframe',NULL,'deny'),(8565,11,'Magento_Backend::stores_other_settings',NULL,'deny'),(8566,11,'Magento_Backend::system',NULL,'allow'),(8567,11,'Magento_AdobeIms::adobe_ims',NULL,'deny'),(8568,11,'Magento_AdobeIms::actions',NULL,'deny'),(8569,11,'Magento_AdobeIms::login',NULL,'deny'),(8570,11,'Magento_AdobeIms::logout',NULL,'deny'),(8571,11,'Magento_AdobeStockAsset::adobe_stock_asset',NULL,'deny'),(8572,11,'Magento_AdobeStockAsset::actions',NULL,'deny'),(8573,11,'Magento_AdobeStockAsset::actions_delete',NULL,'deny'),(8574,11,'Magento_AdobeStockAsset::actions_save',NULL,'deny'),(8575,11,'Magento_AdobeStockAsset::actions_view',NULL,'deny'),(8576,11,'Magento_AdobeStockAsset::actions_get',NULL,'deny'),(8577,11,'Magento_Backend::convert',NULL,'deny'),(8578,11,'Magento_ImportExport::import',NULL,'deny'),(8579,11,'Magento_ImportExport::export',NULL,'deny'),(8580,11,'Magento_TaxImportExport::import_export',NULL,'deny'),(8581,11,'Magento_ImportExport::history',NULL,'deny'),(8582,11,'Klarna_Core::system_support_form',NULL,'deny'),(8583,11,'Magento_Backend::extensions',NULL,'deny'),(8584,11,'Magento_Backend::local',NULL,'deny'),(8585,11,'Magento_Backend::custom',NULL,'deny'),(8586,11,'Klarna_Core::system_logging',NULL,'deny'),(8587,11,'Magento_Integration::extensions',NULL,'deny'),(8588,11,'Magento_Integration::integrations',NULL,'deny'),(8589,11,'Magento_Backend::tools',NULL,'allow'),(8590,11,'Magento_Backend::cache',NULL,'allow'),(8591,11,'Magento_Backend::main_actions',NULL,'allow'),(8592,11,'Magento_Backend::flush_cache_storage',NULL,'allow'),(8593,11,'Magento_Backend::flush_magento_cache',NULL,'allow'),(8594,11,'Magento_Backend::mass_actions',NULL,'allow'),(8595,11,'Magento_Backend::toggling_cache_type',NULL,'allow'),(8596,11,'Magento_Backend::refresh_cache_type',NULL,'allow'),(8597,11,'Magento_Backend::additional_cache_management',NULL,'allow'),(8598,11,'Magento_Backend::flush_catalog_images',NULL,'allow'),(8599,11,'Magento_Backend::flush_js_css',NULL,'allow'),(8600,11,'Magento_Backend::flush_static_files',NULL,'allow'),(8601,11,'Magento_Backup::backup',NULL,'deny'),(8602,11,'Magento_Backup::rollback',NULL,'deny'),(8603,11,'Magento_Indexer::index',NULL,'deny'),(8604,11,'Magento_Indexer::changeMode',NULL,'deny'),(8605,11,'Magento_Indexer::invalidate',NULL,'deny'),(8606,11,'Magefan_ConflictDetector::elements',NULL,'deny'),(8607,11,'Magento_User::acl',NULL,'deny'),(8608,11,'Magento_User::acl_users',NULL,'deny'),(8609,11,'Magento_User::locks',NULL,'deny'),(8610,11,'Magento_User::acl_roles',NULL,'deny'),(8611,11,'Magento_Logging::magento_logging',NULL,'deny'),(8612,11,'Magento_Logging::magento_logging_events',NULL,'deny'),(8613,11,'Magento_Logging::system_magento_logging_bulk_operations',NULL,'deny'),(8614,11,'Magento_Backend::system_other_settings',NULL,'deny'),(8615,11,'Magento_AdminNotification::adminnotification',NULL,'deny'),(8616,11,'Magento_AdminNotification::show_toolbar',NULL,'deny'),(8617,11,'Magento_AdminNotification::show_list',NULL,'deny'),(8618,11,'Magento_AdminNotification::mark_as_read',NULL,'deny'),(8619,11,'Magento_AdminNotification::adminnotification_remove',NULL,'deny'),(8620,11,'Magento_Variable::variable',NULL,'deny'),(8621,11,'Magento_EncryptionKey::crypt_key',NULL,'deny'),(8622,11,'Magento_Backend::global_search',NULL,'deny'),(8623,12,'Magento_Backend::all',NULL,'deny'),(8624,12,'Magento_Backend::admin',NULL,'allow'),(8625,12,'Magento_Backend::dashboard',NULL,'deny'),(8626,12,'Magento_Analytics::analytics',NULL,'deny'),(8627,12,'Magento_Analytics::analytics_api',NULL,'deny'),(8628,12,'Mageants_ExtentionAdminLogin::extentionadminlogin_content',NULL,'deny'),(8629,12,'Mageants_ExtentionAdminLogin::extentionadminlogin_grid',NULL,'deny'),(8630,12,'Mageants_ExtentionAdminLogin::extentionadminlogin_new_edit',NULL,'deny'),(8631,12,'Mageants_ExtentionAdminLogin::extentionadminlogin_save',NULL,'deny'),(8632,12,'Mageants_ExtentionAdminLogin::extentionadminlogin_delete',NULL,'deny'),(8633,12,'Mageants_ExtentionAdminLogin::extentionadminlogin_massenable',NULL,'deny'),(8634,12,'Mageants_ExtentionAdminLogin::extentionadminlogin_massdisable',NULL,'deny'),(8635,12,'Mageants_ExtentionAdminLogin::extentionadminlogin_massdelete',NULL,'deny'),(8636,12,'Magento_Sales::sales',NULL,'allow'),(8637,12,'Magento_Sales::sales_operation',NULL,'allow'),(8638,12,'Magento_Sales::sales_order',NULL,'allow'),(8639,12,'Magento_Sales::actions',NULL,'allow'),(8640,12,'Magento_Sales::create',NULL,'allow'),(8641,12,'Magento_Sales::actions_view',NULL,'allow'),(8642,12,'Magento_Sales::email',NULL,'allow'),(8643,12,'Magento_Sales::reorder',NULL,'allow'),(8644,12,'Magento_Sales::actions_edit',NULL,'allow'),(8645,12,'Magento_Sales::cancel',NULL,'allow'),(8646,12,'Magento_Sales::review_payment',NULL,'allow'),(8647,12,'Magento_Sales::capture',NULL,'allow'),(8648,12,'Magento_Sales::invoice',NULL,'allow'),(8649,12,'Magento_Sales::creditmemo',NULL,'allow'),(8650,12,'Magento_Sales::hold',NULL,'allow'),(8651,12,'Magento_Sales::unhold',NULL,'allow'),(8652,12,'Magento_Sales::ship',NULL,'allow'),(8653,12,'Magento_Sales::comment',NULL,'allow'),(8654,12,'Magento_Sales::emails',NULL,'allow'),(8655,12,'Magento_Paypal::authorization',NULL,'allow'),(8656,12,'Magento_Sales::sales_invoice',NULL,'allow'),(8657,12,'Magento_Sales::shipment',NULL,'allow'),(8658,12,'Magento_Sales::sales_creditmemo',NULL,'allow'),(8659,12,'Magento_Paypal::billing_agreement',NULL,'allow'),(8660,12,'Magento_Paypal::billing_agreement_actions',NULL,'allow'),(8661,12,'Magento_Paypal::billing_agreement_actions_view',NULL,'allow'),(8662,12,'Magento_Paypal::actions_manage',NULL,'allow'),(8663,12,'Magento_Paypal::use',NULL,'allow'),(8664,12,'Magento_Sales::transactions',NULL,'allow'),(8665,12,'Magento_Sales::transactions_fetch',NULL,'allow'),(8666,12,'Magento_Catalog::catalog',NULL,'allow'),(8667,12,'Magento_Catalog::catalog_inventory',NULL,'allow'),(8668,12,'Magento_Catalog::products',NULL,'allow'),(8669,12,'Magento_Catalog::update_attributes',NULL,'allow'),(8670,12,'Magento_Catalog::edit_product_design',NULL,'allow'),(8671,12,'Magento_Catalog::categories',NULL,'allow'),(8672,12,'Magento_Catalog::edit_category_design',NULL,'allow'),(8673,12,'Magento_Customer::customer',NULL,'allow'),(8674,12,'Magento_Customer::manage',NULL,'allow'),(8675,12,'Magento_Customer::actions',NULL,'allow'),(8676,12,'Magento_Customer::delete',NULL,'allow'),(8677,12,'Magento_Customer::reset_password',NULL,'allow'),(8678,12,'Magento_Customer::invalidate_tokens',NULL,'allow'),(8679,12,'Magento_LoginAsCustomer::allow_shopping_assistance',NULL,'allow'),(8680,12,'Mageants_LoginAsCustomer::loginascustomer_button',NULL,'deny'),(8681,12,'Magento_Customer::online',NULL,'deny'),(8682,12,'Magento_Customer::group',NULL,'deny'),(8683,12,'Mageants_LoginAsCustomer::loginascustomer_content',NULL,'deny'),(8684,12,'Mageants_LoginAsCustomer::list_of_login_as_customer',NULL,'deny'),(8685,12,'Mageants_LoginAsCustomer::MassDelete',NULL,'deny'),(8686,12,'Magento_LoginAsCustomer::login',NULL,'deny'),(8687,12,'Magento_LoginAsCustomerLog::login_log',NULL,'deny'),(8688,12,'Magento_Cart::cart',NULL,'deny'),(8689,12,'Magento_Cart::manage',NULL,'deny'),(8690,12,'Magento_Backend::myaccount',NULL,'deny'),(8691,12,'Magento_Backend::marketing',NULL,'deny'),(8692,12,'Magento_CatalogRule::promo',NULL,'deny'),(8693,12,'Magento_CatalogRule::promo_catalog',NULL,'deny'),(8694,12,'Magento_SalesRule::quote',NULL,'deny'),(8695,12,'Dotdigitalgroup_Email::automation',NULL,'deny'),(8696,12,'Dotdigitalgroup_Email::automation_studio',NULL,'deny'),(8697,12,'Dotdigitalgroup_Chat::config',NULL,'deny'),(8698,12,'Dotdigitalgroup_Sms::config',NULL,'deny'),(8699,12,'Dotdigitalgroup_Email::exclusion_rules',NULL,'deny'),(8700,12,'Magento_Backend::marketing_communications',NULL,'deny'),(8701,12,'Magento_Email::template',NULL,'deny'),(8702,12,'Magento_Newsletter::template',NULL,'deny'),(8703,12,'Magento_Newsletter::queue',NULL,'deny'),(8704,12,'Magento_Newsletter::subscriber',NULL,'deny'),(8705,12,'Magento_Backend::marketing_seo',NULL,'deny'),(8706,12,'Magento_Search::search',NULL,'deny'),(8707,12,'Magento_Search::synonyms',NULL,'deny'),(8708,12,'Magento_UrlRewrite::urlrewrite',NULL,'deny'),(8709,12,'Magento_Sitemap::sitemap',NULL,'deny'),(8710,12,'Magento_Backend::marketing_user_content',NULL,'deny'),(8711,12,'Magento_Review::reviews_all',NULL,'deny'),(8712,12,'Magento_Review::pending',NULL,'deny'),(8713,12,'Yotpo_Yotpo::yotpo_report_reviews',NULL,'deny'),(8714,12,'Magento_Backend::content',NULL,'deny'),(8715,12,'Magento_Backend::content_elements',NULL,'deny'),(8716,12,'Magento_Cms::page',NULL,'deny'),(8717,12,'Magento_Cms::save',NULL,'deny'),(8718,12,'Magento_Cms::save_design',NULL,'deny'),(8719,12,'Magento_Cms::page_delete',NULL,'deny'),(8720,12,'Magento_Cms::block',NULL,'deny'),(8721,12,'Magento_Widget::widget_instance',NULL,'deny'),(8722,12,'Magento_Cms::media_gallery',NULL,'deny'),(8723,12,'Magento_MediaGalleryUiApi::insert_assets',NULL,'deny'),(8724,12,'Magento_MediaGalleryUiApi::upload_assets',NULL,'deny'),(8725,12,'Magento_MediaGalleryUiApi::edit_assets',NULL,'deny'),(8726,12,'Magento_AdobeStockImageAdminUi::media_gallery',NULL,'deny'),(8727,12,'Magento_AdobeStockImageAdminUi::save_preview_images',NULL,'deny'),(8728,12,'Magento_AdobeStockImageAdminUi::license_images',NULL,'deny'),(8729,12,'Magento_MediaGalleryUiApi::delete_assets',NULL,'deny'),(8730,12,'Magento_MediaGalleryUiApi::create_folder',NULL,'deny'),(8731,12,'Magento_MediaGalleryUiApi::delete_folder',NULL,'deny'),(8732,12,'Magento_PageBuilder::templates',NULL,'deny'),(8733,12,'Magento_PageBuilder::template_save',NULL,'deny'),(8734,12,'Magento_PageBuilder::template_apply',NULL,'deny'),(8735,12,'Magento_PageBuilder::template_delete',NULL,'deny'),(8736,12,'Magento_Backend::design',NULL,'deny'),(8737,12,'Magento_Theme::theme',NULL,'deny'),(8738,12,'Magento_Backend::schedule',NULL,'deny'),(8739,12,'Magento_Backend::content_translation',NULL,'deny'),(8740,12,'Magento_Reports::report',NULL,'deny'),(8741,12,'Dotdigitalgroup_Sms::reports',NULL,'deny'),(8742,12,'Dotdigitalgroup_Sms::report',NULL,'deny'),(8743,12,'Dotdigitalgroup_Email::reports',NULL,'deny'),(8744,12,'Dotdigitalgroup_Email::contact',NULL,'deny'),(8745,12,'Dotdigitalgroup_Email::order',NULL,'deny'),(8746,12,'Dotdigitalgroup_Email::review',NULL,'deny'),(8747,12,'Dotdigitalgroup_Email::wishlist',NULL,'deny'),(8748,12,'Dotdigitalgroup_Email::catalog',NULL,'deny'),(8749,12,'Dotdigitalgroup_Email::importer',NULL,'deny'),(8750,12,'Dotdigitalgroup_Email::campaign',NULL,'deny'),(8751,12,'Dotdigitalgroup_Email::cron',NULL,'deny'),(8752,12,'Dotdigitalgroup_Email::dashboard',NULL,'deny'),(8753,12,'Dotdigitalgroup_Email::automation_enrollment',NULL,'deny'),(8754,12,'Dotdigitalgroup_Email::logviewer',NULL,'deny'),(8755,12,'Dotdigitalgroup_Email::abandoned',NULL,'deny'),(8756,12,'Magento_Reports::report_marketing',NULL,'deny'),(8757,12,'Magento_Reports::shopcart',NULL,'deny'),(8758,12,'Magento_Reports::product',NULL,'deny'),(8759,12,'Magento_Reports::abandoned',NULL,'deny'),(8760,12,'Magento_Reports::report_search',NULL,'deny'),(8761,12,'Magento_Newsletter::problem',NULL,'deny'),(8762,12,'Magento_Reports::review',NULL,'deny'),(8763,12,'Magento_Reports::review_customer',NULL,'deny'),(8764,12,'Magento_Reports::review_product',NULL,'deny'),(8765,12,'Yotpo_Yotpo::yotpo_reviews_external',NULL,'deny'),(8766,12,'Magento_Reports::salesroot',NULL,'deny'),(8767,12,'Magento_Reports::salesroot_sales',NULL,'deny'),(8768,12,'Magento_Reports::tax',NULL,'deny'),(8769,12,'Magento_Reports::invoiced',NULL,'deny'),(8770,12,'Magento_Reports::shipping',NULL,'deny'),(8771,12,'Magento_Reports::refunded',NULL,'deny'),(8772,12,'Magento_Reports::coupons',NULL,'deny'),(8773,12,'Magento_Paypal::paypal_settlement_reports',NULL,'deny'),(8774,12,'Magento_Paypal::paypal_settlement_reports_view',NULL,'deny'),(8775,12,'Magento_Paypal::fetch',NULL,'deny'),(8776,12,'PayPal_Braintree::settlement_report',NULL,'deny'),(8777,12,'Magento_Reports::customers',NULL,'deny'),(8778,12,'Magento_Reports::totals',NULL,'deny'),(8779,12,'Magento_Reports::customers_orders',NULL,'deny'),(8780,12,'Magento_Reports::accounts',NULL,'deny'),(8781,12,'Magento_Reports::report_products',NULL,'deny'),(8782,12,'Magento_Reports::viewed',NULL,'deny'),(8783,12,'Magento_Reports::bestsellers',NULL,'deny'),(8784,12,'Magento_Reports::lowstock',NULL,'deny'),(8785,12,'Magento_Reports::sold',NULL,'deny'),(8786,12,'Magento_Reports::downloads',NULL,'deny'),(8787,12,'Magento_Reports::statistics',NULL,'deny'),(8788,12,'Magento_Reports::statistics_refresh',NULL,'deny'),(8789,12,'Magento_Analytics::business_intelligence',NULL,'deny'),(8790,12,'Magento_Analytics::advanced_reporting',NULL,'deny'),(8791,12,'Magento_Analytics::bi_essentials',NULL,'deny'),(8792,12,'Yotpo_Yotpo::yotpo_analytics_external',NULL,'deny'),(8793,12,'Magento_Backend::stores',NULL,'allow'),(8794,12,'Magento_Backend::stores_settings',NULL,'allow'),(8795,12,'Magento_Backend::store',NULL,'deny'),(8796,12,'Magento_Config::config',NULL,'allow'),(8797,12,'MagePal_GmailSmtpApp::magepal_gmailsmtpapp',NULL,'deny'),(8798,12,'Magento_Catalog::config_catalog',NULL,'deny'),(8799,12,'Magento_CatalogSearch::config_catalog_search',NULL,'deny'),(8800,12,'Dotdigitalgroup_Email::config',NULL,'deny'),(8801,12,'Magento_Newsletter::newsletter',NULL,'deny'),(8802,12,'Magento_LoginAsCustomer::config_section',NULL,'deny'),(8803,12,'Magento_GoogleAnalytics::google',NULL,'deny'),(8804,12,'Magento_Downloadable::downloadable',NULL,'deny'),(8805,12,'Magento_Payment::payment_services',NULL,'deny'),(8806,12,'Magento_Payment::payment',NULL,'deny'),(8807,12,'Magento_CatalogInventory::cataloginventory',NULL,'deny'),(8808,12,'Magento_Contact::contact',NULL,'deny'),(8809,12,'Magento_Cms::config_cms',NULL,'deny'),(8810,12,'Mageants_Forcelogin::system_config',NULL,'deny'),(8811,12,'Magento_Shipping::config_shipping',NULL,'deny'),(8812,12,'Magento_Shipping::shipping_policy',NULL,'deny'),(8813,12,'Magento_Shipping::carriers',NULL,'deny'),(8814,12,'Magento_Multishipping::config_multishipping',NULL,'deny'),(8815,12,'Magento_Securitytxt::config',NULL,'deny'),(8816,12,'Magento_ReCaptchaUi::config',NULL,'deny'),(8817,12,'Mageants_Couponimport::mageants_config',NULL,'deny'),(8818,12,'Mageants_SimpleConfigurable::mageants_simpleconfigurable_config',NULL,'deny'),(8819,12,'Mageants_CustomStockStatus::custom_stock_content',NULL,'deny'),(8820,12,'Mageants_CustomStockStatus::configuration',NULL,'deny'),(8821,12,'Mageants_Sample::config',NULL,'allow'),(8822,12,'Mageants_CustomOrderNumber::configuration',NULL,'deny'),(8823,12,'Magento_Config::config_general',NULL,'deny'),(8824,12,'Magento_Config::web',NULL,'deny'),(8825,12,'Magento_Config::config_design',NULL,'deny'),(8826,12,'Mageants_CustomerApproval::customerApproval_config',NULL,'deny'),(8827,12,'Mageants_ExtentionAdminLogin::mageants_extentionadminlogin',NULL,'deny'),(8828,12,'Magento_Customer::config_customer',NULL,'deny'),(8829,12,'Mageants_LoginAsCustomer::loginascustomer_config',NULL,'deny'),(8830,12,'Mageants_CheckoutSuccessPage::Configuration',NULL,'deny'),(8831,12,'Mageants_CustomStockStatus::mageants_customstockst',NULL,'deny'),(8832,12,'Magento_Paypal::paypal',NULL,'deny'),(8833,12,'Magento_Tax::config_tax',NULL,'deny'),(8834,12,'Magento_Checkout::checkout',NULL,'deny'),(8835,12,'Magento_Sales::config_sales',NULL,'deny'),(8836,12,'Mageants_MinOrderCustomerGroup::minimum_order',NULL,'deny'),(8837,12,'Magento_Persistent::persistent',NULL,'deny'),(8838,12,'Magento_Sales::sales_email',NULL,'deny'),(8839,12,'Magento_Sales::sales_pdf',NULL,'deny'),(8840,12,'Magento_Sitemap::config_sitemap',NULL,'deny'),(8841,12,'Magento_Reports::reports',NULL,'deny'),(8842,12,'Yotpo_Core::config',NULL,'deny'),(8843,12,'Yotpo_Yotpo::config',NULL,'deny'),(8844,12,'Magento_Config::config_system',NULL,'deny'),(8845,12,'Magento_Wishlist::config_wishlist',NULL,'deny'),(8846,12,'Magento_SalesRule::config_promo',NULL,'deny'),(8847,12,'Magento_Config::trans_email',NULL,'deny'),(8848,12,'Magento_Config::config_admin',NULL,'deny'),(8849,12,'Magento_Config::dev',NULL,'deny'),(8850,12,'Magento_Config::currency',NULL,'deny'),(8851,12,'Magento_Rss::rss',NULL,'deny'),(8852,12,'Magento_Config::sendfriend',NULL,'deny'),(8853,12,'Magento_Analytics::analytics_settings',NULL,'deny'),(8854,12,'Mageants_InfiniteScroll::infinitescroll',NULL,'deny'),(8855,12,'Mageants_SpamAndBotBlocker::config',NULL,'deny'),(8856,12,'Magento_NewRelicReporting::config_newrelicreporting',NULL,'deny'),(8857,12,'Magento_CheckoutAgreements::checkoutagreement',NULL,'deny'),(8858,12,'Magento_Sales::order_statuses',NULL,'deny'),(8859,12,'Magento_InventoryApi::inventory',NULL,'deny'),(8860,12,'Magento_InventoryApi::source',NULL,'deny'),(8861,12,'Magento_InventoryApi::source_edit',NULL,'deny'),(8862,12,'Magento_InventoryApi::stock',NULL,'deny'),(8863,12,'Magento_InventoryApi::stock_edit',NULL,'deny'),(8864,12,'Magento_InventoryApi::stock_delete',NULL,'deny'),(8865,12,'Magento_InventoryApi::stock_source_link',NULL,'deny'),(8866,12,'Magento_InventoryInStorePickupApi::inStorePickup',NULL,'deny'),(8867,12,'Magento_InventoryInStorePickupApi::notify_orders_are_ready_for_pickup',NULL,'deny'),(8868,12,'Magento_InventorySalesApi::stock',NULL,'deny'),(8869,12,'Magento_Tax::manage_tax',NULL,'deny'),(8870,12,'Magento_CurrencySymbol::system_currency',NULL,'deny'),(8871,12,'Magento_CurrencySymbol::currency_rates',NULL,'deny'),(8872,12,'Magento_CurrencySymbol::symbols',NULL,'deny'),(8873,12,'Magento_Backend::stores_attributes',NULL,'deny'),(8874,12,'Magento_Catalog::attributes_attributes',NULL,'deny'),(8875,12,'Magento_Catalog::sets',NULL,'deny'),(8876,12,'Magento_Review::ratings',NULL,'deny'),(8877,12,'Magento_Swatches::iframe',NULL,'deny'),(8878,12,'Magento_Backend::stores_other_settings',NULL,'deny'),(8879,12,'Magento_Backend::system',NULL,'allow'),(8880,12,'Magento_AdobeIms::adobe_ims',NULL,'deny'),(8881,12,'Magento_AdobeIms::actions',NULL,'deny'),(8882,12,'Magento_AdobeIms::login',NULL,'deny'),(8883,12,'Magento_AdobeIms::logout',NULL,'deny'),(8884,12,'Magento_AdobeStockAsset::adobe_stock_asset',NULL,'deny'),(8885,12,'Magento_AdobeStockAsset::actions',NULL,'deny'),(8886,12,'Magento_AdobeStockAsset::actions_delete',NULL,'deny'),(8887,12,'Magento_AdobeStockAsset::actions_save',NULL,'deny'),(8888,12,'Magento_AdobeStockAsset::actions_view',NULL,'deny'),(8889,12,'Magento_AdobeStockAsset::actions_get',NULL,'deny'),(8890,12,'Magento_Backend::convert',NULL,'deny'),(8891,12,'Magento_ImportExport::import',NULL,'deny'),(8892,12,'Magento_ImportExport::export',NULL,'deny'),(8893,12,'Magento_TaxImportExport::import_export',NULL,'deny'),(8894,12,'Magento_ImportExport::history',NULL,'deny'),(8895,12,'Klarna_Core::system_support_form',NULL,'deny'),(8896,12,'Magento_Backend::extensions',NULL,'deny'),(8897,12,'Magento_Backend::local',NULL,'deny'),(8898,12,'Magento_Backend::custom',NULL,'deny'),(8899,12,'Klarna_Core::system_logging',NULL,'deny'),(8900,12,'Magento_Integration::extensions',NULL,'deny'),(8901,12,'Magento_Integration::integrations',NULL,'deny'),(8902,12,'Magento_Backend::tools',NULL,'allow'),(8903,12,'Magento_Backend::cache',NULL,'allow'),(8904,12,'Magento_Backend::main_actions',NULL,'allow'),(8905,12,'Magento_Backend::flush_cache_storage',NULL,'allow'),(8906,12,'Magento_Backend::flush_magento_cache',NULL,'allow'),(8907,12,'Magento_Backend::mass_actions',NULL,'allow'),(8908,12,'Magento_Backend::toggling_cache_type',NULL,'allow'),(8909,12,'Magento_Backend::refresh_cache_type',NULL,'allow'),(8910,12,'Magento_Backend::additional_cache_management',NULL,'allow'),(8911,12,'Magento_Backend::flush_catalog_images',NULL,'allow'),(8912,12,'Magento_Backend::flush_js_css',NULL,'allow'),(8913,12,'Magento_Backend::flush_static_files',NULL,'allow'),(8914,12,'Magento_Backup::backup',NULL,'deny'),(8915,12,'Magento_Backup::rollback',NULL,'deny'),(8916,12,'Magento_Indexer::index',NULL,'deny'),(8917,12,'Magento_Indexer::changeMode',NULL,'deny'),(8918,12,'Magento_Indexer::invalidate',NULL,'deny'),(8919,12,'Magefan_ConflictDetector::elements',NULL,'deny'),(8920,12,'Magento_User::acl',NULL,'deny'),(8921,12,'Magento_User::acl_users',NULL,'deny'),(8922,12,'Magento_User::locks',NULL,'deny'),(8923,12,'Magento_User::acl_roles',NULL,'deny'),(8924,12,'Magento_Logging::magento_logging',NULL,'deny'),(8925,12,'Magento_Logging::magento_logging_events',NULL,'deny'),(8926,12,'Magento_Logging::system_magento_logging_bulk_operations',NULL,'deny'),(8927,12,'Magento_Backend::system_other_settings',NULL,'deny'),(8928,12,'Magento_AdminNotification::adminnotification',NULL,'deny'),(8929,12,'Magento_AdminNotification::show_toolbar',NULL,'deny'),(8930,12,'Magento_AdminNotification::show_list',NULL,'deny'),(8931,12,'Magento_AdminNotification::mark_as_read',NULL,'deny'),(8932,12,'Magento_AdminNotification::adminnotification_remove',NULL,'deny'),(8933,12,'Magento_Variable::variable',NULL,'deny'),(8934,12,'Magento_EncryptionKey::crypt_key',NULL,'deny'),(8935,12,'Magento_Backend::global_search',NULL,'deny'),(8936,13,'Magento_Backend::all',NULL,'deny'),(8937,13,'Magento_Backend::admin',NULL,'allow'),(8938,13,'Magento_Backend::dashboard',NULL,'deny'),(8939,13,'Magento_Analytics::analytics',NULL,'deny'),(8940,13,'Magento_Analytics::analytics_api',NULL,'deny'),(8941,13,'Mageants_ExtentionAdminLogin::extentionadminlogin_content',NULL,'deny'),(8942,13,'Mageants_ExtentionAdminLogin::extentionadminlogin_grid',NULL,'deny'),(8943,13,'Mageants_ExtentionAdminLogin::extentionadminlogin_new_edit',NULL,'deny'),(8944,13,'Mageants_ExtentionAdminLogin::extentionadminlogin_save',NULL,'deny'),(8945,13,'Mageants_ExtentionAdminLogin::extentionadminlogin_delete',NULL,'deny'),(8946,13,'Mageants_ExtentionAdminLogin::extentionadminlogin_massenable',NULL,'deny'),(8947,13,'Mageants_ExtentionAdminLogin::extentionadminlogin_massdisable',NULL,'deny'),(8948,13,'Mageants_ExtentionAdminLogin::extentionadminlogin_massdelete',NULL,'deny'),(8949,13,'Magento_Sales::sales',NULL,'allow'),(8950,13,'Magento_Sales::sales_operation',NULL,'allow'),(8951,13,'Magento_Sales::sales_order',NULL,'allow'),(8952,13,'Magento_Sales::actions',NULL,'allow'),(8953,13,'Magento_Sales::create',NULL,'allow'),(8954,13,'Magento_Sales::actions_view',NULL,'allow'),(8955,13,'Magento_Sales::email',NULL,'allow'),(8956,13,'Magento_Sales::reorder',NULL,'allow'),(8957,13,'Magento_Sales::actions_edit',NULL,'allow'),(8958,13,'Magento_Sales::cancel',NULL,'allow'),(8959,13,'Magento_Sales::review_payment',NULL,'allow'),(8960,13,'Magento_Sales::capture',NULL,'allow'),(8961,13,'Magento_Sales::invoice',NULL,'allow'),(8962,13,'Magento_Sales::creditmemo',NULL,'allow'),(8963,13,'Magento_Sales::hold',NULL,'allow'),(8964,13,'Magento_Sales::unhold',NULL,'allow'),(8965,13,'Magento_Sales::ship',NULL,'allow'),(8966,13,'Magento_Sales::comment',NULL,'allow'),(8967,13,'Magento_Sales::emails',NULL,'allow'),(8968,13,'Magento_Paypal::authorization',NULL,'allow'),(8969,13,'Magento_Sales::sales_invoice',NULL,'allow'),(8970,13,'Magento_Sales::shipment',NULL,'allow'),(8971,13,'Magento_Sales::sales_creditmemo',NULL,'allow'),(8972,13,'Magento_Paypal::billing_agreement',NULL,'allow'),(8973,13,'Magento_Paypal::billing_agreement_actions',NULL,'allow'),(8974,13,'Magento_Paypal::billing_agreement_actions_view',NULL,'allow'),(8975,13,'Magento_Paypal::actions_manage',NULL,'allow'),(8976,13,'Magento_Paypal::use',NULL,'allow'),(8977,13,'Magento_Sales::transactions',NULL,'allow'),(8978,13,'Magento_Sales::transactions_fetch',NULL,'allow'),(8979,13,'Magento_Catalog::catalog',NULL,'allow'),(8980,13,'Magento_Catalog::catalog_inventory',NULL,'allow'),(8981,13,'Magento_Catalog::products',NULL,'allow'),(8982,13,'Magento_Catalog::update_attributes',NULL,'allow'),(8983,13,'Magento_Catalog::edit_product_design',NULL,'allow'),(8984,13,'Magento_Catalog::categories',NULL,'deny'),(8985,13,'Magento_Catalog::edit_category_design',NULL,'deny'),(8986,13,'Magento_Customer::customer',NULL,'allow'),(8987,13,'Magento_Customer::manage',NULL,'allow'),(8988,13,'Magento_Customer::actions',NULL,'allow'),(8989,13,'Magento_Customer::delete',NULL,'allow'),(8990,13,'Magento_Customer::reset_password',NULL,'allow'),(8991,13,'Magento_Customer::invalidate_tokens',NULL,'allow'),(8992,13,'Magento_LoginAsCustomer::allow_shopping_assistance',NULL,'allow'),(8993,13,'Mageants_LoginAsCustomer::loginascustomer_button',NULL,'deny'),(8994,13,'Magento_Customer::online',NULL,'deny'),(8995,13,'Magento_Customer::group',NULL,'deny'),(8996,13,'Mageants_LoginAsCustomer::loginascustomer_content',NULL,'deny'),(8997,13,'Mageants_LoginAsCustomer::list_of_login_as_customer',NULL,'deny'),(8998,13,'Mageants_LoginAsCustomer::MassDelete',NULL,'deny'),(8999,13,'Magento_LoginAsCustomer::login',NULL,'deny'),(9000,13,'Magento_LoginAsCustomerLog::login_log',NULL,'deny'),(9001,13,'Magento_Cart::cart',NULL,'deny'),(9002,13,'Magento_Cart::manage',NULL,'deny'),(9003,13,'Magento_Backend::myaccount',NULL,'deny'),(9004,13,'Magento_Backend::marketing',NULL,'deny'),(9005,13,'Magento_CatalogRule::promo',NULL,'deny'),(9006,13,'Magento_CatalogRule::promo_catalog',NULL,'deny'),(9007,13,'Magento_SalesRule::quote',NULL,'deny'),(9008,13,'Dotdigitalgroup_Email::automation',NULL,'deny'),(9009,13,'Dotdigitalgroup_Email::automation_studio',NULL,'deny'),(9010,13,'Dotdigitalgroup_Chat::config',NULL,'deny'),(9011,13,'Dotdigitalgroup_Sms::config',NULL,'deny'),(9012,13,'Dotdigitalgroup_Email::exclusion_rules',NULL,'deny'),(9013,13,'Magento_Backend::marketing_communications',NULL,'deny'),(9014,13,'Magento_Email::template',NULL,'deny'),(9015,13,'Magento_Newsletter::template',NULL,'deny'),(9016,13,'Magento_Newsletter::queue',NULL,'deny'),(9017,13,'Magento_Newsletter::subscriber',NULL,'deny'),(9018,13,'Magento_Backend::marketing_seo',NULL,'deny'),(9019,13,'Magento_Search::search',NULL,'deny'),(9020,13,'Magento_Search::synonyms',NULL,'deny'),(9021,13,'Magento_UrlRewrite::urlrewrite',NULL,'deny'),(9022,13,'Magento_Sitemap::sitemap',NULL,'deny'),(9023,13,'Magento_Backend::marketing_user_content',NULL,'deny'),(9024,13,'Magento_Review::reviews_all',NULL,'deny'),(9025,13,'Magento_Review::pending',NULL,'deny'),(9026,13,'Yotpo_Yotpo::yotpo_report_reviews',NULL,'deny'),(9027,13,'Magento_Backend::content',NULL,'deny'),(9028,13,'Magento_Backend::content_elements',NULL,'deny'),(9029,13,'Magento_Cms::page',NULL,'deny'),(9030,13,'Magento_Cms::save',NULL,'deny'),(9031,13,'Magento_Cms::save_design',NULL,'deny'),(9032,13,'Magento_Cms::page_delete',NULL,'deny'),(9033,13,'Magento_Cms::block',NULL,'deny'),(9034,13,'Magento_Widget::widget_instance',NULL,'deny'),(9035,13,'Magento_Cms::media_gallery',NULL,'deny'),(9036,13,'Magento_MediaGalleryUiApi::insert_assets',NULL,'deny'),(9037,13,'Magento_MediaGalleryUiApi::upload_assets',NULL,'deny'),(9038,13,'Magento_MediaGalleryUiApi::edit_assets',NULL,'deny'),(9039,13,'Magento_AdobeStockImageAdminUi::media_gallery',NULL,'deny'),(9040,13,'Magento_AdobeStockImageAdminUi::save_preview_images',NULL,'deny'),(9041,13,'Magento_AdobeStockImageAdminUi::license_images',NULL,'deny'),(9042,13,'Magento_MediaGalleryUiApi::delete_assets',NULL,'deny'),(9043,13,'Magento_MediaGalleryUiApi::create_folder',NULL,'deny'),(9044,13,'Magento_MediaGalleryUiApi::delete_folder',NULL,'deny'),(9045,13,'Magento_PageBuilder::templates',NULL,'deny'),(9046,13,'Magento_PageBuilder::template_save',NULL,'deny'),(9047,13,'Magento_PageBuilder::template_apply',NULL,'deny'),(9048,13,'Magento_PageBuilder::template_delete',NULL,'deny'),(9049,13,'Magento_Backend::design',NULL,'deny'),(9050,13,'Magento_Theme::theme',NULL,'deny'),(9051,13,'Magento_Backend::schedule',NULL,'deny'),(9052,13,'Magento_Backend::content_translation',NULL,'deny'),(9053,13,'Magento_Reports::report',NULL,'deny'),(9054,13,'Dotdigitalgroup_Sms::reports',NULL,'deny'),(9055,13,'Dotdigitalgroup_Sms::report',NULL,'deny'),(9056,13,'Dotdigitalgroup_Email::reports',NULL,'deny'),(9057,13,'Dotdigitalgroup_Email::contact',NULL,'deny'),(9058,13,'Dotdigitalgroup_Email::order',NULL,'deny'),(9059,13,'Dotdigitalgroup_Email::review',NULL,'deny'),(9060,13,'Dotdigitalgroup_Email::wishlist',NULL,'deny'),(9061,13,'Dotdigitalgroup_Email::catalog',NULL,'deny'),(9062,13,'Dotdigitalgroup_Email::importer',NULL,'deny'),(9063,13,'Dotdigitalgroup_Email::campaign',NULL,'deny'),(9064,13,'Dotdigitalgroup_Email::cron',NULL,'deny'),(9065,13,'Dotdigitalgroup_Email::dashboard',NULL,'deny'),(9066,13,'Dotdigitalgroup_Email::automation_enrollment',NULL,'deny'),(9067,13,'Dotdigitalgroup_Email::logviewer',NULL,'deny'),(9068,13,'Dotdigitalgroup_Email::abandoned',NULL,'deny'),(9069,13,'Magento_Reports::report_marketing',NULL,'deny'),(9070,13,'Magento_Reports::shopcart',NULL,'deny'),(9071,13,'Magento_Reports::product',NULL,'deny'),(9072,13,'Magento_Reports::abandoned',NULL,'deny'),(9073,13,'Magento_Reports::report_search',NULL,'deny'),(9074,13,'Magento_Newsletter::problem',NULL,'deny'),(9075,13,'Magento_Reports::review',NULL,'deny'),(9076,13,'Magento_Reports::review_customer',NULL,'deny'),(9077,13,'Magento_Reports::review_product',NULL,'deny'),(9078,13,'Yotpo_Yotpo::yotpo_reviews_external',NULL,'deny'),(9079,13,'Magento_Reports::salesroot',NULL,'deny'),(9080,13,'Magento_Reports::salesroot_sales',NULL,'deny'),(9081,13,'Magento_Reports::tax',NULL,'deny'),(9082,13,'Magento_Reports::invoiced',NULL,'deny'),(9083,13,'Magento_Reports::shipping',NULL,'deny'),(9084,13,'Magento_Reports::refunded',NULL,'deny'),(9085,13,'Magento_Reports::coupons',NULL,'deny'),(9086,13,'Magento_Paypal::paypal_settlement_reports',NULL,'deny'),(9087,13,'Magento_Paypal::paypal_settlement_reports_view',NULL,'deny'),(9088,13,'Magento_Paypal::fetch',NULL,'deny'),(9089,13,'PayPal_Braintree::settlement_report',NULL,'deny'),(9090,13,'Magento_Reports::customers',NULL,'deny'),(9091,13,'Magento_Reports::totals',NULL,'deny'),(9092,13,'Magento_Reports::customers_orders',NULL,'deny'),(9093,13,'Magento_Reports::accounts',NULL,'deny'),(9094,13,'Magento_Reports::report_products',NULL,'deny'),(9095,13,'Magento_Reports::viewed',NULL,'deny'),(9096,13,'Magento_Reports::bestsellers',NULL,'deny'),(9097,13,'Magento_Reports::lowstock',NULL,'deny'),(9098,13,'Magento_Reports::sold',NULL,'deny'),(9099,13,'Magento_Reports::downloads',NULL,'deny'),(9100,13,'Magento_Reports::statistics',NULL,'deny'),(9101,13,'Magento_Reports::statistics_refresh',NULL,'deny'),(9102,13,'Magento_Analytics::business_intelligence',NULL,'deny'),(9103,13,'Magento_Analytics::advanced_reporting',NULL,'deny'),(9104,13,'Magento_Analytics::bi_essentials',NULL,'deny'),(9105,13,'Yotpo_Yotpo::yotpo_analytics_external',NULL,'deny'),(9106,13,'Magento_Backend::stores',NULL,'allow'),(9107,13,'Magento_Backend::stores_settings',NULL,'allow'),(9108,13,'Magento_Backend::store',NULL,'deny'),(9109,13,'Magento_Config::config',NULL,'allow'),(9110,13,'MagePal_GmailSmtpApp::magepal_gmailsmtpapp',NULL,'deny'),(9111,13,'Magento_Catalog::config_catalog',NULL,'deny'),(9112,13,'Magento_CatalogSearch::config_catalog_search',NULL,'deny'),(9113,13,'Dotdigitalgroup_Email::config',NULL,'deny'),(9114,13,'Magento_Newsletter::newsletter',NULL,'deny'),(9115,13,'Magento_LoginAsCustomer::config_section',NULL,'deny'),(9116,13,'Magento_GoogleAnalytics::google',NULL,'deny'),(9117,13,'Magento_Downloadable::downloadable',NULL,'deny'),(9118,13,'Magento_Payment::payment_services',NULL,'deny'),(9119,13,'Magento_Payment::payment',NULL,'deny'),(9120,13,'Magento_CatalogInventory::cataloginventory',NULL,'deny'),(9121,13,'Magento_Contact::contact',NULL,'deny'),(9122,13,'Magento_Cms::config_cms',NULL,'deny'),(9123,13,'Mageants_Forcelogin::system_config',NULL,'deny'),(9124,13,'Magento_Shipping::config_shipping',NULL,'deny'),(9125,13,'Magento_Shipping::shipping_policy',NULL,'deny'),(9126,13,'Magento_Shipping::carriers',NULL,'deny'),(9127,13,'Magento_Multishipping::config_multishipping',NULL,'deny'),(9128,13,'Magento_Securitytxt::config',NULL,'deny'),(9129,13,'Magento_ReCaptchaUi::config',NULL,'deny'),(9130,13,'Mageants_Couponimport::mageants_config',NULL,'deny'),(9131,13,'Mageants_SimpleConfigurable::mageants_simpleconfigurable_config',NULL,'allow'),(9132,13,'Mageants_CustomStockStatus::custom_stock_content',NULL,'deny'),(9133,13,'Mageants_CustomStockStatus::configuration',NULL,'deny'),(9134,13,'Mageants_Sample::config',NULL,'deny'),(9135,13,'Mageants_CustomOrderNumber::configuration',NULL,'deny'),(9136,13,'Magento_Config::config_general',NULL,'deny'),(9137,13,'Magento_Config::web',NULL,'deny'),(9138,13,'Magento_Config::config_design',NULL,'deny'),(9139,13,'Mageants_CustomerApproval::customerApproval_config',NULL,'deny'),(9140,13,'Mageants_ExtentionAdminLogin::mageants_extentionadminlogin',NULL,'deny'),(9141,13,'Magento_Customer::config_customer',NULL,'deny'),(9142,13,'Mageants_LoginAsCustomer::loginascustomer_config',NULL,'deny'),(9143,13,'Mageants_CheckoutSuccessPage::Configuration',NULL,'deny'),(9144,13,'Mageants_CustomStockStatus::mageants_customstockst',NULL,'deny'),(9145,13,'Magento_Paypal::paypal',NULL,'deny'),(9146,13,'Magento_Tax::config_tax',NULL,'deny'),(9147,13,'Magento_Checkout::checkout',NULL,'deny'),(9148,13,'Magento_Sales::config_sales',NULL,'deny'),(9149,13,'Mageants_MinOrderCustomerGroup::minimum_order',NULL,'deny'),(9150,13,'Magento_Persistent::persistent',NULL,'deny'),(9151,13,'Magento_Sales::sales_email',NULL,'deny'),(9152,13,'Magento_Sales::sales_pdf',NULL,'deny'),(9153,13,'Magento_Sitemap::config_sitemap',NULL,'deny'),(9154,13,'Magento_Reports::reports',NULL,'deny'),(9155,13,'Yotpo_Core::config',NULL,'deny'),(9156,13,'Yotpo_Yotpo::config',NULL,'deny'),(9157,13,'Magento_Config::config_system',NULL,'deny'),(9158,13,'Magento_Wishlist::config_wishlist',NULL,'deny'),(9159,13,'Magento_SalesRule::config_promo',NULL,'deny'),(9160,13,'Magento_Config::trans_email',NULL,'deny'),(9161,13,'Magento_Config::config_admin',NULL,'deny'),(9162,13,'Magento_Config::dev',NULL,'deny'),(9163,13,'Magento_Config::currency',NULL,'deny'),(9164,13,'Magento_Rss::rss',NULL,'deny'),(9165,13,'Magento_Config::sendfriend',NULL,'deny'),(9166,13,'Magento_Analytics::analytics_settings',NULL,'deny'),(9167,13,'Mageants_InfiniteScroll::infinitescroll',NULL,'deny'),(9168,13,'Mageants_SpamAndBotBlocker::config',NULL,'deny'),(9169,13,'Magento_NewRelicReporting::config_newrelicreporting',NULL,'deny'),(9170,13,'Magento_CheckoutAgreements::checkoutagreement',NULL,'deny'),(9171,13,'Magento_Sales::order_statuses',NULL,'deny'),(9172,13,'Magento_InventoryApi::inventory',NULL,'deny'),(9173,13,'Magento_InventoryApi::source',NULL,'deny'),(9174,13,'Magento_InventoryApi::source_edit',NULL,'deny'),(9175,13,'Magento_InventoryApi::stock',NULL,'deny'),(9176,13,'Magento_InventoryApi::stock_edit',NULL,'deny'),(9177,13,'Magento_InventoryApi::stock_delete',NULL,'deny'),(9178,13,'Magento_InventoryApi::stock_source_link',NULL,'deny'),(9179,13,'Magento_InventoryInStorePickupApi::inStorePickup',NULL,'deny'),(9180,13,'Magento_InventoryInStorePickupApi::notify_orders_are_ready_for_pickup',NULL,'deny'),(9181,13,'Magento_InventorySalesApi::stock',NULL,'deny'),(9182,13,'Magento_Tax::manage_tax',NULL,'deny'),(9183,13,'Magento_CurrencySymbol::system_currency',NULL,'deny'),(9184,13,'Magento_CurrencySymbol::currency_rates',NULL,'deny'),(9185,13,'Magento_CurrencySymbol::symbols',NULL,'deny'),(9186,13,'Magento_Backend::stores_attributes',NULL,'deny'),(9187,13,'Magento_Catalog::attributes_attributes',NULL,'deny'),(9188,13,'Magento_Catalog::sets',NULL,'deny'),(9189,13,'Magento_Review::ratings',NULL,'deny'),(9190,13,'Magento_Swatches::iframe',NULL,'deny'),(9191,13,'Magento_Backend::stores_other_settings',NULL,'deny'),(9192,13,'Magento_Backend::system',NULL,'allow'),(9193,13,'Magento_AdobeIms::adobe_ims',NULL,'deny'),(9194,13,'Magento_AdobeIms::actions',NULL,'deny'),(9195,13,'Magento_AdobeIms::login',NULL,'deny'),(9196,13,'Magento_AdobeIms::logout',NULL,'deny'),(9197,13,'Magento_AdobeStockAsset::adobe_stock_asset',NULL,'deny'),(9198,13,'Magento_AdobeStockAsset::actions',NULL,'deny'),(9199,13,'Magento_AdobeStockAsset::actions_delete',NULL,'deny'),(9200,13,'Magento_AdobeStockAsset::actions_save',NULL,'deny'),(9201,13,'Magento_AdobeStockAsset::actions_view',NULL,'deny'),(9202,13,'Magento_AdobeStockAsset::actions_get',NULL,'deny'),(9203,13,'Magento_Backend::convert',NULL,'deny'),(9204,13,'Magento_ImportExport::import',NULL,'deny'),(9205,13,'Magento_ImportExport::export',NULL,'deny'),(9206,13,'Magento_TaxImportExport::import_export',NULL,'deny'),(9207,13,'Magento_ImportExport::history',NULL,'deny'),(9208,13,'Klarna_Core::system_support_form',NULL,'deny'),(9209,13,'Magento_Backend::extensions',NULL,'deny'),(9210,13,'Magento_Backend::local',NULL,'deny'),(9211,13,'Magento_Backend::custom',NULL,'deny'),(9212,13,'Klarna_Core::system_logging',NULL,'deny'),(9213,13,'Magento_Integration::extensions',NULL,'deny'),(9214,13,'Magento_Integration::integrations',NULL,'deny'),(9215,13,'Magento_Backend::tools',NULL,'allow'),(9216,13,'Magento_Backend::cache',NULL,'allow'),(9217,13,'Magento_Backend::main_actions',NULL,'allow'),(9218,13,'Magento_Backend::flush_cache_storage',NULL,'allow'),(9219,13,'Magento_Backend::flush_magento_cache',NULL,'allow'),(9220,13,'Magento_Backend::mass_actions',NULL,'allow'),(9221,13,'Magento_Backend::toggling_cache_type',NULL,'allow'),(9222,13,'Magento_Backend::refresh_cache_type',NULL,'allow'),(9223,13,'Magento_Backend::additional_cache_management',NULL,'allow'),(9224,13,'Magento_Backend::flush_catalog_images',NULL,'allow'),(9225,13,'Magento_Backend::flush_js_css',NULL,'allow'),(9226,13,'Magento_Backend::flush_static_files',NULL,'allow'),(9227,13,'Magento_Backup::backup',NULL,'deny'),(9228,13,'Magento_Backup::rollback',NULL,'deny'),(9229,13,'Magento_Indexer::index',NULL,'deny'),(9230,13,'Magento_Indexer::changeMode',NULL,'deny'),(9231,13,'Magento_Indexer::invalidate',NULL,'deny'),(9232,13,'Magefan_ConflictDetector::elements',NULL,'deny'),(9233,13,'Magento_User::acl',NULL,'deny'),(9234,13,'Magento_User::acl_users',NULL,'deny'),(9235,13,'Magento_User::locks',NULL,'deny'),(9236,13,'Magento_User::acl_roles',NULL,'deny'),(9237,13,'Magento_Logging::magento_logging',NULL,'deny'),(9238,13,'Magento_Logging::magento_logging_events',NULL,'deny'),(9239,13,'Magento_Logging::system_magento_logging_bulk_operations',NULL,'deny'),(9240,13,'Magento_Backend::system_other_settings',NULL,'deny'),(9241,13,'Magento_AdminNotification::adminnotification',NULL,'deny'),(9242,13,'Magento_AdminNotification::show_toolbar',NULL,'deny'),(9243,13,'Magento_AdminNotification::show_list',NULL,'deny'),(9244,13,'Magento_AdminNotification::mark_as_read',NULL,'deny'),(9245,13,'Magento_AdminNotification::adminnotification_remove',NULL,'deny'),(9246,13,'Magento_Variable::variable',NULL,'deny'),(9247,13,'Magento_EncryptionKey::crypt_key',NULL,'deny'),(9248,13,'Magento_Backend::global_search',NULL,'deny'),(9249,14,'Magento_Backend::all',NULL,'deny'),(9250,14,'Magento_Backend::admin',NULL,'allow'),(9251,14,'Magento_Backend::dashboard',NULL,'deny'),(9252,14,'Magento_Analytics::analytics',NULL,'deny'),(9253,14,'Magento_Analytics::analytics_api',NULL,'deny'),(9254,14,'Mageants_ExtentionAdminLogin::extentionadminlogin_content',NULL,'deny'),(9255,14,'Mageants_ExtentionAdminLogin::extentionadminlogin_grid',NULL,'deny'),(9256,14,'Mageants_ExtentionAdminLogin::extentionadminlogin_new_edit',NULL,'deny'),(9257,14,'Mageants_ExtentionAdminLogin::extentionadminlogin_save',NULL,'deny'),(9258,14,'Mageants_ExtentionAdminLogin::extentionadminlogin_delete',NULL,'deny'),(9259,14,'Mageants_ExtentionAdminLogin::extentionadminlogin_massenable',NULL,'deny'),(9260,14,'Mageants_ExtentionAdminLogin::extentionadminlogin_massdisable',NULL,'deny'),(9261,14,'Mageants_ExtentionAdminLogin::extentionadminlogin_massdelete',NULL,'deny'),(9262,14,'Magento_Sales::sales',NULL,'allow'),(9263,14,'Magento_Sales::sales_operation',NULL,'allow'),(9264,14,'Magento_Sales::sales_order',NULL,'allow'),(9265,14,'Magento_Sales::actions',NULL,'allow'),(9266,14,'Magento_Sales::create',NULL,'allow'),(9267,14,'Magento_Sales::actions_view',NULL,'allow'),(9268,14,'Magento_Sales::email',NULL,'allow'),(9269,14,'Magento_Sales::reorder',NULL,'allow'),(9270,14,'Magento_Sales::actions_edit',NULL,'allow'),(9271,14,'Magento_Sales::cancel',NULL,'allow'),(9272,14,'Magento_Sales::review_payment',NULL,'allow'),(9273,14,'Magento_Sales::capture',NULL,'allow'),(9274,14,'Magento_Sales::invoice',NULL,'allow'),(9275,14,'Magento_Sales::creditmemo',NULL,'allow'),(9276,14,'Magento_Sales::hold',NULL,'allow'),(9277,14,'Magento_Sales::unhold',NULL,'allow'),(9278,14,'Magento_Sales::ship',NULL,'allow'),(9279,14,'Magento_Sales::comment',NULL,'allow'),(9280,14,'Magento_Sales::emails',NULL,'allow'),(9281,14,'Magento_Paypal::authorization',NULL,'allow'),(9282,14,'Magento_Sales::sales_invoice',NULL,'allow'),(9283,14,'Magento_Sales::shipment',NULL,'allow'),(9284,14,'Magento_Sales::sales_creditmemo',NULL,'allow'),(9285,14,'Magento_Paypal::billing_agreement',NULL,'allow'),(9286,14,'Magento_Paypal::billing_agreement_actions',NULL,'allow'),(9287,14,'Magento_Paypal::billing_agreement_actions_view',NULL,'allow'),(9288,14,'Magento_Paypal::actions_manage',NULL,'allow'),(9289,14,'Magento_Paypal::use',NULL,'allow'),(9290,14,'Magento_Sales::transactions',NULL,'allow'),(9291,14,'Magento_Sales::transactions_fetch',NULL,'allow'),(9292,14,'Magento_Catalog::catalog',NULL,'allow'),(9293,14,'Magento_Catalog::catalog_inventory',NULL,'allow'),(9294,14,'Magento_Catalog::products',NULL,'allow'),(9295,14,'Magento_Catalog::update_attributes',NULL,'allow'),(9296,14,'Magento_Catalog::edit_product_design',NULL,'allow'),(9297,14,'Magento_Catalog::categories',NULL,'deny'),(9298,14,'Magento_Catalog::edit_category_design',NULL,'deny'),(9299,14,'Magento_Customer::customer',NULL,'allow'),(9300,14,'Magento_Customer::manage',NULL,'allow'),(9301,14,'Magento_Customer::actions',NULL,'allow'),(9302,14,'Magento_Customer::delete',NULL,'allow'),(9303,14,'Magento_Customer::reset_password',NULL,'allow'),(9304,14,'Magento_Customer::invalidate_tokens',NULL,'allow'),(9305,14,'Magento_LoginAsCustomer::allow_shopping_assistance',NULL,'allow'),(9306,14,'Mageants_LoginAsCustomer::loginascustomer_button',NULL,'deny'),(9307,14,'Magento_Customer::online',NULL,'deny'),(9308,14,'Magento_Customer::group',NULL,'deny'),(9309,14,'Mageants_LoginAsCustomer::loginascustomer_content',NULL,'deny'),(9310,14,'Mageants_LoginAsCustomer::list_of_login_as_customer',NULL,'deny'),(9311,14,'Mageants_LoginAsCustomer::MassDelete',NULL,'deny'),(9312,14,'Magento_LoginAsCustomer::login',NULL,'deny'),(9313,14,'Magento_LoginAsCustomerLog::login_log',NULL,'deny'),(9314,14,'Magento_Cart::cart',NULL,'deny'),(9315,14,'Magento_Cart::manage',NULL,'deny'),(9316,14,'Magento_Backend::myaccount',NULL,'deny'),(9317,14,'Magento_Backend::marketing',NULL,'deny'),(9318,14,'Magento_CatalogRule::promo',NULL,'deny'),(9319,14,'Magento_CatalogRule::promo_catalog',NULL,'deny'),(9320,14,'Magento_SalesRule::quote',NULL,'deny'),(9321,14,'Dotdigitalgroup_Email::automation',NULL,'deny'),(9322,14,'Dotdigitalgroup_Email::automation_studio',NULL,'deny'),(9323,14,'Dotdigitalgroup_Chat::config',NULL,'deny'),(9324,14,'Dotdigitalgroup_Sms::config',NULL,'deny'),(9325,14,'Dotdigitalgroup_Email::exclusion_rules',NULL,'deny'),(9326,14,'Magento_Backend::marketing_communications',NULL,'deny'),(9327,14,'Magento_Email::template',NULL,'deny'),(9328,14,'Magento_Newsletter::template',NULL,'deny'),(9329,14,'Magento_Newsletter::queue',NULL,'deny'),(9330,14,'Magento_Newsletter::subscriber',NULL,'deny'),(9331,14,'Magento_Backend::marketing_seo',NULL,'deny'),(9332,14,'Magento_Search::search',NULL,'deny'),(9333,14,'Magento_Search::synonyms',NULL,'deny'),(9334,14,'Magento_UrlRewrite::urlrewrite',NULL,'deny'),(9335,14,'Magento_Sitemap::sitemap',NULL,'deny'),(9336,14,'Magento_Backend::marketing_user_content',NULL,'deny'),(9337,14,'Magento_Review::reviews_all',NULL,'deny'),(9338,14,'Magento_Review::pending',NULL,'deny'),(9339,14,'Yotpo_Yotpo::yotpo_report_reviews',NULL,'deny'),(9340,14,'Magento_Backend::content',NULL,'deny'),(9341,14,'Magento_Backend::content_elements',NULL,'deny'),(9342,14,'Magento_Cms::page',NULL,'deny'),(9343,14,'Magento_Cms::save',NULL,'deny'),(9344,14,'Magento_Cms::save_design',NULL,'deny'),(9345,14,'Magento_Cms::page_delete',NULL,'deny'),(9346,14,'Magento_Cms::block',NULL,'deny'),(9347,14,'Magento_Widget::widget_instance',NULL,'deny'),(9348,14,'Magento_Cms::media_gallery',NULL,'deny'),(9349,14,'Magento_MediaGalleryUiApi::insert_assets',NULL,'deny'),(9350,14,'Magento_MediaGalleryUiApi::upload_assets',NULL,'deny'),(9351,14,'Magento_MediaGalleryUiApi::edit_assets',NULL,'deny'),(9352,14,'Magento_AdobeStockImageAdminUi::media_gallery',NULL,'deny'),(9353,14,'Magento_AdobeStockImageAdminUi::save_preview_images',NULL,'deny'),(9354,14,'Magento_AdobeStockImageAdminUi::license_images',NULL,'deny'),(9355,14,'Magento_MediaGalleryUiApi::delete_assets',NULL,'deny'),(9356,14,'Magento_MediaGalleryUiApi::create_folder',NULL,'deny'),(9357,14,'Magento_MediaGalleryUiApi::delete_folder',NULL,'deny'),(9358,14,'Magento_PageBuilder::templates',NULL,'deny'),(9359,14,'Magento_PageBuilder::template_save',NULL,'deny'),(9360,14,'Magento_PageBuilder::template_apply',NULL,'deny'),(9361,14,'Magento_PageBuilder::template_delete',NULL,'deny'),(9362,14,'Magento_Backend::design',NULL,'deny'),(9363,14,'Magento_Theme::theme',NULL,'deny'),(9364,14,'Magento_Backend::schedule',NULL,'deny'),(9365,14,'Magento_Backend::content_translation',NULL,'deny'),(9366,14,'Magento_Reports::report',NULL,'deny'),(9367,14,'Dotdigitalgroup_Sms::reports',NULL,'deny'),(9368,14,'Dotdigitalgroup_Sms::report',NULL,'deny'),(9369,14,'Dotdigitalgroup_Email::reports',NULL,'deny'),(9370,14,'Dotdigitalgroup_Email::contact',NULL,'deny'),(9371,14,'Dotdigitalgroup_Email::order',NULL,'deny'),(9372,14,'Dotdigitalgroup_Email::review',NULL,'deny'),(9373,14,'Dotdigitalgroup_Email::wishlist',NULL,'deny'),(9374,14,'Dotdigitalgroup_Email::catalog',NULL,'deny'),(9375,14,'Dotdigitalgroup_Email::importer',NULL,'deny'),(9376,14,'Dotdigitalgroup_Email::campaign',NULL,'deny'),(9377,14,'Dotdigitalgroup_Email::cron',NULL,'deny'),(9378,14,'Dotdigitalgroup_Email::dashboard',NULL,'deny'),(9379,14,'Dotdigitalgroup_Email::automation_enrollment',NULL,'deny'),(9380,14,'Dotdigitalgroup_Email::logviewer',NULL,'deny'),(9381,14,'Dotdigitalgroup_Email::abandoned',NULL,'deny'),(9382,14,'Magento_Reports::report_marketing',NULL,'deny'),(9383,14,'Magento_Reports::shopcart',NULL,'deny'),(9384,14,'Magento_Reports::product',NULL,'deny'),(9385,14,'Magento_Reports::abandoned',NULL,'deny'),(9386,14,'Magento_Reports::report_search',NULL,'deny'),(9387,14,'Magento_Newsletter::problem',NULL,'deny'),(9388,14,'Magento_Reports::review',NULL,'deny'),(9389,14,'Magento_Reports::review_customer',NULL,'deny'),(9390,14,'Magento_Reports::review_product',NULL,'deny'),(9391,14,'Yotpo_Yotpo::yotpo_reviews_external',NULL,'deny'),(9392,14,'Magento_Reports::salesroot',NULL,'deny'),(9393,14,'Magento_Reports::salesroot_sales',NULL,'deny'),(9394,14,'Magento_Reports::tax',NULL,'deny'),(9395,14,'Magento_Reports::invoiced',NULL,'deny'),(9396,14,'Magento_Reports::shipping',NULL,'deny'),(9397,14,'Magento_Reports::refunded',NULL,'deny'),(9398,14,'Magento_Reports::coupons',NULL,'deny'),(9399,14,'Magento_Paypal::paypal_settlement_reports',NULL,'deny'),(9400,14,'Magento_Paypal::paypal_settlement_reports_view',NULL,'deny'),(9401,14,'Magento_Paypal::fetch',NULL,'deny'),(9402,14,'PayPal_Braintree::settlement_report',NULL,'deny'),(9403,14,'Magento_Reports::customers',NULL,'deny'),(9404,14,'Magento_Reports::totals',NULL,'deny'),(9405,14,'Magento_Reports::customers_orders',NULL,'deny'),(9406,14,'Magento_Reports::accounts',NULL,'deny'),(9407,14,'Magento_Reports::report_products',NULL,'deny'),(9408,14,'Magento_Reports::viewed',NULL,'deny'),(9409,14,'Magento_Reports::bestsellers',NULL,'deny'),(9410,14,'Magento_Reports::lowstock',NULL,'deny'),(9411,14,'Magento_Reports::sold',NULL,'deny'),(9412,14,'Magento_Reports::downloads',NULL,'deny'),(9413,14,'Magento_Reports::statistics',NULL,'deny'),(9414,14,'Magento_Reports::statistics_refresh',NULL,'deny'),(9415,14,'Magento_Analytics::business_intelligence',NULL,'deny'),(9416,14,'Magento_Analytics::advanced_reporting',NULL,'deny'),(9417,14,'Magento_Analytics::bi_essentials',NULL,'deny'),(9418,14,'Yotpo_Yotpo::yotpo_analytics_external',NULL,'deny'),(9419,14,'Magento_Backend::stores',NULL,'allow'),(9420,14,'Magento_Backend::stores_settings',NULL,'allow'),(9421,14,'Magento_Backend::store',NULL,'deny'),(9422,14,'Magento_Config::config',NULL,'allow'),(9423,14,'MagePal_GmailSmtpApp::magepal_gmailsmtpapp',NULL,'deny'),(9424,14,'Magento_Catalog::config_catalog',NULL,'deny'),(9425,14,'Magento_CatalogSearch::config_catalog_search',NULL,'deny'),(9426,14,'Dotdigitalgroup_Email::config',NULL,'deny'),(9427,14,'Magento_Newsletter::newsletter',NULL,'deny'),(9428,14,'Magento_LoginAsCustomer::config_section',NULL,'deny'),(9429,14,'Magento_GoogleAnalytics::google',NULL,'deny'),(9430,14,'Magento_Downloadable::downloadable',NULL,'deny'),(9431,14,'Magento_Payment::payment_services',NULL,'deny'),(9432,14,'Magento_Payment::payment',NULL,'deny'),(9433,14,'Magento_CatalogInventory::cataloginventory',NULL,'deny'),(9434,14,'Magento_Contact::contact',NULL,'deny'),(9435,14,'Magento_Cms::config_cms',NULL,'deny'),(9436,14,'Mageants_Forcelogin::system_config',NULL,'deny'),(9437,14,'Magento_Shipping::config_shipping',NULL,'deny'),(9438,14,'Magento_Shipping::shipping_policy',NULL,'deny'),(9439,14,'Magento_Shipping::carriers',NULL,'deny'),(9440,14,'Magento_Multishipping::config_multishipping',NULL,'deny'),(9441,14,'Magento_Securitytxt::config',NULL,'deny'),(9442,14,'Magento_ReCaptchaUi::config',NULL,'deny'),(9443,14,'Mageants_Couponimport::mageants_config',NULL,'deny'),(9444,14,'Mageants_SimpleConfigurable::mageants_simpleconfigurable_config',NULL,'deny'),(9445,14,'Mageants_CustomStockStatus::custom_stock_content',NULL,'deny'),(9446,14,'Mageants_CustomStockStatus::configuration',NULL,'deny'),(9447,14,'Mageants_Sample::config',NULL,'deny'),(9448,14,'Mageants_CustomOrderNumber::configuration',NULL,'deny'),(9449,14,'Magento_Config::config_general',NULL,'deny'),(9450,14,'Magento_Config::web',NULL,'deny'),(9451,14,'Magento_Config::config_design',NULL,'deny'),(9452,14,'Mageants_CustomerApproval::customerApproval_config',NULL,'deny'),(9453,14,'Mageants_ExtentionAdminLogin::mageants_extentionadminlogin',NULL,'deny'),(9454,14,'Magento_Customer::config_customer',NULL,'deny'),(9455,14,'Mageants_LoginAsCustomer::loginascustomer_config',NULL,'deny'),(9456,14,'Mageants_CheckoutSuccessPage::Configuration',NULL,'deny'),(9457,14,'Mageants_CustomStockStatus::mageants_customstockst',NULL,'deny'),(9458,14,'Magento_Paypal::paypal',NULL,'deny'),(9459,14,'Magento_Tax::config_tax',NULL,'deny'),(9460,14,'Magento_Checkout::checkout',NULL,'deny'),(9461,14,'Magento_Sales::config_sales',NULL,'deny'),(9462,14,'Mageants_MinOrderCustomerGroup::minimum_order',NULL,'deny'),(9463,14,'Magento_Persistent::persistent',NULL,'deny'),(9464,14,'Magento_Sales::sales_email',NULL,'deny'),(9465,14,'Magento_Sales::sales_pdf',NULL,'deny'),(9466,14,'Magento_Sitemap::config_sitemap',NULL,'deny'),(9467,14,'Magento_Reports::reports',NULL,'deny'),(9468,14,'Yotpo_Core::config',NULL,'deny'),(9469,14,'Yotpo_Yotpo::config',NULL,'deny'),(9470,14,'Magento_Config::config_system',NULL,'deny'),(9471,14,'Magento_Wishlist::config_wishlist',NULL,'deny'),(9472,14,'Magento_SalesRule::config_promo',NULL,'deny'),(9473,14,'Magento_Config::trans_email',NULL,'deny'),(9474,14,'Magento_Config::config_admin',NULL,'deny'),(9475,14,'Magento_Config::dev',NULL,'deny'),(9476,14,'Magento_Config::currency',NULL,'deny'),(9477,14,'Magento_Rss::rss',NULL,'deny'),(9478,14,'Magento_Config::sendfriend',NULL,'deny'),(9479,14,'Magento_Analytics::analytics_settings',NULL,'deny'),(9480,14,'Mageants_InfiniteScroll::infinitescroll',NULL,'deny'),(9481,14,'Mageants_SpamAndBotBlocker::config',NULL,'allow'),(9482,14,'Magento_NewRelicReporting::config_newrelicreporting',NULL,'deny'),(9483,14,'Magento_CheckoutAgreements::checkoutagreement',NULL,'deny'),(9484,14,'Magento_Sales::order_statuses',NULL,'deny'),(9485,14,'Magento_InventoryApi::inventory',NULL,'deny'),(9486,14,'Magento_InventoryApi::source',NULL,'deny'),(9487,14,'Magento_InventoryApi::source_edit',NULL,'deny'),(9488,14,'Magento_InventoryApi::stock',NULL,'deny'),(9489,14,'Magento_InventoryApi::stock_edit',NULL,'deny'),(9490,14,'Magento_InventoryApi::stock_delete',NULL,'deny'),(9491,14,'Magento_InventoryApi::stock_source_link',NULL,'deny'),(9492,14,'Magento_InventoryInStorePickupApi::inStorePickup',NULL,'deny'),(9493,14,'Magento_InventoryInStorePickupApi::notify_orders_are_ready_for_pickup',NULL,'deny'),(9494,14,'Magento_InventorySalesApi::stock',NULL,'deny'),(9495,14,'Magento_Tax::manage_tax',NULL,'deny'),(9496,14,'Magento_CurrencySymbol::system_currency',NULL,'deny'),(9497,14,'Magento_CurrencySymbol::currency_rates',NULL,'deny'),(9498,14,'Magento_CurrencySymbol::symbols',NULL,'deny'),(9499,14,'Magento_Backend::stores_attributes',NULL,'deny'),(9500,14,'Magento_Catalog::attributes_attributes',NULL,'deny'),(9501,14,'Magento_Catalog::sets',NULL,'deny'),(9502,14,'Magento_Review::ratings',NULL,'deny'),(9503,14,'Magento_Swatches::iframe',NULL,'deny'),(9504,14,'Magento_Backend::stores_other_settings',NULL,'deny'),(9505,14,'Magento_Backend::system',NULL,'allow'),(9506,14,'Magento_AdobeIms::adobe_ims',NULL,'deny'),(9507,14,'Magento_AdobeIms::actions',NULL,'deny'),(9508,14,'Magento_AdobeIms::login',NULL,'deny'),(9509,14,'Magento_AdobeIms::logout',NULL,'deny'),(9510,14,'Magento_AdobeStockAsset::adobe_stock_asset',NULL,'deny'),(9511,14,'Magento_AdobeStockAsset::actions',NULL,'deny'),(9512,14,'Magento_AdobeStockAsset::actions_delete',NULL,'deny'),(9513,14,'Magento_AdobeStockAsset::actions_save',NULL,'deny'),(9514,14,'Magento_AdobeStockAsset::actions_view',NULL,'deny'),(9515,14,'Magento_AdobeStockAsset::actions_get',NULL,'deny'),(9516,14,'Magento_Backend::convert',NULL,'deny'),(9517,14,'Magento_ImportExport::import',NULL,'deny'),(9518,14,'Magento_ImportExport::export',NULL,'deny'),(9519,14,'Magento_TaxImportExport::import_export',NULL,'deny'),(9520,14,'Magento_ImportExport::history',NULL,'deny'),(9521,14,'Klarna_Core::system_support_form',NULL,'deny'),(9522,14,'Magento_Backend::extensions',NULL,'deny'),(9523,14,'Magento_Backend::local',NULL,'deny'),(9524,14,'Magento_Backend::custom',NULL,'deny'),(9525,14,'Klarna_Core::system_logging',NULL,'deny'),(9526,14,'Magento_Integration::extensions',NULL,'deny'),(9527,14,'Magento_Integration::integrations',NULL,'deny'),(9528,14,'Magento_Backend::tools',NULL,'allow'),(9529,14,'Magento_Backend::cache',NULL,'allow'),(9530,14,'Magento_Backend::main_actions',NULL,'allow'),(9531,14,'Magento_Backend::flush_cache_storage',NULL,'allow'),(9532,14,'Magento_Backend::flush_magento_cache',NULL,'allow'),(9533,14,'Magento_Backend::mass_actions',NULL,'allow'),(9534,14,'Magento_Backend::toggling_cache_type',NULL,'allow'),(9535,14,'Magento_Backend::refresh_cache_type',NULL,'allow'),(9536,14,'Magento_Backend::additional_cache_management',NULL,'allow'),(9537,14,'Magento_Backend::flush_catalog_images',NULL,'allow'),(9538,14,'Magento_Backend::flush_js_css',NULL,'allow'),(9539,14,'Magento_Backend::flush_static_files',NULL,'allow'),(9540,14,'Magento_Backup::backup',NULL,'deny'),(9541,14,'Magento_Backup::rollback',NULL,'deny'),(9542,14,'Magento_Indexer::index',NULL,'deny'),(9543,14,'Magento_Indexer::changeMode',NULL,'deny'),(9544,14,'Magento_Indexer::invalidate',NULL,'deny'),(9545,14,'Magefan_ConflictDetector::elements',NULL,'deny'),(9546,14,'Magento_User::acl',NULL,'deny'),(9547,14,'Magento_User::acl_users',NULL,'deny'),(9548,14,'Magento_User::locks',NULL,'deny'),(9549,14,'Magento_User::acl_roles',NULL,'deny'),(9550,14,'Magento_Logging::magento_logging',NULL,'deny'),(9551,14,'Magento_Logging::magento_logging_events',NULL,'deny'),(9552,14,'Magento_Logging::system_magento_logging_bulk_operations',NULL,'deny'),(9553,14,'Magento_Backend::system_other_settings',NULL,'deny'),(9554,14,'Magento_AdminNotification::adminnotification',NULL,'deny'),(9555,14,'Magento_AdminNotification::show_toolbar',NULL,'deny'),(9556,14,'Magento_AdminNotification::show_list',NULL,'deny'),(9557,14,'Magento_AdminNotification::mark_as_read',NULL,'deny'),(9558,14,'Magento_AdminNotification::adminnotification_remove',NULL,'deny'),(9559,14,'Magento_Variable::variable',NULL,'deny'),(9560,14,'Magento_EncryptionKey::crypt_key',NULL,'deny'),(9561,14,'Magento_Backend::global_search',NULL,'deny'),(9562,3,'Magento_Backend::all',NULL,'deny'),(9563,3,'Magento_Backend::admin',NULL,'allow'),(9564,3,'Magento_Backend::dashboard',NULL,'deny'),(9565,3,'Magento_Analytics::analytics',NULL,'deny'),(9566,3,'Magento_Analytics::analytics_api',NULL,'deny'),(9567,3,'Mageants_ExtentionAdminLogin::extentionadminlogin_content',NULL,'deny'),(9568,3,'Mageants_ExtentionAdminLogin::extentionadminlogin_grid',NULL,'deny'),(9569,3,'Mageants_ExtentionAdminLogin::extentionadminlogin_new_edit',NULL,'deny'),(9570,3,'Mageants_ExtentionAdminLogin::extentionadminlogin_save',NULL,'deny'),(9571,3,'Mageants_ExtentionAdminLogin::extentionadminlogin_delete',NULL,'deny'),(9572,3,'Mageants_ExtentionAdminLogin::extentionadminlogin_massenable',NULL,'deny'),(9573,3,'Mageants_ExtentionAdminLogin::extentionadminlogin_massdisable',NULL,'deny'),(9574,3,'Mageants_ExtentionAdminLogin::extentionadminlogin_massdelete',NULL,'deny'),(9575,3,'Magento_Sales::sales',NULL,'allow'),(9576,3,'Magento_Sales::sales_operation',NULL,'allow'),(9577,3,'Magento_Sales::sales_order',NULL,'allow'),(9578,3,'Magento_Sales::actions',NULL,'allow'),(9579,3,'Magento_Sales::create',NULL,'allow'),(9580,3,'Magento_Sales::actions_view',NULL,'allow'),(9581,3,'Magento_Sales::email',NULL,'allow'),(9582,3,'Magento_Sales::reorder',NULL,'allow'),(9583,3,'Magento_Sales::actions_edit',NULL,'allow'),(9584,3,'Magento_Sales::cancel',NULL,'allow'),(9585,3,'Magento_Sales::review_payment',NULL,'allow'),(9586,3,'Magento_Sales::capture',NULL,'allow'),(9587,3,'Magento_Sales::invoice',NULL,'allow'),(9588,3,'Magento_Sales::creditmemo',NULL,'allow'),(9589,3,'Magento_Sales::hold',NULL,'allow'),(9590,3,'Magento_Sales::unhold',NULL,'allow'),(9591,3,'Magento_Sales::ship',NULL,'allow'),(9592,3,'Magento_Sales::comment',NULL,'allow'),(9593,3,'Magento_Sales::emails',NULL,'allow'),(9594,3,'Magento_Paypal::authorization',NULL,'allow'),(9595,3,'Magento_Sales::sales_invoice',NULL,'allow'),(9596,3,'Magento_Sales::shipment',NULL,'allow'),(9597,3,'Magento_Sales::sales_creditmemo',NULL,'allow'),(9598,3,'Magento_Paypal::billing_agreement',NULL,'allow'),(9599,3,'Magento_Paypal::billing_agreement_actions',NULL,'allow'),(9600,3,'Magento_Paypal::billing_agreement_actions_view',NULL,'allow'),(9601,3,'Magento_Paypal::actions_manage',NULL,'allow'),(9602,3,'Magento_Paypal::use',NULL,'allow'),(9603,3,'Magento_Sales::transactions',NULL,'deny'),(9604,3,'Magento_Sales::transactions_fetch',NULL,'deny'),(9605,3,'Magento_Catalog::catalog',NULL,'allow'),(9606,3,'Magento_Catalog::catalog_inventory',NULL,'allow'),(9607,3,'Magento_Catalog::products',NULL,'allow'),(9608,3,'Magento_Catalog::update_attributes',NULL,'allow'),(9609,3,'Magento_Catalog::edit_product_design',NULL,'allow'),(9610,3,'Magento_Catalog::categories',NULL,'deny'),(9611,3,'Magento_Catalog::edit_category_design',NULL,'deny'),(9612,3,'Magento_Customer::customer',NULL,'allow'),(9613,3,'Magento_Customer::manage',NULL,'allow'),(9614,3,'Magento_Customer::actions',NULL,'deny'),(9615,3,'Magento_Customer::delete',NULL,'deny'),(9616,3,'Magento_Customer::reset_password',NULL,'deny'),(9617,3,'Magento_Customer::invalidate_tokens',NULL,'deny'),(9618,3,'Magento_LoginAsCustomer::allow_shopping_assistance',NULL,'deny'),(9619,3,'Mageants_LoginAsCustomer::loginascustomer_button',NULL,'deny'),(9620,3,'Magento_Customer::online',NULL,'deny'),(9621,3,'Magento_Customer::group',NULL,'deny'),(9622,3,'Mageants_LoginAsCustomer::loginascustomer_content',NULL,'deny'),(9623,3,'Mageants_LoginAsCustomer::list_of_login_as_customer',NULL,'deny'),(9624,3,'Mageants_LoginAsCustomer::MassDelete',NULL,'deny'),(9625,3,'Magento_LoginAsCustomer::login',NULL,'deny'),(9626,3,'Magento_LoginAsCustomerLog::login_log',NULL,'deny'),(9627,3,'Magento_Cart::cart',NULL,'deny'),(9628,3,'Magento_Cart::manage',NULL,'deny'),(9629,3,'Magento_Backend::myaccount',NULL,'deny'),(9630,3,'Magento_Backend::marketing',NULL,'deny'),(9631,3,'Magento_CatalogRule::promo',NULL,'deny'),(9632,3,'Magento_CatalogRule::promo_catalog',NULL,'deny'),(9633,3,'Magento_SalesRule::quote',NULL,'deny'),(9634,3,'Dotdigitalgroup_Email::automation',NULL,'deny'),(9635,3,'Dotdigitalgroup_Email::automation_studio',NULL,'deny'),(9636,3,'Dotdigitalgroup_Chat::config',NULL,'deny'),(9637,3,'Dotdigitalgroup_Sms::config',NULL,'deny'),(9638,3,'Dotdigitalgroup_Email::exclusion_rules',NULL,'deny'),(9639,3,'Magento_Backend::marketing_communications',NULL,'deny'),(9640,3,'Magento_Email::template',NULL,'deny'),(9641,3,'Magento_Newsletter::template',NULL,'deny'),(9642,3,'Magento_Newsletter::queue',NULL,'deny'),(9643,3,'Magento_Newsletter::subscriber',NULL,'deny'),(9644,3,'Magento_Backend::marketing_seo',NULL,'deny'),(9645,3,'Magento_Search::search',NULL,'deny'),(9646,3,'Magento_Search::synonyms',NULL,'deny'),(9647,3,'Magento_UrlRewrite::urlrewrite',NULL,'deny'),(9648,3,'Magento_Sitemap::sitemap',NULL,'deny'),(9649,3,'Magento_Backend::marketing_user_content',NULL,'deny'),(9650,3,'Magento_Review::reviews_all',NULL,'deny'),(9651,3,'Magento_Review::pending',NULL,'deny'),(9652,3,'Yotpo_Yotpo::yotpo_report_reviews',NULL,'deny'),(9653,3,'Magento_Backend::content',NULL,'allow'),(9654,3,'Magento_Backend::content_elements',NULL,'allow'),(9655,3,'Magento_Cms::page',NULL,'allow'),(9656,3,'Magento_Cms::save',NULL,'allow'),(9657,3,'Magento_Cms::save_design',NULL,'allow'),(9658,3,'Magento_Cms::page_delete',NULL,'allow'),(9659,3,'Magento_Cms::block',NULL,'allow'),(9660,3,'Magento_Widget::widget_instance',NULL,'allow'),(9661,3,'Magento_Cms::media_gallery',NULL,'allow'),(9662,3,'Magento_MediaGalleryUiApi::insert_assets',NULL,'allow'),(9663,3,'Magento_MediaGalleryUiApi::upload_assets',NULL,'allow'),(9664,3,'Magento_MediaGalleryUiApi::edit_assets',NULL,'allow'),(9665,3,'Magento_AdobeStockImageAdminUi::media_gallery',NULL,'allow'),(9666,3,'Magento_AdobeStockImageAdminUi::save_preview_images',NULL,'allow'),(9667,3,'Magento_AdobeStockImageAdminUi::license_images',NULL,'allow'),(9668,3,'Magento_MediaGalleryUiApi::delete_assets',NULL,'allow'),(9669,3,'Magento_MediaGalleryUiApi::create_folder',NULL,'allow'),(9670,3,'Magento_MediaGalleryUiApi::delete_folder',NULL,'allow'),(9671,3,'Magento_PageBuilder::templates',NULL,'allow'),(9672,3,'Magento_PageBuilder::template_save',NULL,'allow'),(9673,3,'Magento_PageBuilder::template_apply',NULL,'allow'),(9674,3,'Magento_PageBuilder::template_delete',NULL,'allow'),(9675,3,'Magento_Backend::design',NULL,'allow'),(9676,3,'Magento_Theme::theme',NULL,'allow'),(9677,3,'Magento_Backend::schedule',NULL,'allow'),(9678,3,'Magento_Backend::content_translation',NULL,'deny'),(9679,3,'Magento_Reports::report',NULL,'deny'),(9680,3,'Dotdigitalgroup_Sms::reports',NULL,'deny'),(9681,3,'Dotdigitalgroup_Sms::report',NULL,'deny'),(9682,3,'Dotdigitalgroup_Email::reports',NULL,'deny'),(9683,3,'Dotdigitalgroup_Email::contact',NULL,'deny'),(9684,3,'Dotdigitalgroup_Email::order',NULL,'deny'),(9685,3,'Dotdigitalgroup_Email::review',NULL,'deny'),(9686,3,'Dotdigitalgroup_Email::wishlist',NULL,'deny'),(9687,3,'Dotdigitalgroup_Email::catalog',NULL,'deny'),(9688,3,'Dotdigitalgroup_Email::importer',NULL,'deny'),(9689,3,'Dotdigitalgroup_Email::campaign',NULL,'deny'),(9690,3,'Dotdigitalgroup_Email::cron',NULL,'deny'),(9691,3,'Dotdigitalgroup_Email::dashboard',NULL,'deny'),(9692,3,'Dotdigitalgroup_Email::automation_enrollment',NULL,'deny'),(9693,3,'Dotdigitalgroup_Email::logviewer',NULL,'deny'),(9694,3,'Dotdigitalgroup_Email::abandoned',NULL,'deny'),(9695,3,'Magento_Reports::report_marketing',NULL,'deny'),(9696,3,'Magento_Reports::shopcart',NULL,'deny'),(9697,3,'Magento_Reports::product',NULL,'deny'),(9698,3,'Magento_Reports::abandoned',NULL,'deny'),(9699,3,'Magento_Reports::report_search',NULL,'deny'),(9700,3,'Magento_Newsletter::problem',NULL,'deny'),(9701,3,'Magento_Reports::review',NULL,'deny'),(9702,3,'Magento_Reports::review_customer',NULL,'deny'),(9703,3,'Magento_Reports::review_product',NULL,'deny'),(9704,3,'Yotpo_Yotpo::yotpo_reviews_external',NULL,'deny'),(9705,3,'Magento_Reports::salesroot',NULL,'deny'),(9706,3,'Magento_Reports::salesroot_sales',NULL,'deny'),(9707,3,'Magento_Reports::tax',NULL,'deny'),(9708,3,'Magento_Reports::invoiced',NULL,'deny'),(9709,3,'Magento_Reports::shipping',NULL,'deny'),(9710,3,'Magento_Reports::refunded',NULL,'deny'),(9711,3,'Magento_Reports::coupons',NULL,'deny'),(9712,3,'Magento_Paypal::paypal_settlement_reports',NULL,'deny'),(9713,3,'Magento_Paypal::paypal_settlement_reports_view',NULL,'deny'),(9714,3,'Magento_Paypal::fetch',NULL,'deny'),(9715,3,'PayPal_Braintree::settlement_report',NULL,'deny'),(9716,3,'Magento_Reports::customers',NULL,'deny'),(9717,3,'Magento_Reports::totals',NULL,'deny'),(9718,3,'Magento_Reports::customers_orders',NULL,'deny'),(9719,3,'Magento_Reports::accounts',NULL,'deny'),(9720,3,'Magento_Reports::report_products',NULL,'deny'),(9721,3,'Magento_Reports::viewed',NULL,'deny'),(9722,3,'Magento_Reports::bestsellers',NULL,'deny'),(9723,3,'Magento_Reports::lowstock',NULL,'deny'),(9724,3,'Magento_Reports::sold',NULL,'deny'),(9725,3,'Magento_Reports::downloads',NULL,'deny'),(9726,3,'Magento_Reports::statistics',NULL,'deny'),(9727,3,'Magento_Reports::statistics_refresh',NULL,'deny'),(9728,3,'Magento_Analytics::business_intelligence',NULL,'deny'),(9729,3,'Magento_Analytics::advanced_reporting',NULL,'deny'),(9730,3,'Magento_Analytics::bi_essentials',NULL,'deny'),(9731,3,'Yotpo_Yotpo::yotpo_analytics_external',NULL,'deny'),(9732,3,'Magento_Backend::stores',NULL,'allow'),(9733,3,'Magento_Backend::stores_settings',NULL,'allow'),(9734,3,'Magento_Backend::store',NULL,'deny'),(9735,3,'Magento_Config::config',NULL,'allow'),(9736,3,'MagePal_GmailSmtpApp::magepal_gmailsmtpapp',NULL,'deny'),(9737,3,'Magento_Catalog::config_catalog',NULL,'deny'),(9738,3,'Magento_CatalogSearch::config_catalog_search',NULL,'deny'),(9739,3,'Dotdigitalgroup_Email::config',NULL,'deny'),(9740,3,'Magento_Newsletter::newsletter',NULL,'deny'),(9741,3,'Magento_LoginAsCustomer::config_section',NULL,'deny'),(9742,3,'Magento_GoogleAnalytics::google',NULL,'deny'),(9743,3,'Magento_Downloadable::downloadable',NULL,'deny'),(9744,3,'Magento_Payment::payment_services',NULL,'deny'),(9745,3,'Magento_Payment::payment',NULL,'deny'),(9746,3,'Magento_CatalogInventory::cataloginventory',NULL,'deny'),(9747,3,'Magento_Contact::contact',NULL,'deny'),(9748,3,'Magento_Cms::config_cms',NULL,'deny'),(9749,3,'Mageants_Forcelogin::system_config',NULL,'deny'),(9750,3,'Magento_Shipping::config_shipping',NULL,'deny'),(9751,3,'Magento_Shipping::shipping_policy',NULL,'deny'),(9752,3,'Magento_Shipping::carriers',NULL,'deny'),(9753,3,'Magento_Multishipping::config_multishipping',NULL,'deny'),(9754,3,'Magento_Securitytxt::config',NULL,'deny'),(9755,3,'Magento_ReCaptchaUi::config',NULL,'deny'),(9756,3,'Mageants_Couponimport::mageants_config',NULL,'deny'),(9757,3,'Mageants_Sample::config',NULL,'deny'),(9758,3,'Mageants_CustomStockStatus::custom_stock_content',NULL,'deny'),(9759,3,'Mageants_CustomStockStatus::configuration',NULL,'deny'),(9760,3,'Mageants_CustomOrderNumber::configuration',NULL,'deny'),(9761,3,'Mageants_SimpleConfigurable::mageants_simpleconfigurable_config',NULL,'deny'),(9762,3,'Magento_Config::config_general',NULL,'deny'),(9763,3,'Magento_Config::web',NULL,'deny'),(9764,3,'Magento_Config::config_design',NULL,'deny'),(9765,3,'Mageants_ExtentionAdminLogin::mageants_extentionadminlogin',NULL,'deny'),(9766,3,'Mageants_LoginAsCustomer::loginascustomer_config',NULL,'deny'),(9767,3,'Magento_Customer::config_customer',NULL,'deny'),(9768,3,'Mageants_CustomerApproval::customerApproval_config',NULL,'deny'),(9769,3,'Mageants_CheckoutSuccessPage::Configuration',NULL,'allow'),(9770,3,'Magento_Paypal::paypal',NULL,'deny'),(9771,3,'Mageants_CustomStockStatus::mageants_customstockst',NULL,'deny'),(9772,3,'Magento_Tax::config_tax',NULL,'deny'),(9773,3,'Magento_Checkout::checkout',NULL,'deny'),(9774,3,'Magento_Sales::config_sales',NULL,'deny'),(9775,3,'Mageants_MinOrderCustomerGroup::minimum_order',NULL,'deny'),(9776,3,'Magento_Persistent::persistent',NULL,'deny'),(9777,3,'Magento_Sales::sales_email',NULL,'deny'),(9778,3,'Magento_Sales::sales_pdf',NULL,'deny'),(9779,3,'Magento_Sitemap::config_sitemap',NULL,'deny'),(9780,3,'Magento_Reports::reports',NULL,'deny'),(9781,3,'Yotpo_Core::config',NULL,'deny'),(9782,3,'Yotpo_Yotpo::config',NULL,'deny'),(9783,3,'Magento_Config::config_system',NULL,'deny'),(9784,3,'Magento_Wishlist::config_wishlist',NULL,'deny'),(9785,3,'Magento_SalesRule::config_promo',NULL,'deny'),(9786,3,'Magento_Config::trans_email',NULL,'deny'),(9787,3,'Magento_Config::config_admin',NULL,'deny'),(9788,3,'Magento_Config::dev',NULL,'deny'),(9789,3,'Magento_Config::currency',NULL,'deny'),(9790,3,'Magento_Rss::rss',NULL,'deny'),(9791,3,'Magento_Config::sendfriend',NULL,'deny'),(9792,3,'Magento_Analytics::analytics_settings',NULL,'deny'),(9793,3,'Mageants_InfiniteScroll::infinitescroll',NULL,'deny'),(9794,3,'Mageants_SpamAndBotBlocker::config',NULL,'deny'),(9795,3,'Magento_NewRelicReporting::config_newrelicreporting',NULL,'deny'),(9796,3,'Magento_CheckoutAgreements::checkoutagreement',NULL,'deny'),(9797,3,'Magento_Sales::order_statuses',NULL,'deny'),(9798,3,'Magento_InventoryApi::inventory',NULL,'deny'),(9799,3,'Magento_InventoryApi::source',NULL,'deny'),(9800,3,'Magento_InventoryApi::source_edit',NULL,'deny'),(9801,3,'Magento_InventoryApi::stock',NULL,'deny'),(9802,3,'Magento_InventoryApi::stock_edit',NULL,'deny'),(9803,3,'Magento_InventoryApi::stock_delete',NULL,'deny'),(9804,3,'Magento_InventoryApi::stock_source_link',NULL,'deny'),(9805,3,'Magento_InventoryInStorePickupApi::inStorePickup',NULL,'deny'),(9806,3,'Magento_InventoryInStorePickupApi::notify_orders_are_ready_for_pickup',NULL,'deny'),(9807,3,'Magento_InventorySalesApi::stock',NULL,'deny'),(9808,3,'Magento_Tax::manage_tax',NULL,'deny'),(9809,3,'Magento_CurrencySymbol::system_currency',NULL,'deny'),(9810,3,'Magento_CurrencySymbol::currency_rates',NULL,'deny'),(9811,3,'Magento_CurrencySymbol::symbols',NULL,'deny'),(9812,3,'Magento_Backend::stores_attributes',NULL,'deny'),(9813,3,'Magento_Catalog::attributes_attributes',NULL,'deny'),(9814,3,'Magento_Catalog::sets',NULL,'deny'),(9815,3,'Magento_Review::ratings',NULL,'deny'),(9816,3,'Magento_Swatches::iframe',NULL,'deny'),(9817,3,'Magento_Backend::stores_other_settings',NULL,'deny'),(9818,3,'Magento_Backend::system',NULL,'allow'),(9819,3,'Magento_AdobeIms::adobe_ims',NULL,'deny'),(9820,3,'Magento_AdobeIms::actions',NULL,'deny'),(9821,3,'Magento_AdobeIms::login',NULL,'deny'),(9822,3,'Magento_AdobeIms::logout',NULL,'deny'),(9823,3,'Magento_AdobeStockAsset::adobe_stock_asset',NULL,'deny'),(9824,3,'Magento_AdobeStockAsset::actions',NULL,'deny'),(9825,3,'Magento_AdobeStockAsset::actions_delete',NULL,'deny'),(9826,3,'Magento_AdobeStockAsset::actions_save',NULL,'deny'),(9827,3,'Magento_AdobeStockAsset::actions_view',NULL,'deny'),(9828,3,'Magento_AdobeStockAsset::actions_get',NULL,'deny'),(9829,3,'Magento_Backend::convert',NULL,'deny'),(9830,3,'Magento_ImportExport::import',NULL,'deny'),(9831,3,'Magento_ImportExport::export',NULL,'deny'),(9832,3,'Magento_TaxImportExport::import_export',NULL,'deny'),(9833,3,'Magento_ImportExport::history',NULL,'deny'),(9834,3,'Klarna_Core::system_support_form',NULL,'deny'),(9835,3,'Magento_Backend::extensions',NULL,'deny'),(9836,3,'Magento_Backend::local',NULL,'deny'),(9837,3,'Magento_Backend::custom',NULL,'deny'),(9838,3,'Klarna_Core::system_logging',NULL,'deny'),(9839,3,'Magento_Integration::extensions',NULL,'deny'),(9840,3,'Magento_Integration::integrations',NULL,'deny'),(9841,3,'Magento_Backend::tools',NULL,'allow'),(9842,3,'Magento_Backend::cache',NULL,'allow'),(9843,3,'Magento_Backend::main_actions',NULL,'allow'),(9844,3,'Magento_Backend::flush_cache_storage',NULL,'allow'),(9845,3,'Magento_Backend::flush_magento_cache',NULL,'allow'),(9846,3,'Magento_Backend::mass_actions',NULL,'allow'),(9847,3,'Magento_Backend::toggling_cache_type',NULL,'allow'),(9848,3,'Magento_Backend::refresh_cache_type',NULL,'allow'),(9849,3,'Magento_Backend::additional_cache_management',NULL,'allow'),(9850,3,'Magento_Backend::flush_catalog_images',NULL,'allow'),(9851,3,'Magento_Backend::flush_js_css',NULL,'allow'),(9852,3,'Magento_Backend::flush_static_files',NULL,'allow'),(9853,3,'Magento_Backup::backup',NULL,'deny'),(9854,3,'Magento_Backup::rollback',NULL,'deny'),(9855,3,'Magento_Indexer::index',NULL,'deny'),(9856,3,'Magento_Indexer::changeMode',NULL,'deny'),(9857,3,'Magento_Indexer::invalidate',NULL,'deny'),(9858,3,'Magefan_ConflictDetector::elements',NULL,'deny'),(9859,3,'Magento_User::acl',NULL,'deny'),(9860,3,'Magento_User::acl_users',NULL,'deny'),(9861,3,'Magento_User::locks',NULL,'deny'),(9862,3,'Magento_User::acl_roles',NULL,'deny'),(9863,3,'Magento_Logging::magento_logging',NULL,'deny'),(9864,3,'Magento_Logging::magento_logging_events',NULL,'deny'),(9865,3,'Magento_Logging::system_magento_logging_bulk_operations',NULL,'deny'),(9866,3,'Magento_Backend::system_other_settings',NULL,'deny'),(9867,3,'Magento_AdminNotification::adminnotification',NULL,'deny'),(9868,3,'Magento_AdminNotification::show_toolbar',NULL,'deny'),(9869,3,'Magento_AdminNotification::show_list',NULL,'deny'),(9870,3,'Magento_AdminNotification::mark_as_read',NULL,'deny'),(9871,3,'Magento_AdminNotification::adminnotification_remove',NULL,'deny'),(9872,3,'Magento_Variable::variable',NULL,'deny'),(9873,3,'Magento_EncryptionKey::crypt_key',NULL,'deny'),(9874,3,'Magento_Backend::global_search',NULL,'deny'),(9875,10,'Magento_Backend::all',NULL,'deny'),(9876,10,'Magento_Backend::admin',NULL,'allow'),(9877,10,'Magento_Backend::dashboard',NULL,'deny'),(9878,10,'Magento_Analytics::analytics',NULL,'deny'),(9879,10,'Magento_Analytics::analytics_api',NULL,'deny'),(9880,10,'Mageants_ExtentionAdminLogin::extentionadminlogin_content',NULL,'deny'),(9881,10,'Mageants_ExtentionAdminLogin::extentionadminlogin_grid',NULL,'deny'),(9882,10,'Mageants_ExtentionAdminLogin::extentionadminlogin_new_edit',NULL,'deny'),(9883,10,'Mageants_ExtentionAdminLogin::extentionadminlogin_save',NULL,'deny'),(9884,10,'Mageants_ExtentionAdminLogin::extentionadminlogin_delete',NULL,'deny'),(9885,10,'Mageants_ExtentionAdminLogin::extentionadminlogin_massenable',NULL,'deny'),(9886,10,'Mageants_ExtentionAdminLogin::extentionadminlogin_massdisable',NULL,'deny'),(9887,10,'Mageants_ExtentionAdminLogin::extentionadminlogin_massdelete',NULL,'deny'),(9888,10,'Magento_Sales::sales',NULL,'allow'),(9889,10,'Magento_Sales::sales_operation',NULL,'allow'),(9890,10,'Magento_Sales::sales_order',NULL,'allow'),(9891,10,'Magento_Sales::actions',NULL,'allow'),(9892,10,'Magento_Sales::create',NULL,'allow'),(9893,10,'Magento_Sales::actions_view',NULL,'allow'),(9894,10,'Magento_Sales::email',NULL,'allow'),(9895,10,'Magento_Sales::reorder',NULL,'allow'),(9896,10,'Magento_Sales::actions_edit',NULL,'allow'),(9897,10,'Magento_Sales::cancel',NULL,'allow'),(9898,10,'Magento_Sales::review_payment',NULL,'allow'),(9899,10,'Magento_Sales::capture',NULL,'allow'),(9900,10,'Magento_Sales::invoice',NULL,'allow'),(9901,10,'Magento_Sales::creditmemo',NULL,'allow'),(9902,10,'Magento_Sales::hold',NULL,'allow'),(9903,10,'Magento_Sales::unhold',NULL,'allow'),(9904,10,'Magento_Sales::ship',NULL,'allow'),(9905,10,'Magento_Sales::comment',NULL,'allow'),(9906,10,'Magento_Sales::emails',NULL,'allow'),(9907,10,'Magento_Paypal::authorization',NULL,'allow'),(9908,10,'Magento_Sales::sales_invoice',NULL,'allow'),(9909,10,'Magento_Sales::shipment',NULL,'allow'),(9910,10,'Magento_Sales::sales_creditmemo',NULL,'allow'),(9911,10,'Magento_Paypal::billing_agreement',NULL,'allow'),(9912,10,'Magento_Paypal::billing_agreement_actions',NULL,'allow'),(9913,10,'Magento_Paypal::billing_agreement_actions_view',NULL,'allow'),(9914,10,'Magento_Paypal::actions_manage',NULL,'allow'),(9915,10,'Magento_Paypal::use',NULL,'allow'),(9916,10,'Magento_Sales::transactions',NULL,'allow'),(9917,10,'Magento_Sales::transactions_fetch',NULL,'allow'),(9918,10,'Magento_Catalog::catalog',NULL,'allow'),(9919,10,'Magento_Catalog::catalog_inventory',NULL,'allow'),(9920,10,'Magento_Catalog::products',NULL,'allow'),(9921,10,'Magento_Catalog::update_attributes',NULL,'allow'),(9922,10,'Magento_Catalog::edit_product_design',NULL,'allow'),(9923,10,'Magento_Catalog::categories',NULL,'deny'),(9924,10,'Magento_Catalog::edit_category_design',NULL,'deny'),(9925,10,'Magento_Customer::customer',NULL,'allow'),(9926,10,'Magento_Customer::manage',NULL,'allow'),(9927,10,'Magento_Customer::actions',NULL,'allow'),(9928,10,'Magento_Customer::delete',NULL,'allow'),(9929,10,'Magento_Customer::reset_password',NULL,'allow'),(9930,10,'Magento_Customer::invalidate_tokens',NULL,'allow'),(9931,10,'Magento_LoginAsCustomer::allow_shopping_assistance',NULL,'allow'),(9932,10,'Mageants_LoginAsCustomer::loginascustomer_button',NULL,'allow'),(9933,10,'Magento_Customer::online',NULL,'deny'),(9934,10,'Magento_Customer::group',NULL,'deny'),(9935,10,'Mageants_LoginAsCustomer::loginascustomer_content',NULL,'allow'),(9936,10,'Mageants_LoginAsCustomer::list_of_login_as_customer',NULL,'allow'),(9937,10,'Mageants_LoginAsCustomer::MassDelete',NULL,'allow'),(9938,10,'Magento_LoginAsCustomer::login',NULL,'deny'),(9939,10,'Magento_LoginAsCustomerLog::login_log',NULL,'deny'),(9940,10,'Magento_Cart::cart',NULL,'deny'),(9941,10,'Magento_Cart::manage',NULL,'deny'),(9942,10,'Magento_Backend::myaccount',NULL,'deny'),(9943,10,'Magento_Backend::marketing',NULL,'deny'),(9944,10,'Magento_CatalogRule::promo',NULL,'deny'),(9945,10,'Magento_CatalogRule::promo_catalog',NULL,'deny'),(9946,10,'Magento_SalesRule::quote',NULL,'deny'),(9947,10,'Dotdigitalgroup_Email::automation',NULL,'deny'),(9948,10,'Dotdigitalgroup_Email::automation_studio',NULL,'deny'),(9949,10,'Dotdigitalgroup_Chat::config',NULL,'deny'),(9950,10,'Dotdigitalgroup_Sms::config',NULL,'deny'),(9951,10,'Dotdigitalgroup_Email::exclusion_rules',NULL,'deny'),(9952,10,'Magento_Backend::marketing_communications',NULL,'deny'),(9953,10,'Magento_Email::template',NULL,'deny'),(9954,10,'Magento_Newsletter::template',NULL,'deny'),(9955,10,'Magento_Newsletter::queue',NULL,'deny'),(9956,10,'Magento_Newsletter::subscriber',NULL,'deny'),(9957,10,'Magento_Backend::marketing_seo',NULL,'deny'),(9958,10,'Magento_Search::search',NULL,'deny'),(9959,10,'Magento_Search::synonyms',NULL,'deny'),(9960,10,'Magento_UrlRewrite::urlrewrite',NULL,'deny'),(9961,10,'Magento_Sitemap::sitemap',NULL,'deny'),(9962,10,'Magento_Backend::marketing_user_content',NULL,'deny'),(9963,10,'Magento_Review::reviews_all',NULL,'deny'),(9964,10,'Magento_Review::pending',NULL,'deny'),(9965,10,'Yotpo_Yotpo::yotpo_report_reviews',NULL,'deny'),(9966,10,'Magento_Backend::content',NULL,'deny'),(9967,10,'Magento_Backend::content_elements',NULL,'deny'),(9968,10,'Magento_Cms::page',NULL,'deny'),(9969,10,'Magento_Cms::save',NULL,'deny'),(9970,10,'Magento_Cms::save_design',NULL,'deny'),(9971,10,'Magento_Cms::page_delete',NULL,'deny'),(9972,10,'Magento_Cms::block',NULL,'deny'),(9973,10,'Magento_Widget::widget_instance',NULL,'deny'),(9974,10,'Magento_Cms::media_gallery',NULL,'deny'),(9975,10,'Magento_MediaGalleryUiApi::insert_assets',NULL,'deny'),(9976,10,'Magento_MediaGalleryUiApi::upload_assets',NULL,'deny'),(9977,10,'Magento_MediaGalleryUiApi::edit_assets',NULL,'deny'),(9978,10,'Magento_AdobeStockImageAdminUi::media_gallery',NULL,'deny'),(9979,10,'Magento_AdobeStockImageAdminUi::save_preview_images',NULL,'deny'),(9980,10,'Magento_AdobeStockImageAdminUi::license_images',NULL,'deny'),(9981,10,'Magento_MediaGalleryUiApi::delete_assets',NULL,'deny'),(9982,10,'Magento_MediaGalleryUiApi::create_folder',NULL,'deny'),(9983,10,'Magento_MediaGalleryUiApi::delete_folder',NULL,'deny'),(9984,10,'Magento_PageBuilder::templates',NULL,'deny'),(9985,10,'Magento_PageBuilder::template_save',NULL,'deny'),(9986,10,'Magento_PageBuilder::template_apply',NULL,'deny'),(9987,10,'Magento_PageBuilder::template_delete',NULL,'deny'),(9988,10,'Magento_Backend::design',NULL,'deny'),(9989,10,'Magento_Theme::theme',NULL,'deny'),(9990,10,'Magento_Backend::schedule',NULL,'deny'),(9991,10,'Magento_Backend::content_translation',NULL,'deny'),(9992,10,'Magento_Reports::report',NULL,'deny'),(9993,10,'Dotdigitalgroup_Sms::reports',NULL,'deny'),(9994,10,'Dotdigitalgroup_Sms::report',NULL,'deny'),(9995,10,'Dotdigitalgroup_Email::reports',NULL,'deny'),(9996,10,'Dotdigitalgroup_Email::contact',NULL,'deny'),(9997,10,'Dotdigitalgroup_Email::order',NULL,'deny'),(9998,10,'Dotdigitalgroup_Email::review',NULL,'deny'),(9999,10,'Dotdigitalgroup_Email::wishlist',NULL,'deny'),(10000,10,'Dotdigitalgroup_Email::catalog',NULL,'deny'),(10001,10,'Dotdigitalgroup_Email::importer',NULL,'deny'),(10002,10,'Dotdigitalgroup_Email::campaign',NULL,'deny'),(10003,10,'Dotdigitalgroup_Email::cron',NULL,'deny'),(10004,10,'Dotdigitalgroup_Email::dashboard',NULL,'deny'),(10005,10,'Dotdigitalgroup_Email::automation_enrollment',NULL,'deny'),(10006,10,'Dotdigitalgroup_Email::logviewer',NULL,'deny'),(10007,10,'Dotdigitalgroup_Email::abandoned',NULL,'deny'),(10008,10,'Magento_Reports::report_marketing',NULL,'deny'),(10009,10,'Magento_Reports::shopcart',NULL,'deny'),(10010,10,'Magento_Reports::product',NULL,'deny'),(10011,10,'Magento_Reports::abandoned',NULL,'deny'),(10012,10,'Magento_Reports::report_search',NULL,'deny'),(10013,10,'Magento_Newsletter::problem',NULL,'deny'),(10014,10,'Magento_Reports::review',NULL,'deny'),(10015,10,'Magento_Reports::review_customer',NULL,'deny'),(10016,10,'Magento_Reports::review_product',NULL,'deny'),(10017,10,'Yotpo_Yotpo::yotpo_reviews_external',NULL,'deny'),(10018,10,'Magento_Reports::salesroot',NULL,'deny'),(10019,10,'Magento_Reports::salesroot_sales',NULL,'deny'),(10020,10,'Magento_Reports::tax',NULL,'deny'),(10021,10,'Magento_Reports::invoiced',NULL,'deny'),(10022,10,'Magento_Reports::shipping',NULL,'deny'),(10023,10,'Magento_Reports::refunded',NULL,'deny'),(10024,10,'Magento_Reports::coupons',NULL,'deny'),(10025,10,'Magento_Paypal::paypal_settlement_reports',NULL,'deny'),(10026,10,'Magento_Paypal::paypal_settlement_reports_view',NULL,'deny'),(10027,10,'Magento_Paypal::fetch',NULL,'deny'),(10028,10,'PayPal_Braintree::settlement_report',NULL,'deny'),(10029,10,'Magento_Reports::customers',NULL,'deny'),(10030,10,'Magento_Reports::totals',NULL,'deny'),(10031,10,'Magento_Reports::customers_orders',NULL,'deny'),(10032,10,'Magento_Reports::accounts',NULL,'deny'),(10033,10,'Magento_Reports::report_products',NULL,'deny'),(10034,10,'Magento_Reports::viewed',NULL,'deny'),(10035,10,'Magento_Reports::bestsellers',NULL,'deny'),(10036,10,'Magento_Reports::lowstock',NULL,'deny'),(10037,10,'Magento_Reports::sold',NULL,'deny'),(10038,10,'Magento_Reports::downloads',NULL,'deny'),(10039,10,'Magento_Reports::statistics',NULL,'deny'),(10040,10,'Magento_Reports::statistics_refresh',NULL,'deny'),(10041,10,'Magento_Analytics::business_intelligence',NULL,'deny'),(10042,10,'Magento_Analytics::advanced_reporting',NULL,'deny'),(10043,10,'Magento_Analytics::bi_essentials',NULL,'deny'),(10044,10,'Yotpo_Yotpo::yotpo_analytics_external',NULL,'deny'),(10045,10,'Magento_Backend::stores',NULL,'allow'),(10046,10,'Magento_Backend::stores_settings',NULL,'allow'),(10047,10,'Magento_Backend::store',NULL,'deny'),(10048,10,'Magento_Config::config',NULL,'allow'),(10049,10,'MagePal_GmailSmtpApp::magepal_gmailsmtpapp',NULL,'deny'),(10050,10,'Magento_Catalog::config_catalog',NULL,'deny'),(10051,10,'Magento_CatalogSearch::config_catalog_search',NULL,'deny'),(10052,10,'Dotdigitalgroup_Email::config',NULL,'deny'),(10053,10,'Magento_Newsletter::newsletter',NULL,'deny'),(10054,10,'Magento_LoginAsCustomer::config_section',NULL,'allow'),(10055,10,'Magento_GoogleAnalytics::google',NULL,'deny'),(10056,10,'Magento_Downloadable::downloadable',NULL,'deny'),(10057,10,'Magento_Payment::payment_services',NULL,'deny'),(10058,10,'Magento_Payment::payment',NULL,'deny'),(10059,10,'Magento_CatalogInventory::cataloginventory',NULL,'deny'),(10060,10,'Magento_Contact::contact',NULL,'deny'),(10061,10,'Magento_Cms::config_cms',NULL,'deny'),(10062,10,'Mageants_Forcelogin::system_config',NULL,'deny'),(10063,10,'Magento_Shipping::config_shipping',NULL,'deny'),(10064,10,'Magento_Shipping::shipping_policy',NULL,'deny'),(10065,10,'Magento_Shipping::carriers',NULL,'deny'),(10066,10,'Magento_Multishipping::config_multishipping',NULL,'deny'),(10067,10,'Magento_Securitytxt::config',NULL,'deny'),(10068,10,'Magento_ReCaptchaUi::config',NULL,'deny'),(10069,10,'Mageants_Couponimport::mageants_config',NULL,'deny'),(10070,10,'Mageants_Sample::config',NULL,'deny'),(10071,10,'Mageants_CustomStockStatus::custom_stock_content',NULL,'deny'),(10072,10,'Mageants_CustomStockStatus::configuration',NULL,'deny'),(10073,10,'Mageants_CustomOrderNumber::configuration',NULL,'deny'),(10074,10,'Mageants_SimpleConfigurable::mageants_simpleconfigurable_config',NULL,'deny'),(10075,10,'Magento_Config::config_general',NULL,'deny'),(10076,10,'Magento_Config::web',NULL,'deny'),(10077,10,'Magento_Config::config_design',NULL,'deny'),(10078,10,'Mageants_ExtentionAdminLogin::mageants_extentionadminlogin',NULL,'deny'),(10079,10,'Mageants_LoginAsCustomer::loginascustomer_config',NULL,'allow'),(10080,10,'Magento_Customer::config_customer',NULL,'deny'),(10081,10,'Mageants_CustomerApproval::customerApproval_config',NULL,'deny'),(10082,10,'Mageants_CheckoutSuccessPage::Configuration',NULL,'deny'),(10083,10,'Magento_Paypal::paypal',NULL,'deny'),(10084,10,'Mageants_CustomStockStatus::mageants_customstockst',NULL,'deny'),(10085,10,'Magento_Tax::config_tax',NULL,'deny'),(10086,10,'Magento_Checkout::checkout',NULL,'deny'),(10087,10,'Magento_Sales::config_sales',NULL,'deny'),(10088,10,'Mageants_MinOrderCustomerGroup::minimum_order',NULL,'deny'),(10089,10,'Magento_Persistent::persistent',NULL,'deny'),(10090,10,'Magento_Sales::sales_email',NULL,'deny'),(10091,10,'Magento_Sales::sales_pdf',NULL,'deny'),(10092,10,'Magento_Sitemap::config_sitemap',NULL,'deny'),(10093,10,'Magento_Reports::reports',NULL,'deny'),(10094,10,'Yotpo_Core::config',NULL,'deny'),(10095,10,'Yotpo_Yotpo::config',NULL,'deny'),(10096,10,'Magento_Config::config_system',NULL,'deny'),(10097,10,'Magento_Wishlist::config_wishlist',NULL,'deny'),(10098,10,'Magento_SalesRule::config_promo',NULL,'deny'),(10099,10,'Magento_Config::trans_email',NULL,'deny'),(10100,10,'Magento_Config::config_admin',NULL,'deny'),(10101,10,'Magento_Config::dev',NULL,'deny'),(10102,10,'Magento_Config::currency',NULL,'deny'),(10103,10,'Magento_Rss::rss',NULL,'deny'),(10104,10,'Magento_Config::sendfriend',NULL,'deny'),(10105,10,'Magento_Analytics::analytics_settings',NULL,'deny'),(10106,10,'Mageants_InfiniteScroll::infinitescroll',NULL,'deny'),(10107,10,'Mageants_SpamAndBotBlocker::config',NULL,'deny'),(10108,10,'Magento_NewRelicReporting::config_newrelicreporting',NULL,'deny'),(10109,10,'Magento_CheckoutAgreements::checkoutagreement',NULL,'deny'),(10110,10,'Magento_Sales::order_statuses',NULL,'deny'),(10111,10,'Magento_InventoryApi::inventory',NULL,'deny'),(10112,10,'Magento_InventoryApi::source',NULL,'deny'),(10113,10,'Magento_InventoryApi::source_edit',NULL,'deny'),(10114,10,'Magento_InventoryApi::stock',NULL,'deny'),(10115,10,'Magento_InventoryApi::stock_edit',NULL,'deny'),(10116,10,'Magento_InventoryApi::stock_delete',NULL,'deny'),(10117,10,'Magento_InventoryApi::stock_source_link',NULL,'deny'),(10118,10,'Magento_InventoryInStorePickupApi::inStorePickup',NULL,'deny'),(10119,10,'Magento_InventoryInStorePickupApi::notify_orders_are_ready_for_pickup',NULL,'deny'),(10120,10,'Magento_InventorySalesApi::stock',NULL,'deny'),(10121,10,'Magento_Tax::manage_tax',NULL,'deny'),(10122,10,'Magento_CurrencySymbol::system_currency',NULL,'deny'),(10123,10,'Magento_CurrencySymbol::currency_rates',NULL,'deny'),(10124,10,'Magento_CurrencySymbol::symbols',NULL,'deny'),(10125,10,'Magento_Backend::stores_attributes',NULL,'deny'),(10126,10,'Magento_Catalog::attributes_attributes',NULL,'deny'),(10127,10,'Magento_Catalog::sets',NULL,'deny'),(10128,10,'Magento_Review::ratings',NULL,'deny'),(10129,10,'Magento_Swatches::iframe',NULL,'deny'),(10130,10,'Magento_Backend::stores_other_settings',NULL,'deny'),(10131,10,'Magento_Backend::system',NULL,'allow'),(10132,10,'Magento_AdobeIms::adobe_ims',NULL,'deny'),(10133,10,'Magento_AdobeIms::actions',NULL,'deny'),(10134,10,'Magento_AdobeIms::login',NULL,'deny'),(10135,10,'Magento_AdobeIms::logout',NULL,'deny'),(10136,10,'Magento_AdobeStockAsset::adobe_stock_asset',NULL,'deny'),(10137,10,'Magento_AdobeStockAsset::actions',NULL,'deny'),(10138,10,'Magento_AdobeStockAsset::actions_delete',NULL,'deny'),(10139,10,'Magento_AdobeStockAsset::actions_save',NULL,'deny'),(10140,10,'Magento_AdobeStockAsset::actions_view',NULL,'deny'),(10141,10,'Magento_AdobeStockAsset::actions_get',NULL,'deny'),(10142,10,'Magento_Backend::convert',NULL,'deny'),(10143,10,'Magento_ImportExport::import',NULL,'deny'),(10144,10,'Magento_ImportExport::export',NULL,'deny'),(10145,10,'Magento_TaxImportExport::import_export',NULL,'deny'),(10146,10,'Magento_ImportExport::history',NULL,'deny'),(10147,10,'Klarna_Core::system_support_form',NULL,'deny'),(10148,10,'Magento_Backend::extensions',NULL,'deny'),(10149,10,'Magento_Backend::local',NULL,'deny'),(10150,10,'Magento_Backend::custom',NULL,'deny'),(10151,10,'Klarna_Core::system_logging',NULL,'deny'),(10152,10,'Magento_Integration::extensions',NULL,'deny'),(10153,10,'Magento_Integration::integrations',NULL,'deny'),(10154,10,'Magento_Backend::tools',NULL,'allow'),(10155,10,'Magento_Backend::cache',NULL,'allow'),(10156,10,'Magento_Backend::main_actions',NULL,'allow'),(10157,10,'Magento_Backend::flush_cache_storage',NULL,'allow'),(10158,10,'Magento_Backend::flush_magento_cache',NULL,'allow'),(10159,10,'Magento_Backend::mass_actions',NULL,'allow'),(10160,10,'Magento_Backend::toggling_cache_type',NULL,'allow'),(10161,10,'Magento_Backend::refresh_cache_type',NULL,'allow'),(10162,10,'Magento_Backend::additional_cache_management',NULL,'allow'),(10163,10,'Magento_Backend::flush_catalog_images',NULL,'allow'),(10164,10,'Magento_Backend::flush_js_css',NULL,'allow'),(10165,10,'Magento_Backend::flush_static_files',NULL,'allow'),(10166,10,'Magento_Backup::backup',NULL,'deny'),(10167,10,'Magento_Backup::rollback',NULL,'deny'),(10168,10,'Magento_Indexer::index',NULL,'deny'),(10169,10,'Magento_Indexer::changeMode',NULL,'deny'),(10170,10,'Magento_Indexer::invalidate',NULL,'deny'),(10171,10,'Magefan_ConflictDetector::elements',NULL,'deny'),(10172,10,'Magento_User::acl',NULL,'deny'),(10173,10,'Magento_User::acl_users',NULL,'deny'),(10174,10,'Magento_User::locks',NULL,'deny'),(10175,10,'Magento_User::acl_roles',NULL,'deny'),(10176,10,'Magento_Logging::magento_logging',NULL,'deny'),(10177,10,'Magento_Logging::magento_logging_events',NULL,'deny'),(10178,10,'Magento_Logging::system_magento_logging_bulk_operations',NULL,'deny'),(10179,10,'Magento_Backend::system_other_settings',NULL,'deny'),(10180,10,'Magento_AdminNotification::adminnotification',NULL,'deny'),(10181,10,'Magento_AdminNotification::show_toolbar',NULL,'deny'),(10182,10,'Magento_AdminNotification::show_list',NULL,'deny'),(10183,10,'Magento_AdminNotification::mark_as_read',NULL,'deny'),(10184,10,'Magento_AdminNotification::adminnotification_remove',NULL,'deny'),(10185,10,'Magento_Variable::variable',NULL,'deny'),(10186,10,'Magento_EncryptionKey::crypt_key',NULL,'deny'),(10187,10,'Magento_Backend::global_search',NULL,'deny'),(11130,8,'Magento_Backend::all',NULL,'deny'),(11131,8,'Magento_Backend::admin',NULL,'allow'),(11132,8,'Magento_Backend::dashboard',NULL,'deny'),(11133,8,'Magento_Analytics::analytics',NULL,'deny'),(11134,8,'Magento_Analytics::analytics_api',NULL,'deny'),(11135,8,'Mageants_ExtentionAdminLogin::extentionadminlogin_content',NULL,'deny'),(11136,8,'Mageants_ExtentionAdminLogin::extentionadminlogin_grid',NULL,'deny'),(11137,8,'Mageants_ExtentionAdminLogin::extentionadminlogin_new_edit',NULL,'deny'),(11138,8,'Mageants_ExtentionAdminLogin::extentionadminlogin_save',NULL,'deny'),(11139,8,'Mageants_ExtentionAdminLogin::extentionadminlogin_delete',NULL,'deny'),(11140,8,'Mageants_ExtentionAdminLogin::extentionadminlogin_massenable',NULL,'deny'),(11141,8,'Mageants_ExtentionAdminLogin::extentionadminlogin_massdisable',NULL,'deny'),(11142,8,'Mageants_ExtentionAdminLogin::extentionadminlogin_massdelete',NULL,'deny'),(11143,8,'Magento_Sales::sales',NULL,'allow'),(11144,8,'Magento_Sales::sales_operation',NULL,'allow'),(11145,8,'Magento_Sales::sales_order',NULL,'allow'),(11146,8,'Magento_Sales::actions',NULL,'allow'),(11147,8,'Magento_Sales::create',NULL,'allow'),(11148,8,'Magento_Sales::actions_view',NULL,'allow'),(11149,8,'Magento_Sales::email',NULL,'allow'),(11150,8,'Magento_Sales::reorder',NULL,'allow'),(11151,8,'Magento_Sales::actions_edit',NULL,'allow'),(11152,8,'Magento_Sales::cancel',NULL,'allow'),(11153,8,'Magento_Sales::review_payment',NULL,'allow'),(11154,8,'Magento_Sales::capture',NULL,'allow'),(11155,8,'Magento_Sales::invoice',NULL,'allow'),(11156,8,'Magento_Sales::creditmemo',NULL,'allow'),(11157,8,'Magento_Sales::hold',NULL,'allow'),(11158,8,'Magento_Sales::unhold',NULL,'allow'),(11159,8,'Magento_Sales::ship',NULL,'allow'),(11160,8,'Magento_Sales::comment',NULL,'allow'),(11161,8,'Magento_Sales::emails',NULL,'allow'),(11162,8,'Magento_Paypal::authorization',NULL,'allow'),(11163,8,'Magento_Sales::sales_invoice',NULL,'allow'),(11164,8,'Magento_Sales::shipment',NULL,'allow'),(11165,8,'Magento_Sales::sales_creditmemo',NULL,'allow'),(11166,8,'Magento_Paypal::billing_agreement',NULL,'allow'),(11167,8,'Magento_Paypal::billing_agreement_actions',NULL,'allow'),(11168,8,'Magento_Paypal::billing_agreement_actions_view',NULL,'allow'),(11169,8,'Magento_Paypal::actions_manage',NULL,'allow'),(11170,8,'Magento_Paypal::use',NULL,'allow'),(11171,8,'Magento_Sales::transactions',NULL,'allow'),(11172,8,'Magento_Sales::transactions_fetch',NULL,'allow'),(11173,8,'Magento_Catalog::catalog',NULL,'allow'),(11174,8,'Magento_Catalog::catalog_inventory',NULL,'allow'),(11175,8,'Magento_Catalog::products',NULL,'allow'),(11176,8,'Magento_Catalog::update_attributes',NULL,'allow'),(11177,8,'Magento_Catalog::edit_product_design',NULL,'allow'),(11178,8,'Magento_Catalog::categories',NULL,'deny'),(11179,8,'Magento_Catalog::edit_category_design',NULL,'deny'),(11180,8,'Magento_Customer::customer',NULL,'allow'),(11181,8,'Magento_Customer::manage',NULL,'allow'),(11182,8,'Magento_Customer::actions',NULL,'allow'),(11183,8,'Magento_Customer::delete',NULL,'allow'),(11184,8,'Magento_Customer::reset_password',NULL,'allow'),(11185,8,'Magento_Customer::invalidate_tokens',NULL,'allow'),(11186,8,'Magento_LoginAsCustomer::allow_shopping_assistance',NULL,'allow'),(11187,8,'Mageants_LoginAsCustomer::loginascustomer_button',NULL,'deny'),(11188,8,'Magento_Customer::online',NULL,'deny'),(11189,8,'Magento_Customer::group',NULL,'deny'),(11190,8,'Mageants_LoginAsCustomer::loginascustomer_content',NULL,'deny'),(11191,8,'Mageants_LoginAsCustomer::list_of_login_as_customer',NULL,'deny'),(11192,8,'Mageants_LoginAsCustomer::MassDelete',NULL,'deny'),(11193,8,'Magento_LoginAsCustomer::login',NULL,'deny'),(11194,8,'Magento_LoginAsCustomerLog::login_log',NULL,'deny'),(11195,8,'Magento_Cart::cart',NULL,'deny'),(11196,8,'Magento_Cart::manage',NULL,'deny'),(11197,8,'Magento_Backend::myaccount',NULL,'deny'),(11198,8,'Magento_Backend::marketing',NULL,'allow'),(11199,8,'Magento_CatalogRule::promo',NULL,'allow'),(11200,8,'Magento_CatalogRule::promo_catalog',NULL,'allow'),(11201,8,'Magento_SalesRule::quote',NULL,'allow'),(11202,8,'Mageants_Couponimport::coupon_usage',NULL,'allow'),(11203,8,'Dotdigitalgroup_Email::automation',NULL,'deny'),(11204,8,'Dotdigitalgroup_Email::automation_studio',NULL,'deny'),(11205,8,'Dotdigitalgroup_Chat::config',NULL,'deny'),(11206,8,'Dotdigitalgroup_Sms::config',NULL,'deny'),(11207,8,'Dotdigitalgroup_Email::exclusion_rules',NULL,'deny'),(11208,8,'Magento_Backend::marketing_communications',NULL,'deny'),(11209,8,'Magento_Email::template',NULL,'deny'),(11210,8,'Magento_Newsletter::template',NULL,'deny'),(11211,8,'Magento_Newsletter::queue',NULL,'deny'),(11212,8,'Magento_Newsletter::subscriber',NULL,'deny'),(11213,8,'Magento_Backend::marketing_seo',NULL,'deny'),(11214,8,'Magento_Search::search',NULL,'deny'),(11215,8,'Magento_Search::synonyms',NULL,'deny'),(11216,8,'Magento_UrlRewrite::urlrewrite',NULL,'deny'),(11217,8,'Magento_Sitemap::sitemap',NULL,'deny'),(11218,8,'Magento_Backend::marketing_user_content',NULL,'deny'),(11219,8,'Magento_Review::reviews_all',NULL,'deny'),(11220,8,'Magento_Review::pending',NULL,'deny'),(11221,8,'Yotpo_Yotpo::yotpo_report_reviews',NULL,'deny'),(11222,8,'Magento_Backend::content',NULL,'deny'),(11223,8,'Magento_Backend::content_elements',NULL,'deny'),(11224,8,'Magento_Cms::page',NULL,'deny'),(11225,8,'Magento_Cms::save',NULL,'deny'),(11226,8,'Magento_Cms::save_design',NULL,'deny'),(11227,8,'Magento_Cms::page_delete',NULL,'deny'),(11228,8,'Magento_Cms::block',NULL,'deny'),(11229,8,'Magento_Widget::widget_instance',NULL,'deny'),(11230,8,'Magento_Cms::media_gallery',NULL,'deny'),(11231,8,'Magento_MediaGalleryUiApi::insert_assets',NULL,'deny'),(11232,8,'Magento_MediaGalleryUiApi::upload_assets',NULL,'deny'),(11233,8,'Magento_MediaGalleryUiApi::edit_assets',NULL,'deny'),(11234,8,'Magento_AdobeStockImageAdminUi::media_gallery',NULL,'deny'),(11235,8,'Magento_AdobeStockImageAdminUi::save_preview_images',NULL,'deny'),(11236,8,'Magento_AdobeStockImageAdminUi::license_images',NULL,'deny'),(11237,8,'Magento_MediaGalleryUiApi::delete_assets',NULL,'deny'),(11238,8,'Magento_MediaGalleryUiApi::create_folder',NULL,'deny'),(11239,8,'Magento_MediaGalleryUiApi::delete_folder',NULL,'deny'),(11240,8,'Magento_PageBuilder::templates',NULL,'deny'),(11241,8,'Magento_PageBuilder::template_save',NULL,'deny'),(11242,8,'Magento_PageBuilder::template_apply',NULL,'deny'),(11243,8,'Magento_PageBuilder::template_delete',NULL,'deny'),(11244,8,'Magento_Backend::design',NULL,'deny'),(11245,8,'Magento_Theme::theme',NULL,'deny'),(11246,8,'Magento_Backend::schedule',NULL,'deny'),(11247,8,'Magento_Backend::content_translation',NULL,'deny'),(11248,8,'Magento_Reports::report',NULL,'deny'),(11249,8,'Dotdigitalgroup_Sms::reports',NULL,'deny'),(11250,8,'Dotdigitalgroup_Sms::report',NULL,'deny'),(11251,8,'Dotdigitalgroup_Email::reports',NULL,'deny'),(11252,8,'Dotdigitalgroup_Email::contact',NULL,'deny'),(11253,8,'Dotdigitalgroup_Email::order',NULL,'deny'),(11254,8,'Dotdigitalgroup_Email::review',NULL,'deny'),(11255,8,'Dotdigitalgroup_Email::wishlist',NULL,'deny'),(11256,8,'Dotdigitalgroup_Email::catalog',NULL,'deny'),(11257,8,'Dotdigitalgroup_Email::importer',NULL,'deny'),(11258,8,'Dotdigitalgroup_Email::campaign',NULL,'deny'),(11259,8,'Dotdigitalgroup_Email::cron',NULL,'deny'),(11260,8,'Dotdigitalgroup_Email::dashboard',NULL,'deny'),(11261,8,'Dotdigitalgroup_Email::automation_enrollment',NULL,'deny'),(11262,8,'Dotdigitalgroup_Email::logviewer',NULL,'deny'),(11263,8,'Dotdigitalgroup_Email::abandoned',NULL,'deny'),(11264,8,'Magento_Reports::report_marketing',NULL,'deny'),(11265,8,'Magento_Reports::shopcart',NULL,'deny'),(11266,8,'Magento_Reports::product',NULL,'deny'),(11267,8,'Magento_Reports::abandoned',NULL,'deny'),(11268,8,'Magento_Reports::report_search',NULL,'deny'),(11269,8,'Magento_Newsletter::problem',NULL,'deny'),(11270,8,'Magento_Reports::review',NULL,'deny'),(11271,8,'Magento_Reports::review_customer',NULL,'deny'),(11272,8,'Magento_Reports::review_product',NULL,'deny'),(11273,8,'Yotpo_Yotpo::yotpo_reviews_external',NULL,'deny'),(11274,8,'Magento_Reports::salesroot',NULL,'deny'),(11275,8,'Magento_Reports::salesroot_sales',NULL,'deny'),(11276,8,'Magento_Reports::tax',NULL,'deny'),(11277,8,'Magento_Reports::invoiced',NULL,'deny'),(11278,8,'Magento_Reports::shipping',NULL,'deny'),(11279,8,'Magento_Reports::refunded',NULL,'deny'),(11280,8,'Magento_Reports::coupons',NULL,'deny'),(11281,8,'Magento_Paypal::paypal_settlement_reports',NULL,'deny'),(11282,8,'Magento_Paypal::paypal_settlement_reports_view',NULL,'deny'),(11283,8,'Magento_Paypal::fetch',NULL,'deny'),(11284,8,'PayPal_Braintree::settlement_report',NULL,'deny'),(11285,8,'Magento_Reports::customers',NULL,'deny'),(11286,8,'Magento_Reports::totals',NULL,'deny'),(11287,8,'Magento_Reports::customers_orders',NULL,'deny'),(11288,8,'Magento_Reports::accounts',NULL,'deny'),(11289,8,'Magento_Reports::report_products',NULL,'deny'),(11290,8,'Magento_Reports::viewed',NULL,'deny'),(11291,8,'Magento_Reports::bestsellers',NULL,'deny'),(11292,8,'Magento_Reports::lowstock',NULL,'deny'),(11293,8,'Magento_Reports::sold',NULL,'deny'),(11294,8,'Magento_Reports::downloads',NULL,'deny'),(11295,8,'Magento_Reports::statistics',NULL,'deny'),(11296,8,'Magento_Reports::statistics_refresh',NULL,'deny'),(11297,8,'Magento_Analytics::business_intelligence',NULL,'deny'),(11298,8,'Magento_Analytics::advanced_reporting',NULL,'deny'),(11299,8,'Magento_Analytics::bi_essentials',NULL,'deny'),(11300,8,'Yotpo_Yotpo::yotpo_analytics_external',NULL,'deny'),(11301,8,'Magento_Backend::stores',NULL,'deny'),(11302,8,'Magento_Backend::stores_settings',NULL,'deny'),(11303,8,'Magento_Backend::store',NULL,'deny'),(11304,8,'Magento_Config::config',NULL,'deny'),(11305,8,'MagePal_GmailSmtpApp::magepal_gmailsmtpapp',NULL,'deny'),(11306,8,'Magento_Catalog::config_catalog',NULL,'deny'),(11307,8,'Magento_CatalogSearch::config_catalog_search',NULL,'deny'),(11308,8,'Dotdigitalgroup_Email::config',NULL,'deny'),(11309,8,'Magento_Newsletter::newsletter',NULL,'deny'),(11310,8,'Magento_LoginAsCustomer::config_section',NULL,'deny'),(11311,8,'Magento_GoogleAnalytics::google',NULL,'deny'),(11312,8,'Magento_Downloadable::downloadable',NULL,'deny'),(11313,8,'Magento_Payment::payment_services',NULL,'deny'),(11314,8,'Magento_Payment::payment',NULL,'deny'),(11315,8,'Magento_CatalogInventory::cataloginventory',NULL,'deny'),(11316,8,'Magento_Contact::contact',NULL,'deny'),(11317,8,'Magento_Cms::config_cms',NULL,'deny'),(11318,8,'Mageants_Forcelogin::system_config',NULL,'deny'),(11319,8,'Magento_Shipping::config_shipping',NULL,'deny'),(11320,8,'Magento_Shipping::shipping_policy',NULL,'deny'),(11321,8,'Magento_Shipping::carriers',NULL,'deny'),(11322,8,'Magento_Multishipping::config_multishipping',NULL,'deny'),(11323,8,'Magento_Securitytxt::config',NULL,'deny'),(11324,8,'Magento_ReCaptchaUi::config',NULL,'deny'),(11325,8,'Mageants_Couponimport::mageants_config',NULL,'deny'),(11326,8,'Mageants_Sample::config',NULL,'deny'),(11327,8,'Mageants_CustomStockStatus::custom_stock_content',NULL,'deny'),(11328,8,'Mageants_CustomStockStatus::configuration',NULL,'deny'),(11329,8,'Mageants_CustomOrderNumber::configuration',NULL,'deny'),(11330,8,'Mageants_SimpleConfigurable::mageants_simpleconfigurable_config',NULL,'deny'),(11331,8,'Magento_Config::config_general',NULL,'deny'),(11332,8,'Magento_Config::web',NULL,'deny'),(11333,8,'Magento_Config::config_design',NULL,'deny'),(11334,8,'Mageants_ExtentionAdminLogin::mageants_extentionadminlogin',NULL,'deny'),(11335,8,'Mageants_LoginAsCustomer::loginascustomer_config',NULL,'deny'),(11336,8,'Magento_Customer::config_customer',NULL,'deny'),(11337,8,'Mageants_CustomerApproval::customerApproval_config',NULL,'deny'),(11338,8,'Mageants_CheckoutSuccessPage::Configuration',NULL,'deny'),(11339,8,'Magento_Paypal::paypal',NULL,'deny'),(11340,8,'Mageants_CustomStockStatus::mageants_customstockst',NULL,'deny'),(11341,8,'Magento_Tax::config_tax',NULL,'deny'),(11342,8,'Magento_Checkout::checkout',NULL,'deny'),(11343,8,'Magento_Sales::config_sales',NULL,'deny'),(11344,8,'Mageants_MinOrderCustomerGroup::minimum_order',NULL,'deny'),(11345,8,'Magento_Persistent::persistent',NULL,'deny'),(11346,8,'Magento_Sales::sales_email',NULL,'deny'),(11347,8,'Magento_Sales::sales_pdf',NULL,'deny'),(11348,8,'Magento_Sitemap::config_sitemap',NULL,'deny'),(11349,8,'Magento_Reports::reports',NULL,'deny'),(11350,8,'Yotpo_Core::config',NULL,'deny'),(11351,8,'Yotpo_Yotpo::config',NULL,'deny'),(11352,8,'Magento_Config::config_system',NULL,'deny'),(11353,8,'Magento_Wishlist::config_wishlist',NULL,'deny'),(11354,8,'Magento_SalesRule::config_promo',NULL,'deny'),(11355,8,'Magento_Config::trans_email',NULL,'deny'),(11356,8,'Magento_Config::config_admin',NULL,'deny'),(11357,8,'Magento_Config::dev',NULL,'deny'),(11358,8,'Magento_Config::currency',NULL,'deny'),(11359,8,'Magento_Rss::rss',NULL,'deny'),(11360,8,'Magento_Config::sendfriend',NULL,'deny'),(11361,8,'Magento_Analytics::analytics_settings',NULL,'deny'),(11362,8,'Mageants_InfiniteScroll::infinitescroll',NULL,'deny'),(11363,8,'Mageants_SpamAndBotBlocker::config',NULL,'deny'),(11364,8,'Magento_NewRelicReporting::config_newrelicreporting',NULL,'deny'),(11365,8,'Magento_CheckoutAgreements::checkoutagreement',NULL,'deny'),(11366,8,'Magento_Sales::order_statuses',NULL,'deny'),(11367,8,'Magento_InventoryApi::inventory',NULL,'deny'),(11368,8,'Magento_InventoryApi::source',NULL,'deny'),(11369,8,'Magento_InventoryApi::source_edit',NULL,'deny'),(11370,8,'Magento_InventoryApi::stock',NULL,'deny'),(11371,8,'Magento_InventoryApi::stock_edit',NULL,'deny'),(11372,8,'Magento_InventoryApi::stock_delete',NULL,'deny'),(11373,8,'Magento_InventoryApi::stock_source_link',NULL,'deny'),(11374,8,'Magento_InventoryInStorePickupApi::inStorePickup',NULL,'deny'),(11375,8,'Magento_InventoryInStorePickupApi::notify_orders_are_ready_for_pickup',NULL,'deny'),(11376,8,'Magento_InventorySalesApi::stock',NULL,'deny'),(11377,8,'Magento_Tax::manage_tax',NULL,'deny'),(11378,8,'Magento_CurrencySymbol::system_currency',NULL,'deny'),(11379,8,'Magento_CurrencySymbol::currency_rates',NULL,'deny'),(11380,8,'Magento_CurrencySymbol::symbols',NULL,'deny'),(11381,8,'Magento_Backend::stores_attributes',NULL,'deny'),(11382,8,'Magento_Catalog::attributes_attributes',NULL,'deny'),(11383,8,'Magento_Catalog::sets',NULL,'deny'),(11384,8,'Magento_Review::ratings',NULL,'deny'),(11385,8,'Magento_Swatches::iframe',NULL,'deny'),(11386,8,'Magento_Backend::stores_other_settings',NULL,'deny'),(11387,8,'Magento_Backend::system',NULL,'allow'),(11388,8,'Magento_AdobeIms::adobe_ims',NULL,'deny'),(11389,8,'Magento_AdobeIms::actions',NULL,'deny'),(11390,8,'Magento_AdobeIms::login',NULL,'deny'),(11391,8,'Magento_AdobeIms::logout',NULL,'deny'),(11392,8,'Magento_AdobeStockAsset::adobe_stock_asset',NULL,'deny'),(11393,8,'Magento_AdobeStockAsset::actions',NULL,'deny'),(11394,8,'Magento_AdobeStockAsset::actions_delete',NULL,'deny'),(11395,8,'Magento_AdobeStockAsset::actions_save',NULL,'deny'),(11396,8,'Magento_AdobeStockAsset::actions_view',NULL,'deny'),(11397,8,'Magento_AdobeStockAsset::actions_get',NULL,'deny'),(11398,8,'Magento_Backend::convert',NULL,'deny'),(11399,8,'Magento_ImportExport::import',NULL,'deny'),(11400,8,'Magento_ImportExport::export',NULL,'deny'),(11401,8,'Magento_TaxImportExport::import_export',NULL,'deny'),(11402,8,'Magento_ImportExport::history',NULL,'deny'),(11403,8,'Klarna_Core::system_support_form',NULL,'deny'),(11404,8,'Magento_Backend::extensions',NULL,'deny'),(11405,8,'Magento_Backend::local',NULL,'deny'),(11406,8,'Magento_Backend::custom',NULL,'deny'),(11407,8,'Klarna_Core::system_logging',NULL,'deny'),(11408,8,'Magento_Integration::extensions',NULL,'deny'),(11409,8,'Magento_Integration::integrations',NULL,'deny'),(11410,8,'Magento_Backend::tools',NULL,'allow'),(11411,8,'Magento_Backend::cache',NULL,'allow'),(11412,8,'Magento_Backend::main_actions',NULL,'allow'),(11413,8,'Magento_Backend::flush_cache_storage',NULL,'allow'),(11414,8,'Magento_Backend::flush_magento_cache',NULL,'allow'),(11415,8,'Magento_Backend::mass_actions',NULL,'allow'),(11416,8,'Magento_Backend::toggling_cache_type',NULL,'allow'),(11417,8,'Magento_Backend::refresh_cache_type',NULL,'allow'),(11418,8,'Magento_Backend::additional_cache_management',NULL,'allow'),(11419,8,'Magento_Backend::flush_catalog_images',NULL,'allow'),(11420,8,'Magento_Backend::flush_js_css',NULL,'allow'),(11421,8,'Magento_Backend::flush_static_files',NULL,'allow'),(11422,8,'Magento_Backup::backup',NULL,'deny'),(11423,8,'Magento_Backup::rollback',NULL,'deny'),(11424,8,'Magento_Indexer::index',NULL,'deny'),(11425,8,'Magento_Indexer::changeMode',NULL,'deny'),(11426,8,'Magento_Indexer::invalidate',NULL,'deny'),(11427,8,'Magefan_ConflictDetector::elements',NULL,'deny'),(11428,8,'Magento_User::acl',NULL,'deny'),(11429,8,'Magento_User::acl_users',NULL,'deny'),(11430,8,'Magento_User::locks',NULL,'deny'),(11431,8,'Magento_User::acl_roles',NULL,'deny'),(11432,8,'Magento_Logging::magento_logging',NULL,'deny'),(11433,8,'Magento_Logging::magento_logging_events',NULL,'deny'),(11434,8,'Magento_Logging::system_magento_logging_bulk_operations',NULL,'deny'),(11435,8,'Magento_Backend::system_other_settings',NULL,'deny'),(11436,8,'Magento_AdminNotification::adminnotification',NULL,'deny'),(11437,8,'Magento_AdminNotification::show_toolbar',NULL,'deny'),(11438,8,'Magento_AdminNotification::show_list',NULL,'deny'),(11439,8,'Magento_AdminNotification::mark_as_read',NULL,'deny'),(11440,8,'Magento_AdminNotification::adminnotification_remove',NULL,'deny'),(11441,8,'Magento_Variable::variable',NULL,'deny'),(11442,8,'Magento_EncryptionKey::crypt_key',NULL,'deny'),(11443,8,'Magento_Backend::global_search',NULL,'deny');

--
-- Table structure for table `braintree_credit_prices`
--

CREATE TABLE `braintree_credit_prices` (
  `id` int(10) unsigned NOT NULL AUTO_INCREMENT COMMENT 'Row ID',
  `product_id` int(10) unsigned NOT NULL COMMENT 'Product Id',
  `term` int(11) NOT NULL COMMENT 'Credit Term',
  `monthly_payment` decimal(12,2) NOT NULL COMMENT 'Monthly Payment',
  `instalment_rate` decimal(12,2) NOT NULL COMMENT 'Instalment Rate',
  `cost_of_purchase` decimal(12,2) NOT NULL COMMENT 'Cost of purchase',
  `total_inc_interest` decimal(12,2) NOT NULL COMMENT 'Total Inc Interest',
  PRIMARY KEY (`id`),
  UNIQUE KEY `BRAINTREE_CREDIT_PRICES_PRODUCT_ID_TERM` (`product_id`,`term`),
  KEY `BRAINTREE_CREDIT_PRICES_PRODUCT_ID` (`product_id`)
) ENGINE=InnoDB DEFAULT CHARSET=utf8 COMMENT='Braintree credit rates';

--
-- Dumping data for table `braintree_credit_prices`
--


--
-- Table structure for table `braintree_transaction_details`
--

CREATE TABLE `braintree_transaction_details` (
  `entity_id` int(10) unsigned NOT NULL AUTO_INCREMENT COMMENT 'Entity ID',
  `order_id` int(10) unsigned NOT NULL COMMENT 'Order Id',
  `transaction_source` varchar(12) DEFAULT NULL COMMENT 'Transaction Source',
  PRIMARY KEY (`entity_id`),
  KEY `BRAINTREE_TRANSACTION_DETAILS_ORDER_ID` (`order_id`),
  CONSTRAINT `BRAINTREE_TRANSACTION_DETAILS_ORDER_ID_SALES_ORDER_ENTITY_ID` FOREIGN KEY (`order_id`) REFERENCES `sales_order` (`entity_id`) ON DELETE CASCADE
) ENGINE=InnoDB DEFAULT CHARSET=utf8 COMMENT='Braintree transaction details table';

--
-- Dumping data for table `braintree_transaction_details`
--


--
-- Table structure for table `cache`
--

CREATE TABLE `cache` (
  `id` varchar(200) NOT NULL COMMENT 'Cache Id',
  `data` mediumblob COMMENT 'Cache Data',
  `create_time` int(11) DEFAULT NULL COMMENT 'Cache Creation Time',
  `update_time` int(11) DEFAULT NULL COMMENT 'Time of Cache Updating',
  `expire_time` int(11) DEFAULT NULL COMMENT 'Cache Expiration Time',
  PRIMARY KEY (`id`),
  KEY `CACHE_EXPIRE_TIME` (`expire_time`)
) ENGINE=InnoDB DEFAULT CHARSET=utf8 COMMENT='Caches';

--
-- Dumping data for table `cache`
--


--
-- Table structure for table `cache_tag`
--

CREATE TABLE `cache_tag` (
  `tag` varchar(100) NOT NULL COMMENT 'Tag',
  `cache_id` varchar(200) NOT NULL COMMENT 'Cache Id',
  PRIMARY KEY (`tag`,`cache_id`),
  KEY `CACHE_TAG_CACHE_ID` (`cache_id`)
) ENGINE=InnoDB DEFAULT CHARSET=utf8 COMMENT='Tag Caches';

--
-- Dumping data for table `cache_tag`
--


--
-- Table structure for table `captcha_log`
--

CREATE TABLE `captcha_log` (
  `type` varchar(32) NOT NULL COMMENT 'Type',
  `value` varchar(255) NOT NULL COMMENT 'Value',
  `count` int(10) unsigned NOT NULL DEFAULT '0' COMMENT 'Count',
  `updated_at` timestamp NULL DEFAULT NULL COMMENT 'Update Time',
  PRIMARY KEY (`type`,`value`)
) ENGINE=InnoDB DEFAULT CHARSET=utf8 COMMENT='Count Login Attempts';

--
-- Dumping data for table `captcha_log`
--

INSERT INTO `captcha_log` VALUES ('1','185.191.171.10',361,'2023-11-30 05:44:57'),('1','185.191.171.11',406,'2023-11-30 05:47:11'),('1','185.191.171.12',383,'2023-11-30 05:45:07'),('1','185.191.171.13',395,'2023-11-30 05:46:31'),('1','185.191.171.14',409,'2023-11-30 05:46:03'),('1','185.191.171.15',402,'2023-11-30 05:46:42'),('1','185.191.171.16',401,'2023-11-30 05:44:27'),('1','185.191.171.17',343,'2023-11-30 05:44:37'),('1','185.191.171.18',370,'2023-11-30 05:45:32'),('1','185.191.171.19',327,'2023-11-30 05:46:08'),('1','185.191.171.2',337,'2023-11-30 05:44:56'),('1','185.191.171.3',310,'2023-11-30 05:47:54'),('1','185.191.171.4',324,'2023-11-30 05:38:42'),('1','185.191.171.5',354,'2023-11-30 05:47:21'),('1','185.191.171.6',379,'2023-11-30 05:46:45'),('1','185.191.171.7',324,'2023-11-30 05:43:22'),('1','185.191.171.8',367,'2023-11-30 05:46:51'),('1','185.191.171.9',346,'2023-11-30 05:48:05'),('1','85.208.96.193',318,'2023-11-30 05:42:19'),('1','85.208.96.194',314,'2023-11-30 05:37:31'),('1','85.208.96.195',374,'2023-11-30 05:44:31'),('1','85.208.96.196',283,'2023-11-30 05:47:28'),('1','85.208.96.197',301,'2023-11-30 05:41:43'),('1','85.208.96.198',356,'2023-11-30 05:44:38'),('1','85.208.96.199',307,'2023-11-30 05:47:49'),('1','85.208.96.200',360,'2023-11-30 05:42:15'),('1','85.208.96.201',318,'2023-11-30 05:44:30'),('1','85.208.96.202',308,'2023-11-30 05:29:47'),('1','85.208.96.203',319,'2023-11-30 05:44:11'),('1','85.208.96.204',314,'2023-11-30 05:46:00'),('1','85.208.96.205',370,'2023-11-30 05:42:31'),('1','85.208.96.206',448,'2023-11-30 05:46:28'),('1','85.208.96.207',373,'2023-11-30 05:44:26'),('1','85.208.96.208',315,'2023-11-30 05:43:45'),('1','85.208.96.209',369,'2023-11-30 05:46:46'),('1','85.208.96.210',427,'2023-11-30 05:43:09'),('1','85.208.96.211',301,'2023-11-30 05:48:06'),('1','85.208.96.212',329,'2023-11-30 05:47:51'),('1','91.244.106.26',2,'2023-11-06 11:19:55'),('2','hess_carla1978@yahoo.com',1,'2023-11-06 11:19:53');

--
-- Table structure for table `catalog_category_entity`
--

CREATE TABLE `catalog_category_entity` (
  `entity_id` int(10) unsigned NOT NULL AUTO_INCREMENT COMMENT 'Entity ID',
  `attribute_set_id` smallint(5) unsigned NOT NULL DEFAULT '0' COMMENT 'Attribute Set ID',
  `parent_id` int(10) unsigned NOT NULL DEFAULT '0' COMMENT 'Parent Category ID',
  `created_at` timestamp NOT NULL DEFAULT CURRENT_TIMESTAMP COMMENT 'Creation Time',
  `updated_at` timestamp NOT NULL DEFAULT CURRENT_TIMESTAMP ON UPDATE CURRENT_TIMESTAMP COMMENT 'Update Time',
  `path` varchar(255) NOT NULL COMMENT 'Tree Path',
  `position` int(11) NOT NULL COMMENT 'Position',
  `level` int(11) NOT NULL DEFAULT '0' COMMENT 'Tree Level',
  `children_count` int(11) NOT NULL COMMENT 'Child Count',
  PRIMARY KEY (`entity_id`),
  KEY `CATALOG_CATEGORY_ENTITY_LEVEL` (`level`),
  KEY `CATALOG_CATEGORY_ENTITY_PATH` (`path`)
) ENGINE=InnoDB AUTO_INCREMENT=43 DEFAULT CHARSET=utf8 COMMENT='Catalog Category Table';

--
-- Dumping data for table `catalog_category_entity`
--

INSERT INTO `catalog_category_entity` VALUES (1,3,0,'2022-10-12 05:27:57','2023-04-12 12:33:42','1',0,0,41),(2,3,1,'2022-10-12 05:27:57','2023-04-12 12:33:42','1/2',1,1,40),(3,3,2,'2022-10-12 05:27:58','2022-10-12 05:27:59','1/2/3',4,2,3),(4,3,3,'2022-10-12 05:27:59','2022-10-12 05:27:59','1/2/3/4',1,3,0),(5,3,3,'2022-10-12 05:27:59','2022-10-12 05:27:59','1/2/3/5',2,3,0),(6,3,3,'2022-10-12 05:27:59','2022-10-12 05:27:59','1/2/3/6',3,3,0),(7,3,2,'2022-10-12 05:27:59','2022-10-12 05:29:15','1/2/7',5,2,6),(8,3,7,'2022-10-12 05:27:59','2022-10-12 05:27:59','1/2/7/8',1,3,0),(9,3,2,'2022-10-12 05:28:09','2022-10-12 05:28:09','1/2/9',5,2,1),(10,3,9,'2022-10-12 05:28:09','2022-10-12 05:28:09','1/2/9/10',1,3,0),(11,3,2,'2022-10-12 05:28:12','2022-10-12 05:28:12','1/2/11',3,2,8),(12,3,11,'2022-10-12 05:28:12','2022-10-12 05:28:12','1/2/11/12',1,3,4),(13,3,11,'2022-10-12 05:28:12','2022-10-12 05:28:12','1/2/11/13',2,3,2),(14,3,12,'2022-10-12 05:28:12','2022-10-12 05:28:12','1/2/11/12/14',1,4,0),(15,3,12,'2022-10-12 05:28:12','2022-10-12 05:28:12','1/2/11/12/15',2,4,0),(16,3,12,'2022-10-12 05:28:12','2022-10-12 05:28:12','1/2/11/12/16',3,4,0),(17,3,12,'2022-10-12 05:28:12','2022-10-12 05:28:12','1/2/11/12/17',4,4,0),(18,3,13,'2022-10-12 05:28:12','2022-10-12 05:28:12','1/2/11/13/18',1,4,0),(19,3,13,'2022-10-12 05:28:12','2022-10-12 05:28:12','1/2/11/13/19',2,4,0),(20,3,2,'2022-10-12 05:28:12','2022-10-12 05:28:12','1/2/20',2,2,8),(21,3,20,'2022-10-12 05:28:12','2022-10-12 05:28:12','1/2/20/21',1,3,4),(22,3,20,'2022-10-12 05:28:12','2022-10-12 05:28:12','1/2/20/22',2,3,2),(23,3,21,'2022-10-12 05:28:12','2022-10-12 05:28:12','1/2/20/21/23',1,4,0),(24,3,21,'2022-10-12 05:28:12','2022-10-12 05:28:12','1/2/20/21/24',2,4,0),(25,3,21,'2022-10-12 05:28:12','2022-10-12 05:28:12','1/2/20/21/25',3,4,0),(26,3,21,'2022-10-12 05:28:12','2022-10-12 05:28:12','1/2/20/21/26',4,4,0),(27,3,22,'2022-10-12 05:28:12','2022-10-12 05:28:12','1/2/20/22/27',1,4,0),(28,3,22,'2022-10-12 05:28:12','2022-10-12 05:28:12','1/2/20/22/28',2,4,0),(29,3,2,'2022-10-12 05:28:12','2022-10-12 05:28:12','1/2/29',6,2,4),(30,3,29,'2022-10-12 05:28:12','2022-10-12 05:28:12','1/2/29/30',1,3,0),(31,3,29,'2022-10-12 05:28:12','2022-10-12 05:28:12','1/2/29/31',2,3,0),(32,3,29,'2022-10-12 05:28:12','2022-10-12 05:28:12','1/2/29/32',3,3,0),(33,3,29,'2022-10-12 05:28:12','2022-10-12 05:28:12','1/2/29/33',4,3,0),(34,3,7,'2022-10-12 05:28:12','2022-10-12 05:28:12','1/2/7/34',2,3,0),(35,3,7,'2022-10-12 05:28:12','2022-10-12 05:28:12','1/2/7/35',3,3,0),(36,3,7,'2022-10-12 05:28:12','2022-10-12 05:28:13','1/2/7/36',4,3,0),(37,3,2,'2022-10-12 05:29:15','2022-10-12 05:29:15','1/2/37',6,2,0),(38,3,2,'2022-10-12 05:29:15','2022-10-12 05:29:15','1/2/38',1,2,0),(39,3,7,'2022-10-12 05:29:15','2022-10-12 05:29:15','1/2/7/39',5,3,0),(40,3,7,'2022-10-12 05:29:15','2022-10-12 05:29:15','1/2/7/40',6,3,0),(41,3,2,'2022-10-12 10:31:53','2022-10-12 10:34:44','1/2/41',7,2,0),(42,3,2,'2023-04-12 12:33:42','2023-04-12 12:38:43','1/2/42',8,2,0);

--
-- Table structure for table `catalog_category_entity_datetime`
--

CREATE TABLE `catalog_category_entity_datetime` (
  `value_id` int(11) NOT NULL AUTO_INCREMENT COMMENT 'Value ID',
  `attribute_id` smallint(5) unsigned NOT NULL DEFAULT '0' COMMENT 'Attribute ID',
  `store_id` smallint(5) unsigned NOT NULL DEFAULT '0' COMMENT 'Store ID',
  `entity_id` int(10) unsigned NOT NULL DEFAULT '0' COMMENT 'Entity ID',
  `value` datetime DEFAULT NULL COMMENT 'Value',
  PRIMARY KEY (`value_id`),
  UNIQUE KEY `CATALOG_CATEGORY_ENTITY_DATETIME_ENTITY_ID_ATTRIBUTE_ID_STORE_ID` (`entity_id`,`attribute_id`,`store_id`),
  KEY `CATALOG_CATEGORY_ENTITY_DATETIME_ENTITY_ID` (`entity_id`),
  KEY `CATALOG_CATEGORY_ENTITY_DATETIME_ATTRIBUTE_ID` (`attribute_id`),
  KEY `CATALOG_CATEGORY_ENTITY_DATETIME_STORE_ID` (`store_id`),
  CONSTRAINT `CATALOG_CATEGORY_ENTITY_DATETIME_STORE_ID_STORE_STORE_ID` FOREIGN KEY (`store_id`) REFERENCES `store` (`store_id`) ON DELETE CASCADE,
  CONSTRAINT `CAT_CTGR_ENTT_DTIME_ATTR_ID_EAV_ATTR_ATTR_ID` FOREIGN KEY (`attribute_id`) REFERENCES `eav_attribute` (`attribute_id`) ON DELETE CASCADE,
  CONSTRAINT `CAT_CTGR_ENTT_DTIME_ENTT_ID_CAT_CTGR_ENTT_ENTT_ID` FOREIGN KEY (`entity_id`) REFERENCES `catalog_category_entity` (`entity_id`) ON DELETE CASCADE
) ENGINE=InnoDB AUTO_INCREMENT=5 DEFAULT CHARSET=utf8 COMMENT='Catalog Category Datetime Attribute Backend Table';

--
-- Dumping data for table `catalog_category_entity_datetime`
--

INSERT INTO `catalog_category_entity_datetime` VALUES (1,61,0,41,NULL),(2,62,0,41,NULL),(3,61,0,42,NULL),(4,62,0,42,NULL);

--
-- Table structure for table `catalog_category_entity_decimal`
--

CREATE TABLE `catalog_category_entity_decimal` (
  `value_id` int(11) NOT NULL AUTO_INCREMENT COMMENT 'Value ID',
  `attribute_id` smallint(5) unsigned NOT NULL DEFAULT '0' COMMENT 'Attribute ID',
  `store_id` smallint(5) unsigned NOT NULL DEFAULT '0' COMMENT 'Store ID',
  `entity_id` int(10) unsigned NOT NULL DEFAULT '0' COMMENT 'Entity ID',
  `value` decimal(20,6) DEFAULT NULL COMMENT 'Value',
  PRIMARY KEY (`value_id`),
  UNIQUE KEY `CATALOG_CATEGORY_ENTITY_DECIMAL_ENTITY_ID_ATTRIBUTE_ID_STORE_ID` (`entity_id`,`attribute_id`,`store_id`),
  KEY `CATALOG_CATEGORY_ENTITY_DECIMAL_ENTITY_ID` (`entity_id`),
  KEY `CATALOG_CATEGORY_ENTITY_DECIMAL_ATTRIBUTE_ID` (`attribute_id`),
  KEY `CATALOG_CATEGORY_ENTITY_DECIMAL_STORE_ID` (`store_id`),
  CONSTRAINT `CATALOG_CATEGORY_ENTITY_DECIMAL_STORE_ID_STORE_STORE_ID` FOREIGN KEY (`store_id`) REFERENCES `store` (`store_id`) ON DELETE CASCADE,
  CONSTRAINT `CAT_CTGR_ENTT_DEC_ATTR_ID_EAV_ATTR_ATTR_ID` FOREIGN KEY (`attribute_id`) REFERENCES `eav_attribute` (`attribute_id`) ON DELETE CASCADE,
  CONSTRAINT `CAT_CTGR_ENTT_DEC_ENTT_ID_CAT_CTGR_ENTT_ENTT_ID` FOREIGN KEY (`entity_id`) REFERENCES `catalog_category_entity` (`entity_id`) ON DELETE CASCADE
) ENGINE=InnoDB DEFAULT CHARSET=utf8 COMMENT='Catalog Category Decimal Attribute Backend Table';

--
-- Dumping data for table `catalog_category_entity_decimal`
--


--
-- Table structure for table `catalog_category_entity_int`
--

CREATE TABLE `catalog_category_entity_int` (
  `value_id` int(11) NOT NULL AUTO_INCREMENT COMMENT 'Value ID',
  `attribute_id` smallint(5) unsigned NOT NULL DEFAULT '0' COMMENT 'Attribute ID',
  `store_id` smallint(5) unsigned NOT NULL DEFAULT '0' COMMENT 'Store ID',
  `entity_id` int(10) unsigned NOT NULL DEFAULT '0' COMMENT 'Entity ID',
  `value` int(11) DEFAULT NULL COMMENT 'Value',
  PRIMARY KEY (`value_id`),
  UNIQUE KEY `CATALOG_CATEGORY_ENTITY_INT_ENTITY_ID_ATTRIBUTE_ID_STORE_ID` (`entity_id`,`attribute_id`,`store_id`),
  KEY `CATALOG_CATEGORY_ENTITY_INT_ENTITY_ID` (`entity_id`),
  KEY `CATALOG_CATEGORY_ENTITY_INT_ATTRIBUTE_ID` (`attribute_id`),
  KEY `CATALOG_CATEGORY_ENTITY_INT_STORE_ID` (`store_id`),
  CONSTRAINT `CATALOG_CATEGORY_ENTITY_INT_STORE_ID_STORE_STORE_ID` FOREIGN KEY (`store_id`) REFERENCES `store` (`store_id`) ON DELETE CASCADE,
  CONSTRAINT `CAT_CTGR_ENTT_INT_ATTR_ID_EAV_ATTR_ATTR_ID` FOREIGN KEY (`attribute_id`) REFERENCES `eav_attribute` (`attribute_id`) ON DELETE CASCADE,
  CONSTRAINT `CAT_CTGR_ENTT_INT_ENTT_ID_CAT_CTGR_ENTT_ENTT_ID` FOREIGN KEY (`entity_id`) REFERENCES `catalog_category_entity` (`entity_id`) ON DELETE CASCADE
) ENGINE=InnoDB AUTO_INCREMENT=132 DEFAULT CHARSET=utf8 COMMENT='Catalog Category Integer Attribute Backend Table';

--
-- Dumping data for table `catalog_category_entity_int`
--

INSERT INTO `catalog_category_entity_int` VALUES (1,69,0,1,1),(2,46,0,2,1),(3,69,0,2,1),(4,46,0,3,1),(5,54,0,3,0),(6,69,0,3,1),(7,46,0,4,1),(8,54,0,4,1),(9,69,0,4,1),(10,46,0,5,1),(11,54,0,5,1),(12,69,0,5,1),(13,46,0,6,1),(14,54,0,6,1),(15,69,0,6,1),(16,46,0,7,0),(17,54,0,7,0),(18,69,0,7,0),(19,46,0,8,1),(20,54,0,8,1),(21,69,0,8,0),(22,46,0,9,1),(23,54,0,9,0),(24,69,0,9,1),(25,46,0,10,1),(26,54,0,10,1),(27,69,0,10,1),(28,46,0,11,1),(29,54,0,11,0),(30,69,0,11,1),(31,46,0,12,1),(32,54,0,12,1),(33,69,0,12,1),(34,46,0,13,1),(35,54,0,13,1),(36,69,0,13,1),(37,46,0,14,1),(38,54,0,14,1),(39,69,0,14,1),(40,46,0,15,1),(41,54,0,15,1),(42,69,0,15,1),(43,46,0,16,1),(44,54,0,16,1),(45,69,0,16,1),(46,46,0,17,1),(47,54,0,17,1),(48,69,0,17,1),(49,46,0,18,1),(50,54,0,18,1),(51,69,0,18,1),(52,46,0,19,1),(53,54,0,19,1),(54,69,0,19,1),(55,46,0,20,1),(56,54,0,20,0),(57,69,0,20,1),(58,46,0,21,1),(59,54,0,21,1),(60,69,0,21,1),(61,46,0,22,1),(62,54,0,22,1),(63,69,0,22,1),(64,46,0,23,1),(65,54,0,23,1),(66,69,0,23,1),(67,46,0,24,1),(68,54,0,24,1),(69,69,0,24,1),(70,46,0,25,1),(71,54,0,25,1),(72,69,0,25,1),(73,46,0,26,1),(74,54,0,26,1),(75,69,0,26,1),(76,46,0,27,1),(77,54,0,27,1),(78,69,0,27,1),(79,46,0,28,1),(80,54,0,28,1),(81,69,0,28,1),(82,46,0,29,0),(83,54,0,29,0),(84,69,0,29,0),(85,46,0,30,1),(86,54,0,30,1),(87,69,0,30,0),(88,46,0,31,1),(89,54,0,31,1),(90,69,0,31,0),(91,46,0,32,1),(92,54,0,32,1),(93,69,0,32,0),(94,46,0,33,1),(95,54,0,33,1),(96,69,0,33,0),(97,46,0,34,1),(98,54,0,34,1),(99,69,0,34,0),(100,46,0,35,1),(101,54,0,35,1),(102,69,0,35,0),(103,46,0,36,1),(104,54,0,36,1),(105,69,0,36,0),(106,46,0,37,1),(107,54,0,37,0),(108,69,0,37,1),(109,46,0,38,1),(110,54,0,38,0),(111,69,0,38,1),(112,46,0,39,1),(113,54,0,39,0),(114,69,0,39,0),(115,46,0,40,1),(116,54,0,40,0),(117,69,0,40,0),(118,46,0,41,0),(119,54,0,41,1),(120,69,0,41,0),(121,70,0,41,0),(122,71,0,41,0),(123,53,0,41,NULL),(124,46,8,41,1),(125,69,8,41,1),(126,46,0,42,0),(127,54,0,42,1),(128,69,0,42,0),(129,53,0,42,NULL),(130,70,0,42,0),(131,71,0,42,0);

--
-- Table structure for table `catalog_category_entity_text`
--

CREATE TABLE `catalog_category_entity_text` (
  `value_id` int(11) NOT NULL AUTO_INCREMENT COMMENT 'Value ID',
  `attribute_id` smallint(5) unsigned NOT NULL DEFAULT '0' COMMENT 'Attribute ID',
  `store_id` smallint(5) unsigned NOT NULL DEFAULT '0' COMMENT 'Store ID',
  `entity_id` int(10) unsigned NOT NULL DEFAULT '0' COMMENT 'Entity ID',
  `value` mediumtext COMMENT 'Value',
  PRIMARY KEY (`value_id`),
  UNIQUE KEY `CATALOG_CATEGORY_ENTITY_TEXT_ENTITY_ID_ATTRIBUTE_ID_STORE_ID` (`entity_id`,`attribute_id`,`store_id`),
  KEY `CATALOG_CATEGORY_ENTITY_TEXT_ENTITY_ID` (`entity_id`),
  KEY `CATALOG_CATEGORY_ENTITY_TEXT_ATTRIBUTE_ID` (`attribute_id`),
  KEY `CATALOG_CATEGORY_ENTITY_TEXT_STORE_ID` (`store_id`),
  CONSTRAINT `CATALOG_CATEGORY_ENTITY_TEXT_STORE_ID_STORE_STORE_ID` FOREIGN KEY (`store_id`) REFERENCES `store` (`store_id`) ON DELETE CASCADE,
  CONSTRAINT `CAT_CTGR_ENTT_TEXT_ATTR_ID_EAV_ATTR_ATTR_ID` FOREIGN KEY (`attribute_id`) REFERENCES `eav_attribute` (`attribute_id`) ON DELETE CASCADE,
  CONSTRAINT `CAT_CTGR_ENTT_TEXT_ENTT_ID_CAT_CTGR_ENTT_ENTT_ID` FOREIGN KEY (`entity_id`) REFERENCES `catalog_category_entity` (`entity_id`) ON DELETE CASCADE
) ENGINE=InnoDB AUTO_INCREMENT=7 DEFAULT CHARSET=utf8 COMMENT='Catalog Category Text Attribute Backend Table';

--
-- Dumping data for table `catalog_category_entity_text`
--

INSERT INTO `catalog_category_entity_text` VALUES (1,47,0,41,NULL),(2,50,0,41,NULL),(3,51,0,41,NULL),(4,47,0,42,NULL),(5,50,0,42,NULL),(6,51,0,42,NULL);

--
-- Table structure for table `catalog_category_entity_varchar`
--

CREATE TABLE `catalog_category_entity_varchar` (
  `value_id` int(11) NOT NULL AUTO_INCREMENT COMMENT 'Value ID',
  `attribute_id` smallint(5) unsigned NOT NULL DEFAULT '0' COMMENT 'Attribute ID',
  `store_id` smallint(5) unsigned NOT NULL DEFAULT '0' COMMENT 'Store ID',
  `entity_id` int(10) unsigned NOT NULL DEFAULT '0' COMMENT 'Entity ID',
  `value` varchar(255) DEFAULT NULL COMMENT 'Value',
  PRIMARY KEY (`value_id`),
  UNIQUE KEY `CATALOG_CATEGORY_ENTITY_VARCHAR_ENTITY_ID_ATTRIBUTE_ID_STORE_ID` (`entity_id`,`attribute_id`,`store_id`),
  KEY `CATALOG_CATEGORY_ENTITY_VARCHAR_ENTITY_ID` (`entity_id`),
  KEY `CATALOG_CATEGORY_ENTITY_VARCHAR_ATTRIBUTE_ID` (`attribute_id`),
  KEY `CATALOG_CATEGORY_ENTITY_VARCHAR_STORE_ID` (`store_id`),
  CONSTRAINT `CATALOG_CATEGORY_ENTITY_VARCHAR_STORE_ID_STORE_STORE_ID` FOREIGN KEY (`store_id`) REFERENCES `store` (`store_id`) ON DELETE CASCADE,
  CONSTRAINT `CAT_CTGR_ENTT_VCHR_ATTR_ID_EAV_ATTR_ATTR_ID` FOREIGN KEY (`attribute_id`) REFERENCES `eav_attribute` (`attribute_id`) ON DELETE CASCADE,
  CONSTRAINT `CAT_CTGR_ENTT_VCHR_ENTT_ID_CAT_CTGR_ENTT_ENTT_ID` FOREIGN KEY (`entity_id`) REFERENCES `catalog_category_entity` (`entity_id`) ON DELETE CASCADE
) ENGINE=InnoDB AUTO_INCREMENT=149 DEFAULT CHARSET=utf8 COMMENT='Catalog Category Varchar Attribute Backend Table';

--
-- Dumping data for table `catalog_category_entity_varchar`
--

INSERT INTO `catalog_category_entity_varchar` VALUES (1,45,0,1,'Root Catalog'),(2,45,0,2,'Default Category'),(3,52,0,2,'PRODUCTS'),(4,45,0,3,'Gear'),(5,52,0,3,'PAGE'),(6,126,0,3,'gear'),(7,127,0,3,'gear'),(8,45,0,4,'Bags'),(9,126,0,4,'bags'),(10,127,0,4,'gear/bags'),(11,45,0,5,'Fitness Equipment'),(12,126,0,5,'fitness-equipment'),(13,127,0,5,'gear/fitness-equipment'),(14,45,0,6,'Watches'),(15,126,0,6,'watches'),(16,127,0,6,'gear/watches'),(17,45,0,7,'Collections'),(18,52,0,7,'PAGE'),(19,126,0,7,'collections'),(20,127,0,7,'collections'),(21,45,0,8,'New Luma Yoga Collection'),(22,126,0,8,'yoga-new'),(23,127,0,8,'collections/yoga-new'),(24,45,0,9,'Training'),(25,52,0,9,'PAGE'),(26,126,0,9,'training'),(27,127,0,9,'training'),(28,45,0,10,'Video Download'),(29,126,0,10,'training-video'),(30,127,0,10,'training/training-video'),(31,45,0,11,'Men'),(32,52,0,11,'PAGE'),(33,126,0,11,'men'),(34,127,0,11,'men'),(35,45,0,12,'Tops'),(36,126,0,12,'tops-men'),(37,127,0,12,'men/tops-men'),(38,45,0,13,'Bottoms'),(39,126,0,13,'bottoms-men'),(40,127,0,13,'men/bottoms-men'),(41,45,0,14,'Jackets'),(42,126,0,14,'jackets-men'),(43,127,0,14,'men/tops-men/jackets-men'),(44,45,0,15,'Hoodies & Sweatshirts'),(45,126,0,15,'hoodies-and-sweatshirts-men'),(46,127,0,15,'men/tops-men/hoodies-and-sweatshirts-men'),(47,45,0,16,'Tees'),(48,126,0,16,'tees-men'),(49,127,0,16,'men/tops-men/tees-men'),(50,45,0,17,'Tanks'),(51,126,0,17,'tanks-men'),(52,127,0,17,'men/tops-men/tanks-men'),(53,45,0,18,'Pants'),(54,126,0,18,'pants-men'),(55,127,0,18,'men/bottoms-men/pants-men'),(56,45,0,19,'Shorts'),(57,126,0,19,'shorts-men'),(58,127,0,19,'men/bottoms-men/shorts-men'),(59,45,0,20,'Women'),(60,52,0,20,'PAGE'),(61,126,0,20,'women'),(62,127,0,20,'women'),(63,45,0,21,'Tops'),(64,126,0,21,'tops-women'),(65,127,0,21,'women/tops-women'),(66,45,0,22,'Bottoms'),(67,126,0,22,'bottoms-women'),(68,127,0,22,'women/bottoms-women'),(69,45,0,23,'Jackets'),(70,126,0,23,'jackets-women'),(71,127,0,23,'women/tops-women/jackets-women'),(72,45,0,24,'Hoodies & Sweatshirts'),(73,126,0,24,'hoodies-and-sweatshirts-women'),(74,127,0,24,'women/tops-women/hoodies-and-sweatshirts-women'),(75,45,0,25,'Tees'),(76,126,0,25,'tees-women'),(77,127,0,25,'women/tops-women/tees-women'),(78,45,0,26,'Bras & Tanks'),(79,126,0,26,'tanks-women'),(80,127,0,26,'women/tops-women/tanks-women'),(81,45,0,27,'Pants'),(82,126,0,27,'pants-women'),(83,127,0,27,'women/bottoms-women/pants-women'),(84,45,0,28,'Shorts'),(85,126,0,28,'shorts-women'),(86,127,0,28,'women/bottoms-women/shorts-women'),(87,45,0,29,'Promotions'),(88,52,0,29,'PAGE'),(89,126,0,29,'promotions'),(90,127,0,29,'promotions'),(91,45,0,30,'Women Sale'),(92,126,0,30,'women-sale'),(93,127,0,30,'promotions/women-sale'),(94,45,0,31,'Men Sale'),(95,126,0,31,'men-sale'),(96,127,0,31,'promotions/men-sale'),(97,45,0,32,'Pants'),(98,126,0,32,'pants-all'),(99,127,0,32,'promotions/pants-all'),(100,45,0,33,'Tees'),(101,126,0,33,'tees-all'),(102,127,0,33,'promotions/tees-all'),(103,45,0,34,'Erin Recommends'),(104,126,0,34,'erin-recommends'),(105,127,0,34,'collections/erin-recommends'),(106,45,0,35,'Performance Fabrics'),(107,126,0,35,'performance-fabrics'),(108,127,0,35,'collections/performance-fabrics'),(109,45,0,36,'Eco Friendly'),(110,126,0,36,'eco-friendly'),(111,127,0,36,'collections/eco-friendly'),(112,45,0,37,'Sale'),(113,52,0,37,'PAGE'),(114,126,0,37,'sale'),(115,127,0,37,'sale'),(116,45,0,38,'What\'s New'),(117,52,0,38,'PAGE'),(118,126,0,38,'what-is-new'),(119,127,0,38,'what-is-new'),(120,45,0,39,'Performance Sportswear New'),(121,52,0,39,'PAGE'),(122,63,0,39,'1column'),(123,126,0,39,'performance-new'),(124,127,0,39,'collections/performance-new'),(125,45,0,40,'Eco Collection New'),(126,52,0,40,'PAGE'),(127,63,0,40,'1column'),(128,126,0,40,'eco-new'),(129,127,0,40,'collections/eco-new'),(130,45,0,41,'Products'),(131,52,0,41,'PRODUCTS'),(132,63,0,41,'category-full-width'),(133,126,0,41,'products'),(134,127,0,41,'products'),(136,48,0,41,NULL),(137,49,0,41,NULL),(138,60,0,41,NULL),(139,45,8,41,'Infinite-Scroll Products'),(140,45,0,42,'Infinite-Scroll Products'),(141,126,0,42,'infinite-scroll-products'),(142,127,0,42,'infinite-scroll-products'),(144,48,0,42,NULL),(145,49,0,42,NULL),(146,52,0,42,'PRODUCTS'),(147,60,0,42,NULL),(148,63,0,42,NULL);

--
-- Table structure for table `catalog_category_product`
--

CREATE TABLE `catalog_category_product` (
  `entity_id` int(11) NOT NULL AUTO_INCREMENT COMMENT 'Entity ID',
  `category_id` int(10) unsigned NOT NULL DEFAULT '0' COMMENT 'Category ID',
  `product_id` int(10) unsigned NOT NULL DEFAULT '0' COMMENT 'Product ID',
  `position` int(11) NOT NULL DEFAULT '0' COMMENT 'Position',
  PRIMARY KEY (`entity_id`,`category_id`,`product_id`),
  UNIQUE KEY `CATALOG_CATEGORY_PRODUCT_CATEGORY_ID_PRODUCT_ID` (`category_id`,`product_id`),
  KEY `CATALOG_CATEGORY_PRODUCT_PRODUCT_ID` (`product_id`),
  CONSTRAINT `CAT_CTGR_PRD_CTGR_ID_CAT_CTGR_ENTT_ENTT_ID` FOREIGN KEY (`category_id`) REFERENCES `catalog_category_entity` (`entity_id`) ON DELETE CASCADE,
  CONSTRAINT `CAT_CTGR_PRD_PRD_ID_CAT_PRD_ENTT_ENTT_ID` FOREIGN KEY (`product_id`) REFERENCES `catalog_product_entity` (`entity_id`) ON DELETE CASCADE
) ENGINE=InnoDB AUTO_INCREMENT=5226 DEFAULT CHARSET=utf8 COMMENT='Catalog Product To Category Linkage Table';

--
-- Dumping data for table `catalog_category_product`
--

INSERT INTO `catalog_category_product` VALUES (1,3,1,0),(2,4,1,0),(3,3,2,0),(4,7,2,0),(5,4,2,0),(6,3,3,0),(7,4,3,0),(8,3,4,0),(9,7,4,0),(10,4,4,0),(11,8,4,0),(12,3,5,0),(13,7,5,0),(14,4,5,0),(15,8,5,0),(16,3,6,0),(17,4,6,0),(18,3,7,0),(19,4,7,0),(20,3,8,0),(21,4,8,0),(22,3,9,0),(23,4,9,0),(24,3,10,0),(25,7,10,0),(26,4,10,0),(27,3,11,0),(28,7,11,0),(29,4,11,0),(30,3,12,0),(31,4,12,0),(32,3,13,0),(33,7,13,0),(34,4,13,0),(35,8,13,0),(36,3,14,0),(37,7,14,0),(38,4,14,0),(39,3,15,0),(40,5,15,0),(41,3,16,0),(42,7,16,0),(43,5,16,0),(44,3,17,0),(45,5,17,0),(46,3,18,0),(47,5,18,0),(48,3,19,0),(49,7,19,0),(50,5,19,0),(51,8,19,0),(52,3,20,0),(53,5,20,0),(54,3,21,0),(55,5,21,0),(56,3,22,0),(57,5,22,0),(58,3,23,0),(59,5,23,0),(60,3,24,0),(61,5,24,0),(62,3,25,0),(63,5,25,0),(64,3,26,0),(65,5,26,0),(66,3,27,0),(67,5,27,0),(68,3,28,0),(69,5,28,0),(70,3,29,0),(71,5,29,0),(72,3,30,0),(73,5,30,0),(74,3,31,0),(75,5,31,0),(76,3,32,0),(77,5,32,0),(78,3,33,0),(79,5,33,0),(80,3,34,0),(81,5,34,0),(82,3,35,0),(83,5,35,0),(84,3,36,0),(85,6,36,0),(86,3,37,0),(87,6,37,0),(88,3,38,0),(89,7,38,0),(90,6,38,0),(91,8,38,0),(92,3,39,0),(93,7,39,0),(94,6,39,0),(95,8,39,0),(96,3,40,0),(97,7,40,0),(98,6,40,0),(99,8,40,0),(100,3,41,0),(101,6,41,0),(102,3,42,0),(103,6,42,0),(104,3,43,0),(105,6,43,0),(106,3,44,0),(107,7,44,0),(108,6,44,0),(109,8,44,0),(110,9,45,0),(111,10,45,0),(112,9,46,0),(113,10,46,0),(114,9,47,0),(115,10,47,0),(116,9,48,0),(117,10,48,0),(118,9,49,0),(119,10,49,0),(120,9,50,0),(121,10,50,0),(122,3,51,0),(123,5,51,0),(124,3,52,0),(125,5,52,0),(126,15,53,0),(127,36,53,0),(128,2,53,0),(129,15,54,0),(130,36,54,0),(131,2,54,0),(132,15,55,0),(133,36,55,0),(134,2,55,0),(135,15,56,0),(136,36,56,0),(137,2,56,0),(138,15,57,0),(139,36,57,0),(140,2,57,0),(141,15,58,0),(142,36,58,0),(143,2,58,0),(144,15,59,0),(145,36,59,0),(146,2,59,0),(147,15,60,0),(148,36,60,0),(149,2,60,0),(150,15,61,0),(151,36,61,0),(152,2,61,0),(153,15,62,0),(154,36,62,0),(155,2,62,0),(156,15,63,0),(157,36,63,0),(158,2,63,0),(159,15,64,0),(160,36,64,0),(161,2,64,0),(162,15,65,0),(163,36,65,0),(164,2,65,0),(165,15,66,0),(166,36,66,0),(167,2,66,0),(168,15,67,0),(169,36,67,0),(170,2,67,0),(171,15,68,0),(172,36,68,0),(173,2,68,0),(174,15,69,0),(175,15,70,0),(176,15,71,0),(177,15,72,0),(178,15,73,0),(179,15,74,0),(180,15,75,0),(181,15,76,0),(182,15,77,0),(183,15,78,0),(184,15,79,0),(185,15,80,0),(186,15,81,0),(187,15,82,0),(188,15,83,0),(189,15,84,0),(190,15,85,0),(191,36,85,0),(192,2,85,0),(193,15,86,0),(194,36,86,0),(195,2,86,0),(196,15,87,0),(197,36,87,0),(198,2,87,0),(199,15,88,0),(200,36,88,0),(201,2,88,0),(202,15,89,0),(203,36,89,0),(204,2,89,0),(205,15,90,0),(206,36,90,0),(207,2,90,0),(208,15,91,0),(209,36,91,0),(210,2,91,0),(211,15,92,0),(212,36,92,0),(213,2,92,0),(214,15,93,0),(215,36,93,0),(216,2,93,0),(217,15,94,0),(218,36,94,0),(219,2,94,0),(220,15,95,0),(221,36,95,0),(222,2,95,0),(223,15,96,0),(224,36,96,0),(225,2,96,0),(226,15,97,0),(227,36,97,0),(228,2,97,0),(229,15,98,0),(230,36,98,0),(231,2,98,0),(232,15,99,0),(233,36,99,0),(234,2,99,0),(235,15,100,0),(236,36,100,0),(237,2,100,0),(238,15,101,0),(239,36,101,0),(240,2,101,0),(241,15,102,0),(242,36,102,0),(243,2,102,0),(244,15,103,0),(245,36,103,0),(246,2,103,0),(247,15,104,0),(248,36,104,0),(249,2,104,0),(250,15,105,0),(251,36,105,0),(252,2,105,0),(253,15,106,0),(254,36,106,0),(255,2,106,0),(256,15,107,0),(257,36,107,0),(258,2,107,0),(259,15,108,0),(260,36,108,0),(261,2,108,0),(262,15,109,0),(263,36,109,0),(264,2,109,0),(265,15,110,0),(266,36,110,0),(267,2,110,0),(268,15,111,0),(269,36,111,0),(270,2,111,0),(271,15,112,0),(272,36,112,0),(273,2,112,0),(274,15,113,0),(275,36,113,0),(276,2,113,0),(277,15,114,0),(278,36,114,0),(279,2,114,0),(280,15,115,0),(281,36,115,0),(282,2,115,0),(283,15,116,0),(284,36,116,0),(285,2,116,0),(286,15,117,0),(287,15,118,0),(288,15,119,0),(289,15,120,0),(290,15,121,0),(291,15,122,0),(292,15,123,0),(293,15,124,0),(294,15,125,0),(295,15,126,0),(296,15,127,0),(297,15,128,0),(298,15,129,0),(299,15,130,0),(300,15,131,0),(301,15,132,0),(302,15,133,0),(303,15,134,0),(304,15,135,0),(305,15,136,0),(306,15,137,0),(307,15,138,0),(308,15,139,0),(309,15,140,0),(310,15,141,0),(311,15,142,0),(312,15,143,0),(313,15,144,0),(314,15,145,0),(315,15,146,0),(316,15,147,0),(317,15,148,0),(318,15,149,0),(319,15,150,0),(320,15,151,0),(321,15,152,0),(322,15,153,0),(323,15,154,0),(324,15,155,0),(325,15,156,0),(326,15,157,0),(327,15,158,0),(328,15,159,0),(329,15,160,0),(330,15,161,0),(331,15,162,0),(332,15,163,0),(333,15,164,0),(334,15,165,0),(335,15,166,0),(336,15,167,0),(337,15,168,0),(338,15,169,0),(339,15,170,0),(340,15,171,0),(341,15,172,0),(342,15,173,0),(343,15,174,0),(344,15,175,0),(345,15,176,0),(346,15,177,0),(347,15,178,0),(348,15,179,0),(349,15,180,0),(350,15,181,0),(351,15,182,0),(352,15,183,0),(353,15,184,0),(354,15,185,0),(355,15,186,0),(356,15,187,0),(357,15,188,0),(358,15,189,0),(359,15,190,0),(360,15,191,0),(361,15,192,0),(362,15,193,0),(363,15,194,0),(364,15,195,0),(365,15,196,0),(366,15,197,0),(367,15,198,0),(368,15,199,0),(369,15,200,0),(370,15,201,0),(371,15,202,0),(372,15,203,0),(373,15,204,0),(374,15,205,0),(375,15,206,0),(376,15,207,0),(377,15,208,0),(378,15,209,0),(379,15,210,0),(380,15,211,0),(381,15,212,0),(382,15,213,0),(383,15,214,0),(384,15,215,0),(385,15,216,0),(386,15,217,0),(387,15,218,0),(388,15,219,0),(389,15,220,0),(390,15,221,0),(391,15,222,0),(392,15,223,0),(393,15,224,0),(394,15,225,0),(395,15,226,0),(396,15,227,0),(397,15,228,0),(398,15,229,0),(399,15,230,0),(400,15,231,0),(401,15,232,0),(402,15,233,0),(403,15,234,0),(404,15,235,0),(405,15,236,0),(406,15,237,0),(407,15,238,0),(408,15,239,0),(409,15,240,0),(410,15,241,0),(411,15,242,0),(412,15,243,0),(413,15,244,0),(414,15,245,0),(415,15,246,0),(416,15,247,0),(417,15,248,0),(418,15,249,0),(419,15,250,0),(420,15,251,0),(421,15,252,0),(422,15,253,0),(423,15,254,0),(424,15,255,0),(425,15,256,0),(426,15,257,0),(427,15,258,0),(428,15,259,0),(429,15,260,0),(430,14,261,0),(431,14,262,0),(432,14,263,0),(433,14,264,0),(434,14,265,0),(435,14,266,0),(436,14,267,0),(437,14,268,0),(438,14,269,0),(439,14,270,0),(440,14,271,0),(441,14,272,0),(442,14,273,0),(443,14,274,0),(444,14,275,0),(445,14,276,0),(446,14,277,0),(447,14,278,0),(448,14,279,0),(449,14,280,0),(450,14,281,0),(451,14,282,0),(452,14,283,0),(453,14,284,0),(454,14,285,0),(455,14,286,0),(456,14,287,0),(457,14,288,0),(458,14,289,0),(459,14,290,0),(460,14,291,0),(461,14,292,0),(462,14,293,0),(463,36,293,0),(464,2,293,0),(465,14,294,0),(466,36,294,0),(467,2,294,0),(468,14,295,0),(469,36,295,0),(470,2,295,0),(471,14,296,0),(472,36,296,0),(473,2,296,0),(474,14,297,0),(475,36,297,0),(476,2,297,0),(477,14,298,0),(478,36,298,0),(479,2,298,0),(480,14,299,0),(481,36,299,0),(482,2,299,0),(483,14,300,0),(484,36,300,0),(485,2,300,0),(486,14,301,0),(487,36,301,0),(488,2,301,0),(489,14,302,0),(490,36,302,0),(491,2,302,0),(492,14,303,0),(493,36,303,0),(494,2,303,0),(495,14,304,0),(496,36,304,0),(497,2,304,0),(498,14,305,0),(499,36,305,0),(500,2,305,0),(501,14,306,0),(502,36,306,0),(503,2,306,0),(504,14,307,0),(505,36,307,0),(506,2,307,0),(507,14,308,0),(508,36,308,0),(509,2,308,0),(510,14,309,0),(511,14,310,0),(512,14,311,0),(513,14,312,0),(514,14,313,0),(515,14,314,0),(516,14,315,0),(517,14,316,0),(518,14,317,0),(519,14,318,0),(520,14,319,0),(521,14,320,0),(522,14,321,0),(523,14,322,0),(524,14,323,0),(525,14,324,0),(526,14,325,0),(527,14,326,0),(528,14,327,0),(529,14,328,0),(530,14,329,0),(531,14,330,0),(532,14,331,0),(533,14,332,0),(534,14,333,0),(535,14,334,0),(536,14,335,0),(537,14,336,0),(538,14,337,0),(539,14,338,0),(540,14,339,0),(541,14,340,0),(542,14,341,0),(543,14,342,0),(544,14,343,0),(545,14,344,0),(546,14,345,0),(547,14,346,0),(548,14,347,0),(549,14,348,0),(550,14,349,0),(551,14,350,0),(552,14,351,0),(553,14,352,0),(554,14,353,0),(555,14,354,0),(556,14,355,0),(557,14,356,0),(558,14,357,0),(559,14,358,0),(560,14,359,0),(561,14,360,0),(562,14,361,0),(563,14,362,0),(564,14,363,0),(565,14,364,0),(566,14,365,0),(567,14,366,0),(568,14,367,0),(569,14,368,0),(570,14,369,0),(571,14,370,0),(572,14,371,0),(573,14,372,0),(574,14,373,0),(575,14,374,0),(576,14,375,0),(577,14,376,0),(578,14,377,0),(579,14,378,0),(580,14,379,0),(581,14,380,0),(582,14,381,0),(583,14,382,0),(584,14,383,0),(585,14,384,0),(586,14,385,0),(587,14,386,0),(588,14,387,0),(589,14,388,0),(590,14,389,0),(591,36,389,0),(592,2,389,0),(593,14,390,0),(594,36,390,0),(595,2,390,0),(596,14,391,0),(597,36,391,0),(598,2,391,0),(599,14,392,0),(600,36,392,0),(601,2,392,0),(602,14,393,0),(603,36,393,0),(604,2,393,0),(605,14,394,0),(606,36,394,0),(607,2,394,0),(608,14,395,0),(609,36,395,0),(610,2,395,0),(611,14,396,0),(612,36,396,0),(613,2,396,0),(614,14,397,0),(615,36,397,0),(616,2,397,0),(617,14,398,0),(618,36,398,0),(619,2,398,0),(620,14,399,0),(621,36,399,0),(622,2,399,0),(623,14,400,0),(624,36,400,0),(625,2,400,0),(626,14,401,0),(627,36,401,0),(628,2,401,0),(629,14,402,0),(630,36,402,0),(631,2,402,0),(632,14,403,0),(633,36,403,0),(634,2,403,0),(635,14,404,0),(636,36,404,0),(637,2,404,0),(638,14,405,0),(639,14,406,0),(640,14,407,0),(641,14,408,0),(642,14,409,0),(643,14,410,0),(644,14,411,0),(645,14,412,0),(646,14,413,0),(647,14,414,0),(648,14,415,0),(649,14,416,0),(650,14,417,0),(651,14,418,0),(652,14,419,0),(653,14,420,0),(654,14,421,0),(655,14,422,0),(656,14,423,0),(657,14,424,0),(658,14,425,0),(659,14,426,0),(660,14,427,0),(661,14,428,0),(662,14,429,0),(663,14,430,0),(664,14,431,0),(665,14,432,0),(666,14,433,0),(667,14,434,0),(668,14,435,0),(669,14,436,0),(670,16,437,0),(671,16,438,0),(672,16,439,0),(673,16,440,0),(674,16,441,0),(675,16,442,0),(676,16,443,0),(677,16,444,0),(678,16,445,0),(679,16,446,0),(680,16,447,0),(681,16,448,0),(682,16,449,0),(683,16,450,0),(684,16,451,0),(685,16,452,0),(686,16,453,0),(687,36,453,0),(688,2,453,0),(689,16,454,0),(690,36,454,0),(691,2,454,0),(692,16,455,0),(693,36,455,0),(694,2,455,0),(695,16,456,0),(696,36,456,0),(697,2,456,0),(698,16,457,0),(699,36,457,0),(700,2,457,0),(701,16,458,0),(702,36,458,0),(703,2,458,0),(704,16,459,0),(705,36,459,0),(706,2,459,0),(707,16,460,0),(708,36,460,0),(709,2,460,0),(710,16,461,0),(711,36,461,0),(712,2,461,0),(713,16,462,0),(714,36,462,0),(715,2,462,0),(716,16,463,0),(717,36,463,0),(718,2,463,0),(719,16,464,0),(720,36,464,0),(721,2,464,0),(722,16,465,0),(723,36,465,0),(724,2,465,0),(725,16,466,0),(726,36,466,0),(727,2,466,0),(728,16,467,0),(729,36,467,0),(730,2,467,0),(731,16,468,0),(732,36,468,0),(733,2,468,0),(734,16,469,0),(735,16,470,0),(736,16,471,0),(737,16,472,0),(738,16,473,0),(739,16,474,0),(740,16,475,0),(741,16,476,0),(742,16,477,0),(743,16,478,0),(744,16,479,0),(745,16,480,0),(746,16,481,0),(747,16,482,0),(748,16,483,0),(749,16,484,0),(750,16,485,0),(751,16,486,0),(752,16,487,0),(753,16,488,0),(754,16,489,0),(755,16,490,0),(756,16,491,0),(757,16,492,0),(758,16,493,0),(759,16,494,0),(760,16,495,0),(761,16,496,0),(762,16,497,0),(763,16,498,0),(764,16,499,0),(765,16,500,0),(766,16,501,0),(767,16,502,0),(768,16,503,0),(769,16,504,0),(770,16,505,0),(771,16,506,0),(772,16,507,0),(773,16,508,0),(774,16,509,0),(775,16,510,0),(776,16,511,0),(777,16,512,0),(778,16,513,0),(779,16,514,0),(780,16,515,0),(781,16,516,0),(782,16,517,0),(783,16,518,0),(784,16,519,0),(785,16,520,0),(786,16,521,0),(787,16,522,0),(788,16,523,0),(789,16,524,0),(790,16,525,0),(791,16,526,0),(792,16,527,0),(793,16,528,0),(794,16,529,0),(795,16,530,0),(796,16,531,0),(797,16,532,0),(798,16,533,0),(799,16,534,0),(800,16,535,0),(801,16,536,0),(802,16,537,0),(803,16,538,0),(804,16,539,0),(805,16,540,0),(806,16,541,0),(807,16,542,0),(808,16,543,0),(809,16,544,0),(810,16,545,0),(811,16,546,0),(812,16,547,0),(813,16,548,0),(814,16,549,0),(815,16,550,0),(816,16,551,0),(817,16,552,0),(818,16,553,0),(819,16,554,0),(820,16,555,0),(821,16,556,0),(822,16,557,0),(823,16,558,0),(824,16,559,0),(825,16,560,0),(826,16,561,0),(827,16,562,0),(828,16,563,0),(829,16,564,0),(830,16,565,0),(831,16,566,0),(832,16,567,0),(833,16,568,0),(834,16,569,0),(835,16,570,0),(836,16,571,0),(837,16,572,0),(838,16,573,0),(839,16,574,0),(840,16,575,0),(841,16,576,0),(842,16,577,0),(843,16,578,0),(844,16,579,0),(845,16,580,0),(846,16,581,0),(847,16,582,0),(848,16,583,0),(849,16,584,0),(850,16,585,0),(851,16,586,0),(852,16,587,0),(853,16,588,0),(854,16,589,0),(855,16,590,0),(856,16,591,0),(857,16,592,0),(858,16,593,0),(859,16,594,0),(860,16,595,0),(861,16,596,0),(862,16,597,0),(863,16,598,0),(864,16,599,0),(865,16,600,0),(866,16,601,0),(867,16,602,0),(868,16,603,0),(869,16,604,0),(870,16,605,0),(871,16,606,0),(872,16,607,0),(873,16,608,0),(874,16,609,0),(875,16,610,0),(876,16,611,0),(877,16,612,0),(878,16,613,0),(879,16,614,0),(880,16,615,0),(881,16,616,0),(882,16,617,0),(883,16,618,0),(884,16,619,0),(885,16,620,0),(886,16,621,0),(887,16,622,0),(888,16,623,0),(889,16,624,0),(890,16,625,0),(891,16,626,0),(892,16,627,0),(893,16,628,0),(894,17,629,0),(895,17,630,0),(896,17,631,0),(897,17,632,0),(898,17,633,0),(899,17,634,0),(900,17,635,0),(901,17,636,0),(902,17,637,0),(903,17,638,0),(904,17,639,0),(905,17,640,0),(906,17,641,0),(907,17,642,0),(908,17,643,0),(909,17,644,0),(910,17,645,0),(911,17,646,0),(912,17,647,0),(913,17,648,0),(914,17,649,0),(915,17,650,0),(916,17,651,0),(917,17,652,0),(918,17,653,0),(919,17,654,0),(920,17,655,0),(921,17,656,0),(922,17,657,0),(923,17,658,0),(924,17,659,0),(925,17,660,0),(926,17,661,0),(927,17,662,0),(928,17,663,0),(929,17,664,0),(930,17,665,0),(931,17,666,0),(932,17,667,0),(933,17,668,0),(934,17,669,0),(935,17,670,0),(936,17,671,0),(937,17,672,0),(938,17,673,0),(939,17,674,0),(940,17,675,0),(941,17,676,0),(942,17,677,0),(943,17,678,0),(944,17,679,0),(945,17,680,0),(946,17,681,0),(947,17,682,0),(948,17,683,0),(949,17,684,0),(950,17,685,0),(951,17,686,0),(952,17,687,0),(953,17,688,0),(954,17,689,0),(955,17,690,0),(956,17,691,0),(957,17,692,0),(958,17,693,0),(959,17,694,0),(960,17,695,0),(961,36,695,0),(962,2,695,0),(963,17,696,0),(964,36,696,0),(965,2,696,0),(966,17,697,0),(967,36,697,0),(968,2,697,0),(969,17,698,0),(970,36,698,0),(971,2,698,0),(972,17,699,0),(973,36,699,0),(974,2,699,0),(975,17,700,0),(976,36,700,0),(977,2,700,0),(978,17,701,0),(979,17,702,0),(980,17,703,0),(981,17,704,0),(982,17,705,0),(983,17,706,0),(984,17,707,0),(985,17,708,0),(986,17,709,0),(987,17,710,0),(988,17,711,0),(989,17,712,0),(990,17,713,0),(991,17,714,0),(992,17,715,0),(993,17,716,0),(994,17,717,0),(995,17,718,0),(996,17,719,0),(997,36,719,0),(998,2,719,0),(999,17,720,0),(1000,36,720,0),(1001,2,720,0),(1002,17,721,0),(1003,36,721,0),(1004,2,721,0),(1005,17,722,0),(1006,36,722,0),(1007,2,722,0),(1008,17,723,0),(1009,36,723,0),(1010,2,723,0),(1011,17,724,0),(1012,36,724,0),(1013,2,724,0),(1014,17,725,0),(1015,17,726,0),(1016,17,727,0),(1017,17,728,0),(1018,17,729,0),(1019,17,730,0),(1020,18,731,0),(1021,32,731,0),(1022,2,731,0),(1023,18,732,0),(1024,32,732,0),(1025,2,732,0),(1026,18,733,0),(1027,32,733,0),(1028,2,733,0),(1029,18,734,0),(1030,32,734,0),(1031,2,734,0),(1032,18,735,0),(1033,32,735,0),(1034,2,735,0),(1035,18,736,0),(1036,32,736,0),(1037,2,736,0),(1038,18,737,0),(1039,32,737,0),(1040,2,737,0),(1041,18,738,0),(1042,32,738,0),(1043,2,738,0),(1044,18,739,0),(1045,32,739,0),(1046,2,739,0),(1047,18,740,0),(1048,32,740,0),(1049,2,740,0),(1050,18,741,0),(1051,32,741,0),(1052,2,741,0),(1053,18,742,0),(1054,32,742,0),(1055,2,742,0),(1056,18,743,0),(1057,32,743,0),(1058,2,743,0),(1059,18,744,0),(1060,32,744,0),(1061,35,744,0),(1062,2,744,0),(1063,18,745,0),(1064,32,745,0),(1065,35,745,0),(1066,2,745,0),(1067,18,746,0),(1068,32,746,0),(1069,35,746,0),(1070,2,746,0),(1071,18,747,0),(1072,32,747,0),(1073,35,747,0),(1074,2,747,0),(1075,18,748,0),(1076,32,748,0),(1077,35,748,0),(1078,2,748,0),(1079,18,749,0),(1080,32,749,0),(1081,35,749,0),(1082,2,749,0),(1083,18,750,0),(1084,32,750,0),(1085,35,750,0),(1086,2,750,0),(1087,18,751,0),(1088,32,751,0),(1089,35,751,0),(1090,2,751,0),(1091,18,752,0),(1092,32,752,0),(1093,35,752,0),(1094,2,752,0),(1095,18,753,0),(1096,32,753,0),(1097,35,753,0),(1098,2,753,0),(1099,18,754,0),(1100,32,754,0),(1101,35,754,0),(1102,2,754,0),(1103,18,755,0),(1104,32,755,0),(1105,35,755,0),(1106,2,755,0),(1107,18,756,0),(1108,32,756,0),(1109,35,756,0),(1110,2,756,0),(1111,18,757,0),(1112,32,757,0),(1113,8,757,0),(1114,2,757,0),(1115,18,758,0),(1116,32,758,0),(1117,8,758,0),(1118,2,758,0),(1119,18,759,0),(1120,32,759,0),(1121,8,759,0),(1122,2,759,0),(1123,18,760,0),(1124,32,760,0),(1125,8,760,0),(1126,2,760,0),(1127,18,761,0),(1128,32,761,0),(1129,8,761,0),(1130,2,761,0),(1131,18,762,0),(1132,32,762,0),(1133,8,762,0),(1134,2,762,0),(1135,18,763,0),(1136,32,763,0),(1137,8,763,0),(1138,2,763,0),(1139,18,764,0),(1140,32,764,0),(1141,8,764,0),(1142,2,764,0),(1143,18,765,0),(1144,32,765,0),(1145,8,765,0),(1146,2,765,0),(1147,18,766,0),(1148,32,766,0),(1149,8,766,0),(1150,2,766,0),(1151,18,767,0),(1152,32,767,0),(1153,8,767,0),(1154,2,767,0),(1155,18,768,0),(1156,32,768,0),(1157,8,768,0),(1158,2,768,0),(1159,18,769,0),(1160,32,769,0),(1161,8,769,0),(1162,2,769,0),(1163,18,770,0),(1164,32,770,0),(1165,2,770,0),(1166,18,771,0),(1167,32,771,0),(1168,2,771,0),(1169,18,772,0),(1170,32,772,0),(1171,2,772,0),(1172,18,773,0),(1173,32,773,0),(1174,2,773,0),(1175,18,774,0),(1176,32,774,0),(1177,2,774,0),(1178,18,775,0),(1179,32,775,0),(1180,2,775,0),(1181,18,776,0),(1182,32,776,0),(1183,2,776,0),(1184,18,777,0),(1185,32,777,0),(1186,2,777,0),(1187,18,778,0),(1188,32,778,0),(1189,2,778,0),(1190,18,779,0),(1191,32,779,0),(1192,2,779,0),(1193,18,780,0),(1194,32,780,0),(1195,2,780,0),(1196,18,781,0),(1197,32,781,0),(1198,2,781,0),(1199,18,782,0),(1200,32,782,0),(1201,2,782,0),(1202,18,783,0),(1203,32,783,0),(1204,8,783,0),(1205,2,783,0),(1206,18,784,0),(1207,32,784,0),(1208,8,784,0),(1209,2,784,0),(1210,18,785,0),(1211,32,785,0),(1212,8,785,0),(1213,2,785,0),(1214,18,786,0),(1215,32,786,0),(1216,8,786,0),(1217,2,786,0),(1218,18,787,0),(1219,32,787,0),(1220,8,787,0),(1221,2,787,0),(1222,18,788,0),(1223,32,788,0),(1224,8,788,0),(1225,2,788,0),(1226,18,789,0),(1227,32,789,0),(1228,8,789,0),(1229,2,789,0),(1230,18,790,0),(1231,32,790,0),(1232,8,790,0),(1233,2,790,0),(1234,18,791,0),(1235,32,791,0),(1236,8,791,0),(1237,2,791,0),(1238,18,792,0),(1239,32,792,0),(1240,8,792,0),(1241,2,792,0),(1242,18,793,0),(1243,32,793,0),(1244,8,793,0),(1245,2,793,0),(1246,18,794,0),(1247,32,794,0),(1248,8,794,0),(1249,2,794,0),(1250,18,795,0),(1251,32,795,0),(1252,8,795,0),(1253,2,795,0),(1254,18,796,0),(1255,32,796,0),(1256,36,796,0),(1257,2,796,0),(1258,18,797,0),(1259,32,797,0),(1260,36,797,0),(1261,2,797,0),(1262,18,798,0),(1263,32,798,0),(1264,36,798,0),(1265,2,798,0),(1266,18,799,0),(1267,32,799,0),(1268,36,799,0),(1269,2,799,0),(1270,18,800,0),(1271,32,800,0),(1272,36,800,0),(1273,2,800,0),(1274,18,801,0),(1275,32,801,0),(1276,36,801,0),(1277,2,801,0),(1278,18,802,0),(1279,32,802,0),(1280,36,802,0),(1281,2,802,0),(1282,18,803,0),(1283,32,803,0),(1284,36,803,0),(1285,2,803,0),(1286,18,804,0),(1287,32,804,0),(1288,36,804,0),(1289,2,804,0),(1290,18,805,0),(1291,32,805,0),(1292,36,805,0),(1293,2,805,0),(1294,18,806,0),(1295,32,806,0),(1296,36,806,0),(1297,2,806,0),(1298,18,807,0),(1299,32,807,0),(1300,36,807,0),(1301,2,807,0),(1302,18,808,0),(1303,32,808,0),(1304,36,808,0),(1305,2,808,0),(1306,18,809,0),(1307,32,809,0),(1308,8,809,0),(1309,2,809,0),(1310,18,810,0),(1311,32,810,0),(1312,8,810,0),(1313,2,810,0),(1314,18,811,0),(1315,32,811,0),(1316,8,811,0),(1317,2,811,0),(1318,18,812,0),(1319,32,812,0),(1320,8,812,0),(1321,2,812,0),(1322,18,813,0),(1323,32,813,0),(1324,8,813,0),(1325,2,813,0),(1326,18,814,0),(1327,32,814,0),(1328,8,814,0),(1329,2,814,0),(1330,18,815,0),(1331,32,815,0),(1332,8,815,0),(1333,2,815,0),(1334,18,816,0),(1335,32,816,0),(1336,8,816,0),(1337,2,816,0),(1338,18,817,0),(1339,32,817,0),(1340,8,817,0),(1341,2,817,0),(1342,18,818,0),(1343,32,818,0),(1344,8,818,0),(1345,2,818,0),(1346,18,819,0),(1347,32,819,0),(1348,8,819,0),(1349,2,819,0),(1350,18,820,0),(1351,32,820,0),(1352,8,820,0),(1353,2,820,0),(1354,18,821,0),(1355,32,821,0),(1356,8,821,0),(1357,2,821,0),(1358,18,822,0),(1359,32,822,0),(1360,8,822,0),(1361,2,822,0),(1362,18,823,0),(1363,32,823,0),(1364,8,823,0),(1365,2,823,0),(1366,18,824,0),(1367,32,824,0),(1368,8,824,0),(1369,2,824,0),(1370,18,825,0),(1371,32,825,0),(1372,8,825,0),(1373,2,825,0),(1374,18,826,0),(1375,32,826,0),(1376,8,826,0),(1377,2,826,0),(1378,18,827,0),(1379,32,827,0),(1380,8,827,0),(1381,2,827,0),(1382,18,828,0),(1383,32,828,0),(1384,8,828,0),(1385,2,828,0),(1386,18,829,0),(1387,32,829,0),(1388,8,829,0),(1389,2,829,0),(1390,18,830,0),(1391,32,830,0),(1392,8,830,0),(1393,2,830,0),(1394,18,831,0),(1395,32,831,0),(1396,8,831,0),(1397,2,831,0),(1398,18,832,0),(1399,32,832,0),(1400,8,832,0),(1401,2,832,0),(1402,18,833,0),(1403,32,833,0),(1404,8,833,0),(1405,2,833,0),(1406,18,834,0),(1407,32,834,0),(1408,8,834,0),(1409,2,834,0),(1410,18,835,0),(1411,32,835,0),(1412,8,835,0),(1413,34,835,0),(1414,2,835,0),(1415,18,836,0),(1416,32,836,0),(1417,8,836,0),(1418,34,836,0),(1419,2,836,0),(1420,18,837,0),(1421,32,837,0),(1422,8,837,0),(1423,34,837,0),(1424,2,837,0),(1425,18,838,0),(1426,32,838,0),(1427,8,838,0),(1428,34,838,0),(1429,2,838,0),(1430,18,839,0),(1431,32,839,0),(1432,8,839,0),(1433,34,839,0),(1434,2,839,0),(1435,18,840,0),(1436,32,840,0),(1437,8,840,0),(1438,34,840,0),(1439,2,840,0),(1440,18,841,0),(1441,32,841,0),(1442,8,841,0),(1443,34,841,0),(1444,2,841,0),(1445,18,842,0),(1446,32,842,0),(1447,8,842,0),(1448,34,842,0),(1449,2,842,0),(1450,18,843,0),(1451,32,843,0),(1452,8,843,0),(1453,34,843,0),(1454,2,843,0),(1455,18,844,0),(1456,32,844,0),(1457,8,844,0),(1458,34,844,0),(1459,2,844,0),(1460,18,845,0),(1461,32,845,0),(1462,8,845,0),(1463,34,845,0),(1464,2,845,0),(1465,18,846,0),(1466,32,846,0),(1467,8,846,0),(1468,34,846,0),(1469,2,846,0),(1470,18,847,0),(1471,32,847,0),(1472,8,847,0),(1473,34,847,0),(1474,2,847,0),(1475,18,848,0),(1476,32,848,0),(1477,34,848,0),(1478,2,848,0),(1479,18,849,0),(1480,32,849,0),(1481,34,849,0),(1482,2,849,0),(1483,18,850,0),(1484,32,850,0),(1485,34,850,0),(1486,2,850,0),(1487,18,851,0),(1488,32,851,0),(1489,34,851,0),(1490,2,851,0),(1491,18,852,0),(1492,32,852,0),(1493,34,852,0),(1494,2,852,0),(1495,18,853,0),(1496,32,853,0),(1497,34,853,0),(1498,2,853,0),(1499,18,854,0),(1500,32,854,0),(1501,34,854,0),(1502,2,854,0),(1503,18,855,0),(1504,32,855,0),(1505,34,855,0),(1506,2,855,0),(1507,18,856,0),(1508,32,856,0),(1509,34,856,0),(1510,2,856,0),(1511,18,857,0),(1512,32,857,0),(1513,34,857,0),(1514,2,857,0),(1515,18,858,0),(1516,32,858,0),(1517,34,858,0),(1518,2,858,0),(1519,18,859,0),(1520,32,859,0),(1521,34,859,0),(1522,2,859,0),(1523,18,860,0),(1524,32,860,0),(1525,34,860,0),(1526,2,860,0),(1527,18,861,0),(1528,32,861,0),(1529,34,861,0),(1530,2,861,0),(1531,18,862,0),(1532,32,862,0),(1533,34,862,0),(1534,2,862,0),(1535,18,863,0),(1536,32,863,0),(1537,34,863,0),(1538,2,863,0),(1539,18,864,0),(1540,32,864,0),(1541,34,864,0),(1542,2,864,0),(1543,18,865,0),(1544,32,865,0),(1545,34,865,0),(1546,2,865,0),(1547,18,866,0),(1548,32,866,0),(1549,34,866,0),(1550,2,866,0),(1551,18,867,0),(1552,32,867,0),(1553,34,867,0),(1554,2,867,0),(1555,18,868,0),(1556,32,868,0),(1557,34,868,0),(1558,2,868,0),(1559,18,869,0),(1560,32,869,0),(1561,34,869,0),(1562,2,869,0),(1563,18,870,0),(1564,32,870,0),(1565,34,870,0),(1566,2,870,0),(1567,18,871,0),(1568,32,871,0),(1569,34,871,0),(1570,2,871,0),(1571,18,872,0),(1572,32,872,0),(1573,34,872,0),(1574,2,872,0),(1575,18,873,0),(1576,32,873,0),(1577,34,873,0),(1578,2,873,0),(1579,18,874,0),(1580,32,874,0),(1581,2,874,0),(1582,18,875,0),(1583,32,875,0),(1584,2,875,0),(1585,18,876,0),(1586,32,876,0),(1587,2,876,0),(1588,18,877,0),(1589,32,877,0),(1590,2,877,0),(1591,18,878,0),(1592,32,878,0),(1593,2,878,0),(1594,18,879,0),(1595,32,879,0),(1596,2,879,0),(1597,18,880,0),(1598,32,880,0),(1599,2,880,0),(1600,18,881,0),(1601,32,881,0),(1602,2,881,0),(1603,18,882,0),(1604,32,882,0),(1605,2,882,0),(1606,18,883,0),(1607,32,883,0),(1608,2,883,0),(1609,18,884,0),(1610,32,884,0),(1611,2,884,0),(1612,18,885,0),(1613,32,885,0),(1614,2,885,0),(1615,18,886,0),(1616,32,886,0),(1617,2,886,0),(1618,19,887,0),(1619,34,887,0),(1620,2,887,0),(1621,19,888,0),(1622,34,888,0),(1623,2,888,0),(1624,19,889,0),(1625,34,889,0),(1626,2,889,0),(1627,19,890,0),(1628,34,890,0),(1629,2,890,0),(1630,19,891,0),(1631,34,891,0),(1632,2,891,0),(1633,19,892,0),(1634,34,892,0),(1635,2,892,0),(1636,19,893,0),(1637,34,893,0),(1638,2,893,0),(1639,19,894,0),(1640,34,894,0),(1641,2,894,0),(1642,19,895,0),(1643,34,895,0),(1644,2,895,0),(1645,19,896,0),(1646,34,896,0),(1647,2,896,0),(1648,19,897,0),(1649,34,897,0),(1650,2,897,0),(1651,19,898,0),(1652,34,898,0),(1653,2,898,0),(1654,19,899,0),(1655,34,899,0),(1656,2,899,0),(1657,19,900,0),(1658,19,901,0),(1659,19,902,0),(1660,19,903,0),(1661,19,904,0),(1662,19,905,0),(1663,35,905,0),(1664,2,905,0),(1665,19,906,0),(1666,35,906,0),(1667,2,906,0),(1668,19,907,0),(1669,35,907,0),(1670,2,907,0),(1671,19,908,0),(1672,35,908,0),(1673,2,908,0),(1674,19,909,0),(1675,35,909,0),(1676,2,909,0),(1677,19,910,0),(1678,35,910,0),(1679,2,910,0),(1680,19,911,0),(1681,35,911,0),(1682,2,911,0),(1683,19,912,0),(1684,35,912,0),(1685,2,912,0),(1686,19,913,0),(1687,35,913,0),(1688,2,913,0),(1689,19,914,0),(1690,35,914,0),(1691,2,914,0),(1692,19,915,0),(1693,35,915,0),(1694,2,915,0),(1695,19,916,0),(1696,35,916,0),(1697,2,916,0),(1698,19,917,0),(1699,35,917,0),(1700,2,917,0),(1701,19,918,0),(1702,19,919,0),(1703,19,920,0),(1704,19,921,0),(1705,19,922,0),(1706,19,923,0),(1707,19,924,0),(1708,19,925,0),(1709,19,926,0),(1710,19,927,0),(1711,19,928,0),(1712,19,929,0),(1713,19,930,0),(1714,19,931,0),(1715,35,931,0),(1716,2,931,0),(1717,19,932,0),(1718,35,932,0),(1719,2,932,0),(1720,19,933,0),(1721,35,933,0),(1722,2,933,0),(1723,19,934,0),(1724,35,934,0),(1725,2,934,0),(1726,19,935,0),(1727,35,935,0),(1728,2,935,0),(1729,19,936,0),(1730,35,936,0),(1731,2,936,0),(1732,19,937,0),(1733,35,937,0),(1734,2,937,0),(1735,19,938,0),(1736,35,938,0),(1737,2,938,0),(1738,19,939,0),(1739,35,939,0),(1740,2,939,0),(1741,19,940,0),(1742,35,940,0),(1743,2,940,0),(1744,19,941,0),(1745,35,941,0),(1746,2,941,0),(1747,19,942,0),(1748,35,942,0),(1749,2,942,0),(1750,19,943,0),(1751,35,943,0),(1752,2,943,0),(1753,19,944,0),(1754,8,944,0),(1755,2,944,0),(1756,19,945,0),(1757,8,945,0),(1758,2,945,0),(1759,19,946,0),(1760,8,946,0),(1761,2,946,0),(1762,19,947,0),(1763,8,947,0),(1764,2,947,0),(1765,19,948,0),(1766,8,948,0),(1767,2,948,0),(1768,19,949,0),(1769,8,949,0),(1770,2,949,0),(1771,19,950,0),(1772,8,950,0),(1773,2,950,0),(1774,19,951,0),(1775,8,951,0),(1776,2,951,0),(1777,19,952,0),(1778,8,952,0),(1779,2,952,0),(1780,19,953,0),(1781,8,953,0),(1782,2,953,0),(1783,19,954,0),(1784,8,954,0),(1785,2,954,0),(1786,19,955,0),(1787,8,955,0),(1788,2,955,0),(1789,19,956,0),(1790,8,956,0),(1791,2,956,0),(1792,19,957,0),(1793,31,957,0),(1794,34,957,0),(1795,2,957,0),(1796,19,958,0),(1797,31,958,0),(1798,34,958,0),(1799,2,958,0),(1800,19,959,0),(1801,31,959,0),(1802,34,959,0),(1803,2,959,0),(1804,19,960,0),(1805,31,960,0),(1806,34,960,0),(1807,2,960,0),(1808,19,961,0),(1809,31,961,0),(1810,34,961,0),(1811,2,961,0),(1812,19,962,0),(1813,31,962,0),(1814,34,962,0),(1815,2,962,0),(1816,19,963,0),(1817,31,963,0),(1818,34,963,0),(1819,2,963,0),(1820,19,964,0),(1821,31,964,0),(1822,34,964,0),(1823,2,964,0),(1824,19,965,0),(1825,31,965,0),(1826,34,965,0),(1827,2,965,0),(1828,19,966,0),(1829,31,966,0),(1830,34,966,0),(1831,2,966,0),(1832,19,967,0),(1833,31,967,0),(1834,34,967,0),(1835,2,967,0),(1836,19,968,0),(1837,31,968,0),(1838,34,968,0),(1839,2,968,0),(1840,19,969,0),(1841,31,969,0),(1842,34,969,0),(1843,2,969,0),(1844,19,970,0),(1845,31,970,0),(1846,2,970,0),(1847,19,971,0),(1848,31,971,0),(1849,2,971,0),(1850,19,972,0),(1851,31,972,0),(1852,2,972,0),(1853,19,973,0),(1854,31,973,0),(1855,2,973,0),(1856,19,974,0),(1857,31,974,0),(1858,2,974,0),(1859,19,975,0),(1860,31,975,0),(1861,2,975,0),(1862,19,976,0),(1863,31,976,0),(1864,2,976,0),(1865,19,977,0),(1866,31,977,0),(1867,2,977,0),(1868,19,978,0),(1869,31,978,0),(1870,2,978,0),(1871,19,979,0),(1872,31,979,0),(1873,2,979,0),(1874,19,980,0),(1875,31,980,0),(1876,2,980,0),(1877,19,981,0),(1878,31,981,0),(1879,2,981,0),(1880,19,982,0),(1881,31,982,0),(1882,2,982,0),(1883,19,983,0),(1884,35,983,0),(1885,2,983,0),(1886,19,984,0),(1887,35,984,0),(1888,2,984,0),(1889,19,985,0),(1890,35,985,0),(1891,2,985,0),(1892,19,986,0),(1893,35,986,0),(1894,2,986,0),(1895,19,987,0),(1896,35,987,0),(1897,2,987,0),(1898,19,988,0),(1899,35,988,0),(1900,2,988,0),(1901,19,989,0),(1902,35,989,0),(1903,2,989,0),(1904,19,990,0),(1905,35,990,0),(1906,2,990,0),(1907,19,991,0),(1908,35,991,0),(1909,2,991,0),(1910,19,992,0),(1911,35,992,0),(1912,2,992,0),(1913,19,993,0),(1914,35,993,0),(1915,2,993,0),(1916,19,994,0),(1917,35,994,0),(1918,2,994,0),(1919,19,995,0),(1920,35,995,0),(1921,2,995,0),(1922,19,996,0),(1923,8,996,0),(1924,2,996,0),(1925,19,997,0),(1926,8,997,0),(1927,2,997,0),(1928,19,998,0),(1929,8,998,0),(1930,2,998,0),(1931,19,999,0),(1932,8,999,0),(1933,2,999,0),(1934,19,1000,0),(1935,8,1000,0),(1936,2,1000,0),(1937,19,1001,0),(1938,8,1001,0),(1939,2,1001,0),(1940,19,1002,0),(1941,8,1002,0),(1942,2,1002,0),(1943,19,1003,0),(1944,8,1003,0),(1945,2,1003,0),(1946,19,1004,0),(1947,8,1004,0),(1948,2,1004,0),(1949,19,1005,0),(1950,8,1005,0),(1951,2,1005,0),(1952,19,1006,0),(1953,8,1006,0),(1954,2,1006,0),(1955,19,1007,0),(1956,8,1007,0),(1957,2,1007,0),(1958,19,1008,0),(1959,8,1008,0),(1960,2,1008,0),(1961,19,1009,0),(1962,19,1010,0),(1963,19,1011,0),(1964,19,1012,0),(1965,19,1013,0),(1966,19,1014,0),(1967,19,1015,0),(1968,19,1016,0),(1969,19,1017,0),(1970,19,1018,0),(1971,19,1019,0),(1972,19,1020,0),(1973,19,1021,0),(1974,19,1022,0),(1975,31,1022,0),(1976,2,1022,0),(1977,19,1023,0),(1978,31,1023,0),(1979,2,1023,0),(1980,19,1024,0),(1981,31,1024,0),(1982,2,1024,0),(1983,19,1025,0),(1984,31,1025,0),(1985,2,1025,0),(1986,19,1026,0),(1987,31,1026,0),(1988,2,1026,0),(1989,19,1027,0),(1990,31,1027,0),(1991,2,1027,0),(1992,19,1028,0),(1993,31,1028,0),(1994,2,1028,0),(1995,19,1029,0),(1996,31,1029,0),(1997,2,1029,0),(1998,19,1030,0),(1999,31,1030,0),(2000,2,1030,0),(2001,19,1031,0),(2002,31,1031,0),(2003,2,1031,0),(2004,19,1032,0),(2005,31,1032,0),(2006,2,1032,0),(2007,19,1033,0),(2008,31,1033,0),(2009,2,1033,0),(2010,19,1034,0),(2011,31,1034,0),(2012,2,1034,0),(2013,24,1035,0),(2014,8,1035,0),(2015,34,1035,0),(2016,2,1035,0),(2017,24,1036,0),(2018,8,1036,0),(2019,34,1036,0),(2020,2,1036,0),(2021,24,1037,0),(2022,8,1037,0),(2023,34,1037,0),(2024,2,1037,0),(2025,24,1038,0),(2026,8,1038,0),(2027,34,1038,0),(2028,2,1038,0),(2029,24,1039,0),(2030,8,1039,0),(2031,34,1039,0),(2032,2,1039,0),(2033,24,1040,0),(2034,8,1040,0),(2035,34,1040,0),(2036,2,1040,0),(2037,24,1041,0),(2038,8,1041,0),(2039,34,1041,0),(2040,2,1041,0),(2041,24,1042,0),(2042,8,1042,0),(2043,34,1042,0),(2044,2,1042,0),(2045,24,1043,0),(2046,8,1043,0),(2047,34,1043,0),(2048,2,1043,0),(2049,24,1044,0),(2050,8,1044,0),(2051,34,1044,0),(2052,2,1044,0),(2053,24,1045,0),(2054,8,1045,0),(2055,34,1045,0),(2056,2,1045,0),(2057,24,1046,0),(2058,8,1046,0),(2059,34,1046,0),(2060,2,1046,0),(2061,24,1047,0),(2062,8,1047,0),(2063,34,1047,0),(2064,2,1047,0),(2065,24,1048,0),(2066,8,1048,0),(2067,34,1048,0),(2068,2,1048,0),(2069,24,1049,0),(2070,8,1049,0),(2071,34,1049,0),(2072,2,1049,0),(2073,24,1050,0),(2074,8,1050,0),(2075,34,1050,0),(2076,2,1050,0),(2077,24,1051,0),(2078,30,1051,0),(2079,2,1051,0),(2080,24,1052,0),(2081,30,1052,0),(2082,2,1052,0),(2083,24,1053,0),(2084,30,1053,0),(2085,2,1053,0),(2086,24,1054,0),(2087,30,1054,0),(2088,2,1054,0),(2089,24,1055,0),(2090,30,1055,0),(2091,2,1055,0),(2092,24,1056,0),(2093,30,1056,0),(2094,2,1056,0),(2095,24,1057,0),(2096,30,1057,0),(2097,2,1057,0),(2098,24,1058,0),(2099,30,1058,0),(2100,2,1058,0),(2101,24,1059,0),(2102,30,1059,0),(2103,2,1059,0),(2104,24,1060,0),(2105,30,1060,0),(2106,2,1060,0),(2107,24,1061,0),(2108,30,1061,0),(2109,2,1061,0),(2110,24,1062,0),(2111,30,1062,0),(2112,2,1062,0),(2113,24,1063,0),(2114,30,1063,0),(2115,2,1063,0),(2116,24,1064,0),(2117,30,1064,0),(2118,2,1064,0),(2119,24,1065,0),(2120,30,1065,0),(2121,2,1065,0),(2122,24,1066,0),(2123,30,1066,0),(2124,2,1066,0),(2125,24,1067,0),(2126,24,1068,0),(2127,24,1069,0),(2128,24,1070,0),(2129,24,1071,0),(2130,24,1072,0),(2131,24,1073,0),(2132,24,1074,0),(2133,24,1075,0),(2134,24,1076,0),(2135,24,1077,0),(2136,24,1078,0),(2137,24,1079,0),(2138,24,1080,0),(2139,24,1081,0),(2140,24,1082,0),(2141,24,1083,0),(2142,24,1084,0),(2143,24,1085,0),(2144,24,1086,0),(2145,24,1087,0),(2146,24,1088,0),(2147,24,1089,0),(2148,24,1090,0),(2149,24,1091,0),(2150,24,1092,0),(2151,24,1093,0),(2152,24,1094,0),(2153,24,1095,0),(2154,24,1096,0),(2155,24,1097,0),(2156,24,1098,0),(2157,24,1099,0),(2158,24,1100,0),(2159,24,1101,0),(2160,24,1102,0),(2161,24,1103,0),(2162,24,1104,0),(2163,24,1105,0),(2164,24,1106,0),(2165,24,1107,0),(2166,24,1108,0),(2167,24,1109,0),(2168,24,1110,0),(2169,24,1111,0),(2170,24,1112,0),(2171,24,1113,0),(2172,24,1114,0),(2173,24,1115,0),(2174,24,1116,0),(2175,24,1117,0),(2176,24,1118,0),(2177,24,1119,0),(2178,24,1120,0),(2179,24,1121,0),(2180,8,1121,0),(2181,34,1121,0),(2182,2,1121,0),(2183,24,1122,0),(2184,8,1122,0),(2185,34,1122,0),(2186,2,1122,0),(2187,24,1123,0),(2188,8,1123,0),(2189,34,1123,0),(2190,2,1123,0),(2191,24,1124,0),(2192,8,1124,0),(2193,34,1124,0),(2194,2,1124,0),(2195,24,1125,0),(2196,8,1125,0),(2197,34,1125,0),(2198,2,1125,0),(2199,24,1126,0),(2200,8,1126,0),(2201,34,1126,0),(2202,2,1126,0),(2203,24,1127,0),(2204,8,1127,0),(2205,34,1127,0),(2206,2,1127,0),(2207,24,1128,0),(2208,8,1128,0),(2209,34,1128,0),(2210,2,1128,0),(2211,24,1129,0),(2212,8,1129,0),(2213,34,1129,0),(2214,2,1129,0),(2215,24,1130,0),(2216,8,1130,0),(2217,34,1130,0),(2218,2,1130,0),(2219,24,1131,0),(2220,8,1131,0),(2221,34,1131,0),(2222,2,1131,0),(2223,24,1132,0),(2224,8,1132,0),(2225,34,1132,0),(2226,2,1132,0),(2227,24,1133,0),(2228,8,1133,0),(2229,34,1133,0),(2230,2,1133,0),(2231,24,1134,0),(2232,8,1134,0),(2233,34,1134,0),(2234,2,1134,0),(2235,24,1135,0),(2236,8,1135,0),(2237,34,1135,0),(2238,2,1135,0),(2239,24,1136,0),(2240,8,1136,0),(2241,34,1136,0),(2242,2,1136,0),(2243,24,1137,0),(2244,30,1137,0),(2245,35,1137,0),(2246,2,1137,0),(2247,24,1138,0),(2248,30,1138,0),(2249,35,1138,0),(2250,2,1138,0),(2251,24,1139,0),(2252,30,1139,0),(2253,35,1139,0),(2254,2,1139,0),(2255,24,1140,0),(2256,30,1140,0),(2257,35,1140,0),(2258,2,1140,0),(2259,24,1141,0),(2260,30,1141,0),(2261,35,1141,0),(2262,2,1141,0),(2263,24,1142,0),(2264,30,1142,0),(2265,35,1142,0),(2266,2,1142,0),(2267,24,1143,0),(2268,30,1143,0),(2269,35,1143,0),(2270,2,1143,0),(2271,24,1144,0),(2272,30,1144,0),(2273,35,1144,0),(2274,2,1144,0),(2275,24,1145,0),(2276,30,1145,0),(2277,35,1145,0),(2278,2,1145,0),(2279,24,1146,0),(2280,30,1146,0),(2281,35,1146,0),(2282,2,1146,0),(2283,24,1147,0),(2284,30,1147,0),(2285,35,1147,0),(2286,2,1147,0),(2287,24,1148,0),(2288,30,1148,0),(2289,35,1148,0),(2290,2,1148,0),(2291,24,1149,0),(2292,30,1149,0),(2293,35,1149,0),(2294,2,1149,0),(2295,24,1150,0),(2296,30,1150,0),(2297,35,1150,0),(2298,2,1150,0),(2299,24,1151,0),(2300,30,1151,0),(2301,35,1151,0),(2302,2,1151,0),(2303,24,1152,0),(2304,30,1152,0),(2305,35,1152,0),(2306,2,1152,0),(2307,24,1153,0),(2308,36,1153,0),(2309,2,1153,0),(2310,24,1154,0),(2311,36,1154,0),(2312,2,1154,0),(2313,24,1155,0),(2314,36,1155,0),(2315,2,1155,0),(2316,24,1156,0),(2317,36,1156,0),(2318,2,1156,0),(2319,24,1157,0),(2320,36,1157,0),(2321,2,1157,0),(2322,24,1158,0),(2323,36,1158,0),(2324,2,1158,0),(2325,24,1159,0),(2326,36,1159,0),(2327,2,1159,0),(2328,24,1160,0),(2329,36,1160,0),(2330,2,1160,0),(2331,24,1161,0),(2332,36,1161,0),(2333,2,1161,0),(2334,24,1162,0),(2335,36,1162,0),(2336,2,1162,0),(2337,24,1163,0),(2338,36,1163,0),(2339,2,1163,0),(2340,24,1164,0),(2341,36,1164,0),(2342,2,1164,0),(2343,24,1165,0),(2344,36,1165,0),(2345,2,1165,0),(2346,24,1166,0),(2347,36,1166,0),(2348,2,1166,0),(2349,24,1167,0),(2350,36,1167,0),(2351,2,1167,0),(2352,24,1168,0),(2353,36,1168,0),(2354,2,1168,0),(2355,24,1169,0),(2356,8,1169,0),(2357,2,1169,0),(2358,24,1170,0),(2359,8,1170,0),(2360,2,1170,0),(2361,24,1171,0),(2362,8,1171,0),(2363,2,1171,0),(2364,24,1172,0),(2365,8,1172,0),(2366,2,1172,0),(2367,24,1173,0),(2368,8,1173,0),(2369,2,1173,0),(2370,24,1174,0),(2371,8,1174,0),(2372,2,1174,0),(2373,24,1175,0),(2374,8,1175,0),(2375,2,1175,0),(2376,24,1176,0),(2377,8,1176,0),(2378,2,1176,0),(2379,24,1177,0),(2380,8,1177,0),(2381,2,1177,0),(2382,24,1178,0),(2383,8,1178,0),(2384,2,1178,0),(2385,24,1179,0),(2386,8,1179,0),(2387,2,1179,0),(2388,24,1180,0),(2389,8,1180,0),(2390,2,1180,0),(2391,24,1181,0),(2392,8,1181,0),(2393,2,1181,0),(2394,24,1182,0),(2395,8,1182,0),(2396,2,1182,0),(2397,24,1183,0),(2398,8,1183,0),(2399,2,1183,0),(2400,24,1184,0),(2401,8,1184,0),(2402,2,1184,0),(2403,24,1185,0),(2404,34,1185,0),(2405,2,1185,0),(2406,24,1186,0),(2407,34,1186,0),(2408,2,1186,0),(2409,24,1187,0),(2410,34,1187,0),(2411,2,1187,0),(2412,24,1188,0),(2413,34,1188,0),(2414,2,1188,0),(2415,24,1189,0),(2416,34,1189,0),(2417,2,1189,0),(2418,24,1190,0),(2419,34,1190,0),(2420,2,1190,0),(2421,24,1191,0),(2422,34,1191,0),(2423,2,1191,0),(2424,24,1192,0),(2425,34,1192,0),(2426,2,1192,0),(2427,24,1193,0),(2428,34,1193,0),(2429,2,1193,0),(2430,24,1194,0),(2431,34,1194,0),(2432,2,1194,0),(2433,24,1195,0),(2434,34,1195,0),(2435,2,1195,0),(2436,24,1196,0),(2437,34,1196,0),(2438,2,1196,0),(2439,24,1197,0),(2440,34,1197,0),(2441,2,1197,0),(2442,24,1198,0),(2443,34,1198,0),(2444,2,1198,0),(2445,24,1199,0),(2446,34,1199,0),(2447,2,1199,0),(2448,24,1200,0),(2449,34,1200,0),(2450,2,1200,0),(2451,24,1201,0),(2452,35,1201,0),(2453,2,1201,0),(2454,24,1202,0),(2455,35,1202,0),(2456,2,1202,0),(2457,24,1203,0),(2458,35,1203,0),(2459,2,1203,0),(2460,24,1204,0),(2461,35,1204,0),(2462,2,1204,0),(2463,24,1205,0),(2464,35,1205,0),(2465,2,1205,0),(2466,24,1206,0),(2467,35,1206,0),(2468,2,1206,0),(2469,24,1207,0),(2470,35,1207,0),(2471,2,1207,0),(2472,24,1208,0),(2473,35,1208,0),(2474,2,1208,0),(2475,24,1209,0),(2476,35,1209,0),(2477,2,1209,0),(2478,24,1210,0),(2479,35,1210,0),(2480,2,1210,0),(2481,24,1211,0),(2482,35,1211,0),(2483,2,1211,0),(2484,24,1212,0),(2485,35,1212,0),(2486,2,1212,0),(2487,24,1213,0),(2488,35,1213,0),(2489,2,1213,0),(2490,24,1214,0),(2491,35,1214,0),(2492,2,1214,0),(2493,24,1215,0),(2494,35,1215,0),(2495,2,1215,0),(2496,24,1216,0),(2497,35,1216,0),(2498,2,1216,0),(2499,23,1217,0),(2500,8,1217,0),(2501,34,1217,0),(2502,2,1217,0),(2503,23,1218,0),(2504,8,1218,0),(2505,34,1218,0),(2506,2,1218,0),(2507,23,1219,0),(2508,8,1219,0),(2509,34,1219,0),(2510,2,1219,0),(2511,23,1220,0),(2512,8,1220,0),(2513,34,1220,0),(2514,2,1220,0),(2515,23,1221,0),(2516,8,1221,0),(2517,34,1221,0),(2518,2,1221,0),(2519,23,1222,0),(2520,8,1222,0),(2521,34,1222,0),(2522,2,1222,0),(2523,23,1223,0),(2524,8,1223,0),(2525,34,1223,0),(2526,2,1223,0),(2527,23,1224,0),(2528,8,1224,0),(2529,34,1224,0),(2530,2,1224,0),(2531,23,1225,0),(2532,8,1225,0),(2533,34,1225,0),(2534,2,1225,0),(2535,23,1226,0),(2536,8,1226,0),(2537,34,1226,0),(2538,2,1226,0),(2539,23,1227,0),(2540,30,1227,0),(2541,2,1227,0),(2542,23,1228,0),(2543,30,1228,0),(2544,2,1228,0),(2545,23,1229,0),(2546,30,1229,0),(2547,2,1229,0),(2548,23,1230,0),(2549,30,1230,0),(2550,2,1230,0),(2551,23,1231,0),(2552,30,1231,0),(2553,2,1231,0),(2554,23,1232,0),(2555,30,1232,0),(2556,2,1232,0),(2557,23,1233,0),(2558,30,1233,0),(2559,2,1233,0),(2560,23,1234,0),(2561,30,1234,0),(2562,2,1234,0),(2563,23,1235,0),(2564,30,1235,0),(2565,2,1235,0),(2566,23,1236,0),(2567,30,1236,0),(2568,2,1236,0),(2569,23,1237,0),(2570,30,1237,0),(2571,2,1237,0),(2572,23,1238,0),(2573,30,1238,0),(2574,2,1238,0),(2575,23,1239,0),(2576,30,1239,0),(2577,2,1239,0),(2578,23,1240,0),(2579,30,1240,0),(2580,2,1240,0),(2581,23,1241,0),(2582,30,1241,0),(2583,2,1241,0),(2584,23,1242,0),(2585,30,1242,0),(2586,2,1242,0),(2587,23,1243,0),(2588,23,1244,0),(2589,23,1245,0),(2590,23,1246,0),(2591,23,1247,0),(2592,23,1248,0),(2593,23,1249,0),(2594,23,1250,0),(2595,23,1251,0),(2596,23,1252,0),(2597,23,1253,0),(2598,23,1254,0),(2599,23,1255,0),(2600,23,1256,0),(2601,23,1257,0),(2602,23,1258,0),(2603,23,1259,0),(2604,8,1259,0),(2605,35,1259,0),(2606,2,1259,0),(2607,23,1260,0),(2608,8,1260,0),(2609,35,1260,0),(2610,2,1260,0),(2611,23,1261,0),(2612,8,1261,0),(2613,35,1261,0),(2614,2,1261,0),(2615,23,1262,0),(2616,8,1262,0),(2617,35,1262,0),(2618,2,1262,0),(2619,23,1263,0),(2620,8,1263,0),(2621,35,1263,0),(2622,2,1263,0),(2623,23,1264,0),(2624,8,1264,0),(2625,35,1264,0),(2626,2,1264,0),(2627,23,1265,0),(2628,8,1265,0),(2629,35,1265,0),(2630,2,1265,0),(2631,23,1266,0),(2632,8,1266,0),(2633,35,1266,0),(2634,2,1266,0),(2635,23,1267,0),(2636,8,1267,0),(2637,35,1267,0),(2638,2,1267,0),(2639,23,1268,0),(2640,8,1268,0),(2641,35,1268,0),(2642,2,1268,0),(2643,23,1269,0),(2644,8,1269,0),(2645,35,1269,0),(2646,2,1269,0),(2647,23,1270,0),(2648,8,1270,0),(2649,35,1270,0),(2650,2,1270,0),(2651,23,1271,0),(2652,8,1271,0),(2653,35,1271,0),(2654,2,1271,0),(2655,23,1272,0),(2656,8,1272,0),(2657,35,1272,0),(2658,2,1272,0),(2659,23,1273,0),(2660,8,1273,0),(2661,35,1273,0),(2662,2,1273,0),(2663,23,1274,0),(2664,8,1274,0),(2665,35,1274,0),(2666,2,1274,0),(2667,23,1275,0),(2668,23,1276,0),(2669,23,1277,0),(2670,23,1278,0),(2671,23,1279,0),(2672,23,1280,0),(2673,23,1281,0),(2674,23,1282,0),(2675,23,1283,0),(2676,23,1284,0),(2677,23,1285,0),(2678,23,1286,0),(2679,23,1287,0),(2680,23,1288,0),(2681,23,1289,0),(2682,23,1290,0),(2683,23,1291,0),(2684,23,1292,0),(2685,23,1293,0),(2686,23,1294,0),(2687,23,1295,0),(2688,23,1296,0),(2689,23,1297,0),(2690,23,1298,0),(2691,23,1299,0),(2692,23,1300,0),(2693,23,1301,0),(2694,23,1302,0),(2695,23,1303,0),(2696,23,1304,0),(2697,23,1305,0),(2698,23,1306,0),(2699,23,1307,0),(2700,30,1307,0),(2701,34,1307,0),(2702,2,1307,0),(2703,23,1308,0),(2704,30,1308,0),(2705,34,1308,0),(2706,2,1308,0),(2707,23,1309,0),(2708,30,1309,0),(2709,34,1309,0),(2710,2,1309,0),(2711,23,1310,0),(2712,30,1310,0),(2713,34,1310,0),(2714,2,1310,0),(2715,23,1311,0),(2716,30,1311,0),(2717,34,1311,0),(2718,2,1311,0),(2719,23,1312,0),(2720,30,1312,0),(2721,34,1312,0),(2722,2,1312,0),(2723,23,1313,0),(2724,30,1313,0),(2725,34,1313,0),(2726,2,1313,0),(2727,23,1314,0),(2728,30,1314,0),(2729,34,1314,0),(2730,2,1314,0),(2731,23,1315,0),(2732,30,1315,0),(2733,34,1315,0),(2734,2,1315,0),(2735,23,1316,0),(2736,30,1316,0),(2737,34,1316,0),(2738,2,1316,0),(2739,23,1317,0),(2740,30,1317,0),(2741,34,1317,0),(2742,2,1317,0),(2743,23,1318,0),(2744,30,1318,0),(2745,34,1318,0),(2746,2,1318,0),(2747,23,1319,0),(2748,30,1319,0),(2749,34,1319,0),(2750,2,1319,0),(2751,23,1320,0),(2752,30,1320,0),(2753,34,1320,0),(2754,2,1320,0),(2755,23,1321,0),(2756,30,1321,0),(2757,34,1321,0),(2758,2,1321,0),(2759,23,1322,0),(2760,30,1322,0),(2761,34,1322,0),(2762,2,1322,0),(2763,23,1323,0),(2764,34,1323,0),(2765,2,1323,0),(2766,23,1324,0),(2767,34,1324,0),(2768,2,1324,0),(2769,23,1325,0),(2770,34,1325,0),(2771,2,1325,0),(2772,23,1326,0),(2773,34,1326,0),(2774,2,1326,0),(2775,23,1327,0),(2776,34,1327,0),(2777,2,1327,0),(2778,23,1328,0),(2779,34,1328,0),(2780,2,1328,0),(2781,23,1329,0),(2782,34,1329,0),(2783,2,1329,0),(2784,23,1330,0),(2785,34,1330,0),(2786,2,1330,0),(2787,23,1331,0),(2788,34,1331,0),(2789,2,1331,0),(2790,23,1332,0),(2791,34,1332,0),(2792,2,1332,0),(2793,23,1333,0),(2794,34,1333,0),(2795,2,1333,0),(2796,23,1334,0),(2797,34,1334,0),(2798,2,1334,0),(2799,23,1335,0),(2800,34,1335,0),(2801,2,1335,0),(2802,23,1336,0),(2803,34,1336,0),(2804,2,1336,0),(2805,23,1337,0),(2806,34,1337,0),(2807,2,1337,0),(2808,23,1338,0),(2809,34,1338,0),(2810,2,1338,0),(2811,23,1339,0),(2812,8,1339,0),(2813,35,1339,0),(2814,2,1339,0),(2815,23,1340,0),(2816,8,1340,0),(2817,35,1340,0),(2818,2,1340,0),(2819,23,1341,0),(2820,8,1341,0),(2821,35,1341,0),(2822,2,1341,0),(2823,23,1342,0),(2824,8,1342,0),(2825,35,1342,0),(2826,2,1342,0),(2827,23,1343,0),(2828,8,1343,0),(2829,35,1343,0),(2830,2,1343,0),(2831,23,1344,0),(2832,8,1344,0),(2833,35,1344,0),(2834,2,1344,0),(2835,23,1345,0),(2836,8,1345,0),(2837,35,1345,0),(2838,2,1345,0),(2839,23,1346,0),(2840,8,1346,0),(2841,35,1346,0),(2842,2,1346,0),(2843,23,1347,0),(2844,8,1347,0),(2845,35,1347,0),(2846,2,1347,0),(2847,23,1348,0),(2848,8,1348,0),(2849,35,1348,0),(2850,2,1348,0),(2851,23,1349,0),(2852,8,1349,0),(2853,35,1349,0),(2854,2,1349,0),(2855,23,1350,0),(2856,8,1350,0),(2857,35,1350,0),(2858,2,1350,0),(2859,23,1351,0),(2860,8,1351,0),(2861,35,1351,0),(2862,2,1351,0),(2863,23,1352,0),(2864,8,1352,0),(2865,35,1352,0),(2866,2,1352,0),(2867,23,1353,0),(2868,8,1353,0),(2869,35,1353,0),(2870,2,1353,0),(2871,23,1354,0),(2872,8,1354,0),(2873,35,1354,0),(2874,2,1354,0),(2875,23,1355,0),(2876,8,1355,0),(2877,2,1355,0),(2878,23,1356,0),(2879,8,1356,0),(2880,2,1356,0),(2881,23,1357,0),(2882,8,1357,0),(2883,2,1357,0),(2884,23,1358,0),(2885,8,1358,0),(2886,2,1358,0),(2887,23,1359,0),(2888,8,1359,0),(2889,2,1359,0),(2890,23,1360,0),(2891,8,1360,0),(2892,2,1360,0),(2893,23,1361,0),(2894,8,1361,0),(2895,2,1361,0),(2896,23,1362,0),(2897,8,1362,0),(2898,2,1362,0),(2899,23,1363,0),(2900,8,1363,0),(2901,2,1363,0),(2902,23,1364,0),(2903,8,1364,0),(2904,2,1364,0),(2905,23,1365,0),(2906,8,1365,0),(2907,2,1365,0),(2908,23,1366,0),(2909,8,1366,0),(2910,2,1366,0),(2911,23,1367,0),(2912,8,1367,0),(2913,2,1367,0),(2914,23,1368,0),(2915,8,1368,0),(2916,2,1368,0),(2917,23,1369,0),(2918,8,1369,0),(2919,2,1369,0),(2920,23,1370,0),(2921,8,1370,0),(2922,2,1370,0),(2923,23,1371,0),(2924,30,1371,0),(2925,35,1371,0),(2926,2,1371,0),(2927,23,1372,0),(2928,30,1372,0),(2929,35,1372,0),(2930,2,1372,0),(2931,23,1373,0),(2932,30,1373,0),(2933,35,1373,0),(2934,2,1373,0),(2935,23,1374,0),(2936,30,1374,0),(2937,35,1374,0),(2938,2,1374,0),(2939,23,1375,0),(2940,30,1375,0),(2941,35,1375,0),(2942,2,1375,0),(2943,23,1376,0),(2944,30,1376,0),(2945,35,1376,0),(2946,2,1376,0),(2947,23,1377,0),(2948,30,1377,0),(2949,35,1377,0),(2950,2,1377,0),(2951,23,1378,0),(2952,30,1378,0),(2953,35,1378,0),(2954,2,1378,0),(2955,23,1379,0),(2956,30,1379,0),(2957,35,1379,0),(2958,2,1379,0),(2959,23,1380,0),(2960,30,1380,0),(2961,35,1380,0),(2962,2,1380,0),(2963,23,1381,0),(2964,30,1381,0),(2965,35,1381,0),(2966,2,1381,0),(2967,23,1382,0),(2968,30,1382,0),(2969,35,1382,0),(2970,2,1382,0),(2971,23,1383,0),(2972,30,1383,0),(2973,35,1383,0),(2974,2,1383,0),(2975,23,1384,0),(2976,30,1384,0),(2977,35,1384,0),(2978,2,1384,0),(2979,23,1385,0),(2980,30,1385,0),(2981,35,1385,0),(2982,2,1385,0),(2983,23,1386,0),(2984,30,1386,0),(2985,35,1386,0),(2986,2,1386,0),(2987,23,1387,0),(2988,30,1387,0),(2989,35,1387,0),(2990,2,1387,0),(2991,23,1388,0),(2992,30,1388,0),(2993,35,1388,0),(2994,2,1388,0),(2995,23,1389,0),(2996,30,1389,0),(2997,35,1389,0),(2998,2,1389,0),(2999,23,1390,0),(3000,30,1390,0),(3001,35,1390,0),(3002,2,1390,0),(3003,23,1391,0),(3004,30,1391,0),(3005,35,1391,0),(3006,2,1391,0),(3007,23,1392,0),(3008,30,1392,0),(3009,35,1392,0),(3010,2,1392,0),(3011,23,1393,0),(3012,30,1393,0),(3013,35,1393,0),(3014,2,1393,0),(3015,23,1394,0),(3016,30,1394,0),(3017,35,1394,0),(3018,2,1394,0),(3019,23,1395,0),(3020,30,1395,0),(3021,35,1395,0),(3022,2,1395,0),(3023,23,1396,0),(3024,30,1396,0),(3025,35,1396,0),(3026,2,1396,0),(3027,23,1397,0),(3028,30,1397,0),(3029,35,1397,0),(3030,2,1397,0),(3031,23,1398,0),(3032,30,1398,0),(3033,35,1398,0),(3034,2,1398,0),(3035,23,1399,0),(3036,30,1399,0),(3037,35,1399,0),(3038,2,1399,0),(3039,23,1400,0),(3040,30,1400,0),(3041,35,1400,0),(3042,2,1400,0),(3043,23,1401,0),(3044,30,1401,0),(3045,35,1401,0),(3046,2,1401,0),(3047,23,1402,0),(3048,30,1402,0),(3049,35,1402,0),(3050,2,1402,0),(3051,25,1403,0),(3052,33,1403,0),(3053,8,1403,0),(3054,2,1403,0),(3055,25,1404,0),(3056,33,1404,0),(3057,8,1404,0),(3058,2,1404,0),(3059,25,1405,0),(3060,33,1405,0),(3061,8,1405,0),(3062,2,1405,0),(3063,25,1406,0),(3064,33,1406,0),(3065,8,1406,0),(3066,2,1406,0),(3067,25,1407,0),(3068,33,1407,0),(3069,8,1407,0),(3070,2,1407,0),(3071,25,1408,0),(3072,33,1408,0),(3073,8,1408,0),(3074,2,1408,0),(3075,25,1409,0),(3076,33,1409,0),(3077,8,1409,0),(3078,2,1409,0),(3079,25,1410,0),(3080,33,1410,0),(3081,8,1410,0),(3082,2,1410,0),(3083,25,1411,0),(3084,33,1411,0),(3085,8,1411,0),(3086,2,1411,0),(3087,25,1412,0),(3088,33,1412,0),(3089,8,1412,0),(3090,2,1412,0),(3091,25,1413,0),(3092,33,1413,0),(3093,8,1413,0),(3094,2,1413,0),(3095,25,1414,0),(3096,33,1414,0),(3097,8,1414,0),(3098,2,1414,0),(3099,25,1415,0),(3100,33,1415,0),(3101,8,1415,0),(3102,2,1415,0),(3103,25,1416,0),(3104,33,1416,0),(3105,8,1416,0),(3106,2,1416,0),(3107,25,1417,0),(3108,33,1417,0),(3109,8,1417,0),(3110,2,1417,0),(3111,25,1418,0),(3112,33,1418,0),(3113,8,1418,0),(3114,2,1418,0),(3115,25,1419,0),(3116,33,1419,0),(3117,35,1419,0),(3118,2,1419,0),(3119,25,1420,0),(3120,33,1420,0),(3121,35,1420,0),(3122,2,1420,0),(3123,25,1421,0),(3124,33,1421,0),(3125,35,1421,0),(3126,2,1421,0),(3127,25,1422,0),(3128,33,1422,0),(3129,35,1422,0),(3130,2,1422,0),(3131,25,1423,0),(3132,33,1423,0),(3133,35,1423,0),(3134,2,1423,0),(3135,25,1424,0),(3136,33,1424,0),(3137,35,1424,0),(3138,2,1424,0),(3139,25,1425,0),(3140,33,1425,0),(3141,35,1425,0),(3142,2,1425,0),(3143,25,1426,0),(3144,33,1426,0),(3145,35,1426,0),(3146,2,1426,0),(3147,25,1427,0),(3148,33,1427,0),(3149,35,1427,0),(3150,2,1427,0),(3151,25,1428,0),(3152,33,1428,0),(3153,35,1428,0),(3154,2,1428,0),(3155,25,1429,0),(3156,33,1429,0),(3157,35,1429,0),(3158,2,1429,0),(3159,25,1430,0),(3160,33,1430,0),(3161,35,1430,0),(3162,2,1430,0),(3163,25,1431,0),(3164,33,1431,0),(3165,35,1431,0),(3166,2,1431,0),(3167,25,1432,0),(3168,33,1432,0),(3169,35,1432,0),(3170,2,1432,0),(3171,25,1433,0),(3172,33,1433,0),(3173,35,1433,0),(3174,2,1433,0),(3175,25,1434,0),(3176,33,1434,0),(3177,35,1434,0),(3178,2,1434,0),(3179,25,1435,0),(3180,33,1435,0),(3181,8,1435,0),(3182,36,1435,0),(3183,2,1435,0),(3184,25,1436,0),(3185,33,1436,0),(3186,8,1436,0),(3187,36,1436,0),(3188,2,1436,0),(3189,25,1437,0),(3190,33,1437,0),(3191,8,1437,0),(3192,36,1437,0),(3193,2,1437,0),(3194,25,1438,0),(3195,33,1438,0),(3196,8,1438,0),(3197,36,1438,0),(3198,2,1438,0),(3199,25,1439,0),(3200,33,1439,0),(3201,8,1439,0),(3202,36,1439,0),(3203,2,1439,0),(3204,25,1440,0),(3205,33,1440,0),(3206,8,1440,0),(3207,36,1440,0),(3208,2,1440,0),(3209,25,1441,0),(3210,33,1441,0),(3211,8,1441,0),(3212,36,1441,0),(3213,2,1441,0),(3214,25,1442,0),(3215,33,1442,0),(3216,8,1442,0),(3217,36,1442,0),(3218,2,1442,0),(3219,25,1443,0),(3220,33,1443,0),(3221,8,1443,0),(3222,36,1443,0),(3223,2,1443,0),(3224,25,1444,0),(3225,33,1444,0),(3226,8,1444,0),(3227,36,1444,0),(3228,2,1444,0),(3229,25,1445,0),(3230,33,1445,0),(3231,8,1445,0),(3232,36,1445,0),(3233,2,1445,0),(3234,25,1446,0),(3235,33,1446,0),(3236,8,1446,0),(3237,36,1446,0),(3238,2,1446,0),(3239,25,1447,0),(3240,33,1447,0),(3241,8,1447,0),(3242,36,1447,0),(3243,2,1447,0),(3244,25,1448,0),(3245,33,1448,0),(3246,8,1448,0),(3247,36,1448,0),(3248,2,1448,0),(3249,25,1449,0),(3250,33,1449,0),(3251,8,1449,0),(3252,36,1449,0),(3253,2,1449,0),(3254,25,1450,0),(3255,33,1450,0),(3256,8,1450,0),(3257,36,1450,0),(3258,2,1450,0),(3259,25,1451,0),(3260,33,1451,0),(3261,8,1451,0),(3262,36,1451,0),(3263,2,1451,0),(3264,25,1452,0),(3265,33,1452,0),(3266,8,1452,0),(3267,36,1452,0),(3268,2,1452,0),(3269,25,1453,0),(3270,33,1453,0),(3271,8,1453,0),(3272,36,1453,0),(3273,2,1453,0),(3274,25,1454,0),(3275,33,1454,0),(3276,8,1454,0),(3277,36,1454,0),(3278,2,1454,0),(3279,25,1455,0),(3280,33,1455,0),(3281,8,1455,0),(3282,36,1455,0),(3283,2,1455,0),(3284,25,1456,0),(3285,33,1456,0),(3286,8,1456,0),(3287,36,1456,0),(3288,2,1456,0),(3289,25,1457,0),(3290,33,1457,0),(3291,8,1457,0),(3292,36,1457,0),(3293,2,1457,0),(3294,25,1458,0),(3295,33,1458,0),(3296,8,1458,0),(3297,36,1458,0),(3298,2,1458,0),(3299,25,1459,0),(3300,33,1459,0),(3301,8,1459,0),(3302,36,1459,0),(3303,2,1459,0),(3304,25,1460,0),(3305,33,1460,0),(3306,8,1460,0),(3307,36,1460,0),(3308,2,1460,0),(3309,25,1461,0),(3310,33,1461,0),(3311,8,1461,0),(3312,36,1461,0),(3313,2,1461,0),(3314,25,1462,0),(3315,33,1462,0),(3316,8,1462,0),(3317,36,1462,0),(3318,2,1462,0),(3319,25,1463,0),(3320,33,1463,0),(3321,8,1463,0),(3322,36,1463,0),(3323,2,1463,0),(3324,25,1464,0),(3325,33,1464,0),(3326,8,1464,0),(3327,36,1464,0),(3328,2,1464,0),(3329,25,1465,0),(3330,33,1465,0),(3331,8,1465,0),(3332,36,1465,0),(3333,2,1465,0),(3334,25,1466,0),(3335,33,1466,0),(3336,8,1466,0),(3337,36,1466,0),(3338,2,1466,0),(3339,25,1467,0),(3340,33,1467,0),(3341,8,1467,0),(3342,34,1467,0),(3343,2,1467,0),(3344,25,1468,0),(3345,33,1468,0),(3346,8,1468,0),(3347,34,1468,0),(3348,2,1468,0),(3349,25,1469,0),(3350,33,1469,0),(3351,8,1469,0),(3352,34,1469,0),(3353,2,1469,0),(3354,25,1470,0),(3355,33,1470,0),(3356,8,1470,0),(3357,34,1470,0),(3358,2,1470,0),(3359,25,1471,0),(3360,33,1471,0),(3361,8,1471,0),(3362,34,1471,0),(3363,2,1471,0),(3364,25,1472,0),(3365,33,1472,0),(3366,8,1472,0),(3367,34,1472,0),(3368,2,1472,0),(3369,25,1473,0),(3370,33,1473,0),(3371,8,1473,0),(3372,34,1473,0),(3373,2,1473,0),(3374,25,1474,0),(3375,33,1474,0),(3376,8,1474,0),(3377,34,1474,0),(3378,2,1474,0),(3379,25,1475,0),(3380,33,1475,0),(3381,8,1475,0),(3382,34,1475,0),(3383,2,1475,0),(3384,25,1476,0),(3385,33,1476,0),(3386,8,1476,0),(3387,34,1476,0),(3388,2,1476,0),(3389,25,1477,0),(3390,33,1477,0),(3391,8,1477,0),(3392,34,1477,0),(3393,2,1477,0),(3394,25,1478,0),(3395,33,1478,0),(3396,8,1478,0),(3397,34,1478,0),(3398,2,1478,0),(3399,25,1479,0),(3400,33,1479,0),(3401,8,1479,0),(3402,34,1479,0),(3403,2,1479,0),(3404,25,1480,0),(3405,33,1480,0),(3406,8,1480,0),(3407,34,1480,0),(3408,2,1480,0),(3409,25,1481,0),(3410,33,1481,0),(3411,8,1481,0),(3412,34,1481,0),(3413,2,1481,0),(3414,25,1482,0),(3415,33,1482,0),(3416,8,1482,0),(3417,34,1482,0),(3418,2,1482,0),(3419,25,1483,0),(3420,33,1483,0),(3421,30,1483,0),(3422,2,1483,0),(3423,25,1484,0),(3424,33,1484,0),(3425,30,1484,0),(3426,2,1484,0),(3427,25,1485,0),(3428,33,1485,0),(3429,30,1485,0),(3430,2,1485,0),(3431,25,1486,0),(3432,33,1486,0),(3433,30,1486,0),(3434,2,1486,0),(3435,25,1487,0),(3436,33,1487,0),(3437,30,1487,0),(3438,2,1487,0),(3439,25,1488,0),(3440,33,1488,0),(3441,30,1488,0),(3442,2,1488,0),(3443,25,1489,0),(3444,33,1489,0),(3445,30,1489,0),(3446,2,1489,0),(3447,25,1490,0),(3448,33,1490,0),(3449,30,1490,0),(3450,2,1490,0),(3451,25,1491,0),(3452,33,1491,0),(3453,30,1491,0),(3454,2,1491,0),(3455,25,1492,0),(3456,33,1492,0),(3457,30,1492,0),(3458,2,1492,0),(3459,25,1493,0),(3460,33,1493,0),(3461,30,1493,0),(3462,2,1493,0),(3463,25,1494,0),(3464,33,1494,0),(3465,30,1494,0),(3466,2,1494,0),(3467,25,1495,0),(3468,33,1495,0),(3469,30,1495,0),(3470,2,1495,0),(3471,25,1496,0),(3472,33,1496,0),(3473,30,1496,0),(3474,2,1496,0),(3475,25,1497,0),(3476,33,1497,0),(3477,30,1497,0),(3478,2,1497,0),(3479,25,1498,0),(3480,33,1498,0),(3481,30,1498,0),(3482,2,1498,0),(3483,25,1499,0),(3484,33,1499,0),(3485,30,1499,0),(3486,36,1499,0),(3487,2,1499,0),(3488,25,1500,0),(3489,33,1500,0),(3490,30,1500,0),(3491,36,1500,0),(3492,2,1500,0),(3493,25,1501,0),(3494,33,1501,0),(3495,30,1501,0),(3496,36,1501,0),(3497,2,1501,0),(3498,25,1502,0),(3499,33,1502,0),(3500,30,1502,0),(3501,36,1502,0),(3502,2,1502,0),(3503,25,1503,0),(3504,33,1503,0),(3505,30,1503,0),(3506,36,1503,0),(3507,2,1503,0),(3508,25,1504,0),(3509,33,1504,0),(3510,30,1504,0),(3511,36,1504,0),(3512,2,1504,0),(3513,25,1505,0),(3514,33,1505,0),(3515,30,1505,0),(3516,36,1505,0),(3517,2,1505,0),(3518,25,1506,0),(3519,33,1506,0),(3520,30,1506,0),(3521,36,1506,0),(3522,2,1506,0),(3523,25,1507,0),(3524,33,1507,0),(3525,30,1507,0),(3526,36,1507,0),(3527,2,1507,0),(3528,25,1508,0),(3529,33,1508,0),(3530,30,1508,0),(3531,36,1508,0),(3532,2,1508,0),(3533,25,1509,0),(3534,33,1509,0),(3535,30,1509,0),(3536,36,1509,0),(3537,2,1509,0),(3538,25,1510,0),(3539,33,1510,0),(3540,30,1510,0),(3541,36,1510,0),(3542,2,1510,0),(3543,25,1511,0),(3544,33,1511,0),(3545,30,1511,0),(3546,36,1511,0),(3547,2,1511,0),(3548,25,1512,0),(3549,33,1512,0),(3550,30,1512,0),(3551,36,1512,0),(3552,2,1512,0),(3553,25,1513,0),(3554,33,1513,0),(3555,30,1513,0),(3556,36,1513,0),(3557,2,1513,0),(3558,25,1514,0),(3559,33,1514,0),(3560,30,1514,0),(3561,36,1514,0),(3562,2,1514,0),(3563,25,1515,0),(3564,33,1515,0),(3565,35,1515,0),(3566,2,1515,0),(3567,25,1516,0),(3568,33,1516,0),(3569,35,1516,0),(3570,2,1516,0),(3571,25,1517,0),(3572,33,1517,0),(3573,35,1517,0),(3574,2,1517,0),(3575,25,1518,0),(3576,33,1518,0),(3577,35,1518,0),(3578,2,1518,0),(3579,25,1519,0),(3580,33,1519,0),(3581,35,1519,0),(3582,2,1519,0),(3583,25,1520,0),(3584,33,1520,0),(3585,35,1520,0),(3586,2,1520,0),(3587,25,1521,0),(3588,33,1521,0),(3589,35,1521,0),(3590,2,1521,0),(3591,25,1522,0),(3592,33,1522,0),(3593,35,1522,0),(3594,2,1522,0),(3595,25,1523,0),(3596,33,1523,0),(3597,35,1523,0),(3598,2,1523,0),(3599,25,1524,0),(3600,33,1524,0),(3601,35,1524,0),(3602,2,1524,0),(3603,25,1525,0),(3604,33,1525,0),(3605,35,1525,0),(3606,2,1525,0),(3607,25,1526,0),(3608,33,1526,0),(3609,35,1526,0),(3610,2,1526,0),(3611,25,1527,0),(3612,33,1527,0),(3613,35,1527,0),(3614,2,1527,0),(3615,25,1528,0),(3616,33,1528,0),(3617,35,1528,0),(3618,2,1528,0),(3619,25,1529,0),(3620,33,1529,0),(3621,35,1529,0),(3622,2,1529,0),(3623,25,1530,0),(3624,33,1530,0),(3625,35,1530,0),(3626,2,1530,0),(3627,25,1531,0),(3628,33,1531,0),(3629,30,1531,0),(3630,34,1531,0),(3631,2,1531,0),(3632,25,1532,0),(3633,33,1532,0),(3634,30,1532,0),(3635,34,1532,0),(3636,2,1532,0),(3637,25,1533,0),(3638,33,1533,0),(3639,30,1533,0),(3640,34,1533,0),(3641,2,1533,0),(3642,25,1534,0),(3643,33,1534,0),(3644,30,1534,0),(3645,34,1534,0),(3646,2,1534,0),(3647,25,1535,0),(3648,33,1535,0),(3649,30,1535,0),(3650,34,1535,0),(3651,2,1535,0),(3652,25,1536,0),(3653,33,1536,0),(3654,30,1536,0),(3655,34,1536,0),(3656,2,1536,0),(3657,25,1537,0),(3658,33,1537,0),(3659,30,1537,0),(3660,34,1537,0),(3661,2,1537,0),(3662,25,1538,0),(3663,33,1538,0),(3664,30,1538,0),(3665,34,1538,0),(3666,2,1538,0),(3667,25,1539,0),(3668,33,1539,0),(3669,30,1539,0),(3670,34,1539,0),(3671,2,1539,0),(3672,25,1540,0),(3673,33,1540,0),(3674,30,1540,0),(3675,34,1540,0),(3676,2,1540,0),(3677,25,1541,0),(3678,33,1541,0),(3679,30,1541,0),(3680,34,1541,0),(3681,2,1541,0),(3682,25,1542,0),(3683,33,1542,0),(3684,30,1542,0),(3685,34,1542,0),(3686,2,1542,0),(3687,25,1543,0),(3688,33,1543,0),(3689,30,1543,0),(3690,34,1543,0),(3691,2,1543,0),(3692,25,1544,0),(3693,33,1544,0),(3694,30,1544,0),(3695,34,1544,0),(3696,2,1544,0),(3697,25,1545,0),(3698,33,1545,0),(3699,30,1545,0),(3700,34,1545,0),(3701,2,1545,0),(3702,25,1546,0),(3703,33,1546,0),(3704,30,1546,0),(3705,34,1546,0),(3706,2,1546,0),(3707,25,1547,0),(3708,33,1547,0),(3709,35,1547,0),(3710,2,1547,0),(3711,25,1548,0),(3712,33,1548,0),(3713,35,1548,0),(3714,2,1548,0),(3715,25,1549,0),(3716,33,1549,0),(3717,35,1549,0),(3718,2,1549,0),(3719,25,1550,0),(3720,33,1550,0),(3721,35,1550,0),(3722,2,1550,0),(3723,25,1551,0),(3724,33,1551,0),(3725,35,1551,0),(3726,2,1551,0),(3727,25,1552,0),(3728,33,1552,0),(3729,35,1552,0),(3730,2,1552,0),(3731,25,1553,0),(3732,33,1553,0),(3733,35,1553,0),(3734,2,1553,0),(3735,25,1554,0),(3736,33,1554,0),(3737,35,1554,0),(3738,2,1554,0),(3739,25,1555,0),(3740,33,1555,0),(3741,35,1555,0),(3742,2,1555,0),(3743,25,1556,0),(3744,33,1556,0),(3745,35,1556,0),(3746,2,1556,0),(3747,25,1557,0),(3748,33,1557,0),(3749,35,1557,0),(3750,2,1557,0),(3751,25,1558,0),(3752,33,1558,0),(3753,35,1558,0),(3754,2,1558,0),(3755,25,1559,0),(3756,33,1559,0),(3757,35,1559,0),(3758,2,1559,0),(3759,25,1560,0),(3760,33,1560,0),(3761,35,1560,0),(3762,2,1560,0),(3763,25,1561,0),(3764,33,1561,0),(3765,35,1561,0),(3766,2,1561,0),(3767,25,1562,0),(3768,33,1562,0),(3769,35,1562,0),(3770,2,1562,0),(3771,25,1563,0),(3772,33,1563,0),(3773,2,1563,0),(3774,25,1564,0),(3775,33,1564,0),(3776,2,1564,0),(3777,25,1565,0),(3778,33,1565,0),(3779,2,1565,0),(3780,25,1566,0),(3781,33,1566,0),(3782,2,1566,0),(3783,25,1567,0),(3784,33,1567,0),(3785,2,1567,0),(3786,25,1568,0),(3787,33,1568,0),(3788,2,1568,0),(3789,25,1569,0),(3790,33,1569,0),(3791,2,1569,0),(3792,25,1570,0),(3793,33,1570,0),(3794,2,1570,0),(3795,25,1571,0),(3796,33,1571,0),(3797,2,1571,0),(3798,25,1572,0),(3799,33,1572,0),(3800,2,1572,0),(3801,25,1573,0),(3802,33,1573,0),(3803,2,1573,0),(3804,25,1574,0),(3805,33,1574,0),(3806,2,1574,0),(3807,25,1575,0),(3808,33,1575,0),(3809,2,1575,0),(3810,25,1576,0),(3811,33,1576,0),(3812,2,1576,0),(3813,25,1577,0),(3814,33,1577,0),(3815,2,1577,0),(3816,25,1578,0),(3817,33,1578,0),(3818,2,1578,0),(3819,25,1579,0),(3820,33,1579,0),(3821,2,1579,0),(3822,25,1580,0),(3823,33,1580,0),(3824,2,1580,0),(3825,25,1581,0),(3826,33,1581,0),(3827,2,1581,0),(3828,25,1582,0),(3829,33,1582,0),(3830,2,1582,0),(3831,25,1583,0),(3832,33,1583,0),(3833,2,1583,0),(3834,25,1584,0),(3835,33,1584,0),(3836,2,1584,0),(3837,25,1585,0),(3838,33,1585,0),(3839,2,1585,0),(3840,25,1586,0),(3841,33,1586,0),(3842,2,1586,0),(3843,25,1587,0),(3844,33,1587,0),(3845,2,1587,0),(3846,25,1588,0),(3847,33,1588,0),(3848,2,1588,0),(3849,25,1589,0),(3850,33,1589,0),(3851,2,1589,0),(3852,25,1590,0),(3853,33,1590,0),(3854,2,1590,0),(3855,25,1591,0),(3856,33,1591,0),(3857,2,1591,0),(3858,25,1592,0),(3859,33,1592,0),(3860,2,1592,0),(3861,25,1593,0),(3862,33,1593,0),(3863,2,1593,0),(3864,25,1594,0),(3865,33,1594,0),(3866,2,1594,0),(3867,26,1595,0),(3868,30,1595,0),(3869,36,1595,0),(3870,2,1595,0),(3871,26,1596,0),(3872,30,1596,0),(3873,36,1596,0),(3874,2,1596,0),(3875,26,1597,0),(3876,30,1597,0),(3877,36,1597,0),(3878,2,1597,0),(3879,26,1598,0),(3880,30,1598,0),(3881,36,1598,0),(3882,2,1598,0),(3883,26,1599,0),(3884,30,1599,0),(3885,36,1599,0),(3886,2,1599,0),(3887,26,1600,0),(3888,30,1600,0),(3889,36,1600,0),(3890,2,1600,0),(3891,26,1601,0),(3892,30,1601,0),(3893,36,1601,0),(3894,2,1601,0),(3895,26,1602,0),(3896,30,1602,0),(3897,36,1602,0),(3898,2,1602,0),(3899,26,1603,0),(3900,30,1603,0),(3901,36,1603,0),(3902,2,1603,0),(3903,26,1604,0),(3904,30,1604,0),(3905,36,1604,0),(3906,2,1604,0),(3907,26,1605,0),(3908,30,1605,0),(3909,36,1605,0),(3910,2,1605,0),(3911,26,1606,0),(3912,30,1606,0),(3913,36,1606,0),(3914,2,1606,0),(3915,26,1607,0),(3916,30,1607,0),(3917,36,1607,0),(3918,2,1607,0),(3919,26,1608,0),(3920,30,1608,0),(3921,36,1608,0),(3922,2,1608,0),(3923,26,1609,0),(3924,30,1609,0),(3925,36,1609,0),(3926,2,1609,0),(3927,26,1610,0),(3928,30,1610,0),(3929,36,1610,0),(3930,2,1610,0),(3931,26,1611,0),(3932,26,1612,0),(3933,26,1613,0),(3934,26,1614,0),(3935,26,1615,0),(3936,26,1616,0),(3937,26,1617,0),(3938,26,1618,0),(3939,26,1619,0),(3940,26,1620,0),(3941,26,1621,0),(3942,26,1622,0),(3943,26,1623,0),(3944,26,1624,0),(3945,26,1625,0),(3946,26,1626,0),(3947,26,1627,0),(3948,8,1627,0),(3949,35,1627,0),(3950,2,1627,0),(3951,26,1628,0),(3952,8,1628,0),(3953,35,1628,0),(3954,2,1628,0),(3955,26,1629,0),(3956,8,1629,0),(3957,35,1629,0),(3958,2,1629,0),(3959,26,1630,0),(3960,8,1630,0),(3961,35,1630,0),(3962,2,1630,0),(3963,26,1631,0),(3964,8,1631,0),(3965,35,1631,0),(3966,2,1631,0),(3967,26,1632,0),(3968,8,1632,0),(3969,35,1632,0),(3970,2,1632,0),(3971,26,1633,0),(3972,8,1633,0),(3973,35,1633,0),(3974,2,1633,0),(3975,26,1634,0),(3976,8,1634,0),(3977,35,1634,0),(3978,2,1634,0),(3979,26,1635,0),(3980,8,1635,0),(3981,35,1635,0),(3982,2,1635,0),(3983,26,1636,0),(3984,8,1636,0),(3985,35,1636,0),(3986,2,1636,0),(3987,26,1637,0),(3988,8,1637,0),(3989,35,1637,0),(3990,2,1637,0),(3991,26,1638,0),(3992,8,1638,0),(3993,35,1638,0),(3994,2,1638,0),(3995,26,1639,0),(3996,8,1639,0),(3997,35,1639,0),(3998,2,1639,0),(3999,26,1640,0),(4000,8,1640,0),(4001,35,1640,0),(4002,2,1640,0),(4003,26,1641,0),(4004,8,1641,0),(4005,35,1641,0),(4006,2,1641,0),(4007,26,1642,0),(4008,8,1642,0),(4009,35,1642,0),(4010,2,1642,0),(4011,26,1643,0),(4012,26,1644,0),(4013,26,1645,0),(4014,26,1646,0),(4015,26,1647,0),(4016,26,1648,0),(4017,26,1649,0),(4018,26,1650,0),(4019,26,1651,0),(4020,26,1652,0),(4021,26,1653,0),(4022,26,1654,0),(4023,26,1655,0),(4024,26,1656,0),(4025,26,1657,0),(4026,26,1658,0),(4027,26,1659,0),(4028,26,1660,0),(4029,26,1661,0),(4030,26,1662,0),(4031,26,1663,0),(4032,26,1664,0),(4033,26,1665,0),(4034,26,1666,0),(4035,26,1667,0),(4036,26,1668,0),(4037,26,1669,0),(4038,26,1670,0),(4039,26,1671,0),(4040,26,1672,0),(4041,26,1673,0),(4042,26,1674,0),(4043,26,1675,0),(4044,36,1675,0),(4045,2,1675,0),(4046,26,1676,0),(4047,36,1676,0),(4048,2,1676,0),(4049,26,1677,0),(4050,36,1677,0),(4051,2,1677,0),(4052,26,1678,0),(4053,36,1678,0),(4054,2,1678,0),(4055,26,1679,0),(4056,36,1679,0),(4057,2,1679,0),(4058,26,1680,0),(4059,36,1680,0),(4060,2,1680,0),(4061,26,1681,0),(4062,36,1681,0),(4063,2,1681,0),(4064,26,1682,0),(4065,36,1682,0),(4066,2,1682,0),(4067,26,1683,0),(4068,36,1683,0),(4069,2,1683,0),(4070,26,1684,0),(4071,36,1684,0),(4072,2,1684,0),(4073,26,1685,0),(4074,36,1685,0),(4075,2,1685,0),(4076,26,1686,0),(4077,36,1686,0),(4078,2,1686,0),(4079,26,1687,0),(4080,36,1687,0),(4081,2,1687,0),(4082,26,1688,0),(4083,36,1688,0),(4084,2,1688,0),(4085,26,1689,0),(4086,36,1689,0),(4087,2,1689,0),(4088,26,1690,0),(4089,36,1690,0),(4090,2,1690,0),(4091,26,1691,0),(4092,26,1692,0),(4093,26,1693,0),(4094,26,1694,0),(4095,26,1695,0),(4096,26,1696,0),(4097,26,1697,0),(4098,26,1698,0),(4099,26,1699,0),(4100,26,1700,0),(4101,26,1701,0),(4102,26,1702,0),(4103,26,1703,0),(4104,26,1704,0),(4105,26,1705,0),(4106,26,1706,0),(4107,26,1707,0),(4108,8,1707,0),(4109,34,1707,0),(4110,2,1707,0),(4111,26,1708,0),(4112,8,1708,0),(4113,34,1708,0),(4114,2,1708,0),(4115,26,1709,0),(4116,8,1709,0),(4117,34,1709,0),(4118,2,1709,0),(4119,26,1710,0),(4120,8,1710,0),(4121,34,1710,0),(4122,2,1710,0),(4123,26,1711,0),(4124,8,1711,0),(4125,34,1711,0),(4126,2,1711,0),(4127,26,1712,0),(4128,8,1712,0),(4129,34,1712,0),(4130,2,1712,0),(4131,26,1713,0),(4132,8,1713,0),(4133,34,1713,0),(4134,2,1713,0),(4135,26,1714,0),(4136,8,1714,0),(4137,34,1714,0),(4138,2,1714,0),(4139,26,1715,0),(4140,8,1715,0),(4141,34,1715,0),(4142,2,1715,0),(4143,26,1716,0),(4144,8,1716,0),(4145,34,1716,0),(4146,2,1716,0),(4147,26,1717,0),(4148,8,1717,0),(4149,34,1717,0),(4150,2,1717,0),(4151,26,1718,0),(4152,8,1718,0),(4153,34,1718,0),(4154,2,1718,0),(4155,26,1719,0),(4156,8,1719,0),(4157,34,1719,0),(4158,2,1719,0),(4159,26,1720,0),(4160,8,1720,0),(4161,34,1720,0),(4162,2,1720,0),(4163,26,1721,0),(4164,8,1721,0),(4165,34,1721,0),(4166,2,1721,0),(4167,26,1722,0),(4168,8,1722,0),(4169,34,1722,0),(4170,2,1722,0),(4171,26,1723,0),(4172,35,1723,0),(4173,2,1723,0),(4174,26,1724,0),(4175,35,1724,0),(4176,2,1724,0),(4177,26,1725,0),(4178,35,1725,0),(4179,2,1725,0),(4180,26,1726,0),(4181,35,1726,0),(4182,2,1726,0),(4183,26,1727,0),(4184,35,1727,0),(4185,2,1727,0),(4186,26,1728,0),(4187,35,1728,0),(4188,2,1728,0),(4189,26,1729,0),(4190,35,1729,0),(4191,2,1729,0),(4192,26,1730,0),(4193,35,1730,0),(4194,2,1730,0),(4195,26,1731,0),(4196,35,1731,0),(4197,2,1731,0),(4198,26,1732,0),(4199,35,1732,0),(4200,2,1732,0),(4201,26,1733,0),(4202,35,1733,0),(4203,2,1733,0),(4204,26,1734,0),(4205,35,1734,0),(4206,2,1734,0),(4207,26,1735,0),(4208,35,1735,0),(4209,2,1735,0),(4210,26,1736,0),(4211,35,1736,0),(4212,2,1736,0),(4213,26,1737,0),(4214,35,1737,0),(4215,2,1737,0),(4216,26,1738,0),(4217,35,1738,0),(4218,2,1738,0),(4219,26,1739,0),(4220,34,1739,0),(4221,2,1739,0),(4222,26,1740,0),(4223,34,1740,0),(4224,2,1740,0),(4225,26,1741,0),(4226,34,1741,0),(4227,2,1741,0),(4228,26,1742,0),(4229,34,1742,0),(4230,2,1742,0),(4231,26,1743,0),(4232,34,1743,0),(4233,2,1743,0),(4234,26,1744,0),(4235,34,1744,0),(4236,2,1744,0),(4237,26,1745,0),(4238,34,1745,0),(4239,2,1745,0),(4240,26,1746,0),(4241,34,1746,0),(4242,2,1746,0),(4243,26,1747,0),(4244,34,1747,0),(4245,2,1747,0),(4246,26,1748,0),(4247,34,1748,0),(4248,2,1748,0),(4249,26,1749,0),(4250,34,1749,0),(4251,2,1749,0),(4252,26,1750,0),(4253,34,1750,0),(4254,2,1750,0),(4255,26,1751,0),(4256,34,1751,0),(4257,2,1751,0),(4258,26,1752,0),(4259,34,1752,0),(4260,2,1752,0),(4261,26,1753,0),(4262,34,1753,0),(4263,2,1753,0),(4264,26,1754,0),(4265,34,1754,0),(4266,2,1754,0),(4267,26,1755,0),(4268,26,1756,0),(4269,26,1757,0),(4270,26,1758,0),(4271,26,1759,0),(4272,26,1760,0),(4273,26,1761,0),(4274,26,1762,0),(4275,26,1763,0),(4276,26,1764,0),(4277,26,1765,0),(4278,26,1766,0),(4279,26,1767,0),(4280,26,1768,0),(4281,26,1769,0),(4282,26,1770,0),(4283,26,1771,0),(4284,35,1771,0),(4285,2,1771,0),(4286,26,1772,0),(4287,35,1772,0),(4288,2,1772,0),(4289,26,1773,0),(4290,35,1773,0),(4291,2,1773,0),(4292,26,1774,0),(4293,35,1774,0),(4294,2,1774,0),(4295,26,1775,0),(4296,35,1775,0),(4297,2,1775,0),(4298,26,1776,0),(4299,35,1776,0),(4300,2,1776,0),(4301,26,1777,0),(4302,35,1777,0),(4303,2,1777,0),(4304,26,1778,0),(4305,35,1778,0),(4306,2,1778,0),(4307,26,1779,0),(4308,35,1779,0),(4309,2,1779,0),(4310,26,1780,0),(4311,35,1780,0),(4312,2,1780,0),(4313,26,1781,0),(4314,35,1781,0),(4315,2,1781,0),(4316,26,1782,0),(4317,35,1782,0),(4318,2,1782,0),(4319,26,1783,0),(4320,35,1783,0),(4321,2,1783,0),(4322,26,1784,0),(4323,35,1784,0),(4324,2,1784,0),(4325,26,1785,0),(4326,35,1785,0),(4327,2,1785,0),(4328,26,1786,0),(4329,35,1786,0),(4330,2,1786,0),(4331,26,1787,0),(4332,30,1787,0),(4333,35,1787,0),(4334,2,1787,0),(4335,26,1788,0),(4336,30,1788,0),(4337,35,1788,0),(4338,2,1788,0),(4339,26,1789,0),(4340,30,1789,0),(4341,35,1789,0),(4342,2,1789,0),(4343,26,1790,0),(4344,30,1790,0),(4345,35,1790,0),(4346,2,1790,0),(4347,26,1791,0),(4348,30,1791,0),(4349,35,1791,0),(4350,2,1791,0),(4351,26,1792,0),(4352,30,1792,0),(4353,35,1792,0),(4354,2,1792,0),(4355,26,1793,0),(4356,30,1793,0),(4357,35,1793,0),(4358,2,1793,0),(4359,26,1794,0),(4360,30,1794,0),(4361,35,1794,0),(4362,2,1794,0),(4363,26,1795,0),(4364,30,1795,0),(4365,35,1795,0),(4366,2,1795,0),(4367,26,1796,0),(4368,30,1796,0),(4369,35,1796,0),(4370,2,1796,0),(4371,26,1797,0),(4372,30,1797,0),(4373,35,1797,0),(4374,2,1797,0),(4375,26,1798,0),(4376,30,1798,0),(4377,35,1798,0),(4378,2,1798,0),(4379,26,1799,0),(4380,30,1799,0),(4381,35,1799,0),(4382,2,1799,0),(4383,26,1800,0),(4384,30,1800,0),(4385,35,1800,0),(4386,2,1800,0),(4387,26,1801,0),(4388,30,1801,0),(4389,35,1801,0),(4390,2,1801,0),(4391,26,1802,0),(4392,30,1802,0),(4393,35,1802,0),(4394,2,1802,0),(4395,26,1803,0),(4396,30,1803,0),(4397,34,1803,0),(4398,2,1803,0),(4399,26,1804,0),(4400,30,1804,0),(4401,34,1804,0),(4402,2,1804,0),(4403,26,1805,0),(4404,30,1805,0),(4405,34,1805,0),(4406,2,1805,0),(4407,26,1806,0),(4408,30,1806,0),(4409,34,1806,0),(4410,2,1806,0),(4411,26,1807,0),(4412,30,1807,0),(4413,34,1807,0),(4414,2,1807,0),(4415,26,1808,0),(4416,30,1808,0),(4417,34,1808,0),(4418,2,1808,0),(4419,26,1809,0),(4420,30,1809,0),(4421,34,1809,0),(4422,2,1809,0),(4423,26,1810,0),(4424,30,1810,0),(4425,34,1810,0),(4426,2,1810,0),(4427,26,1811,0),(4428,30,1811,0),(4429,34,1811,0),(4430,2,1811,0),(4431,26,1812,0),(4432,30,1812,0),(4433,34,1812,0),(4434,2,1812,0),(4435,26,1813,0),(4436,30,1813,0),(4437,34,1813,0),(4438,2,1813,0),(4439,26,1814,0),(4440,30,1814,0),(4441,34,1814,0),(4442,2,1814,0),(4443,26,1815,0),(4444,30,1815,0),(4445,34,1815,0),(4446,2,1815,0),(4447,26,1816,0),(4448,30,1816,0),(4449,34,1816,0),(4450,2,1816,0),(4451,26,1817,0),(4452,30,1817,0),(4453,34,1817,0),(4454,2,1817,0),(4455,26,1818,0),(4456,30,1818,0),(4457,34,1818,0),(4458,2,1818,0),(4459,27,1819,0),(4460,32,1819,0),(4461,35,1819,0),(4462,2,1819,0),(4463,27,1820,0),(4464,32,1820,0),(4465,35,1820,0),(4466,2,1820,0),(4467,27,1821,0),(4468,32,1821,0),(4469,35,1821,0),(4470,2,1821,0),(4471,27,1822,0),(4472,32,1822,0),(4473,35,1822,0),(4474,2,1822,0),(4475,27,1823,0),(4476,32,1823,0),(4477,35,1823,0),(4478,2,1823,0),(4479,27,1824,0),(4480,32,1824,0),(4481,35,1824,0),(4482,2,1824,0),(4483,27,1825,0),(4484,32,1825,0),(4485,35,1825,0),(4486,2,1825,0),(4487,27,1826,0),(4488,32,1826,0),(4489,35,1826,0),(4490,2,1826,0),(4491,27,1827,0),(4492,32,1827,0),(4493,35,1827,0),(4494,2,1827,0),(4495,27,1828,0),(4496,32,1828,0),(4497,35,1828,0),(4498,2,1828,0),(4499,27,1829,0),(4500,32,1829,0),(4501,35,1829,0),(4502,2,1829,0),(4503,27,1830,0),(4504,32,1830,0),(4505,35,1830,0),(4506,2,1830,0),(4507,27,1831,0),(4508,32,1831,0),(4509,35,1831,0),(4510,2,1831,0),(4511,27,1832,0),(4512,32,1832,0),(4513,35,1832,0),(4514,2,1832,0),(4515,27,1833,0),(4516,32,1833,0),(4517,8,1833,0),(4518,2,1833,0),(4519,27,1834,0),(4520,32,1834,0),(4521,8,1834,0),(4522,2,1834,0),(4523,27,1835,0),(4524,32,1835,0),(4525,8,1835,0),(4526,2,1835,0),(4527,27,1836,0),(4528,32,1836,0),(4529,8,1836,0),(4530,2,1836,0),(4531,27,1837,0),(4532,32,1837,0),(4533,8,1837,0),(4534,2,1837,0),(4535,27,1838,0),(4536,32,1838,0),(4537,8,1838,0),(4538,2,1838,0),(4539,27,1839,0),(4540,32,1839,0),(4541,8,1839,0),(4542,2,1839,0),(4543,27,1840,0),(4544,32,1840,0),(4545,2,1840,0),(4546,27,1841,0),(4547,32,1841,0),(4548,2,1841,0),(4549,27,1842,0),(4550,32,1842,0),(4551,2,1842,0),(4552,27,1843,0),(4553,32,1843,0),(4554,2,1843,0),(4555,27,1844,0),(4556,32,1844,0),(4557,2,1844,0),(4558,27,1845,0),(4559,32,1845,0),(4560,2,1845,0),(4561,27,1846,0),(4562,32,1846,0),(4563,2,1846,0),(4564,27,1847,0),(4565,32,1847,0),(4566,34,1847,0),(4567,2,1847,0),(4568,27,1848,0),(4569,32,1848,0),(4570,34,1848,0),(4571,2,1848,0),(4572,27,1849,0),(4573,32,1849,0),(4574,34,1849,0),(4575,2,1849,0),(4576,27,1850,0),(4577,32,1850,0),(4578,34,1850,0),(4579,2,1850,0),(4580,27,1851,0),(4581,32,1851,0),(4582,34,1851,0),(4583,2,1851,0),(4584,27,1852,0),(4585,32,1852,0),(4586,34,1852,0),(4587,2,1852,0),(4588,27,1853,0),(4589,32,1853,0),(4590,34,1853,0),(4591,2,1853,0),(4592,27,1854,0),(4593,32,1854,0),(4594,34,1854,0),(4595,2,1854,0),(4596,27,1855,0),(4597,32,1855,0),(4598,34,1855,0),(4599,2,1855,0),(4600,27,1856,0),(4601,32,1856,0),(4602,34,1856,0),(4603,2,1856,0),(4604,27,1857,0),(4605,32,1857,0),(4606,34,1857,0),(4607,2,1857,0),(4608,27,1858,0),(4609,32,1858,0),(4610,34,1858,0),(4611,2,1858,0),(4612,27,1859,0),(4613,32,1859,0),(4614,34,1859,0),(4615,2,1859,0),(4616,27,1860,0),(4617,32,1860,0),(4618,34,1860,0),(4619,2,1860,0),(4620,27,1861,0),(4621,32,1861,0),(4622,35,1861,0),(4623,2,1861,0),(4624,27,1862,0),(4625,32,1862,0),(4626,35,1862,0),(4627,2,1862,0),(4628,27,1863,0),(4629,32,1863,0),(4630,35,1863,0),(4631,2,1863,0),(4632,27,1864,0),(4633,32,1864,0),(4634,35,1864,0),(4635,2,1864,0),(4636,27,1865,0),(4637,32,1865,0),(4638,35,1865,0),(4639,2,1865,0),(4640,27,1866,0),(4641,32,1866,0),(4642,35,1866,0),(4643,2,1866,0),(4644,27,1867,0),(4645,32,1867,0),(4646,35,1867,0),(4647,2,1867,0),(4648,27,1868,0),(4649,32,1868,0),(4650,2,1868,0),(4651,27,1869,0),(4652,32,1869,0),(4653,2,1869,0),(4654,27,1870,0),(4655,32,1870,0),(4656,2,1870,0),(4657,27,1871,0),(4658,32,1871,0),(4659,2,1871,0),(4660,27,1872,0),(4661,32,1872,0),(4662,2,1872,0),(4663,27,1873,0),(4664,32,1873,0),(4665,2,1873,0),(4666,27,1874,0),(4667,32,1874,0),(4668,2,1874,0),(4669,27,1875,0),(4670,32,1875,0),(4671,2,1875,0),(4672,27,1876,0),(4673,32,1876,0),(4674,2,1876,0),(4675,27,1877,0),(4676,32,1877,0),(4677,2,1877,0),(4678,27,1878,0),(4679,32,1878,0),(4680,2,1878,0),(4681,27,1879,0),(4682,32,1879,0),(4683,2,1879,0),(4684,27,1880,0),(4685,32,1880,0),(4686,2,1880,0),(4687,27,1881,0),(4688,32,1881,0),(4689,2,1881,0),(4690,27,1882,0),(4691,32,1882,0),(4692,36,1882,0),(4693,2,1882,0),(4694,27,1883,0),(4695,32,1883,0),(4696,36,1883,0),(4697,2,1883,0),(4698,27,1884,0),(4699,32,1884,0),(4700,36,1884,0),(4701,2,1884,0),(4702,27,1885,0),(4703,32,1885,0),(4704,36,1885,0),(4705,2,1885,0),(4706,27,1886,0),(4707,32,1886,0),(4708,36,1886,0),(4709,2,1886,0),(4710,27,1887,0),(4711,32,1887,0),(4712,36,1887,0),(4713,2,1887,0),(4714,27,1888,0),(4715,32,1888,0),(4716,36,1888,0),(4717,2,1888,0),(4718,27,1889,0),(4719,32,1889,0),(4720,2,1889,0),(4721,27,1890,0),(4722,32,1890,0),(4723,2,1890,0),(4724,27,1891,0),(4725,32,1891,0),(4726,2,1891,0),(4727,27,1892,0),(4728,32,1892,0),(4729,2,1892,0),(4730,27,1893,0),(4731,32,1893,0),(4732,2,1893,0),(4733,27,1894,0),(4734,32,1894,0),(4735,2,1894,0),(4736,27,1895,0),(4737,32,1895,0),(4738,2,1895,0),(4739,27,1896,0),(4740,32,1896,0),(4741,35,1896,0),(4742,2,1896,0),(4743,27,1897,0),(4744,32,1897,0),(4745,35,1897,0),(4746,2,1897,0),(4747,27,1898,0),(4748,32,1898,0),(4749,35,1898,0),(4750,2,1898,0),(4751,27,1899,0),(4752,32,1899,0),(4753,35,1899,0),(4754,2,1899,0),(4755,27,1900,0),(4756,32,1900,0),(4757,35,1900,0),(4758,2,1900,0),(4759,27,1901,0),(4760,32,1901,0),(4761,35,1901,0),(4762,2,1901,0),(4763,27,1902,0),(4764,32,1902,0),(4765,35,1902,0),(4766,2,1902,0),(4767,27,1903,0),(4768,32,1903,0),(4769,34,1903,0),(4770,2,1903,0),(4771,27,1904,0),(4772,32,1904,0),(4773,34,1904,0),(4774,2,1904,0),(4775,27,1905,0),(4776,32,1905,0),(4777,34,1905,0),(4778,2,1905,0),(4779,27,1906,0),(4780,32,1906,0),(4781,34,1906,0),(4782,2,1906,0),(4783,27,1907,0),(4784,32,1907,0),(4785,34,1907,0),(4786,2,1907,0),(4787,27,1908,0),(4788,32,1908,0),(4789,34,1908,0),(4790,2,1908,0),(4791,27,1909,0),(4792,32,1909,0),(4793,34,1909,0),(4794,2,1909,0),(4795,28,1910,0),(4796,8,1910,0),(4797,36,1910,0),(4798,2,1910,0),(4799,28,1911,0),(4800,8,1911,0),(4801,36,1911,0),(4802,2,1911,0),(4803,28,1912,0),(4804,8,1912,0),(4805,36,1912,0),(4806,2,1912,0),(4807,28,1913,0),(4808,8,1913,0),(4809,36,1913,0),(4810,2,1913,0),(4811,28,1914,0),(4812,8,1914,0),(4813,36,1914,0),(4814,2,1914,0),(4815,28,1915,0),(4816,8,1915,0),(4817,36,1915,0),(4818,2,1915,0),(4819,28,1916,0),(4820,8,1916,0),(4821,36,1916,0),(4822,2,1916,0),(4823,28,1917,0),(4824,8,1917,0),(4825,36,1917,0),(4826,2,1917,0),(4827,28,1918,0),(4828,8,1918,0),(4829,36,1918,0),(4830,2,1918,0),(4831,28,1919,0),(4832,8,1919,0),(4833,36,1919,0),(4834,2,1919,0),(4835,28,1920,0),(4836,8,1920,0),(4837,36,1920,0),(4838,2,1920,0),(4839,28,1921,0),(4840,8,1921,0),(4841,36,1921,0),(4842,2,1921,0),(4843,28,1922,0),(4844,8,1922,0),(4845,36,1922,0),(4846,2,1922,0),(4847,28,1923,0),(4848,8,1923,0),(4849,36,1923,0),(4850,2,1923,0),(4851,28,1924,0),(4852,8,1924,0),(4853,36,1924,0),(4854,2,1924,0),(4855,28,1925,0),(4856,8,1925,0),(4857,36,1925,0),(4858,2,1925,0),(4859,28,1926,0),(4860,30,1926,0),(4861,2,1926,0),(4862,28,1927,0),(4863,30,1927,0),(4864,2,1927,0),(4865,28,1928,0),(4866,30,1928,0),(4867,2,1928,0),(4868,28,1929,0),(4869,30,1929,0),(4870,2,1929,0),(4871,28,1930,0),(4872,30,1930,0),(4873,2,1930,0),(4874,28,1931,0),(4875,30,1931,0),(4876,2,1931,0),(4877,28,1932,0),(4878,30,1932,0),(4879,2,1932,0),(4880,28,1933,0),(4881,30,1933,0),(4882,2,1933,0),(4883,28,1934,0),(4884,30,1934,0),(4885,2,1934,0),(4886,28,1935,0),(4887,30,1935,0),(4888,2,1935,0),(4889,28,1936,0),(4890,30,1936,0),(4891,2,1936,0),(4892,28,1937,0),(4893,30,1937,0),(4894,2,1937,0),(4895,28,1938,0),(4896,30,1938,0),(4897,2,1938,0),(4898,28,1939,0),(4899,30,1939,0),(4900,2,1939,0),(4901,28,1940,0),(4902,30,1940,0),(4903,2,1940,0),(4904,28,1941,0),(4905,30,1941,0),(4906,2,1941,0),(4907,28,1942,0),(4908,8,1942,0),(4909,35,1942,0),(4910,2,1942,0),(4911,28,1943,0),(4912,8,1943,0),(4913,35,1943,0),(4914,2,1943,0),(4915,28,1944,0),(4916,8,1944,0),(4917,35,1944,0),(4918,2,1944,0),(4919,28,1945,0),(4920,8,1945,0),(4921,35,1945,0),(4922,2,1945,0),(4923,28,1946,0),(4924,8,1946,0),(4925,35,1946,0),(4926,2,1946,0),(4927,28,1947,0),(4928,8,1947,0),(4929,35,1947,0),(4930,2,1947,0),(4931,28,1948,0),(4932,8,1948,0),(4933,35,1948,0),(4934,2,1948,0),(4935,28,1949,0),(4936,8,1949,0),(4937,35,1949,0),(4938,2,1949,0),(4939,28,1950,0),(4940,8,1950,0),(4941,35,1950,0),(4942,2,1950,0),(4943,28,1951,0),(4944,8,1951,0),(4945,35,1951,0),(4946,2,1951,0),(4947,28,1952,0),(4948,8,1952,0),(4949,35,1952,0),(4950,2,1952,0),(4951,28,1953,0),(4952,8,1953,0),(4953,35,1953,0),(4954,2,1953,0),(4955,28,1954,0),(4956,8,1954,0),(4957,35,1954,0),(4958,2,1954,0),(4959,28,1955,0),(4960,8,1955,0),(4961,35,1955,0),(4962,2,1955,0),(4963,28,1956,0),(4964,8,1956,0),(4965,35,1956,0),(4966,2,1956,0),(4967,28,1957,0),(4968,8,1957,0),(4969,35,1957,0),(4970,2,1957,0),(4971,28,1958,0),(4972,28,1959,0),(4973,28,1960,0),(4974,28,1961,0),(4975,28,1962,0),(4976,28,1963,0),(4977,28,1964,0),(4978,28,1965,0),(4979,28,1966,0),(4980,28,1967,0),(4981,28,1968,0),(4982,28,1969,0),(4983,28,1970,0),(4984,28,1971,0),(4985,28,1972,0),(4986,28,1973,0),(4987,28,1974,0),(4988,30,1974,0),(4989,2,1974,0),(4990,28,1975,0),(4991,30,1975,0),(4992,2,1975,0),(4993,28,1976,0),(4994,30,1976,0),(4995,2,1976,0),(4996,28,1977,0),(4997,30,1977,0),(4998,2,1977,0),(4999,28,1978,0),(5000,30,1978,0),(5001,2,1978,0),(5002,28,1979,0),(5003,30,1979,0),(5004,2,1979,0),(5005,28,1980,0),(5006,30,1980,0),(5007,2,1980,0),(5008,28,1981,0),(5009,30,1981,0),(5010,2,1981,0),(5011,28,1982,0),(5012,30,1982,0),(5013,2,1982,0),(5014,28,1983,0),(5015,30,1983,0),(5016,2,1983,0),(5017,28,1984,0),(5018,30,1984,0),(5019,2,1984,0),(5020,28,1985,0),(5021,30,1985,0),(5022,2,1985,0),(5023,28,1986,0),(5024,30,1986,0),(5025,2,1986,0),(5026,28,1987,0),(5027,30,1987,0),(5028,2,1987,0),(5029,28,1988,0),(5030,30,1988,0),(5031,2,1988,0),(5032,28,1989,0),(5033,30,1989,0),(5034,2,1989,0),(5035,28,1990,0),(5036,28,1991,0),(5037,28,1992,0),(5038,28,1993,0),(5039,28,1994,0),(5040,28,1995,0),(5041,28,1996,0),(5042,28,1997,0),(5043,8,1997,0),(5044,2,1997,0),(5045,28,1998,0),(5046,8,1998,0),(5047,2,1998,0),(5048,28,1999,0),(5049,8,1999,0),(5050,2,1999,0),(5051,28,2000,0),(5052,8,2000,0),(5053,2,2000,0),(5054,28,2001,0),(5055,8,2001,0),(5056,2,2001,0),(5057,28,2002,0),(5058,8,2002,0),(5059,2,2002,0),(5060,28,2003,0),(5061,8,2003,0),(5062,2,2003,0),(5063,28,2004,0),(5064,35,2004,0),(5065,2,2004,0),(5066,28,2005,0),(5067,35,2005,0),(5068,2,2005,0),(5069,28,2006,0),(5070,35,2006,0),(5071,2,2006,0),(5072,28,2007,0),(5073,35,2007,0),(5074,2,2007,0),(5075,28,2008,0),(5076,35,2008,0),(5077,2,2008,0),(5078,28,2009,0),(5079,35,2009,0),(5080,2,2009,0),(5081,28,2010,0),(5082,28,2011,0),(5083,28,2012,0),(5084,28,2013,0),(5085,28,2014,0),(5086,28,2015,0),(5087,28,2016,0),(5088,28,2017,0),(5089,36,2017,0),(5090,2,2017,0),(5091,28,2018,0),(5092,36,2018,0),(5093,2,2018,0),(5094,28,2019,0),(5095,36,2019,0),(5096,2,2019,0),(5097,28,2020,0),(5098,36,2020,0),(5099,2,2020,0),(5100,28,2021,0),(5101,36,2021,0),(5102,2,2021,0),(5103,28,2022,0),(5104,36,2022,0),(5105,2,2022,0),(5106,28,2023,0),(5107,36,2023,0),(5108,2,2023,0),(5109,28,2024,0),(5110,34,2024,0),(5111,2,2024,0),(5112,28,2025,0),(5113,34,2025,0),(5114,2,2025,0),(5115,28,2026,0),(5116,34,2026,0),(5117,2,2026,0),(5118,28,2027,0),(5119,34,2027,0),(5120,2,2027,0),(5121,28,2028,0),(5122,34,2028,0),(5123,2,2028,0),(5124,28,2029,0),(5125,34,2029,0),(5126,2,2029,0),(5127,28,2030,0),(5128,34,2030,0),(5129,2,2030,0),(5130,28,2031,0),(5131,34,2031,0),(5132,2,2031,0),(5133,28,2032,0),(5134,34,2032,0),(5135,2,2032,0),(5136,28,2033,0),(5137,34,2033,0),(5138,2,2033,0),(5139,28,2034,0),(5140,34,2034,0),(5141,2,2034,0),(5142,28,2035,0),(5143,34,2035,0),(5144,2,2035,0),(5145,28,2036,0),(5146,34,2036,0),(5147,2,2036,0),(5148,28,2037,0),(5149,34,2037,0),(5150,2,2037,0),(5151,28,2038,0),(5152,34,2038,0),(5153,2,2038,0),(5154,28,2039,0),(5155,34,2039,0),(5156,2,2039,0),(5157,28,2040,0),(5158,34,2040,0),(5159,2,2040,0),(5160,28,2041,0),(5161,34,2041,0),(5162,2,2041,0),(5163,28,2042,0),(5164,34,2042,0),(5165,2,2042,0),(5166,28,2043,0),(5167,34,2043,0),(5168,2,2043,0),(5169,28,2044,0),(5170,34,2044,0),(5171,2,2044,0),(5172,28,2045,0),(5173,34,2045,0),(5174,2,2045,0),(5175,28,2046,0),(5176,34,2046,0),(5177,2,2046,0),(5178,41,1,0),(5179,41,2,0),(5180,41,3,0),(5181,41,4,0),(5182,41,5,0),(5183,41,6,0),(5184,41,7,0),(5185,41,8,0),(5186,41,9,0),(5187,41,10,0),(5188,41,11,0),(5189,41,12,0),(5190,41,13,0),(5191,41,14,0),(5192,41,15,0),(5193,41,16,0),(5194,41,17,0),(5195,41,18,0),(5196,41,19,0),(5197,41,20,0),(5198,41,21,0),(5199,41,22,0),(5200,41,23,0),(5201,41,24,0),(5202,41,25,0),(5203,41,26,0),(5204,41,27,0),(5205,41,28,0),(5206,41,29,0),(5207,41,30,0),(5208,41,31,0),(5209,41,32,0),(5210,41,33,0),(5211,41,34,0),(5212,41,35,0),(5213,41,36,0),(5214,41,37,0),(5215,41,38,0),(5216,41,39,0),(5217,41,40,0),(5218,41,41,0),(5219,41,42,0),(5220,41,43,0),(5221,41,44,0),(5224,11,700,0),(5225,12,700,0);

--
