-- Table structure for table `sales_order_aggregated_created`
--

CREATE TABLE `sales_order_aggregated_created` (
  `id` int(10) unsigned NOT NULL AUTO_INCREMENT COMMENT 'ID',
  `period` date DEFAULT NULL COMMENT 'Period',
  `store_id` smallint(5) unsigned DEFAULT NULL COMMENT 'Store ID',
  `order_status` varchar(50) NOT NULL COMMENT 'Order Status',
  `orders_count` int(11) NOT NULL DEFAULT '0' COMMENT 'Orders Count',
  `total_qty_ordered` decimal(12,4) NOT NULL DEFAULT '0.0000' COMMENT 'Total Qty Ordered',
  `total_qty_invoiced` decimal(12,4) NOT NULL DEFAULT '0.0000' COMMENT 'Total Qty Invoiced',
  `total_income_amount` decimal(20,4) NOT NULL DEFAULT '0.0000' COMMENT 'Total Income Amount',
  `total_revenue_amount` decimal(20,4) NOT NULL DEFAULT '0.0000' COMMENT 'Total Revenue Amount',
  `total_profit_amount` decimal(20,4) NOT NULL DEFAULT '0.0000' COMMENT 'Total Profit Amount',
  `total_invoiced_amount` decimal(20,4) NOT NULL DEFAULT '0.0000' COMMENT 'Total Invoiced Amount',
  `total_canceled_amount` decimal(20,4) NOT NULL DEFAULT '0.0000' COMMENT 'Total Canceled Amount',
  `total_paid_amount` decimal(20,4) NOT NULL DEFAULT '0.0000' COMMENT 'Total Paid Amount',
  `total_refunded_amount` decimal(20,4) NOT NULL DEFAULT '0.0000' COMMENT 'Total Refunded Amount',
  `total_tax_amount` decimal(20,4) NOT NULL DEFAULT '0.0000' COMMENT 'Total Tax Amount',
  `total_tax_amount_actual` decimal(20,4) NOT NULL DEFAULT '0.0000' COMMENT 'Total Tax Amount Actual',
  `total_shipping_amount` decimal(20,4) NOT NULL DEFAULT '0.0000' COMMENT 'Total Shipping Amount',
  `total_shipping_amount_actual` decimal(20,4) NOT NULL DEFAULT '0.0000' COMMENT 'Total Shipping Amount Actual',
  `total_discount_amount` decimal(20,4) NOT NULL DEFAULT '0.0000' COMMENT 'Total Discount Amount',
  `total_discount_amount_actual` decimal(20,4) NOT NULL DEFAULT '0.0000' COMMENT 'Total Discount Amount Actual',
  PRIMARY KEY (`id`),
  UNIQUE KEY `SALES_ORDER_AGGREGATED_CREATED_PERIOD_STORE_ID_ORDER_STATUS` (`period`,`store_id`,`order_status`),
  KEY `SALES_ORDER_AGGREGATED_CREATED_STORE_ID` (`store_id`),
  CONSTRAINT `SALES_ORDER_AGGREGATED_CREATED_STORE_ID_STORE_STORE_ID` FOREIGN KEY (`store_id`) REFERENCES `store` (`store_id`) ON DELETE SET NULL
) ENGINE=InnoDB DEFAULT CHARSET=utf8 COMMENT='Sales Order Aggregated Created';

--
-- Dumping data for table `sales_order_aggregated_created`
--


--
-- Table structure for table `sales_order_aggregated_updated`
--

CREATE TABLE `sales_order_aggregated_updated` (
  `id` int(10) unsigned NOT NULL AUTO_INCREMENT COMMENT 'ID',
  `period` date DEFAULT NULL COMMENT 'Period',
  `store_id` smallint(5) unsigned DEFAULT NULL COMMENT 'Store ID',
  `order_status` varchar(50) NOT NULL COMMENT 'Order Status',
  `orders_count` int(11) NOT NULL DEFAULT '0' COMMENT 'Orders Count',
  `total_qty_ordered` decimal(12,4) NOT NULL DEFAULT '0.0000' COMMENT 'Total Qty Ordered',
  `total_qty_invoiced` decimal(12,4) NOT NULL DEFAULT '0.0000' COMMENT 'Total Qty Invoiced',
  `total_income_amount` decimal(20,4) NOT NULL DEFAULT '0.0000' COMMENT 'Total Income Amount',
  `total_revenue_amount` decimal(20,4) NOT NULL DEFAULT '0.0000' COMMENT 'Total Revenue Amount',
  `total_profit_amount` decimal(20,4) NOT NULL DEFAULT '0.0000' COMMENT 'Total Profit Amount',
  `total_invoiced_amount` decimal(20,4) NOT NULL DEFAULT '0.0000' COMMENT 'Total Invoiced Amount',
  `total_canceled_amount` decimal(20,4) NOT NULL DEFAULT '0.0000' COMMENT 'Total Canceled Amount',
  `total_paid_amount` decimal(20,4) NOT NULL DEFAULT '0.0000' COMMENT 'Total Paid Amount',
  `total_refunded_amount` decimal(20,4) NOT NULL DEFAULT '0.0000' COMMENT 'Total Refunded Amount',
  `total_tax_amount` decimal(20,4) NOT NULL DEFAULT '0.0000' COMMENT 'Total Tax Amount',
  `total_tax_amount_actual` decimal(20,4) NOT NULL DEFAULT '0.0000' COMMENT 'Total Tax Amount Actual',
  `total_shipping_amount` decimal(20,4) NOT NULL DEFAULT '0.0000' COMMENT 'Total Shipping Amount',
  `total_shipping_amount_actual` decimal(20,4) NOT NULL DEFAULT '0.0000' COMMENT 'Total Shipping Amount Actual',
  `total_discount_amount` decimal(20,4) NOT NULL DEFAULT '0.0000' COMMENT 'Total Discount Amount',
  `total_discount_amount_actual` decimal(20,4) NOT NULL DEFAULT '0.0000' COMMENT 'Total Discount Amount Actual',
  PRIMARY KEY (`id`),
  UNIQUE KEY `SALES_ORDER_AGGREGATED_UPDATED_PERIOD_STORE_ID_ORDER_STATUS` (`period`,`store_id`,`order_status`),
  KEY `SALES_ORDER_AGGREGATED_UPDATED_STORE_ID` (`store_id`),
  CONSTRAINT `SALES_ORDER_AGGREGATED_UPDATED_STORE_ID_STORE_STORE_ID` FOREIGN KEY (`store_id`) REFERENCES `store` (`store_id`) ON DELETE SET NULL
) ENGINE=InnoDB DEFAULT CHARSET=utf8 COMMENT='Sales Order Aggregated Updated';

--
-- Dumping data for table `sales_order_aggregated_updated`
--


--
-- Table structure for table `sales_order_grid`
--

CREATE TABLE `sales_order_grid` (
  `entity_id` int(10) unsigned NOT NULL COMMENT 'Entity ID',
  `status` varchar(32) DEFAULT NULL COMMENT 'Status',
  `store_id` smallint(5) unsigned DEFAULT NULL COMMENT 'Store ID',
  `store_name` varchar(255) DEFAULT NULL COMMENT 'Store Name',
  `customer_id` int(10) unsigned DEFAULT NULL COMMENT 'Customer ID',
  `base_grand_total` decimal(20,4) DEFAULT NULL COMMENT 'Base Grand Total',
  `base_total_paid` decimal(20,4) DEFAULT NULL COMMENT 'Base Total Paid',
  `grand_total` decimal(20,4) DEFAULT NULL COMMENT 'Grand Total',
  `total_paid` decimal(20,4) DEFAULT NULL COMMENT 'Total Paid',
  `increment_id` varchar(50) DEFAULT NULL COMMENT 'Increment ID',
  `base_currency_code` varchar(3) DEFAULT NULL COMMENT 'Base Currency Code',
  `order_currency_code` varchar(255) DEFAULT NULL COMMENT 'Order Currency Code',
  `shipping_name` varchar(255) DEFAULT NULL COMMENT 'Shipping Name',
  `billing_name` varchar(255) DEFAULT NULL COMMENT 'Billing Name',
  `created_at` timestamp NULL DEFAULT NULL COMMENT 'Created At',
  `updated_at` timestamp NULL DEFAULT NULL COMMENT 'Updated At',
  `billing_address` varchar(255) DEFAULT NULL COMMENT 'Billing Address',
  `shipping_address` varchar(255) DEFAULT NULL COMMENT 'Shipping Address',
  `shipping_information` varchar(255) DEFAULT NULL COMMENT 'Shipping Method Name',
  `customer_email` varchar(255) DEFAULT NULL COMMENT 'Customer Email',
  `customer_group` varchar(255) DEFAULT NULL COMMENT 'Customer Group',
  `subtotal` decimal(20,4) DEFAULT NULL COMMENT 'Subtotal',
  `shipping_and_handling` decimal(20,4) DEFAULT NULL COMMENT 'Shipping and handling amount',
  `customer_name` varchar(255) DEFAULT NULL COMMENT 'Customer Name',
  `payment_method` varchar(255) DEFAULT NULL COMMENT 'Payment Method',
  `total_refunded` decimal(20,4) DEFAULT NULL COMMENT 'Total Refunded',
  `pickup_location_code` varchar(255) DEFAULT NULL COMMENT 'Pickup Location Code',
  PRIMARY KEY (`entity_id`),
  UNIQUE KEY `SALES_ORDER_GRID_INCREMENT_ID_STORE_ID` (`increment_id`,`store_id`),
  KEY `SALES_ORDER_GRID_STATUS` (`status`),
  KEY `SALES_ORDER_GRID_STORE_ID` (`store_id`),
  KEY `SALES_ORDER_GRID_BASE_GRAND_TOTAL` (`base_grand_total`),
  KEY `SALES_ORDER_GRID_BASE_TOTAL_PAID` (`base_total_paid`),
  KEY `SALES_ORDER_GRID_GRAND_TOTAL` (`grand_total`),
  KEY `SALES_ORDER_GRID_TOTAL_PAID` (`total_paid`),
  KEY `SALES_ORDER_GRID_SHIPPING_NAME` (`shipping_name`),
  KEY `SALES_ORDER_GRID_BILLING_NAME` (`billing_name`),
  KEY `SALES_ORDER_GRID_CREATED_AT` (`created_at`),
  KEY `SALES_ORDER_GRID_CUSTOMER_ID` (`customer_id`),
  KEY `SALES_ORDER_GRID_UPDATED_AT` (`updated_at`),
  KEY `SALES_ORDER_GRID_PICKUP_LOCATION_CODE` (`pickup_location_code`),
  FULLTEXT KEY `FTI_65B9E9925EC58F0C7C2E2F6379C233E7` (`increment_id`,`billing_name`,`shipping_name`,`shipping_address`,`billing_address`,`customer_name`,`customer_email`)
) ENGINE=InnoDB DEFAULT CHARSET=utf8 COMMENT='Sales Flat Order Grid';

--
-- Dumping data for table `sales_order_grid`
--

INSERT INTO `sales_order_grid` VALUES (1,'complete',1,'Main Website\nMain Website Store\nDefault Store View',1,36.3900,36.3900,36.3900,36.3900,'000000001','USD','USD','Veronica Costello','Veronica Costello','2022-10-12 05:29:16','2023-09-29 08:09:48','6146 Honey Bluff Parkway,Calder,Michigan,49628-7978','6146 Honey Bluff Parkway,Calder,Michigan,49628-7978','Flat Rate - Fixed','roni_cost@example.com','1',29.0000,5.0000,'Veronica Costello','checkmo',NULL,NULL),(2,'closed',1,'Main Website\nMain Website Store\nDefault Store View',1,39.6400,39.6400,39.6400,39.6400,'000000002','USD','USD','Veronica Costello','Veronica Costello','2022-10-12 05:29:17','2023-09-29 08:09:48','6146 Honey Bluff Parkway,Calder,Michigan,49628-7978','6146 Honey Bluff Parkway,Calder,Michigan,49628-7978','Flat Rate - Fixed','roni_cost@example.com','1',32.0000,5.0000,'Veronica Costello','checkmo',39.6400,NULL),(3,'pending',4,'customordernumber\ncustomordernumber\ncustomordernumber',3,39.0000,NULL,39.0000,NULL,'ORD-22-10-12-4-00001','USD','USD','Charissa Harvey','Charissa Harvey','2022-10-12 13:17:54','2022-10-12 13:17:54','Harding and Reed Plc,62 West Second Road\nIure accusamus ut ut\nEligendi eum commodo,Est voluptate sed e,49628-7978','Harding and Reed Plc,62 West Second Road\nIure accusamus ut ut\nEligendi eum commodo,Est voluptate sed e,49628-7978','Flat Rate - Fixed','bhargavrocktechnolabs@gmail.com','1',34.0000,5.0000,'Aline Dickson','checkmo',NULL,NULL),(4,'pending',2,'checkoutsuccesspage\ncheckoutsuccesspage\ncheckoutsuccesspage',NULL,80.0000,NULL,80.0000,NULL,'2000000001','USD','USD','Nikunj nikunj','Nikunj nikunj','2022-10-14 09:38:24','2022-10-14 09:38:24','fd,sdf,Ahmedabad,California,90003','fd,sdf,Ahmedabad,California,90003','Flat Rate - Fixed','nikunj.qa@rocktechnolabs.com','0',70.0000,10.0000,'Nikunj nikunj','checkmo',NULL,NULL),(5,'pending',2,'checkoutsuccesspage\ncheckoutsuccesspage\ncheckoutsuccesspage',NULL,87.0000,NULL,87.0000,NULL,'2000000002','USD','USD','Amery Hicks','Amery Hicks','2022-11-02 06:11:25','2022-11-02 06:11:25','Ingram Glenn Plc,95 Green Old Avenue\nEligendi optio face\nId nemo velit volup,Est unde corrupti i,Paramaribo,59487','Ingram Glenn Plc,95 Green Old Avenue\nEligendi optio face\nId nemo velit volup,Est unde corrupti i,Paramaribo,59487','Flat Rate - Fixed','tazygovyl@mailinator.com','0',77.0000,10.0000,'Amery Hicks','checkmo',NULL,NULL),(6,'pending',3,'customerapproval\ncustomerapproval\ncustomerapproval',NULL,12.0000,NULL,12.0000,NULL,'3000000001','USD','USD','Georgia Clayton','Georgia Clayton','2022-11-02 07:11:18','2022-11-02 07:11:18','Wooten Conley LLC,52 West Nobel Parkway\nQuod voluptatem Pos\nConsequuntur eaque v,Qui fugit non eaque,Veniam earum consec,11825','Wooten Conley LLC,52 West Nobel Parkway\nQuod voluptatem Pos\nConsequuntur eaque v,Qui fugit non eaque,Veniam earum consec,11825','Flat Rate - Fixed','halysahu@mailinator.com','0',7.0000,5.0000,'Georgia Clayton','checkmo',NULL,NULL),(7,'closed',4,'customordernumber\ncustomordernumber\ncustomordernumber',NULL,39.0000,39.0000,39.0000,39.0000,'ORD-22-11-02-4-00004','USD','USD','Sara Romero','Sara Romero','2022-11-02 07:33:35','2022-11-02 07:42:09','Merritt and Hess Associates,18 West White Clarendon Parkway\nQuo nihil maiores ac\nCorrupti adipisicin,Velit sint incididun,25683','Merritt and Hess Associates,18 West White Clarendon Parkway\nQuo nihil maiores ac\nCorrupti adipisicin,Velit sint incididun,25683','Flat Rate - Fixed','lynut@mailinator.com','0',34.0000,5.0000,'Sara Romero','checkmo',39.0000,NULL),(8,'pending',4,'customordernumber\ncustomordernumber\ncustomordernumber',NULL,37.0000,NULL,37.0000,NULL,'4000000003','USD','USD','Henry Sharpe','Henry Sharpe','2022-11-02 07:45:12','2022-11-02 07:45:12','Farmer Kirby Co,898 East New Street\nEt irure illum iste\nPossimus quae dolor,Irure porro eiusmod ,50659','Farmer Kirby Co,898 East New Street\nEt irure illum iste\nPossimus quae dolor,Irure porro eiusmod ,50659','Flat Rate - Fixed','soqaceceb@mailinator.com','0',32.0000,5.0000,'Henry Sharpe','checkmo',NULL,NULL),(9,'pending',4,'customordernumber\ncustomordernumber\ncustomordernumber',NULL,43.0000,NULL,43.0000,NULL,'ORD-22-11-02-4-00007','USD','USD','Randall Pitts','Randall Pitts','2022-11-02 07:48:34','2022-11-02 07:48:34','Bush and Cash Traders,36 Nobel Freeway\nOfficia sunt dolorem\nDeserunt impedit co,Dolor tenetur qui ar,39899','Bush and Cash Traders,36 Nobel Freeway\nOfficia sunt dolorem\nDeserunt impedit co,Dolor tenetur qui ar,39899','Flat Rate - Fixed','dobepy@mailinator.com','0',38.0000,5.0000,'Randall Pitts','checkmo',NULL,NULL),(10,'pending',5,'customstockstatus\ncustomstockstatus\ncustomstockstatus',NULL,64.0000,NULL,64.0000,NULL,'5000000001','USD','USD','Keith Orr','Keith Orr','2022-11-02 07:56:25','2022-11-02 07:56:25','Kerr Alford Plc,997 West Fabien Drive\nUt quos quo nulla re\nUt et quibusdam amet,Culpa quia tempore ,78514','Kerr Alford Plc,997 West Fabien Drive\nUt quos quo nulla re\nUt et quibusdam amet,Culpa quia tempore ,78514','Flat Rate - Fixed','cugasoqyb@mailinator.com','0',59.0000,5.0000,'Keith Orr','checkmo',NULL,NULL),(11,'pending',5,'customstockstatus\ncustomstockstatus\ncustomstockstatus',NULL,64.0000,NULL,64.0000,NULL,'5000000002','USD','USD','Elaine Herrera','Elaine Herrera','2022-11-02 07:58:25','2022-11-02 07:58:25','Travis and Goodman Inc,213 West Cowley Avenue\nQui voluptate ea eos\nAut dolore tempor vo,Ut est consectetur d,43911','Travis and Goodman Inc,213 West Cowley Avenue\nQui voluptate ea eos\nAut dolore tempor vo,Ut est consectetur d,43911','Flat Rate - Fixed','fasur@mailinator.com','0',59.0000,5.0000,'Elaine Herrera','checkmo',NULL,NULL),(12,'pending',5,'customstockstatus\ncustomstockstatus\ncustomstockstatus',NULL,143.0000,NULL,143.0000,NULL,'5000000003','USD','USD','Sebastian Mckee','Sebastian Mckee','2022-11-02 08:11:36','2022-11-02 08:11:36','Waller Odonnell Plc,713 First Parkway\nEa mollitia obcaecat\nQuod cum ab ea molli,Quidem delectus ea ,43471','Waller Odonnell Plc,713 First Parkway\nEa mollitia obcaecat\nQuod cum ab ea molli,Quidem delectus ea ,43471','Flat Rate - Fixed','pajyty@mailinator.com','0',133.0000,10.0000,'Sebastian Mckee','checkmo',NULL,NULL),(13,'pending',5,'customstockstatus\ncustomstockstatus\ncustomstockstatus',NULL,37.0000,NULL,37.0000,NULL,'5000000004','USD','USD','Isabelle Browning','Isabelle Browning','2022-11-02 08:14:14','2022-11-02 08:14:14','Barnett Landry Trading,348 Rocky Nobel Freeway\nDolor commodo totam \nNon eius illo cupida,Vero ab aut dolorum ,podkarpackie,33272','Barnett Landry Trading,348 Rocky Nobel Freeway\nDolor commodo totam \nNon eius illo cupida,Vero ab aut dolorum ,podkarpackie,33272','Flat Rate - Fixed','xyqe@mailinator.com','0',32.0000,5.0000,'Isabelle Browning','checkmo',NULL,NULL),(14,'pending',5,'customstockstatus\ncustomstockstatus\ncustomstockstatus',1,53.7100,NULL,53.7100,NULL,'5000000005','USD','USD','Veronica Costello','Veronica Costello','2022-11-02 08:16:18','2023-09-29 08:09:48','6146 Honey Bluff Parkway,Calder,Michigan,49628-7978','6146 Honey Bluff Parkway,Calder,Michigan,49628-7978','Flat Rate - Fixed','roni_cost@example.com','1',45.0000,5.0000,'Veronica Costello','checkmo',NULL,NULL),(15,'pending',5,'customstockstatus\ncustomstockstatus\ncustomstockstatus',3,39.0000,NULL,39.0000,NULL,'5000000006','USD','USD','Charissa Harvey','Charissa Harvey','2022-11-03 09:54:48','2022-11-03 09:54:48','Harding and Reed Plc,62 West Second Road\nIure accusamus ut ut\nEligendi eum commodo,Est voluptate sed e,49628-7978','Harding and Reed Plc,62 West Second Road\nIure accusamus ut ut\nEligendi eum commodo,Est voluptate sed e,49628-7978','Flat Rate - Fixed','bhargavrocktechnolabs@gmail.com','1',34.0000,5.0000,'Aline Dickson','checkmo',NULL,NULL),(16,'pending',2,'checkoutsuccesspage\ncheckoutsuccesspage\ncheckoutsuccesspage',NULL,39.0000,NULL,39.0000,NULL,'2000000003','USD','USD','janvi Rock','janvi Rock','2022-11-22 11:59:29','2022-11-22 11:59:29','rocktechnology,XYZ\nXYZ\nXYZ,ahmedabad,Gujarat,380001','rocktechnology,XYZ\nXYZ\nXYZ,ahmedabad,Gujarat,380001','Flat Rate - Fixed','janvi@rocktechnolabs.com','0',34.0000,5.0000,'janvi Rock','checkmo',NULL,NULL),(17,'pending',2,'checkoutsuccesspage\ncheckoutsuccesspage\ncheckoutsuccesspage',15,43.0000,NULL,43.0000,NULL,'2000000004','USD','USD','janvi Rock','janvi Rock','2022-11-22 12:01:41','2022-11-22 12:01:41','rocktechnology,XYZ\nXYZ\nXYZ,ahmedabad,Gujarat,380001','rocktechnology,XYZ\nXYZ\nXYZ,ahmedabad,Gujarat,380001','Flat Rate - Fixed','janvi@rocktechnolabs.com','1',38.0000,5.0000,'janvi Rock','checkmo',NULL,NULL),(18,'pending',2,'checkoutsuccesspage\ncheckoutsuccesspage\ncheckoutsuccesspage',15,47.0000,NULL,47.0000,NULL,'2000000005','USD','USD','janvi Rock','janvi Rock','2022-11-22 12:13:08','2022-11-22 12:13:08','rocktechnology,XYZ\nXYZ\nXYZ,ahmedabad,Gujarat,380001','rocktechnology,XYZ\nXYZ\nXYZ,ahmedabad,Gujarat,380001','Flat Rate - Fixed','janvi@rocktechnolabs.com','1',42.0000,5.0000,'janvi Rock','checkmo',NULL,NULL),(19,'complete',2,'checkoutsuccesspage\ncheckoutsuccesspage\ncheckoutsuccesspage',15,39.0000,39.0000,39.0000,39.0000,'2000000006','USD','USD','janvi Rock','janvi Rock','2022-11-22 12:23:30','2022-11-22 12:29:37','rocktechnology,XYZ\nXYZ\nXYZ,ahmedabad,Gujarat,380001','rocktechnology,XYZ\nXYZ\nXYZ,ahmedabad,Gujarat,380001','Flat Rate - Fixed','janvi@rocktechnolabs.com','1',34.0000,5.0000,'janvi Rock','checkmo',NULL,NULL),(20,'pending',2,'checkoutsuccesspage\ncheckoutsuccesspage\ncheckoutsuccesspage',NULL,39.0000,NULL,39.0000,NULL,'2000000007','USD','USD','janvi panchal','janvi panchal','2022-11-22 13:50:49','2022-11-22 13:50:49','test,test,California,Connecticut,3235454','test,test,California,Connecticut,3235454','Flat Rate - Fixed','janvi@rocktechnolabs.com','0',34.0000,5.0000,'janvi panchal','checkmo',NULL,NULL),(21,'closed',4,'customordernumber\ncustomordernumber\ncustomordernumber',NULL,37.0000,37.0000,37.0000,37.0000,'ORD-22-11-23-4-00010','USD','USD','Kyle Robinson','Kyle Robinson','2022-11-23 10:34:23','2022-11-23 10:38:50','Whitehead and Bishop Associates,89 West Old Extension\nRerum dolore facere \nVeniam voluptates v,Ducimus voluptas at,28272','Whitehead and Bishop Associates,89 West Old Extension\nRerum dolore facere \nVeniam voluptates v,Ducimus voluptas at,28272','Flat Rate - Fixed','xuqysom@mailinator.com','0',32.0000,5.0000,'Kyle Robinson','checkmo',37.0000,NULL),(22,'closed',4,'customordernumber\ncustomordernumber\ncustomordernumber',NULL,67.0000,67.0000,67.0000,67.0000,'ORD-22-11-23-4-00013','USD','USD','Imani Reynolds','Imani Reynolds','2022-11-23 11:02:20','2022-11-23 11:04:19','Clements Howell Traders,673 South Oak Boulevard\nOdit reprehenderit d\nSed ut sint nobis si,Explicabo Do rerum ,16551','Clements Howell Traders,673 South Oak Boulevard\nOdit reprehenderit d\nSed ut sint nobis si,Explicabo Do rerum ,16551','Flat Rate - Fixed','zugyjekeqe@mailinator.com','0',57.0000,10.0000,'Imani Reynolds','checkmo',67.0000,NULL),(23,'pending',5,'customstockstatus\ncustomstockstatus\ncustomstockstatus',NULL,43.0000,NULL,43.0000,NULL,'5000000007','USD','USD','Kitra Silva','Kitra Silva','2022-11-23 11:19:01','2022-11-23 11:19:01','Frazier Hess Trading,267 First Freeway\nNesciunt esse tenet\nIn recusandae Nihil,Omnis similique proi,39990','Frazier Hess Trading,267 First Freeway\nNesciunt esse tenet\nIn recusandae Nihil,Omnis similique proi,39990','Flat Rate - Fixed','lecowof@mailinator.com','0',38.0000,5.0000,'Kitra Silva','checkmo',NULL,NULL),(24,'pending',7,'importcoupon\nimportcoupon\nimportcoupon',NULL,50.0000,NULL,50.0000,NULL,'7000000001','USD','USD','Hashim Pope','Hashim Pope','2022-11-23 12:32:44','2022-11-23 12:32:44','Brooks Chandler Trading,393 West Second Road\nNesciunt alias minu\nRepudiandae animi d,Eiusmod magna distin,Pohjois-Karjala,23615','Brooks Chandler Trading,393 West Second Road\nNesciunt alias minu\nRepudiandae animi d,Eiusmod magna distin,Pohjois-Karjala,23615','Flat Rate - Fixed','cyfucoxuj@mailinator.com','0',45.0000,5.0000,'Hashim Pope','checkmo',NULL,NULL),(25,'pending',11,'sampleproduct\nsampleproduct\nsampleproduct',NULL,79.0000,NULL,79.0000,NULL,'11000000001','USD','USD','Stewart Parsons','Stewart Parsons','2022-11-23 13:21:39','2022-11-23 13:21:39','Stark and Washington LLC,772 North Old Lane\nEligendi duis tempor\nPerferendis corporis,Tenetur Nam enim et ,91593','Stark and Washington LLC,772 North Old Lane\nEligendi duis tempor\nPerferendis corporis,Tenetur Nam enim et ,91593','Flat Rate - Fixed','kixaqev@mailinator.com','0',64.0000,15.0000,'Stewart Parsons','checkmo',NULL,NULL),(26,'pending',1,'Main Website\nMain Website Store\nDefault Store View',1,99.5900,NULL,99.5900,NULL,'000000003','USD','USD','Veronica Costello','Veronica Costello','2023-01-23 05:25:11','2023-09-29 08:09:48','6146 Honey Bluff Parkway,Calder,Michigan,49628-7978','6146 Honey Bluff Parkway,Calder,Michigan,49628-7978','Best Way - Table Rate','roni_cost@example.com','2',92.0000,0.0000,'Veronica Costello','checkmo',NULL,NULL),(27,'pending',11,'sampleproduct\nsampleproduct\nsampleproduct',1,20.0000,NULL,20.0000,NULL,'11000000002','USD','USD','Veronica Costello','Veronica Costello','2023-02-25 06:50:09','2023-09-29 08:09:48','6146 Honey Bluff Parkway,Calder,Michigan,49628-7978','6146 Honey Bluff Parkway,Calder,Michigan,49628-7978','Flat Rate - Fixed','roni_cost@example.com','2',15.0000,5.0000,'Veronica Costello','checkmo',NULL,NULL),(28,'closed',5,'customstockstatus\ncustomstockstatus\ncustomstockstatus',NULL,3784.0000,3784.0000,3784.0000,3784.0000,'5000000008','USD','USD','Niihuig guyg','Niihuig guyg','2023-03-15 05:25:20','2023-03-15 05:27:46','ygyg,g\nsds,hugu,California,90003','ygyg,g\nsds,hugu,California,90003','Flat Rate - Fixed','nikunj.qa@rocktechnolabs.com','0',3344.0000,440.0000,'Niihuig guyg','checkmo',3784.0000,NULL),(29,'pending',5,'customstockstatus\ncustomstockstatus\ncustomstockstatus',NULL,43880.0000,NULL,43880.0000,NULL,'5000000009','USD','USD','hukhj hi','hukhj hi','2023-03-15 06:01:45','2023-03-15 06:01:45','huih,ihui\nuih\nuih,guygy,California,90003','huih,ihui\nuih\nuih,guygy,California,90003','Flat Rate - Fixed','nikunj.qa@rocktechnolabs.com','0',42920.0000,960.0000,'hukhj hi','checkmo',NULL,NULL),(30,'pending',2,'checkoutsuccesspage\ncheckoutsuccesspage\ncheckoutsuccesspage',1,46.1400,NULL,46.1400,NULL,'2000000008','USD','USD','Veronica Costello','Veronica Costello','2023-03-25 05:33:41','2023-09-29 08:09:48','6146 Honey Bluff Parkway,Calder,Michigan,49628-7978','6146 Honey Bluff Parkway,Calder,Michigan,49628-7978','Flat Rate - Fixed','roni_cost@example.com','2',38.0000,5.0000,'Veronica Costello','checkmo',NULL,NULL),(31,'pending',2,'checkoutsuccesspage\ncheckoutsuccesspage\ncheckoutsuccesspage',1,53.7100,NULL,53.7100,NULL,'2000000009','USD','USD','Veronica Costello','Veronica Costello','2023-03-25 06:26:04','2023-09-29 08:09:48','6146 Honey Bluff Parkway,Calder,Michigan,49628-7978','6146 Honey Bluff Parkway,Calder,Michigan,49628-7978','Flat Rate - Fixed','roni_cost@example.com','2',45.0000,5.0000,'Veronica Costello','checkmo',NULL,NULL),(32,'pending',2,'checkoutsuccesspage\ncheckoutsuccesspage\ncheckoutsuccesspage',1,39.6400,NULL,39.6400,NULL,'2000000010','USD','USD','Veronica Costello','Veronica Costello','2023-03-25 06:28:11','2023-09-29 08:09:48','6146 Honey Bluff Parkway,Calder,Michigan,49628-7978','6146 Honey Bluff Parkway,Calder,Michigan,49628-7978','Flat Rate - Fixed','roni_cost@example.com','2',32.0000,5.0000,'Veronica Costello','checkmo',NULL,NULL),(33,'processing',4,'customordernumber\ncustomordernumber\ncustomordernumber',NULL,97.0000,97.0000,97.0000,97.0000,'ORD-23-04-27-4-00016','USD','USD','shuabhm Testing','shuabhm Testing','2023-04-27 06:02:21','2023-04-27 06:03:22','dad,22, tulsi Park Society, Nr. Kanha Bungalow Bakrol-Lambhvel Road, Anand.,ANAND,Gujarat,388315','dad,22, tulsi Park Society, Nr. Kanha Bungalow Bakrol-Lambhvel Road, Anand.,ANAND,Gujarat,388315','Flat Rate - Fixed','roni_cost@example.com','0',92.0000,5.0000,'shuabhm Testing','checkmo',NULL,NULL),(34,'pending',10,'minimumordercustomergroup\nminimumordercustomergroup\nminimumordercustomergroup',1,12.5800,NULL,12.5800,NULL,'10000000001','USD','USD','Veronica Costello','Veronica Costello','2023-04-27 07:40:02','2023-09-29 08:09:48','6146 Honey Bluff Parkway,Calder,Michigan,49628-7978','6146 Honey Bluff Parkway,Calder,Michigan,49628-7978','Flat Rate - Fixed','roni_cost@example.com','1',7.0000,5.0000,'Veronica Costello','checkmo',NULL,NULL),(35,'pending',2,'checkoutsuccesspage\ncheckoutsuccesspage\ncheckoutsuccesspage',1,80.7800,NULL,80.7800,NULL,'2000000011','USD','USD','Veronica Costello','Veronica Costello','2023-04-28 07:55:44','2023-09-29 08:09:48','6146 Honey Bluff Parkway,Calder,Michigan,49628-7978','6146 Honey Bluff Parkway,Calder,Michigan,49628-7978','Flat Rate - Fixed','roni_cost@example.com','1',70.0000,5.0000,'Veronica Costello','checkmo',NULL,NULL),(36,'pending',2,'checkoutsuccesspage\ncheckoutsuccesspage\ncheckoutsuccesspage',NULL,27.0000,NULL,27.0000,NULL,'2000000012','USD','USD','test test','test test','2023-04-29 06:26:07','2023-04-29 06:26:08','test,ahmedabad,Alaska,12345-6789','test,ahmedabad,Alaska,12345-6789','Flat Rate - Fixed','dharmeshr@rocktechnolabs.com','0',22.0000,5.0000,'test test','checkmo',NULL,NULL),(37,'pending',1,'Main Website\nMain Website Store\nDefault Store View',NULL,37.0000,NULL,37.0000,NULL,'000000004','USD','USD','test test','test test','2023-05-09 14:07:43','2023-05-09 14:07:44','test,ahmedabad,Alaska,12345-6789','test,ahmedabad,Alaska,12345-6789','Flat Rate - Fixed','dharmeshr@rocktechnolabs.com','0',32.0000,5.0000,'test test','checkmo',NULL,NULL),(38,'pending',6,'forcelogin\nforcelogin\nforcelogin',1,46.1400,NULL,46.1400,NULL,'6000000001','USD','USD','Veronica Costello','Veronica Costello','2023-05-15 07:47:26','2023-09-29 08:09:48','6146 Honey Bluff Parkway,Calder,Michigan,49628-7978','6146 Honey Bluff Parkway,Calder,Michigan,49628-7978','Flat Rate - Fixed','roni_cost@example.com','1',38.0000,5.0000,'Veronica Costello','checkmo',NULL,NULL),(39,'pending',1,'Main Website\nMain Website Store\nDefault Store View',NULL,59.0000,NULL,59.0000,NULL,'000000005','USD','USD','test test','test test','2023-05-19 04:56:53','2023-05-19 04:56:53','test,ahmedabad,Alaska,12345-6789','test,ahmedabad,Alaska,12345-6789','Flat Rate - Fixed','dharmeshr@rocktechnolabs.com','0',54.0000,5.0000,'test test','checkmo',NULL,NULL),(40,'pending',1,'Main Website\nMain Website Store\nDefault Store View',1,6.5000,NULL,6.5000,NULL,'000000006','USD','USD','','Veronica Costello','2023-05-19 05:09:05','2023-09-29 08:09:48','6146 Honey Bluff Parkway,Calder,Michigan,49628-7978','',NULL,'roni_cost@example.com','1',6.0000,0.0000,'Veronica Costello','checkmo',NULL,NULL),(41,'pending',1,'Main Website\nMain Website Store\nDefault Store View',NULL,92.0000,NULL,92.0000,NULL,'000000007','USD','USD','test test','test test','2023-05-27 05:17:54','2023-05-27 05:17:54','test,ahmedabad,Alaska,12345-6789','test,ahmedabad,Alaska,12345-6789','Best Way - Table Rate','dharmeshr@rocktechnolabs.com','0',92.0000,0.0000,'test test','checkmo',NULL,NULL),(42,'pending',1,'Main Website\nMain Website Store\nDefault Store View',NULL,17.0000,NULL,17.0000,NULL,'000000008','USD','USD','Rock Tset','Rock Tset','2023-06-02 05:19:03','2023-06-02 05:19:03','Test Company,test1\nStreet 2\nStreet 3,Bournemouth,BH7 6HJ','Test Company,test1\nStreet 2\nStreet 3,Bournemouth,BH7 6HJ','Flat Rate - Fixed','dharmeshr@rocktechnolabs.com','0',12.0000,5.0000,'Rock Tset','checkmo',NULL,NULL),(43,'pending',1,'Main Website\nMain Website Store\nDefault Store View',NULL,97.0000,NULL,97.0000,NULL,'000000009','USD','USD','Rock Tset','Rock Tset','2023-06-09 05:12:18','2023-06-09 05:12:19','Test Company,test1\nStreet 2\nStreet 3,Bournemouth,BH7 6HJ','Test Company,test1\nStreet 2\nStreet 3,Bournemouth,BH7 6HJ','Flat Rate - Fixed','dharmeshr@rocktechnolabs.com','0',92.0000,5.0000,'Rock Tset','checkmo',NULL,NULL),(44,'pending',1,'Main Website\nMain Website Store\nDefault Store View',NULL,57.0000,NULL,57.0000,NULL,'000000010','USD','USD','Rock Tset','Rock Tset','2023-06-16 05:18:21','2023-06-16 05:18:21','Test Company,test1\nStreet 2\nStreet 3,Bournemouth,BH7 6HJ','Test Company,test1\nStreet 2\nStreet 3,Bournemouth,BH7 6HJ','Flat Rate - Fixed','dharmeshr@rocktechnolabs.com','0',52.0000,5.0000,'Rock Tset','checkmo',NULL,NULL),(45,'pending',1,'Main Website\nMain Website Store\nDefault Store View',NULL,66.0000,NULL,66.0000,NULL,'000000011','USD','USD','Rock Tset','Rock Tset','2023-06-24 04:56:34','2023-06-24 04:56:34','Test Company,test1\nStreet 2\nStreet 3,Bournemouth,BH7 6HJ','Test Company,test1\nStreet 2\nStreet 3,Bournemouth,BH7 6HJ','Flat Rate - Fixed','dharmeshr@rocktechnolabs.com','0',61.0000,5.0000,'Rock Tset','checkmo',NULL,NULL),(46,'pending',1,'Main Website\nMain Website Store\nDefault Store View',NULL,47.0000,NULL,47.0000,NULL,'000000012','USD','USD','Rock Tset','Rock Tset','2023-06-30 05:19:50','2023-06-30 05:19:50','Test Company,test1\nStreet 2\nStreet 3,Bournemouth,BH7 6HJ','Test Company,test1\nStreet 2\nStreet 3,Bournemouth,BH7 6HJ','Flat Rate - Fixed','dharmeshr@rocktechnolabs.com','0',42.0000,5.0000,'Rock Tset','checkmo',NULL,NULL),(47,'pending',1,'Main Website\nMain Website Store\nDefault Store View',NULL,17.0000,NULL,17.0000,NULL,'000000013','USD','USD','Rock Tset','Rock Tset','2023-07-03 05:35:30','2023-07-03 05:35:30','Test Company,test1\nStreet 2\nStreet 3,Bournemouth,BH7 6HJ','Test Company,test1\nStreet 2\nStreet 3,Bournemouth,BH7 6HJ','Flat Rate - Fixed','dharmeshr@rocktechnolabs.com','0',12.0000,5.0000,'Rock Tset','checkmo',NULL,NULL),(48,'pending',1,'Main Website\nMain Website Store\nDefault Store View',NULL,132.0000,NULL,132.0000,NULL,'000000014','USD','USD','Rock Tset','Rock Tset','2023-07-14 05:02:15','2023-07-14 05:02:15','Test Company,test1\nStreet 2\nStreet 3,Bournemouth,BH7 6HJ','Test Company,test1\nStreet 2\nStreet 3,Bournemouth,BH7 6HJ','Flat Rate - Fixed','dharmeshr@rocktechnolabs.com','0',122.0000,10.0000,'Rock Tset','checkmo',NULL,NULL),(49,'pending',1,'Main Website\nMain Website Store\nDefault Store View',1,36.3900,NULL,36.3900,NULL,'000000015','USD','USD','Veronica Costello','Veronica Costello','2023-07-21 05:18:45','2023-09-29 08:09:48','6146 Honey Bluff Parkway,Calder,Michigan,49628-7978','6146 Honey Bluff Parkway,Calder,Michigan,49628-7978','Flat Rate - Fixed','roni_cost@example.com','1',29.0000,5.0000,'Veronica Costello','checkmo',NULL,NULL),(50,'pending',1,'Main Website\nMain Website Store\nDefault Store View',NULL,62.0000,NULL,62.0000,NULL,'000000016','USD','USD','Rock Tset','Rock Tset','2023-07-28 05:53:28','2023-07-28 05:53:28','Test Company,test1\nStreet 2\nStreet 3,Bournemouth,BH7 6HJ','Test Company,test1\nStreet 2\nStreet 3,Bournemouth,BH7 6HJ','Flat Rate - Fixed','dharmeshr@rocktechnolabs.com','0',57.0000,5.0000,'Rock Tset','checkmo',NULL,NULL),(51,'pending',1,'Main Website\nMain Website Store\nDefault Store View',NULL,66.0000,NULL,66.0000,NULL,'000000017','USD','USD','Rock Tset','Rock Tset','2023-08-04 05:15:32','2023-08-04 05:15:32','Rock,37 Warsash Rd\nStreet 2\nStreet 3,Warsash,SO31 9HW','Rock,37 Warsash Rd\nStreet 2\nStreet 3,Warsash,SO31 9HW','Flat Rate - Fixed','dharmeshr@rocktechnolabs.com','0',61.0000,5.0000,'Rock Tset','checkmo',NULL,NULL),(52,'processing',11,'sampleproduct\nsampleproduct\nsampleproduct',NULL,10.0000,NULL,10.0000,NULL,'11000000003','USD','USD','Bug Tester','Bug Tester','2023-08-04 10:17:59','2023-08-04 10:20:42','6146 Honey Bluff Parkway,LA,Hawaii,10755','6146 Honey Bluff Parkway,LA,Hawaii,10755','Flat Rate - Fixed','roni_cos1t@example.com','0',0.0000,10.0000,'Bug Tester','checkmo',NULL,NULL),(53,'pending',11,'sampleproduct\nsampleproduct\nsampleproduct',NULL,5.0000,NULL,5.0000,NULL,'11000000004','USD','USD','Bug Tester','Bug Tester','2023-08-04 10:19:00','2023-08-04 10:19:00','6146 Honey Bluff Parkway,LA,Hawaii,10755','6146 Honey Bluff Parkway,LA,Hawaii,10755','Flat Rate - Fixed','roni_cost1@example.com','0',0.0000,5.0000,'Bug Tester','checkmo',NULL,NULL),(54,'pending',11,'sampleproduct\nsampleproduct\nsampleproduct',NULL,44.0000,NULL,44.0000,NULL,'11000000005','USD','USD','Bug Tester','Bug Tester','2023-08-04 10:23:14','2023-08-04 10:23:14','6146 Honey Bluff Parkway,LA,Hawaii,10755','6146 Honey Bluff Parkway,LA,Hawaii,10755','Flat Rate - Fixed','roni_cost1@example.com','0',34.0000,10.0000,'Bug Tester','checkmo',NULL,NULL),(55,'pending',1,'Main Website\nMain Website Store\nDefault Store View',NULL,53.0000,NULL,53.0000,NULL,'000000018','USD','USD','Rock Tset','Rock Tset','2023-08-07 05:08:52','2023-08-07 05:08:52','Test Company,test1\nStreet 2\nStreet 3,Bournemouth,BH7 6HJ','Test Company,test1\nStreet 2\nStreet 3,Bournemouth,BH7 6HJ','Flat Rate - Fixed','dharmeshr@rocktechnolabs.com','0',48.0000,5.0000,'Rock Tset','checkmo',NULL,NULL),(56,'pending',1,'Main Website\nMain Website Store\nDefault Store View',37,6.0000,NULL,6.0000,NULL,'000000019','USD','USD','','Rock Tset','2023-08-11 05:48:34','2023-08-11 05:48:34','Test Company,test1\nStreet 2\nStreet 3,Bournemouth,BH7 6HJ','',NULL,'dharmeshr@rocktechnolabs.com','1',6.0000,0.0000,'Dharmesh Rock','checkmo',NULL,NULL),(57,'pending',1,'Main Website\nMain Website Store\nDefault Store View',NULL,60.0000,NULL,60.0000,NULL,'000000020','USD','USD','Rock Tset','Rock Tset','2023-08-18 05:14:55','2023-08-18 05:14:55','Test Company,test1\nStreet 2\nStreet 3,Bournemouth,BH7 6HJ','Test Company,test1\nStreet 2\nStreet 3,Bournemouth,BH7 6HJ','Flat Rate - Fixed','dharmeshr@rocktechnolabs.com','0',55.0000,5.0000,'Rock Tset','checkmo',NULL,NULL),(58,'pending',1,'Main Website\nMain Website Store\nDefault Store View',NULL,66.0000,NULL,66.0000,NULL,'000000021','USD','USD','Rock Tset','Rock Tset','2023-08-25 05:11:44','2023-08-25 05:11:44','Test Company,test1\nStreet 2\nStreet 3,Bournemouth,BH7 6HJ','Test Company,test1\nStreet 2\nStreet 3,Bournemouth,BH7 6HJ','Flat Rate - Fixed','dharmeshr@rocktechnolabs.com','0',61.0000,5.0000,'Rock Tset','checkmo',NULL,NULL),(59,'pending',1,'Main Website\nMain Website Store\nDefault Store View',NULL,33.0000,NULL,33.0000,NULL,'000000022','USD','USD','Rock Tset','Rock Tset','2023-09-01 05:25:13','2023-09-01 05:25:14','Test Company,test1\nStreet 2\nStreet 3,Bournemouth,BH7 6HJ','Test Company,test1\nStreet 2\nStreet 3,Bournemouth,BH7 6HJ','Flat Rate - Fixed','dharmeshr@rocktechnolabs.com','0',28.0000,5.0000,'Rock Tset','checkmo',NULL,NULL),(60,'complete',5,'customstockstatus\ncustomstockstatus\ncustomstockstatus',NULL,64.0000,64.0000,64.0000,64.0000,'5000000010','USD','USD','Rahul Bhatt','Rahul Bhatt','2023-09-14 05:06:46','2023-10-11 08:44:32','7/8 Gokul Residency,Ahmedabad,Gujarat,380001','7/8 Gokul Residency,Ahmedabad,Gujarat,380001','Flat Rate - Fixed','rahulb@rocktechnolabs.com','1',59.0000,5.0000,'Rahul Bhatt','checkmo',-1.0000,NULL),(61,'pending',6,'forcelogin\nforcelogin\nforcelogin',19,37.0000,NULL,37.0000,NULL,'6000000002','USD','USD','Rahul Bhatt','Rahul Bhatt','2023-09-14 07:07:48','2023-09-14 07:07:48','7/8 Gokul Residency,Ahmedabad,Gujarat,380001','7/8 Gokul Residency,Ahmedabad,Gujarat,380001','Flat Rate - Fixed','rahulb@rocktechnolabs.com','1',32.0000,5.0000,'Rahul Bhatt','checkmo',NULL,NULL),(62,'pending',6,'forcelogin\nforcelogin\nforcelogin',19,50.0000,NULL,50.0000,NULL,'6000000003','USD','USD','Rahul Bhatt','Rahul Bhatt','2023-09-14 07:08:28','2023-09-14 07:08:28','7/8 Gokul Residency,Ahmedabad,Gujarat,380001','7/8 Gokul Residency,Ahmedabad,Gujarat,380001','Flat Rate - Fixed','rahulb@rocktechnolabs.com','1',45.0000,5.0000,'Rahul Bhatt','checkmo',NULL,NULL),(63,'pending',9,'loginascustomer\nloginascustomer\nloginascustomer',19,54.0000,NULL,54.0000,NULL,'9000000001','USD','USD','Rahul Bhatt','Rahul Bhatt','2023-09-14 13:01:32','2023-09-14 13:01:32','7/8 Gokul Residency,Ahmedabad,Gujarat,380001','7/8 Gokul Residency,Ahmedabad,Gujarat,380001','Flat Rate - Fixed','rahulb@rocktechnolabs.com','1',49.0000,5.0000,'Rahul Bhatt','checkmo',NULL,NULL),(64,'pending',10,'minimumordercustomergroup\nminimumordercustomergroup\nminimumordercustomergroup',19,54.0000,NULL,54.0000,NULL,'10000000002','USD','USD','Rahul Bhatt','Rahul Bhatt','2023-09-14 13:51:42','2023-09-14 13:51:42','7/8 Gokul Residency,Ahmedabad,Gujarat,380001','7/8 Gokul Residency,Ahmedabad,Gujarat,380001','Flat Rate - Fixed','rahulb@rocktechnolabs.com','1',49.0000,5.0000,'Rahul Bhatt','checkmo',NULL,NULL),(65,'pending',10,'minimumordercustomergroup\nminimumordercustomergroup\nminimumordercustomergroup',19,67.0000,NULL,67.0000,NULL,'10000000003','USD','USD','Rahul Bhatt','Rahul Bhatt','2023-09-15 05:01:16','2023-09-15 05:01:16','7/8 Gokul Residency,Ahmedabad,Gujarat,380001','7/8 Gokul Residency,Ahmedabad,Gujarat,380001','Flat Rate - Fixed','rahulb@rocktechnolabs.com','1',62.0000,5.0000,'Rahul Bhatt','checkmo',NULL,NULL),(66,'pending',11,'sampleproduct\nsampleproduct\nsampleproduct',19,320.0000,NULL,320.0000,NULL,'11000000006','USD','USD','Rahul Bhatt','Rahul Bhatt','2023-09-15 06:56:12','2023-09-15 06:56:12','7/8 Gokul Residency,Ahmedabad,Gujarat,380001','7/8 Gokul Residency,Ahmedabad,Gujarat,380001','Flat Rate - Fixed','rahulb@rocktechnolabs.com','1',295.0000,25.0000,'Rahul Bhatt','checkmo',NULL,NULL),(67,'pending',1,'Main Website\nMain Website Store\nDefault Store View',NULL,17.0000,NULL,17.0000,NULL,'000000023','USD','USD','Rock Tset','Rock Tset','2023-09-15 10:24:57','2023-09-15 10:24:57','Test Company,test1\nStreet 2\nStreet 3,Bournemouth,BH7 6HJ','Test Company,test1\nStreet 2\nStreet 3,Bournemouth,BH7 6HJ','Flat Rate - Fixed','dharmeshr@rocktechnolabs.com','0',12.0000,5.0000,'Rock Tset','checkmo',NULL,NULL),(68,'pending',1,'Main Website\nMain Website Store\nDefault Store View',37,17.0000,NULL,17.0000,NULL,'000000024','USD','USD','Rock Tset','Rock Tset','2023-09-15 10:25:34','2023-09-15 10:25:34','Test Company,test1\nStreet 2\nStreet 3,Bournemouth,BH7 6HJ','Test Company,test1\nStreet 2\nStreet 3,Bournemouth,BH7 6HJ','Flat Rate - Fixed','dharmeshr@rocktechnolabs.com','1',12.0000,5.0000,'Dharmesh Rock','checkmo',NULL,NULL),(69,'pending',2,'checkoutsuccesspage\ncheckoutsuccesspage\ncheckoutsuccesspage',1,85.1100,NULL,85.1100,NULL,'2000000013','USD','USD','Veronica Costello','Veronica Costello','2023-09-18 07:44:19','2023-09-29 08:09:48','6146 Honey Bluff Parkway,Calder,Michigan,49628-7978','6146 Honey Bluff Parkway,Calder,Michigan,49628-7978','Flat Rate - Fixed','roni_cost@example.com','1',74.0000,5.0000,'Veronica Costello','checkmo',NULL,NULL),(70,'pending',2,'checkoutsuccesspage\ncheckoutsuccesspage\ncheckoutsuccesspage',1,68.8700,NULL,68.8700,NULL,'2000000014','USD','USD','Veronica Costello','Veronica Costello','2023-09-18 11:11:36','2023-09-29 08:09:48','6146 Honey Bluff Parkway,Calder,Michigan,49628-7978','6146 Honey Bluff Parkway,Calder,Michigan,49628-7978','Flat Rate - Fixed','roni_cost@example.com','1',59.0000,5.0000,'Veronica Costello','checkmo',NULL,NULL),(71,'pending',2,'checkoutsuccesspage\ncheckoutsuccesspage\ncheckoutsuccesspage',NULL,39.0000,NULL,39.0000,NULL,'2000000015','USD','USD','Rock Tset','Rock Tset','2023-09-19 08:05:57','2023-09-19 08:05:57','Test Company,test1\nStreet 2,Bournemouth,BH7 6HJ','Test Company,test1\nStreet 2,Bournemouth,BH7 6HJ','Flat Rate - Fixed','dharmeshr@rocktechnolabs.com','0',34.0000,5.0000,'Rock Tset','checkmo',NULL,NULL),(72,'pending',2,'checkoutsuccesspage\ncheckoutsuccesspage\ncheckoutsuccesspage',NULL,82.0000,NULL,82.0000,NULL,'2000000016','USD','USD','Jasvant rock 222','Jasvant rock 222','2023-09-19 09:51:17','2023-09-19 09:51:17','test4yg,204 - Celebrity Aura\nNavrangpura,Ahmedabad,Gujarat,380009','test4yg,204 - Celebrity Aura\nNavrangpura,Ahmedabad,Gujarat,380009','Flat Rate - Fixed','jasvant@rocktechnolabs.com','0',72.0000,10.0000,'Jasvant rock 222','checkmo',NULL,NULL),(73,'pending',2,'checkoutsuccesspage\ncheckoutsuccesspage\ncheckoutsuccesspage',NULL,37.0000,NULL,37.0000,NULL,'2000000017','USD','USD','Rock Tset','Rock Tset','2023-09-19 09:55:53','2023-09-19 09:55:53','Test Company,test1\nStreet 2\nStreet 3,Bournemouth,BH7 6HJ','Test Company,test1\nStreet 2\nStreet 3,Bournemouth,BH7 6HJ','Flat Rate - Fixed','roni_cost@example.com','0',32.0000,5.0000,'Rock Tset','checkmo',NULL,NULL),(74,'pending',2,'checkoutsuccesspage\ncheckoutsuccesspage\ncheckoutsuccesspage',NULL,39.0000,NULL,39.0000,NULL,'2000000018','USD','USD','Rock Tset','Rock Tset','2023-09-19 09:57:01','2023-09-19 09:57:01','Test Company,test1\nStreet 2\nStreet 3,Bournemouth,BH7 6HJ','Test Company,test1\nStreet 2\nStreet 3,Bournemouth,BH7 6HJ','Flat Rate - Fixed','roni_cost@example.com','0',34.0000,5.0000,'Rock Tset','checkmo',NULL,NULL),(75,'pending',2,'checkoutsuccesspage\ncheckoutsuccesspage\ncheckoutsuccesspage',NULL,39.0000,NULL,39.0000,NULL,'2000000019','USD','USD','shuabhm Testing','shuabhm Testing','2023-09-20 09:57:47','2023-09-20 09:57:47','dad,22, tulsi Park Society, Nr. Kanha Bungalow Bakrol-Lambhvel Road, Anand.,ANAND,Gujarat,388315','dad,22, tulsi Park Society, Nr. Kanha Bungalow Bakrol-Lambhvel Road, Anand.,ANAND,Gujarat,388315','Flat Rate - Fixed','shubhams@rocktechnolabs.com','0',34.0000,5.0000,'shuabhm Testing','checkmo',NULL,NULL),(76,'pending',5,'customstockstatus\ncustomstockstatus\ncustomstockstatus',1,115.0000,NULL,115.0000,NULL,'5000000011','USD','USD','Veronica Costello','Veronica Costello','2023-09-20 09:58:21','2023-09-29 08:09:48','6146 Honey Bluff Parkway,Calder,Michigan,49628-7978','6146 Honey Bluff Parkway,Calder,Michigan,49628-7978','Flat Rate - Fixed','roni_cost@example.com','1',97.0000,10.0000,'Veronica Costello','checkmo',NULL,NULL),(77,'pending',5,'customstockstatus\ncustomstockstatus\ncustomstockstatus',1,61.2900,NULL,61.2900,NULL,'5000000012','USD','USD','Veronica Costello','Veronica Costello','2023-09-20 09:59:53','2023-09-29 08:09:48','6146 Honey Bluff Parkway,Calder,Michigan,49628-7978','6146 Honey Bluff Parkway,Calder,Michigan,49628-7978','Flat Rate - Fixed','roni_cost@example.com','1',52.0000,5.0000,'Veronica Costello','checkmo',NULL,NULL),(78,'pending',3,'customerapproval\ncustomerapproval\ncustomerapproval',1,43.9700,NULL,43.9700,NULL,'3000000002','USD','USD','Veronica Costello','Veronica Costello','2023-09-20 10:21:50','2023-09-29 08:09:48','6146 Honey Bluff Parkway,Calder,Michigan,49628-7978','6146 Honey Bluff Parkway,Calder,Michigan,49628-7978','Flat Rate - Fixed','roni_cost@example.com','1',36.0000,5.0000,'Veronica Costello','checkmo',NULL,NULL),(79,'pending',4,'customordernumber\ncustomordernumber\ncustomordernumber',1,72.1200,NULL,72.1200,NULL,'ORD-23-09-20-4-00019','USD','USD','Veronica Costello','Veronica Costello','2023-09-20 10:23:42','2023-09-29 08:09:48','6146 Honey Bluff Parkway,Calder,Michigan,49628-7978','6146 Honey Bluff Parkway,Calder,Michigan,49628-7978','Flat Rate - Fixed','roni_cost@example.com','1',62.0000,5.0000,'Veronica Costello','checkmo',NULL,NULL),(80,'pending',5,'customstockstatus\ncustomstockstatus\ncustomstockstatus',1,36.3900,NULL,36.3900,NULL,'5000000013','USD','USD','Veronica Costello','Veronica Costello','2023-09-20 10:25:10','2023-09-29 08:09:48','6146 Honey Bluff Parkway,Calder,Michigan,49628-7978','6146 Honey Bluff Parkway,Calder,Michigan,49628-7978','Flat Rate - Fixed','roni_cost@example.com','1',29.0000,5.0000,'Veronica Costello','checkmo',NULL,NULL),(81,'pending',6,'forcelogin\nforcelogin\nforcelogin',44,50.0000,NULL,50.0000,NULL,'6000000004','USD','USD','Rahul Bhatt','Rahul Bhatt','2023-09-20 10:27:22','2023-09-20 10:27:22','7/8 Gokul Residency,Ahmedabad,Gujarat,380001','7/8 Gokul Residency,Ahmedabad,Gujarat,380001','Flat Rate - Fixed','rahulb@rocktechnolabs.com','1',45.0000,5.0000,'Rahul Bhatt','checkmo',NULL,NULL),(82,'pending',7,'importcoupon\nimportcoupon\nimportcoupon',44,64.0000,NULL,64.0000,NULL,'7000000002','USD','USD','Rahul Bhatt','Rahul Bhatt','2023-09-20 10:28:42','2023-09-20 10:28:42','7/8 Gokul Residency,Ahmedabad,Gujarat,380001','7/8 Gokul Residency,Ahmedabad,Gujarat,380001','Flat Rate - Fixed','rahulb@rocktechnolabs.com','1',59.0000,5.0000,'Rahul Bhatt','checkmo',NULL,NULL),(83,'pending',10,'minimumordercustomergroup\nminimumordercustomergroup\nminimumordercustomergroup',44,43.0000,NULL,43.0000,NULL,'10000000004','USD','USD','Rahul Bhatt','Rahul Bhatt','2023-09-20 10:37:28','2023-09-20 10:37:28','7/8 Gokul Residency,Ahmedabad,Gujarat,380001','7/8 Gokul Residency,Ahmedabad,Gujarat,380001','Flat Rate - Fixed','rahulb@rocktechnolabs.com','1',38.0000,5.0000,'Rahul Bhatt','checkmo',NULL,NULL),(84,'pending',2,'checkoutsuccesspage\ncheckoutsuccesspage\ncheckoutsuccesspage',NULL,50.0000,NULL,50.0000,NULL,'2000000020','USD','USD','Rock Tset','Rock Tset','2023-09-22 11:48:40','2023-09-22 11:48:40','Test Company,test1\nStreet 2\nStreet 3,Bournemouth,Bihar,123456','Test Company,test1\nStreet 2\nStreet 3,Bournemouth,Bihar,123456','Flat Rate - Fixed','dharmeshr@rocktechnolabs.com','0',45.0000,5.0000,'Rock Tset','checkmo',NULL,NULL),(85,'pending',2,'checkoutsuccesspage\ncheckoutsuccesspage\ncheckoutsuccesspage',37,66.0000,NULL,66.0000,NULL,'2000000021','USD','USD','Rock Tset','Rock Tset','2023-09-22 11:55:03','2023-09-22 11:55:03','Test Company,test1\nStreet 2\nStreet 3,Bournemouth,BH7 6HJ','Test Company,test1\nStreet 2\nStreet 3,Bournemouth,BH7 6HJ','Flat Rate - Fixed','dharmeshr@rocktechnolabs.com','1',56.0000,10.0000,'Dharmesh Rock','checkmo',NULL,NULL),(86,'pending',2,'checkoutsuccesspage\ncheckoutsuccesspage\ncheckoutsuccesspage',NULL,43.0000,NULL,43.0000,NULL,'2000000022','USD','USD','Rock Tset','Rock Tset','2023-09-22 11:55:59','2023-09-22 11:55:59','Test Company,test1\nStreet 2\nStreet 3,Bournemouth,Daman and Diu,123456','Test Company,test1\nStreet 2\nStreet 3,Bournemouth,Daman and Diu,123456','Flat Rate - Fixed','dharmeshr@rocktechnolabs.com','0',38.0000,5.0000,'Rock Tset','checkmo',NULL,NULL),(87,'pending',2,'checkoutsuccesspage\ncheckoutsuccesspage\ncheckoutsuccesspage',NULL,72.0000,NULL,72.0000,NULL,'2000000023','USD','USD','test test','test test','2023-09-22 11:57:15','2023-09-22 11:57:15','test,ahmedabad,Alaska,12345-6789','test,ahmedabad,Alaska,12345-6789','Flat Rate - Fixed','dharmeshr@rocktechnolabs.com','0',62.0000,10.0000,'test test','checkmo',NULL,NULL),(88,'pending',2,'checkoutsuccesspage\ncheckoutsuccesspage\ncheckoutsuccesspage',NULL,37.0000,NULL,37.0000,NULL,'2000000024','USD','USD','Amir Ray','Amir Ray','2023-09-22 11:58:33','2023-09-22 11:58:33','Kidd and Carroll Plc,90 First Extension\nOmnis magnam ut assu\nPorro magnam non bea,Suscipit aute pariat,47566','Kidd and Carroll Plc,90 First Extension\nOmnis magnam ut assu\nPorro magnam non bea,Suscipit aute pariat,47566','Flat Rate - Fixed','ketan@rocktechnolabs.com','0',32.0000,5.0000,'Amir Ray','checkmo',NULL,NULL),(89,'pending',2,'checkoutsuccesspage\ncheckoutsuccesspage\ncheckoutsuccesspage',NULL,79.0000,NULL,79.0000,NULL,'2000000025','USD','USD','test test','test test','2023-09-22 11:59:35','2023-09-22 11:59:35','test,ahmedabad,Alaska,12345-6789','test,ahmedabad,Alaska,12345-6789','Flat Rate - Fixed','dharmesh.rockt@gmail.com','0',74.0000,5.0000,'test test','checkmo',NULL,NULL),(90,'pending',2,'checkoutsuccesspage\ncheckoutsuccesspage\ncheckoutsuccesspage',NULL,37.0000,NULL,37.0000,NULL,'2000000026','USD','USD','Amir Ray','Amir Ray','2023-09-22 12:00:07','2023-09-22 12:00:07','Kidd and Carroll Plc,90 First Extension\nOmnis magnam ut assu\nPorro magnam non bea,Suscipit aute pariat,47566','Kidd and Carroll Plc,90 First Extension\nOmnis magnam ut assu\nPorro magnam non bea,Suscipit aute pariat,47566','Flat Rate - Fixed','ketan@rocktechnolabs.com','0',32.0000,5.0000,'Amir Ray','checkmo',NULL,NULL),(91,'pending',2,'checkoutsuccesspage\ncheckoutsuccesspage\ncheckoutsuccesspage',NULL,50.0000,NULL,50.0000,NULL,'2000000027','USD','USD','Rock Tset','Rock Tset','2023-09-22 12:07:19','2023-09-22 12:07:19','Test Company,test1\nStreet 2\nStreet 3,Bournemouth,Lakshadweep,123456','Test Company,test1\nStreet 2\nStreet 3,Bournemouth,Lakshadweep,123456','Flat Rate - Fixed','dharmeshr@rocktechnolabs.com','0',45.0000,5.0000,'Rock Tset','checkmo',NULL,NULL),(92,'pending',2,'checkoutsuccesspage\ncheckoutsuccesspage\ncheckoutsuccesspage',NULL,38.0000,NULL,38.0000,NULL,'2000000028','USD','USD','test Tset','test Tset','2023-09-22 12:08:41','2023-09-22 12:08:41','Test Company,test1\nStreet 2\nStreet 3,Bournemouth,123456','Test Company,test1\nStreet 2\nStreet 3,Bournemouth,123456','Flat Rate - Fixed','roni_cost@example.com','0',33.0000,5.0000,'test Tset','checkmo',NULL,NULL),(93,'pending',2,'checkoutsuccesspage\ncheckoutsuccesspage\ncheckoutsuccesspage',1,68.8700,NULL,68.8700,NULL,'2000000029','USD','USD','Veronica Costello','Veronica Costello','2023-09-29 08:02:17','2023-09-29 08:09:48','6146 Honey Bluff Parkway,Calder,Michigan,49628-7978','6146 Honey Bluff Parkway,Calder,Michigan,49628-7978','Flat Rate - Fixed','roni_cost@example.com','1',59.0000,5.0000,'Veronica Costello','checkmo',NULL,NULL),(94,'pending',2,'checkoutsuccesspage\ncheckoutsuccesspage\ncheckoutsuccesspage',1,53.7100,NULL,53.7100,NULL,'2000000030','USD','USD','Veronica Costello','Veronica Costello','2023-09-29 08:04:18','2023-09-29 08:09:48','6146 Honey Bluff Parkway,Calder,Michigan,49628-7978','6146 Honey Bluff Parkway,Calder,Michigan,49628-7978','Flat Rate - Fixed','roni_cost@example.com','1',45.0000,5.0000,'Veronica Costello','checkmo',NULL,NULL),(95,'pending',2,'checkoutsuccesspage\ncheckoutsuccesspage\ncheckoutsuccesspage',37,50.0000,NULL,50.0000,NULL,'2000000031','USD','USD','Rock Tset','Rock Tset','2023-09-29 10:30:33','2023-09-29 10:30:33','Test Company,test1\nStreet 2\nStreet 3,Bournemouth,BH7 6HJ','Test Company,test1\nStreet 2\nStreet 3,Bournemouth,BH7 6HJ','Flat Rate - Fixed','dharmeshr@rocktechnolabs.com','1',45.0000,5.0000,'Dharmesh Rock','checkmo',NULL,NULL),(96,'pending',2,'checkoutsuccesspage\ncheckoutsuccesspage\ncheckoutsuccesspage',1,39.0000,NULL,39.0000,NULL,'2000000032','USD','USD','Veronica Costello','Veronica Costello','2023-09-29 11:04:25','2023-09-29 11:04:25','6146 Honey Bluff Parkway,Calder,Michigan,49628-7978','6146 Honey Bluff Parkway,Calder,Michigan,49628-7978','Flat Rate - Fixed','roni_cost@example.com','1',34.0000,5.0000,'Veronica Costello','checkmo',NULL,NULL),(97,'pending',5,'customstockstatus\ncustomstockstatus\ncustomstockstatus',NULL,56.0000,NULL,56.0000,NULL,'5000000014','USD','USD','Rock Tset','Rock Tset','2023-09-29 11:13:26','2023-09-29 11:13:26','Test Company,test1\nStreet 2\nStreet 3,Bournemouth,BH7 6HJ','Test Company,test1\nStreet 2\nStreet 3,Bournemouth,BH7 6HJ','Flat Rate - Fixed','roni_cost@example.com','0',51.0000,5.0000,'Rock Tset','checkmo',NULL,NULL),(98,'pending',5,'customstockstatus\ncustomstockstatus\ncustomstockstatus',NULL,37.0000,NULL,37.0000,NULL,'5000000015','USD','USD','Rock Tset','Rock Tset','2023-09-29 11:50:56','2023-09-29 11:50:56','Test Company,test1\nStreet 2\nStreet 3,Bournemouth,BH7 6HJ','Test Company,test1\nStreet 2\nStreet 3,Bournemouth,BH7 6HJ','Flat Rate - Fixed','roni_cost@example.com','0',32.0000,5.0000,'Rock Tset','checkmo',NULL,NULL),(99,'pending',2,'checkoutsuccesspage\ncheckoutsuccesspage\ncheckoutsuccesspage',44,57.0000,NULL,57.0000,NULL,'2000000033','USD','USD','Rahul Bhatt','Rahul Bhatt','2023-09-29 12:34:43','2023-09-29 12:34:43','7/8 Gokul Residency,Ahmedabad,Gujarat,380001','7/8 Gokul Residency,Ahmedabad,Gujarat,380001','Flat Rate - Fixed','rahulb@rocktechnolabs.com','1',52.0000,5.0000,'Rahul Bhatt','checkmo',NULL,NULL),(100,'complete',11,'sampleproduct\nsampleproduct\nsampleproduct',44,45.0000,45.0000,45.0000,45.0000,'11000000007','USD','USD','Rahul Bhatt','Rahul Bhatt','2023-10-13 06:15:52','2023-10-13 06:18:41','7/8 Gokul Residency,Ahmedabad,Gujarat,380001','7/8 Gokul Residency,Ahmedabad,Gujarat,380001','Flat Rate - Fixed','rahulb@rocktechnolabs.com','1',40.0000,5.0000,'Rahul Bhatt','checkmo',NULL,NULL),(101,'complete',10,'minimumordercustomergroup\nminimumordercustomergroup\nminimumordercustomergroup',1,85.1100,85.1100,85.1100,85.1100,'10000000005','USD','USD','Veronica Costello','Veronica Costello','2023-10-13 07:02:31','2023-10-13 07:04:35','6146 Honey Bluff Parkway,Calder,Michigan,49628-7978','6146 Honey Bluff Parkway,Calder,Michigan,49628-7978','Flat Rate - Fixed','roni_cost@example.com','1',74.0000,5.0000,'Veronica Costello','checkmo',NULL,NULL),(102,'pending',6,'forcelogin\nforcelogin\nforcelogin',1,39.0000,NULL,39.0000,NULL,'6000000005','USD','USD','Veronica Costello','Veronica Costello','2023-11-03 05:23:00','2023-11-03 05:23:00','6146 Honey Bluff Parkway,Calder,Michigan,49628-7978','6146 Honey Bluff Parkway,Calder,Michigan,49628-7978','Flat Rate - Fixed','roni_cost@example.com','1',34.0000,5.0000,'Veronica Costello','checkmo',NULL,NULL),(103,'pending',7,'importcoupon\nimportcoupon\nimportcoupon',NULL,39.0000,NULL,39.0000,NULL,'7000000003','USD','USD','Rahul Bhatt','Rahul Bhatt','2023-11-03 05:50:21','2023-11-03 05:50:21','7/8 Gokul Residency,Snagar,Gujarat,363001','7/8 Gokul Residency,Snagar,Gujarat,363001','Flat Rate - Fixed','rahulb@rocktechnolabs.com','0',54.0000,5.0000,'Rahul Bhatt','checkmo',NULL,NULL),(104,'complete',9,'loginascustomer\nloginascustomer\nloginascustomer',44,55.0000,55.0000,55.0000,55.0000,'9000000002','USD','USD','Rahul Bhatt','Rahul Bhatt','2023-11-03 06:11:49','2023-11-03 06:24:58','7/8 Gokul Residency,Ahmedabad,Gujarat,380001','7/8 Gokul Residency,Ahmedabad,Gujarat,380001','Flat Rate - Fixed','rahulb@rocktechnolabs.com','1',50.0000,5.0000,'Rahul Bhatt','checkmo',NULL,NULL),(105,'pending',11,'sampleproduct\nsampleproduct\nsampleproduct',44,270.0000,NULL,270.0000,NULL,'11000000008','USD','USD','Rahul Bhatt','Rahul Bhatt','2023-11-03 09:37:58','2023-11-03 09:37:58','7/8 Gokul Residency,Ahmedabad,Gujarat,380001','7/8 Gokul Residency,Ahmedabad,Gujarat,380001','Flat Rate - Fixed','rahulb@rocktechnolabs.com','1',240.0000,30.0000,'Rahul Bhatt','checkmo',NULL,NULL),(106,'pending',11,'sampleproduct\nsampleproduct\nsampleproduct',44,10.0000,NULL,10.0000,NULL,'11000000009','USD','USD','Rahul Bhatt','Rahul Bhatt','2023-11-03 09:46:14','2023-11-03 09:46:14','7/8 Gokul Residency,Ahmedabad,Gujarat,380001','7/8 Gokul Residency,Ahmedabad,Gujarat,380001','Flat Rate - Fixed','rahulb@rocktechnolabs.com','1',0.0000,10.0000,'Rahul Bhatt','checkmo',NULL,NULL),(107,'pending',6,'forcelogin\nforcelogin\nforcelogin',1,63.4600,NULL,63.4600,NULL,'6000000006','USD','USD','Veronica Costello','Veronica Costello','2023-11-06 06:11:07','2023-11-06 06:11:07','6146 Honey Bluff Parkway,Calder,Michigan,49628-7978','6146 Honey Bluff Parkway,Calder,Michigan,49628-7978','Flat Rate - Fixed','roni_cost@example.com','1',54.0000,5.0000,'Veronica Costello','checkmo',NULL,NULL),(108,'pending',11,'sampleproduct\nsampleproduct\nsampleproduct',1,5.0000,NULL,5.0000,NULL,'11000000010','USD','USD','Veronica Costello','Veronica Costello','2023-11-06 06:36:40','2023-11-06 06:36:40','6146 Honey Bluff Parkway,Calder,Michigan,49628-7978','6146 Honey Bluff Parkway,Calder,Michigan,49628-7978','Flat Rate - Fixed','roni_cost@example.com','1',0.0000,5.0000,'Veronica Costello','checkmo',NULL,NULL),(109,'pending',11,'sampleproduct\nsampleproduct\nsampleproduct',1,48.3000,NULL,48.3000,NULL,'11000000011','USD','USD','Veronica Costello','Veronica Costello','2023-11-06 06:37:40','2023-11-06 06:37:40','6146 Honey Bluff Parkway,Calder,Michigan,49628-7978','6146 Honey Bluff Parkway,Calder,Michigan,49628-7978','Flat Rate - Fixed','roni_cost@example.com','1',40.0000,5.0000,'Veronica Costello','checkmo',NULL,NULL),(110,'pending',1,'Main Website\nMain Website Store\nDefault Store View',1,19.4900,NULL,19.4900,NULL,'000000025','USD','USD','','Veronica Costello','2023-11-10 05:57:02','2023-11-10 05:57:02','6146 Honey Bluff Parkway,Calder,Michigan,49628-7978','',NULL,'roni_cost@example.com','1',18.0000,0.0000,'Veronica Costello','checkmo',NULL,NULL),(111,'pending',12,'simpleconfigurable\nsimpleconfigurable\nsimpleconfigurable',NULL,61.0000,NULL,61.0000,NULL,'12000000001','USD','USD','Lee Goodman','Lee Goodman','2023-12-15 06:06:57','2023-12-15 06:06:57','Pollard Nicholson Co,17 West Fabien Court\nEa dolorum eos exer\nDuis consequatur la,Totam incididunt tot,34742','Pollard Nicholson Co,17 West Fabien Court\nEa dolorum eos exer\nDuis consequatur la,Totam incididunt tot,34742','Flat Rate - Fixed','qyjoh@mailinator.com','0',56.0000,5.0000,'Lee Goodman','checkmo',NULL,NULL),(112,'pending',12,'simpleconfigurable\nsimpleconfigurable\nsimpleconfigurable',NULL,61.0000,NULL,61.0000,NULL,'12000000002','USD','USD','Medge Knapp','Medge Knapp','2023-12-15 06:08:03','2023-12-15 06:08:03','Stafford and Holloway LLC,81 North Milton Freeway\nNeque eos voluptatem\nUt fugit commodi nu,Incidunt facere fug,84804','Stafford and Holloway LLC,81 North Milton Freeway\nNeque eos voluptatem\nUt fugit commodi nu,Incidunt facere fug,84804','Flat Rate - Fixed','hirisegu@mailinator.com','0',56.0000,5.0000,'Medge Knapp','checkmo',NULL,NULL),(113,'pending',12,'simpleconfigurable\nsimpleconfigurable\nsimpleconfigurable',NULL,61.0000,NULL,61.0000,NULL,'12000000003','USD','USD','Rock Tset','Rock Tset','2023-12-15 06:10:32','2023-12-15 06:10:32','Test Company,test1\nStreet 2\nStreet 3,Bournemouth,BH7 6HJ','Test Company,test1\nStreet 2\nStreet 3,Bournemouth,BH7 6HJ','Flat Rate - Fixed','dharmeshr@rocktechnolabs.com','0',56.0000,5.0000,'Rock Tset','checkmo',NULL,NULL),(114,'pending',1,'Main Website\nMain Website Store\nDefault Store View',NULL,37.0000,NULL,37.0000,NULL,'000000026','USD','USD','test test','test test','2023-12-15 06:11:33','2023-12-15 06:11:33','test,ahmedabad,Alaska,12345-6789','test,ahmedabad,Alaska,12345-6789','Flat Rate - Fixed','dharmeshr@rocktechnolabs.com','0',32.0000,5.0000,'test test','checkmo',NULL,NULL),(115,'pending',12,'simpleconfigurable\nsimpleconfigurable\nsimpleconfigurable',NULL,61.0000,NULL,61.0000,NULL,'12000000004','USD','USD','Rock Tset','Rock Tset','2023-12-15 06:20:13','2023-12-15 06:20:13','Test Company,test1\nStreet 2,Bournemouth,BH7 6HJ','Test Company,test1\nStreet 2,Bournemouth,BH7 6HJ','Flat Rate - Fixed','rahulb@rocktechnolabs.com','0',56.0000,5.0000,'Rock Tset','checkmo',NULL,NULL),(116,'pending',1,'Main Website\nMain Website Store\nDefault Store View',NULL,59.0000,NULL,59.0000,NULL,'000000027','USD','USD','Rock Tset','Rock Tset','2023-12-15 06:24:07','2023-12-15 06:24:07','Test Company,test1\nStreet 2\nStreet 3,Bournemouth,BH7 6HJ','Test Company,test1\nStreet 2\nStreet 3,Bournemouth,BH7 6HJ','Flat Rate - Fixed','dharmeshr@rocktechnolabs.com','0',54.0000,5.0000,'Rock Tset','checkmo',NULL,NULL);

--
-- Table structure for table `sales_order_item`
--

CREATE TABLE `sales_order_item` (
  `item_id` int(10) unsigned NOT NULL AUTO_INCREMENT COMMENT 'Item ID',
  `order_id` int(10) unsigned NOT NULL DEFAULT '0' COMMENT 'Order ID',
  `parent_item_id` int(10) unsigned DEFAULT NULL COMMENT 'Parent Item ID',
  `quote_item_id` int(10) unsigned DEFAULT NULL COMMENT 'Quote Item ID',
  `store_id` smallint(5) unsigned DEFAULT NULL COMMENT 'Store ID',
  `created_at` timestamp NOT NULL DEFAULT CURRENT_TIMESTAMP COMMENT 'Created At',
  `updated_at` timestamp NOT NULL DEFAULT CURRENT_TIMESTAMP ON UPDATE CURRENT_TIMESTAMP COMMENT 'Updated At',
  `product_id` int(10) unsigned DEFAULT NULL COMMENT 'Product ID',
  `product_type` varchar(255) DEFAULT NULL COMMENT 'Product Type',
  `product_options` text COMMENT 'Product Options',
  `weight` decimal(12,4) DEFAULT '0.0000' COMMENT 'Weight',
  `is_virtual` smallint(5) unsigned DEFAULT NULL COMMENT 'Is Virtual',
  `sku` varchar(255) DEFAULT NULL COMMENT 'Sku',
  `name` varchar(255) DEFAULT NULL COMMENT 'Name',
  `description` text COMMENT 'Description',
  `applied_rule_ids` text COMMENT 'Applied Rule Ids',
  `additional_data` text COMMENT 'Additional Data',
  `is_qty_decimal` smallint(5) unsigned DEFAULT NULL COMMENT 'Is Qty Decimal',
  `no_discount` smallint(5) unsigned NOT NULL DEFAULT '0' COMMENT 'No Discount',
  `qty_backordered` decimal(12,4) DEFAULT '0.0000' COMMENT 'Qty Backordered',
  `qty_canceled` decimal(12,4) DEFAULT '0.0000' COMMENT 'Qty Canceled',
  `qty_invoiced` decimal(12,4) DEFAULT '0.0000' COMMENT 'Qty Invoiced',
  `qty_ordered` decimal(12,4) DEFAULT '0.0000' COMMENT 'Qty Ordered',
  `qty_refunded` decimal(12,4) DEFAULT '0.0000' COMMENT 'Qty Refunded',
  `qty_shipped` decimal(12,4) DEFAULT '0.0000' COMMENT 'Qty Shipped',
  `base_cost` decimal(12,4) DEFAULT '0.0000' COMMENT 'Base Cost',
  `price` decimal(12,4) NOT NULL DEFAULT '0.0000' COMMENT 'Price',
  `base_price` decimal(12,4) NOT NULL DEFAULT '0.0000' COMMENT 'Base Price',
  `original_price` decimal(12,4) DEFAULT NULL COMMENT 'Original Price',
  `base_original_price` decimal(12,4) DEFAULT NULL COMMENT 'Base Original Price',
  `tax_percent` decimal(12,4) DEFAULT '0.0000' COMMENT 'Tax Percent',
  `tax_amount` decimal(20,4) DEFAULT '0.0000' COMMENT 'Tax Amount',
  `base_tax_amount` decimal(20,4) DEFAULT '0.0000' COMMENT 'Base Tax Amount',
  `tax_invoiced` decimal(20,4) DEFAULT '0.0000' COMMENT 'Tax Invoiced',
  `base_tax_invoiced` decimal(20,4) DEFAULT '0.0000' COMMENT 'Base Tax Invoiced',
  `discount_percent` decimal(12,4) DEFAULT '0.0000' COMMENT 'Discount Percent',
  `discount_amount` decimal(20,4) DEFAULT '0.0000' COMMENT 'Discount Amount',
  `base_discount_amount` decimal(20,4) DEFAULT '0.0000' COMMENT 'Base Discount Amount',
  `discount_invoiced` decimal(20,4) DEFAULT '0.0000' COMMENT 'Discount Invoiced',
  `base_discount_invoiced` decimal(20,4) DEFAULT '0.0000' COMMENT 'Base Discount Invoiced',
  `amount_refunded` decimal(20,4) DEFAULT '0.0000' COMMENT 'Amount Refunded',
  `base_amount_refunded` decimal(20,4) DEFAULT '0.0000' COMMENT 'Base Amount Refunded',
  `row_total` decimal(20,4) NOT NULL DEFAULT '0.0000' COMMENT 'Row Total',
  `base_row_total` decimal(20,4) NOT NULL DEFAULT '0.0000' COMMENT 'Base Row Total',
  `row_invoiced` decimal(20,4) NOT NULL DEFAULT '0.0000' COMMENT 'Row Invoiced',
  `base_row_invoiced` decimal(20,4) NOT NULL DEFAULT '0.0000' COMMENT 'Base Row Invoiced',
  `row_weight` decimal(12,4) DEFAULT '0.0000' COMMENT 'Row Weight',
  `base_tax_before_discount` decimal(20,4) DEFAULT NULL COMMENT 'Base Tax Before Discount',
  `tax_before_discount` decimal(20,4) DEFAULT NULL COMMENT 'Tax Before Discount',
  `ext_order_item_id` varchar(255) DEFAULT NULL COMMENT 'Ext Order Item ID',
  `locked_do_invoice` smallint(5) unsigned DEFAULT NULL COMMENT 'Locked Do Invoice',
  `locked_do_ship` smallint(5) unsigned DEFAULT NULL COMMENT 'Locked Do Ship',
  `price_incl_tax` decimal(20,4) DEFAULT NULL COMMENT 'Price Incl Tax',
  `base_price_incl_tax` decimal(20,4) DEFAULT NULL COMMENT 'Base Price Incl Tax',
  `row_total_incl_tax` decimal(20,4) DEFAULT NULL COMMENT 'Row Total Incl Tax',
  `base_row_total_incl_tax` decimal(20,4) DEFAULT NULL COMMENT 'Base Row Total Incl Tax',
  `discount_tax_compensation_amount` decimal(20,4) DEFAULT NULL COMMENT 'Discount Tax Compensation Amount',
  `base_discount_tax_compensation_amount` decimal(20,4) DEFAULT NULL COMMENT 'Base Discount Tax Compensation Amount',
  `discount_tax_compensation_invoiced` decimal(20,4) DEFAULT NULL COMMENT 'Discount Tax Compensation Invoiced',
  `base_discount_tax_compensation_invoiced` decimal(20,4) DEFAULT NULL COMMENT 'Base Discount Tax Compensation Invoiced',
  `discount_tax_compensation_refunded` decimal(20,4) DEFAULT NULL COMMENT 'Discount Tax Compensation Refunded',
  `base_discount_tax_compensation_refunded` decimal(20,4) DEFAULT NULL COMMENT 'Base Discount Tax Compensation Refunded',
  `tax_canceled` decimal(12,4) DEFAULT NULL COMMENT 'Tax Canceled',
  `discount_tax_compensation_canceled` decimal(20,4) DEFAULT NULL COMMENT 'Discount Tax Compensation Canceled',
  `tax_refunded` decimal(20,4) DEFAULT NULL COMMENT 'Tax Refunded',
  `base_tax_refunded` decimal(20,4) DEFAULT NULL COMMENT 'Base Tax Refunded',
  `discount_refunded` decimal(20,4) DEFAULT NULL COMMENT 'Discount Refunded',
  `base_discount_refunded` decimal(20,4) DEFAULT NULL COMMENT 'Base Discount Refunded',
  `weee_tax_applied` text COMMENT 'Weee Tax Applied',
  `weee_tax_applied_amount` decimal(12,4) DEFAULT NULL COMMENT 'Weee Tax Applied Amount',
  `weee_tax_applied_row_amount` decimal(12,4) DEFAULT NULL COMMENT 'Weee Tax Applied Row Amount',
  `weee_tax_disposition` decimal(12,4) DEFAULT NULL COMMENT 'Weee Tax Disposition',
  `weee_tax_row_disposition` decimal(12,4) DEFAULT NULL COMMENT 'Weee Tax Row Disposition',
  `base_weee_tax_applied_amount` decimal(12,4) DEFAULT NULL COMMENT 'Base Weee Tax Applied Amount',
  `base_weee_tax_applied_row_amnt` decimal(12,4) DEFAULT NULL COMMENT 'Base Weee Tax Applied Row Amnt',
  `base_weee_tax_disposition` decimal(12,4) DEFAULT NULL COMMENT 'Base Weee Tax Disposition',
  `base_weee_tax_row_disposition` decimal(12,4) DEFAULT NULL COMMENT 'Base Weee Tax Row Disposition',
  `gift_message_id` int(11) DEFAULT NULL COMMENT 'Gift Message ID',
  `gift_message_available` int(11) DEFAULT NULL COMMENT 'Gift Message Available',
  `free_shipping` smallint(5) unsigned NOT NULL DEFAULT '0' COMMENT 'Free Shipping',
  `icon` text NOT NULL COMMENT 'manage icon',
  `label` text NOT NULL COMMENT 'manage label',
  PRIMARY KEY (`item_id`),
  KEY `SALES_ORDER_ITEM_ORDER_ID` (`order_id`),
  KEY `SALES_ORDER_ITEM_STORE_ID` (`store_id`),
  CONSTRAINT `SALES_ORDER_ITEM_ORDER_ID_SALES_ORDER_ENTITY_ID` FOREIGN KEY (`order_id`) REFERENCES `sales_order` (`entity_id`) ON DELETE CASCADE,
  CONSTRAINT `SALES_ORDER_ITEM_STORE_ID_STORE_STORE_ID` FOREIGN KEY (`store_id`) REFERENCES `store` (`store_id`) ON DELETE SET NULL
) ENGINE=InnoDB AUTO_INCREMENT=164 DEFAULT CHARSET=utf8 COMMENT='sales_order_item_custom';

--
-- Dumping data for table `sales_order_item`
--

INSERT INTO `sales_order_item` VALUES (1,1,NULL,NULL,1,'2022-10-12 05:29:16','2023-09-29 08:00:30',1434,'configurable','{\"info_buyRequest\":{\"qty\":\"1.0000\",\"super_attribute\":{\"142\":\"166\",\"93\":\"58\"},\"options\":[]},\"attributes_info\":[{\"label\":\"Size\",\"value\":\"XS\",\"option_id\":142,\"option_value\":\"166\"},{\"label\":\"Color\",\"value\":\"Red\",\"option_id\":93,\"option_value\":\"58\"}],\"simple_name\":\"Iris Workout Top-XS-Red\",\"simple_sku\":\"WS03-XS-Red\",\"product_calculations\":1,\"shipment_type\":0}',1.0000,NULL,'WS03-XS-Red','Iris Workout Top',NULL,'1',NULL,0,0,NULL,0.0000,1.0000,1.0000,0.0000,1.0000,NULL,29.0000,29.0000,29.0000,29.0000,8.2500,2.3900,2.3900,2.3900,2.3900,0.0000,0.0000,0.0000,0.0000,0.0000,0.0000,0.0000,29.0000,29.0000,29.0000,29.0000,1.0000,NULL,NULL,NULL,NULL,NULL,31.3900,31.3900,31.3900,31.3900,0.0000,0.0000,0.0000,0.0000,NULL,NULL,NULL,NULL,NULL,NULL,NULL,NULL,NULL,NULL,NULL,NULL,NULL,NULL,NULL,NULL,NULL,NULL,NULL,0,'',''),(2,2,NULL,NULL,1,'2022-10-12 05:29:17','2022-10-12 05:29:17',1498,'configurable','{\"info_buyRequest\":{\"qty\":\"1.0000\",\"super_attribute\":{\"142\":\"166\",\"93\":\"50\"},\"options\":[]},\"attributes_info\":[{\"label\":\"Size\",\"value\":\"XS\",\"option_id\":142,\"option_value\":\"166\"},{\"label\":\"Color\",\"value\":\"Blue\",\"option_id\":93,\"option_value\":\"50\"}],\"simple_name\":\"Minerva LumaTech&trade; V-Tee-XS-Blue\",\"simple_sku\":\"WS08-XS-Blue\",\"product_calculations\":1,\"shipment_type\":0}',1.0000,NULL,'WS08-XS-Blue','Minerva LumaTech&trade; V-Tee',NULL,'1',NULL,0,0,NULL,0.0000,1.0000,1.0000,1.0000,1.0000,NULL,32.0000,32.0000,32.0000,32.0000,8.2500,2.6400,2.6400,2.6400,2.6400,0.0000,0.0000,0.0000,0.0000,0.0000,32.0000,32.0000,32.0000,32.0000,32.0000,32.0000,1.0000,NULL,NULL,NULL,NULL,NULL,34.6400,34.6400,34.6400,34.6400,0.0000,0.0000,0.0000,0.0000,0.0000,0.0000,NULL,NULL,2.6400,2.6400,0.0000,0.0000,'[]',NULL,NULL,NULL,NULL,NULL,NULL,NULL,NULL,NULL,NULL,0,'',''),(3,3,NULL,10,4,'2022-10-12 13:17:54','2022-10-12 13:17:54',1,'simple','{\"info_buyRequest\":{\"uenc\":\"aHR0cDovL2N1c3RvbW9yZGVybnVtYmVyLnVwZ3JhZGVkZW1vOS5tYWdlYW50cy5iaXovZ2Vhci9iYWdzLmh0bWw,\",\"product\":\"1\",\"qty\":1}}',NULL,0,'24-MB01','Joust Duffle Bag',NULL,NULL,NULL,0,0,NULL,0.0000,0.0000,1.0000,0.0000,0.0000,NULL,34.0000,34.0000,34.0000,34.0000,0.0000,0.0000,0.0000,0.0000,0.0000,0.0000,0.0000,0.0000,0.0000,0.0000,0.0000,0.0000,34.0000,34.0000,0.0000,0.0000,0.0000,NULL,NULL,NULL,NULL,NULL,34.0000,34.0000,34.0000,34.0000,0.0000,0.0000,NULL,NULL,NULL,NULL,NULL,NULL,NULL,NULL,NULL,NULL,NULL,NULL,NULL,NULL,NULL,NULL,NULL,NULL,NULL,NULL,0,0,'',''),(4,4,NULL,11,2,'2022-10-14 09:38:24','2022-10-14 09:38:24',2,'simple','{\"info_buyRequest\":{\"uenc\":\"aHR0cDovL2NoZWNrb3V0c3VjY2Vzc3BhZ2UudXBncmFkZWRlbW85Lm1hZ2VhbnRzLmJpei9nZWFyL2JhZ3MuaHRtbA,,\",\"product\":\"2\",\"qty\":1}}',NULL,0,'24-MB04','Strive Shoulder Pack',NULL,NULL,NULL,0,0,NULL,0.0000,0.0000,1.0000,0.0000,0.0000,NULL,32.0000,32.0000,32.0000,32.0000,0.0000,0.0000,0.0000,0.0000,0.0000,0.0000,0.0000,0.0000,0.0000,0.0000,0.0000,0.0000,32.0000,32.0000,0.0000,0.0000,0.0000,NULL,NULL,NULL,NULL,NULL,32.0000,32.0000,32.0000,32.0000,0.0000,0.0000,NULL,NULL,NULL,NULL,NULL,NULL,NULL,NULL,NULL,NULL,NULL,NULL,NULL,NULL,NULL,NULL,NULL,NULL,NULL,NULL,0,0,'',''),(5,4,NULL,12,2,'2022-10-14 09:38:24','2022-10-14 09:38:24',3,'simple','{\"info_buyRequest\":{\"uenc\":\"aHR0cDovL2NoZWNrb3V0c3VjY2Vzc3BhZ2UudXBncmFkZWRlbW85Lm1hZ2VhbnRzLmJpei9nZWFyL2JhZ3MuaHRtbA,,\",\"product\":\"3\",\"qty\":1}}',NULL,0,'24-MB03','Crown Summit Backpack',NULL,NULL,NULL,0,0,NULL,0.0000,0.0000,1.0000,0.0000,0.0000,NULL,38.0000,38.0000,38.0000,38.0000,0.0000,0.0000,0.0000,0.0000,0.0000,0.0000,0.0000,0.0000,0.0000,0.0000,0.0000,0.0000,38.0000,38.0000,0.0000,0.0000,0.0000,NULL,NULL,NULL,NULL,NULL,38.0000,38.0000,38.0000,38.0000,0.0000,0.0000,NULL,NULL,NULL,NULL,NULL,NULL,NULL,NULL,NULL,NULL,NULL,NULL,NULL,NULL,NULL,NULL,NULL,NULL,NULL,NULL,0,0,'',''),(6,5,NULL,13,2,'2022-11-02 06:11:25','2022-11-02 06:11:25',8,'simple','{\"info_buyRequest\":{\"uenc\":\"aHR0cDovL2NoZWNrb3V0c3VjY2Vzc3BhZ2UudXBncmFkZWRlbW85Lm1hZ2VhbnRzLmJpei9nZWFyL2JhZ3MuaHRtbA,,\",\"product\":\"8\",\"qty\":1}}',NULL,0,'24-WB01','Voyage Yoga Bag',NULL,NULL,NULL,0,0,NULL,0.0000,0.0000,1.0000,0.0000,0.0000,NULL,32.0000,32.0000,32.0000,32.0000,0.0000,0.0000,0.0000,0.0000,0.0000,0.0000,0.0000,0.0000,0.0000,0.0000,0.0000,0.0000,32.0000,32.0000,0.0000,0.0000,0.0000,NULL,NULL,NULL,NULL,NULL,32.0000,32.0000,32.0000,32.0000,0.0000,0.0000,NULL,NULL,NULL,NULL,NULL,NULL,NULL,NULL,NULL,NULL,NULL,NULL,NULL,NULL,NULL,NULL,NULL,NULL,NULL,NULL,0,0,'',''),(7,5,NULL,14,2,'2022-11-02 06:11:25','2022-11-02 06:11:25',5,'simple','{\"info_buyRequest\":{\"uenc\":\"aHR0cDovL2NoZWNrb3V0c3VjY2Vzc3BhZ2UudXBncmFkZWRlbW85Lm1hZ2VhbnRzLmJpei9yaXZhbC1maWVsZC1tZXNzZW5nZXIuaHRtbA,,\",\"product\":\"5\",\"selected_configurable_option\":\"\",\"related_product\":\"\",\"item\":\"5\",\"qty\":\"1\"}}',NULL,0,'24-MB06','Rival Field Messenger',NULL,NULL,NULL,0,0,NULL,0.0000,0.0000,1.0000,0.0000,0.0000,NULL,45.0000,45.0000,45.0000,45.0000,0.0000,0.0000,0.0000,0.0000,0.0000,0.0000,0.0000,0.0000,0.0000,0.0000,0.0000,0.0000,45.0000,45.0000,0.0000,0.0000,0.0000,NULL,NULL,NULL,NULL,NULL,45.0000,45.0000,45.0000,45.0000,0.0000,0.0000,NULL,NULL,NULL,NULL,NULL,NULL,NULL,NULL,NULL,NULL,NULL,NULL,NULL,NULL,NULL,NULL,NULL,NULL,NULL,NULL,0,0,'',''),(8,6,NULL,15,3,'2022-11-02 07:11:18','2022-11-02 07:11:18',15,'simple','{\"info_buyRequest\":{\"uenc\":\"aHR0cDovL2N1c3RvbWVyYXBwcm92YWwudXBncmFkZWRlbW85Lm1hZ2VhbnRzLmJpei9nZWFyL2ZpdG5lc3MtZXF1aXBtZW50Lmh0bWw,\",\"product\":\"15\",\"qty\":1}}',NULL,0,'24-UG06','Affirm Water Bottle ',NULL,NULL,NULL,0,0,NULL,0.0000,0.0000,1.0000,0.0000,0.0000,NULL,7.0000,7.0000,7.0000,7.0000,0.0000,0.0000,0.0000,0.0000,0.0000,0.0000,0.0000,0.0000,0.0000,0.0000,0.0000,0.0000,7.0000,7.0000,0.0000,0.0000,0.0000,NULL,NULL,NULL,NULL,NULL,7.0000,7.0000,7.0000,7.0000,0.0000,0.0000,NULL,NULL,NULL,NULL,NULL,NULL,NULL,NULL,NULL,NULL,NULL,NULL,NULL,NULL,NULL,NULL,NULL,NULL,NULL,NULL,NULL,0,'',''),(9,7,NULL,16,4,'2022-11-02 07:33:35','2022-11-02 07:42:09',1,'simple','{\"info_buyRequest\":{\"uenc\":\"aHR0cDovL2N1c3RvbW9yZGVybnVtYmVyLnVwZ3JhZGVkZW1vOS5tYWdlYW50cy5iaXovZ2Vhci9iYWdzLmh0bWw,\",\"product\":\"1\",\"qty\":1}}',NULL,0,'24-MB01','Joust Duffle Bag',NULL,NULL,NULL,0,0,NULL,0.0000,1.0000,1.0000,1.0000,1.0000,NULL,34.0000,34.0000,34.0000,34.0000,0.0000,0.0000,0.0000,0.0000,0.0000,0.0000,0.0000,0.0000,0.0000,0.0000,34.0000,34.0000,34.0000,34.0000,34.0000,34.0000,0.0000,NULL,NULL,NULL,NULL,NULL,34.0000,34.0000,34.0000,34.0000,0.0000,0.0000,0.0000,0.0000,0.0000,0.0000,NULL,NULL,0.0000,0.0000,0.0000,0.0000,'[]',NULL,NULL,NULL,NULL,NULL,NULL,NULL,NULL,NULL,0,0,'',''),(10,8,NULL,17,4,'2022-11-02 07:45:12','2022-11-02 07:45:12',2,'simple','{\"info_buyRequest\":{\"uenc\":\"aHR0cDovL2N1c3RvbW9yZGVybnVtYmVyLnVwZ3JhZGVkZW1vOS5tYWdlYW50cy5iaXovc3RyaXZlLXNob3VsZGVyLXBhY2suaHRtbA,,\",\"product\":\"2\",\"selected_configurable_option\":\"\",\"related_product\":\"\",\"item\":\"2\",\"qty\":\"1\"}}',NULL,0,'24-MB04','Strive Shoulder Pack',NULL,NULL,NULL,0,0,NULL,0.0000,0.0000,1.0000,0.0000,0.0000,NULL,32.0000,32.0000,32.0000,32.0000,0.0000,0.0000,0.0000,0.0000,0.0000,0.0000,0.0000,0.0000,0.0000,0.0000,0.0000,0.0000,32.0000,32.0000,0.0000,0.0000,0.0000,NULL,NULL,NULL,NULL,NULL,32.0000,32.0000,32.0000,32.0000,0.0000,0.0000,NULL,NULL,NULL,NULL,NULL,NULL,NULL,NULL,NULL,NULL,NULL,NULL,NULL,NULL,NULL,NULL,NULL,NULL,NULL,NULL,0,0,'',''),(11,9,NULL,18,4,'2022-11-02 07:48:34','2022-11-02 07:48:34',3,'simple','{\"info_buyRequest\":{\"uenc\":\"aHR0cDovL2N1c3RvbW9yZGVybnVtYmVyLnVwZ3JhZGVkZW1vOS5tYWdlYW50cy5iaXovZ2Vhci9iYWdzLmh0bWw,\",\"product\":\"3\",\"qty\":1}}',NULL,0,'24-MB03','Crown Summit Backpack',NULL,NULL,NULL,0,0,NULL,0.0000,0.0000,1.0000,0.0000,0.0000,NULL,38.0000,38.0000,38.0000,38.0000,0.0000,0.0000,0.0000,0.0000,0.0000,0.0000,0.0000,0.0000,0.0000,0.0000,0.0000,0.0000,38.0000,38.0000,0.0000,0.0000,0.0000,NULL,NULL,NULL,NULL,NULL,38.0000,38.0000,38.0000,38.0000,0.0000,0.0000,NULL,NULL,NULL,NULL,NULL,NULL,NULL,NULL,NULL,NULL,NULL,NULL,NULL,NULL,NULL,NULL,NULL,NULL,NULL,NULL,0,0,'',''),(12,10,NULL,19,5,'2022-11-02 07:56:25','2022-11-02 07:56:25',6,'simple','{\"info_buyRequest\":{\"uenc\":\"aHR0cDovL2N1c3RvbXN0b2Nrc3RhdHVzLnVwZ3JhZGVkZW1vOS5tYWdlYW50cy5iaXovZnVzaW9uLWJhY2twYWNrLmh0bWw,\",\"product\":\"6\",\"selected_configurable_option\":\"\",\"related_product\":\"\",\"item\":\"6\",\"qty\":\"1\"}}',NULL,0,'24-MB02','Fusion Backpack',NULL,NULL,NULL,0,0,NULL,0.0000,0.0000,1.0000,0.0000,0.0000,NULL,59.0000,59.0000,59.0000,59.0000,0.0000,0.0000,0.0000,0.0000,0.0000,0.0000,0.0000,0.0000,0.0000,0.0000,0.0000,0.0000,59.0000,59.0000,0.0000,0.0000,0.0000,NULL,NULL,NULL,NULL,NULL,59.0000,59.0000,59.0000,59.0000,0.0000,0.0000,NULL,NULL,NULL,NULL,NULL,NULL,NULL,NULL,NULL,NULL,NULL,NULL,NULL,NULL,NULL,NULL,NULL,NULL,NULL,NULL,0,0,'',''),(13,11,NULL,20,5,'2022-11-02 07:58:25','2022-11-02 07:58:25',6,'simple','{\"info_buyRequest\":{\"uenc\":\"aHR0cDovL2N1c3RvbXN0b2Nrc3RhdHVzLnVwZ3JhZGVkZW1vOS5tYWdlYW50cy5iaXovY2F0YWxvZ3NlYXJjaC9yZXN1bHQvP3E9ZnVzaW9u\",\"product\":\"6\",\"qty\":1}}',NULL,0,'24-MB02','Fusion Backpack',NULL,NULL,NULL,0,0,NULL,0.0000,0.0000,1.0000,0.0000,0.0000,NULL,59.0000,59.0000,59.0000,59.0000,0.0000,0.0000,0.0000,0.0000,0.0000,0.0000,0.0000,0.0000,0.0000,0.0000,0.0000,0.0000,59.0000,59.0000,0.0000,0.0000,0.0000,NULL,NULL,NULL,NULL,NULL,59.0000,59.0000,59.0000,59.0000,0.0000,0.0000,NULL,NULL,NULL,NULL,NULL,NULL,NULL,NULL,NULL,NULL,NULL,NULL,NULL,NULL,NULL,NULL,NULL,NULL,NULL,NULL,0,0,'',''),(14,12,NULL,21,5,'2022-11-02 08:11:36','2022-11-02 08:11:36',6,'simple','{\"info_buyRequest\":{\"uenc\":\"aHR0cDovL2N1c3RvbXN0b2Nrc3RhdHVzLnVwZ3JhZGVkZW1vOS5tYWdlYW50cy5iaXovZ2Vhci9iYWdzLmh0bWw,\",\"product\":\"6\",\"qty\":1}}',NULL,0,'24-MB02','Fusion Backpack',NULL,NULL,NULL,0,0,NULL,0.0000,0.0000,1.0000,0.0000,0.0000,NULL,59.0000,59.0000,59.0000,59.0000,0.0000,0.0000,0.0000,0.0000,0.0000,0.0000,0.0000,0.0000,0.0000,0.0000,0.0000,0.0000,59.0000,59.0000,0.0000,0.0000,0.0000,NULL,NULL,NULL,NULL,NULL,59.0000,59.0000,59.0000,59.0000,0.0000,0.0000,NULL,NULL,NULL,NULL,NULL,NULL,NULL,NULL,NULL,NULL,NULL,NULL,NULL,NULL,NULL,NULL,NULL,NULL,NULL,NULL,0,0,'',''),(15,12,NULL,22,5,'2022-11-02 08:11:36','2022-11-02 08:11:36',7,'simple','{\"info_buyRequest\":{\"uenc\":\"aHR0cDovL2N1c3RvbXN0b2Nrc3RhdHVzLnVwZ3JhZGVkZW1vOS5tYWdlYW50cy5iaXovaW1wdWxzZS1kdWZmbGUuaHRtbA,,\",\"product\":\"7\",\"selected_configurable_option\":\"\",\"related_product\":\"\",\"item\":\"7\",\"qty\":\"1\"}}',NULL,0,'24-UB02','Impulse Duffle',NULL,NULL,NULL,0,0,NULL,0.0000,0.0000,1.0000,0.0000,0.0000,NULL,74.0000,74.0000,74.0000,74.0000,0.0000,0.0000,0.0000,0.0000,0.0000,0.0000,0.0000,0.0000,0.0000,0.0000,0.0000,0.0000,74.0000,74.0000,0.0000,0.0000,0.0000,NULL,NULL,NULL,NULL,NULL,74.0000,74.0000,74.0000,74.0000,0.0000,0.0000,NULL,NULL,NULL,NULL,NULL,NULL,NULL,NULL,NULL,NULL,NULL,NULL,NULL,NULL,NULL,NULL,NULL,NULL,NULL,NULL,0,0,'',''),(16,13,NULL,23,5,'2022-11-02 08:14:14','2022-11-02 08:14:14',9,'simple','{\"info_buyRequest\":{\"uenc\":\"aHR0cDovL2N1c3RvbXN0b2Nrc3RhdHVzLnVwZ3JhZGVkZW1vOS5tYWdlYW50cy5iaXovY29tcGV0ZS10cmFjay10b3RlLmh0bWw,\",\"product\":\"9\",\"selected_configurable_option\":\"\",\"related_product\":\"\",\"item\":\"9\",\"qty\":\"1\"}}',NULL,0,'24-WB02','Compete Track Tote',NULL,NULL,NULL,0,0,NULL,0.0000,0.0000,1.0000,0.0000,0.0000,NULL,32.0000,32.0000,32.0000,32.0000,0.0000,0.0000,0.0000,0.0000,0.0000,0.0000,0.0000,0.0000,0.0000,0.0000,0.0000,0.0000,32.0000,32.0000,0.0000,0.0000,0.0000,NULL,NULL,NULL,NULL,NULL,32.0000,32.0000,32.0000,32.0000,0.0000,0.0000,NULL,NULL,NULL,NULL,NULL,NULL,NULL,NULL,NULL,NULL,NULL,NULL,NULL,NULL,NULL,NULL,NULL,NULL,NULL,NULL,0,0,'',''),(17,14,NULL,24,5,'2022-11-02 08:16:18','2022-11-02 08:16:18',4,'simple','{\"info_buyRequest\":{\"uenc\":\"aHR0cDovL2N1c3RvbXN0b2Nrc3RhdHVzLnVwZ3JhZGVkZW1vOS5tYWdlYW50cy5iaXovZ2Vhci9iYWdzLmh0bWw,\",\"product\":\"4\",\"qty\":1}}',NULL,0,'24-MB05','Wayfarer Messenger Bag',NULL,NULL,NULL,0,0,NULL,0.0000,0.0000,1.0000,0.0000,0.0000,NULL,45.0000,45.0000,45.0000,45.0000,8.2500,3.7100,3.7100,0.0000,0.0000,0.0000,0.0000,0.0000,0.0000,0.0000,0.0000,0.0000,45.0000,45.0000,0.0000,0.0000,0.0000,NULL,NULL,NULL,NULL,NULL,48.7100,48.7100,48.7100,48.7100,0.0000,0.0000,NULL,NULL,NULL,NULL,NULL,NULL,NULL,NULL,NULL,NULL,NULL,NULL,NULL,NULL,NULL,NULL,NULL,NULL,NULL,NULL,0,0,'',''),(18,15,NULL,49,5,'2022-11-03 09:54:48','2022-11-03 09:54:48',1,'simple','{\"info_buyRequest\":{\"uenc\":\"aHR0cDovL2N1c3RvbXN0b2Nrc3RhdHVzLnVwZ3JhZGVkZW1vOS5tYWdlYW50cy5iaXovam91c3QtZHVmZmxlLWJhZy5odG1s\",\"product\":\"1\",\"selected_configurable_option\":\"\",\"related_product\":\"\",\"item\":\"1\",\"qty\":\"1\"}}',NULL,0,'24-MB01','Joust Duffle Bag',NULL,NULL,NULL,0,0,NULL,0.0000,0.0000,1.0000,0.0000,0.0000,NULL,34.0000,34.0000,34.0000,34.0000,0.0000,0.0000,0.0000,0.0000,0.0000,0.0000,0.0000,0.0000,0.0000,0.0000,0.0000,0.0000,34.0000,34.0000,0.0000,0.0000,0.0000,NULL,NULL,NULL,NULL,NULL,34.0000,34.0000,34.0000,34.0000,0.0000,0.0000,NULL,NULL,NULL,NULL,NULL,NULL,NULL,NULL,NULL,NULL,NULL,NULL,NULL,NULL,NULL,NULL,NULL,NULL,NULL,NULL,0,0,'',''),(19,16,NULL,136,2,'2022-11-22 11:59:29','2022-11-22 11:59:29',1,'simple','{\"info_buyRequest\":{\"uenc\":\"aHR0cDovL2NoZWNrb3V0c3VjY2Vzc3BhZ2UuZGVtbzkubWFnZWFudHMuYml6L2pvdXN0LWR1ZmZsZS1iYWcuaHRtbA,,\",\"product\":\"1\",\"selected_configurable_option\":\"\",\"related_product\":\"\",\"item\":\"1\",\"qty\":\"1\"}}',NULL,0,'24-MB01','Joust Duffle Bag',NULL,NULL,NULL,0,0,NULL,0.0000,0.0000,1.0000,0.0000,0.0000,NULL,34.0000,34.0000,34.0000,34.0000,0.0000,0.0000,0.0000,0.0000,0.0000,0.0000,0.0000,0.0000,0.0000,0.0000,0.0000,0.0000,34.0000,34.0000,0.0000,0.0000,0.0000,NULL,NULL,NULL,NULL,NULL,34.0000,34.0000,34.0000,34.0000,0.0000,0.0000,NULL,NULL,NULL,NULL,NULL,NULL,NULL,NULL,NULL,NULL,NULL,NULL,NULL,NULL,NULL,NULL,NULL,NULL,NULL,NULL,0,0,'',''),(20,17,NULL,137,2,'2022-11-22 12:01:41','2022-11-22 12:01:41',3,'simple','{\"info_buyRequest\":{\"uenc\":\"aHR0cDovL2NoZWNrb3V0c3VjY2Vzc3BhZ2UuZGVtbzkubWFnZWFudHMuYml6L2dlYXIvYmFncy5odG1s\",\"product\":\"3\",\"qty\":1}}',NULL,0,'24-MB03','Crown Summit Backpack',NULL,NULL,NULL,0,0,NULL,0.0000,0.0000,1.0000,0.0000,0.0000,NULL,38.0000,38.0000,38.0000,38.0000,0.0000,0.0000,0.0000,0.0000,0.0000,0.0000,0.0000,0.0000,0.0000,0.0000,0.0000,0.0000,38.0000,38.0000,0.0000,0.0000,0.0000,NULL,NULL,NULL,NULL,NULL,38.0000,38.0000,38.0000,38.0000,0.0000,0.0000,NULL,NULL,NULL,NULL,NULL,NULL,NULL,NULL,NULL,NULL,NULL,NULL,NULL,NULL,NULL,NULL,NULL,NULL,NULL,NULL,0,0,'',''),(21,18,NULL,138,2,'2022-11-22 12:13:08','2022-11-22 12:13:08',276,'configurable','{\"info_buyRequest\":{\"uenc\":\"aHR0cDovL2NoZWNrb3V0c3VjY2Vzc3BhZ2UuZGVtbzkubWFnZWFudHMuYml6L21lbi90b3BzLW1lbi9qYWNrZXRzLW1lbi5odG1s\",\"product\":\"276\",\"super_attribute\":{\"142\":\"167\",\"93\":\"58\"},\"qty\":1},\"attributes_info\":[{\"label\":\"Size\",\"value\":\"S\",\"option_id\":142,\"option_value\":\"167\"},{\"label\":\"Color\",\"value\":\"Red\",\"option_id\":93,\"option_value\":\"58\"}],\"simple_name\":\"Beaumont Summit Kit-S-Red\",\"simple_sku\":\"MJ01-S-Red\",\"product_calculations\":1,\"shipment_type\":0}',1.0000,0,'MJ01-S-Red','Beaumont Summit Kit',NULL,NULL,NULL,0,0,NULL,0.0000,0.0000,1.0000,0.0000,0.0000,NULL,42.0000,42.0000,42.0000,42.0000,0.0000,0.0000,0.0000,0.0000,0.0000,0.0000,0.0000,0.0000,0.0000,0.0000,0.0000,0.0000,42.0000,42.0000,0.0000,0.0000,1.0000,NULL,NULL,NULL,NULL,NULL,42.0000,42.0000,42.0000,42.0000,0.0000,0.0000,NULL,NULL,NULL,NULL,NULL,NULL,NULL,NULL,NULL,NULL,NULL,NULL,NULL,NULL,NULL,NULL,NULL,NULL,NULL,NULL,NULL,0,'',''),(22,18,21,139,2,'2022-11-22 12:13:08','2022-11-22 12:13:08',265,'simple','{\"info_buyRequest\":{\"uenc\":\"aHR0cDovL2NoZWNrb3V0c3VjY2Vzc3BhZ2UuZGVtbzkubWFnZWFudHMuYml6L21lbi90b3BzLW1lbi9qYWNrZXRzLW1lbi5odG1s\",\"product\":\"276\",\"super_attribute\":{\"142\":\"167\",\"93\":\"58\"},\"qty\":1}}',1.0000,0,'MJ01-S-Red','Beaumont Summit Kit-S-Red',NULL,NULL,NULL,0,0,NULL,0.0000,0.0000,1.0000,0.0000,0.0000,NULL,0.0000,0.0000,0.0000,NULL,0.0000,0.0000,0.0000,0.0000,0.0000,0.0000,0.0000,0.0000,0.0000,0.0000,0.0000,0.0000,0.0000,0.0000,0.0000,0.0000,0.0000,NULL,NULL,NULL,NULL,NULL,NULL,NULL,NULL,NULL,NULL,NULL,NULL,NULL,NULL,NULL,NULL,NULL,NULL,NULL,NULL,NULL,NULL,NULL,NULL,NULL,NULL,NULL,NULL,NULL,NULL,NULL,NULL,0,'',''),(23,19,NULL,140,2,'2022-11-22 12:23:30','2022-11-22 12:29:37',1,'simple','{\"info_buyRequest\":{\"uenc\":\"aHR0cDovL2NoZWNrb3V0c3VjY2Vzc3BhZ2UuZGVtbzkubWFnZWFudHMuYml6L2pvdXN0LWR1ZmZsZS1iYWcuaHRtbA,,\",\"product\":\"1\",\"selected_configurable_option\":\"\",\"related_product\":\"\",\"item\":\"1\",\"qty\":\"1\"}}',NULL,0,'24-MB01','Joust Duffle Bag',NULL,NULL,NULL,0,0,NULL,0.0000,1.0000,1.0000,0.0000,1.0000,NULL,34.0000,34.0000,34.0000,34.0000,0.0000,0.0000,0.0000,0.0000,0.0000,0.0000,0.0000,0.0000,0.0000,0.0000,0.0000,0.0000,34.0000,34.0000,34.0000,34.0000,0.0000,NULL,NULL,NULL,NULL,NULL,34.0000,34.0000,34.0000,34.0000,0.0000,0.0000,0.0000,0.0000,NULL,NULL,NULL,NULL,NULL,NULL,NULL,NULL,'[]',NULL,NULL,NULL,NULL,NULL,NULL,NULL,NULL,NULL,0,0,'',''),(24,20,NULL,141,2,'2022-11-22 13:50:49','2022-11-22 13:50:49',1,'simple','{\"info_buyRequest\":{\"uenc\":\"aHR0cDovL2NoZWNrb3V0c3VjY2Vzc3BhZ2UuZGVtbzkubWFnZWFudHMuYml6L2pvdXN0LWR1ZmZsZS1iYWcuaHRtbA,,\",\"product\":\"1\",\"selected_configurable_option\":\"\",\"related_product\":\"\",\"item\":\"1\",\"qty\":\"1\"}}',NULL,0,'24-MB01','Joust Duffle Bag',NULL,NULL,NULL,0,0,NULL,0.0000,0.0000,1.0000,0.0000,0.0000,NULL,34.0000,34.0000,34.0000,34.0000,0.0000,0.0000,0.0000,0.0000,0.0000,0.0000,0.0000,0.0000,0.0000,0.0000,0.0000,0.0000,34.0000,34.0000,0.0000,0.0000,0.0000,NULL,NULL,NULL,NULL,NULL,34.0000,34.0000,34.0000,34.0000,0.0000,0.0000,NULL,NULL,NULL,NULL,NULL,NULL,NULL,NULL,NULL,NULL,NULL,NULL,NULL,NULL,NULL,NULL,NULL,NULL,NULL,NULL,0,0,'',''),(25,21,NULL,143,4,'2022-11-23 10:34:23','2022-11-23 10:38:50',2,'simple','{\"info_buyRequest\":{\"uenc\":\"aHR0cDovL2N1c3RvbW9yZGVybnVtYmVyLmRlbW85Lm1hZ2VhbnRzLmJpei9nZWFyL2JhZ3MuaHRtbA,,\",\"product\":\"2\",\"qty\":1}}',NULL,0,'24-MB04','Strive Shoulder Pack',NULL,NULL,NULL,0,0,NULL,0.0000,1.0000,1.0000,1.0000,1.0000,NULL,32.0000,32.0000,32.0000,32.0000,0.0000,0.0000,0.0000,0.0000,0.0000,0.0000,0.0000,0.0000,0.0000,0.0000,32.0000,32.0000,32.0000,32.0000,32.0000,32.0000,0.0000,NULL,NULL,NULL,NULL,NULL,32.0000,32.0000,32.0000,32.0000,0.0000,0.0000,0.0000,0.0000,0.0000,0.0000,NULL,NULL,0.0000,0.0000,0.0000,0.0000,'[]',NULL,NULL,NULL,NULL,NULL,NULL,NULL,NULL,NULL,0,0,'',''),(26,22,NULL,144,4,'2022-11-23 11:02:20','2022-11-23 11:04:19',17,'simple','{\"info_buyRequest\":{\"uenc\":\"aHR0cDovL2N1c3RvbW9yZGVybnVtYmVyLmRlbW85Lm1hZ2VhbnRzLmJpei9nZWFyL2ZpdG5lc3MtZXF1aXBtZW50Lmh0bWw,\",\"product\":\"17\",\"qty\":1}}',NULL,0,'24-UG04','Zing Jump Rope',NULL,NULL,NULL,0,0,NULL,0.0000,1.0000,1.0000,1.0000,1.0000,NULL,12.0000,12.0000,12.0000,12.0000,0.0000,0.0000,0.0000,0.0000,0.0000,0.0000,0.0000,0.0000,0.0000,0.0000,12.0000,12.0000,12.0000,12.0000,12.0000,12.0000,0.0000,NULL,NULL,NULL,NULL,NULL,12.0000,12.0000,12.0000,12.0000,0.0000,0.0000,0.0000,0.0000,0.0000,0.0000,NULL,NULL,0.0000,0.0000,0.0000,0.0000,'[]',NULL,NULL,NULL,NULL,NULL,NULL,NULL,NULL,NULL,NULL,0,'',''),(27,22,NULL,145,4,'2022-11-23 11:02:20','2022-11-23 11:04:19',14,'simple','{\"info_buyRequest\":{\"uenc\":\"aHR0cDovL2N1c3RvbW9yZGVybnVtYmVyLmRlbW85Lm1hZ2VhbnRzLmJpei9nZWFyLmh0bWw,\",\"product\":\"14\",\"qty\":1}}',NULL,0,'24-WB04','Push It Messenger Bag',NULL,NULL,NULL,0,0,NULL,0.0000,1.0000,1.0000,1.0000,1.0000,NULL,45.0000,45.0000,45.0000,45.0000,0.0000,0.0000,0.0000,0.0000,0.0000,0.0000,0.0000,0.0000,0.0000,0.0000,45.0000,45.0000,45.0000,45.0000,45.0000,45.0000,0.0000,NULL,NULL,NULL,NULL,NULL,45.0000,45.0000,45.0000,45.0000,0.0000,0.0000,0.0000,0.0000,0.0000,0.0000,NULL,NULL,0.0000,0.0000,0.0000,0.0000,'[]',NULL,NULL,NULL,NULL,NULL,NULL,NULL,NULL,NULL,0,0,'',''),(28,23,NULL,146,5,'2022-11-23 11:19:01','2022-11-23 11:19:01',3,'simple','{\"info_buyRequest\":{\"uenc\":\"aHR0cDovL2N1c3RvbXN0b2Nrc3RhdHVzLmRlbW85Lm1hZ2VhbnRzLmJpei9jcm93bi1zdW1taXQtYmFja3BhY2suaHRtbA,,\",\"product\":\"3\",\"selected_configurable_option\":\"\",\"related_product\":\"\",\"item\":\"3\",\"qty\":\"1\"}}',NULL,0,'24-MB03','Crown Summit Backpack',NULL,NULL,NULL,0,0,NULL,0.0000,0.0000,1.0000,0.0000,0.0000,NULL,38.0000,38.0000,38.0000,38.0000,0.0000,0.0000,0.0000,0.0000,0.0000,0.0000,0.0000,0.0000,0.0000,0.0000,0.0000,0.0000,38.0000,38.0000,0.0000,0.0000,0.0000,NULL,NULL,NULL,NULL,NULL,38.0000,38.0000,38.0000,38.0000,0.0000,0.0000,NULL,NULL,NULL,NULL,NULL,NULL,NULL,NULL,NULL,NULL,NULL,NULL,NULL,NULL,NULL,NULL,NULL,NULL,NULL,NULL,0,0,'',''),(29,24,NULL,150,7,'2022-11-23 12:32:44','2022-11-23 12:32:44',14,'simple','{\"info_buyRequest\":{\"uenc\":\"aHR0cDovL2ltcG9ydGNvdXBvbi5kZW1vOS5tYWdlYW50cy5iaXovZ2Vhci9iYWdzLmh0bWw_cD0y\",\"product\":\"14\",\"qty\":1}}',NULL,0,'24-WB04','Push It Messenger Bag',NULL,NULL,NULL,0,0,NULL,0.0000,0.0000,1.0000,0.0000,0.0000,NULL,45.0000,45.0000,45.0000,45.0000,0.0000,0.0000,0.0000,0.0000,0.0000,0.0000,0.0000,0.0000,0.0000,0.0000,0.0000,0.0000,45.0000,45.0000,0.0000,0.0000,0.0000,NULL,NULL,NULL,NULL,NULL,45.0000,45.0000,45.0000,45.0000,0.0000,0.0000,NULL,NULL,NULL,NULL,NULL,NULL,NULL,NULL,NULL,NULL,NULL,NULL,NULL,NULL,NULL,NULL,NULL,NULL,NULL,NULL,0,0,'',''),(30,25,NULL,158,11,'2022-11-23 13:21:39','2022-11-23 13:21:39',1,'simple','{\"info_buyRequest\":{\"uenc\":\"aHR0cDovL3NhbXBsZXByb2R1Y3QuZGVtbzkubWFnZWFudHMuYml6L2NhdGFsb2cvcHJvZHVjdC92aWV3L2lkLzEvcy9qb3VzdC1kdWZmbGUtYmFnL2NhdGVnb3J5LzQv\",\"product\":\"1\",\"selected_configurable_option\":\"\",\"related_product\":\"\",\"item\":\"1\",\"qty\":\"1\",\"sample-price\":\"15\",\"isSample\":\"1\"},\"additional_options\":[{\"label\":\"Sample Order\",\"value\":\" - Yes\"}]}',NULL,0,'24-MB01','Joust Duffle Bag',NULL,NULL,NULL,0,0,NULL,0.0000,0.0000,2.0000,0.0000,0.0000,NULL,15.0000,15.0000,34.0000,34.0000,0.0000,0.0000,0.0000,0.0000,0.0000,0.0000,0.0000,0.0000,0.0000,0.0000,0.0000,0.0000,30.0000,30.0000,0.0000,0.0000,0.0000,NULL,NULL,NULL,NULL,NULL,15.0000,15.0000,30.0000,30.0000,0.0000,0.0000,NULL,NULL,NULL,NULL,NULL,NULL,NULL,NULL,NULL,NULL,NULL,NULL,NULL,NULL,NULL,NULL,NULL,NULL,NULL,NULL,0,0,'',''),(31,25,NULL,159,11,'2022-11-23 13:21:39','2022-11-23 13:21:39',1,'simple','{\"info_buyRequest\":{\"uenc\":\"aHR0cDovL3NhbXBsZXByb2R1Y3QuZGVtbzkubWFnZWFudHMuYml6L2NhdGFsb2cvcHJvZHVjdC92aWV3L2lkLzEvcy9qb3VzdC1kdWZmbGUtYmFnL2NhdGVnb3J5LzQv\",\"product\":\"1\",\"selected_configurable_option\":\"\",\"related_product\":\"\",\"item\":\"1\",\"qty\":\"1\",\"sample-price\":\"15\",\"isSample\":\"0\"}}',NULL,0,'24-MB01','Joust Duffle Bag',NULL,NULL,NULL,0,0,NULL,0.0000,0.0000,1.0000,0.0000,0.0000,NULL,34.0000,34.0000,34.0000,34.0000,0.0000,0.0000,0.0000,0.0000,0.0000,0.0000,0.0000,0.0000,0.0000,0.0000,0.0000,0.0000,34.0000,34.0000,0.0000,0.0000,0.0000,NULL,NULL,NULL,NULL,NULL,34.0000,34.0000,34.0000,34.0000,0.0000,0.0000,NULL,NULL,NULL,NULL,NULL,NULL,NULL,NULL,NULL,NULL,NULL,NULL,NULL,NULL,NULL,NULL,NULL,NULL,NULL,NULL,0,0,'',''),(32,26,NULL,169,1,'2023-01-23 05:25:11','2023-01-23 05:25:11',40,'simple','{\"info_buyRequest\":{\"uenc\":\"aHR0cDovL2RlbW85Lm1hZ2VhbnRzLmJpei9nZWFyL3dhdGNoZXMuaHRtbA,,\",\"product\":\"40\",\"qty\":1}}',NULL,0,'24-MG02','Dash Digital Watch',NULL,'2',NULL,0,0,NULL,0.0000,0.0000,1.0000,0.0000,0.0000,NULL,92.0000,92.0000,92.0000,92.0000,8.2500,7.5900,7.5900,0.0000,0.0000,0.0000,0.0000,0.0000,0.0000,0.0000,0.0000,0.0000,92.0000,92.0000,0.0000,0.0000,0.0000,NULL,NULL,NULL,NULL,NULL,99.5900,99.5900,99.5900,99.5900,0.0000,0.0000,NULL,NULL,NULL,NULL,NULL,NULL,NULL,NULL,NULL,NULL,NULL,NULL,NULL,NULL,NULL,NULL,NULL,NULL,NULL,NULL,NULL,0,'',''),(33,27,NULL,171,11,'2023-02-25 06:50:09','2023-02-25 06:50:09',1,'simple','{\"info_buyRequest\":{\"uenc\":\"aHR0cDovL3NhbXBsZXByb2R1Y3QuZGVtbzkubWFnZWFudHMuYml6L2NhdGFsb2cvcHJvZHVjdC92aWV3L2lkLzEvcy9qb3VzdC1kdWZmbGUtYmFnL2NhdGVnb3J5LzQv\",\"product\":\"1\",\"selected_configurable_option\":\"\",\"related_product\":\"\",\"item\":\"1\",\"qty\":\"1\",\"sample-price\":\"15\",\"isSample\":\"1\",\"sampleorder\":\"sampleorder\"},\"additional_options\":[{\"label\":\"Sample Order\",\"value\":\" - Yes\"}]}',NULL,0,'24-MB01','Joust Duffle Bag',NULL,NULL,NULL,0,0,NULL,0.0000,0.0000,1.0000,0.0000,0.0000,NULL,15.0000,15.0000,34.0000,34.0000,0.0000,0.0000,0.0000,0.0000,0.0000,0.0000,0.0000,0.0000,0.0000,0.0000,0.0000,0.0000,15.0000,15.0000,0.0000,0.0000,0.0000,NULL,NULL,NULL,NULL,NULL,15.0000,15.0000,15.0000,15.0000,0.0000,0.0000,NULL,NULL,NULL,NULL,NULL,NULL,NULL,NULL,NULL,NULL,NULL,NULL,NULL,NULL,NULL,NULL,NULL,NULL,NULL,NULL,0,0,'',''),(34,28,NULL,178,5,'2023-03-15 05:25:20','2023-03-15 05:27:46',3,'simple','{\"info_buyRequest\":{\"uenc\":\"aHR0cDovL2N1c3RvbXN0b2Nrc3RhdHVzLmRlbW85Lm1hZ2VhbnRzLmJpei9jcm93bi1zdW1taXQtYmFja3BhY2suaHRtbA,,\",\"product\":\"3\",\"selected_configurable_option\":\"\",\"related_product\":\"\",\"item\":\"3\",\"qty\":\"88\"}}',NULL,0,'24-MB03','Crown Summit Backpack',NULL,NULL,NULL,0,0,NULL,0.0000,88.0000,88.0000,88.0000,0.0000,NULL,38.0000,38.0000,38.0000,38.0000,0.0000,0.0000,0.0000,0.0000,0.0000,0.0000,0.0000,0.0000,0.0000,0.0000,3344.0000,3344.0000,3344.0000,3344.0000,3344.0000,3344.0000,0.0000,NULL,NULL,NULL,NULL,NULL,38.0000,38.0000,3344.0000,3344.0000,0.0000,0.0000,0.0000,0.0000,0.0000,0.0000,NULL,NULL,0.0000,0.0000,0.0000,0.0000,'[]',NULL,NULL,NULL,NULL,NULL,NULL,NULL,NULL,NULL,0,0,'',''),(35,29,NULL,179,5,'2023-03-15 06:01:45','2023-03-15 06:01:45',276,'configurable','{\"info_buyRequest\":{\"uenc\":\"aHR0cDovL2N1c3RvbXN0b2Nrc3RhdHVzLmRlbW85Lm1hZ2VhbnRzLmJpei9iZWF1bW9udC1zdW1taXQta2l0Lmh0bWw,\",\"product\":\"276\",\"selected_configurable_option\":\"\",\"related_product\":\"\",\"item\":\"276\",\"super_attribute\":{\"142\":\"166\",\"93\":\"60\"},\"qty\":\"92\"},\"attributes_info\":[{\"label\":\"Size\",\"value\":\"XS\",\"option_id\":142,\"option_value\":\"166\"},{\"label\":\"Color\",\"value\":\"Yellow\",\"option_id\":93,\"option_value\":\"60\"}],\"simple_name\":\"Beaumont Summit Kit-XS-Yellow\",\"simple_sku\":\"MJ01-XS-Yellow\",\"product_calculations\":1,\"shipment_type\":0}',1.0000,0,'MJ01-XS-Yellow','Beaumont Summit Kit',NULL,NULL,NULL,0,0,NULL,0.0000,0.0000,92.0000,0.0000,0.0000,NULL,10.0000,10.0000,10.0000,10.0000,0.0000,0.0000,0.0000,0.0000,0.0000,0.0000,0.0000,0.0000,0.0000,0.0000,0.0000,0.0000,920.0000,920.0000,0.0000,0.0000,92.0000,NULL,NULL,NULL,NULL,NULL,10.0000,10.0000,920.0000,920.0000,0.0000,0.0000,NULL,NULL,NULL,NULL,NULL,NULL,NULL,NULL,NULL,NULL,NULL,NULL,NULL,NULL,NULL,NULL,NULL,NULL,NULL,NULL,NULL,0,'',''),(36,29,35,180,5,'2023-03-15 06:01:45','2023-03-15 06:01:45',263,'simple','{\"info_buyRequest\":{\"uenc\":\"aHR0cDovL2N1c3RvbXN0b2Nrc3RhdHVzLmRlbW85Lm1hZ2VhbnRzLmJpei9iZWF1bW9udC1zdW1taXQta2l0Lmh0bWw,\",\"product\":\"276\",\"selected_configurable_option\":\"\",\"related_product\":\"\",\"item\":\"276\",\"super_attribute\":{\"142\":\"166\",\"93\":\"60\"},\"qty\":\"92\"}}',1.0000,0,'MJ01-XS-Yellow','Beaumont Summit Kit-XS-Yellow',NULL,NULL,NULL,0,0,NULL,0.0000,0.0000,92.0000,0.0000,0.0000,NULL,0.0000,0.0000,0.0000,NULL,0.0000,0.0000,0.0000,0.0000,0.0000,0.0000,0.0000,0.0000,0.0000,0.0000,0.0000,0.0000,0.0000,0.0000,0.0000,0.0000,0.0000,NULL,NULL,NULL,NULL,NULL,NULL,NULL,NULL,NULL,NULL,NULL,NULL,NULL,NULL,NULL,NULL,NULL,NULL,NULL,NULL,NULL,NULL,NULL,NULL,NULL,NULL,NULL,NULL,NULL,NULL,NULL,0,0,'',''),(37,29,NULL,181,5,'2023-03-15 06:01:45','2023-03-15 06:01:45',276,'configurable','{\"info_buyRequest\":{\"uenc\":\"aHR0cDovL2N1c3RvbXN0b2Nrc3RhdHVzLmRlbW85Lm1hZ2VhbnRzLmJpei9iZWF1bW9udC1zdW1taXQta2l0Lmh0bWw,\",\"product\":\"276\",\"selected_configurable_option\":\"\",\"related_product\":\"\",\"item\":\"276\",\"super_attribute\":{\"142\":\"166\",\"93\":\"58\"},\"qty\":\"100\"},\"attributes_info\":[{\"label\":\"Size\",\"value\":\"XS\",\"option_id\":142,\"option_value\":\"166\"},{\"label\":\"Color\",\"value\":\"Red\",\"option_id\":93,\"option_value\":\"58\"}],\"simple_name\":\"Beaumont Summit Kit test\",\"simple_sku\":\"MJ01-XS-Red\",\"product_calculations\":1,\"shipment_type\":0}',1.0000,0,'MJ01-XS-Red','Beaumont Summit Kit',NULL,NULL,NULL,0,0,NULL,0.0000,0.0000,100.0000,0.0000,0.0000,NULL,420.0000,420.0000,420.0000,420.0000,0.0000,0.0000,0.0000,0.0000,0.0000,0.0000,0.0000,0.0000,0.0000,0.0000,0.0000,0.0000,42000.0000,42000.0000,0.0000,0.0000,100.0000,NULL,NULL,NULL,NULL,NULL,420.0000,420.0000,42000.0000,42000.0000,0.0000,0.0000,NULL,NULL,NULL,NULL,NULL,NULL,NULL,NULL,NULL,NULL,NULL,NULL,NULL,NULL,NULL,NULL,NULL,NULL,NULL,NULL,NULL,0,'',''),(38,29,37,182,5,'2023-03-15 06:01:45','2023-03-15 06:01:45',262,'simple','{\"info_buyRequest\":{\"uenc\":\"aHR0cDovL2N1c3RvbXN0b2Nrc3RhdHVzLmRlbW85Lm1hZ2VhbnRzLmJpei9iZWF1bW9udC1zdW1taXQta2l0Lmh0bWw,\",\"product\":\"276\",\"selected_configurable_option\":\"\",\"related_product\":\"\",\"item\":\"276\",\"super_attribute\":{\"142\":\"166\",\"93\":\"58\"},\"qty\":\"100\"}}',1.0000,0,'MJ01-XS-Red','Beaumont Summit Kit test',NULL,NULL,NULL,0,0,NULL,0.0000,0.0000,100.0000,0.0000,0.0000,NULL,0.0000,0.0000,0.0000,NULL,0.0000,0.0000,0.0000,0.0000,0.0000,0.0000,0.0000,0.0000,0.0000,0.0000,0.0000,0.0000,0.0000,0.0000,0.0000,0.0000,0.0000,NULL,NULL,NULL,NULL,NULL,NULL,NULL,NULL,NULL,NULL,NULL,NULL,NULL,NULL,NULL,NULL,NULL,NULL,NULL,NULL,NULL,NULL,NULL,NULL,NULL,NULL,NULL,NULL,NULL,NULL,NULL,0,0,'',''),(39,30,NULL,191,2,'2023-03-25 05:33:42','2023-03-25 05:33:42',3,'simple','{\"info_buyRequest\":{\"uenc\":\"aHR0cDovL2NoZWNrb3V0c3VjY2Vzc3BhZ2UuZGVtbzkubWFnZWFudHMuYml6L2dlYXIvYmFncy5odG1s\",\"product\":\"3\",\"qty\":1}}',NULL,0,'24-MB03','Crown Summit Backpack',NULL,NULL,NULL,0,0,NULL,0.0000,0.0000,1.0000,0.0000,0.0000,NULL,38.0000,38.0000,38.0000,38.0000,8.2500,3.1400,3.1400,0.0000,0.0000,0.0000,0.0000,0.0000,0.0000,0.0000,0.0000,0.0000,38.0000,38.0000,0.0000,0.0000,0.0000,NULL,NULL,NULL,NULL,NULL,41.1400,41.1400,41.1400,41.1400,0.0000,0.0000,NULL,NULL,NULL,NULL,NULL,NULL,NULL,NULL,NULL,NULL,NULL,NULL,NULL,NULL,NULL,NULL,NULL,NULL,NULL,NULL,0,0,'',''),(40,31,NULL,192,2,'2023-03-25 06:26:04','2023-03-25 06:26:04',5,'simple','{\"info_buyRequest\":{\"uenc\":\"aHR0cDovL2NoZWNrb3V0c3VjY2Vzc3BhZ2UuZGVtbzkubWFnZWFudHMuYml6L2dlYXIvYmFncy5odG1s\",\"product\":\"5\",\"qty\":1}}',NULL,0,'24-MB06','Rival Field Messenger',NULL,NULL,NULL,0,0,NULL,0.0000,0.0000,1.0000,0.0000,0.0000,NULL,45.0000,45.0000,45.0000,45.0000,8.2500,3.7100,3.7100,0.0000,0.0000,0.0000,0.0000,0.0000,0.0000,0.0000,0.0000,0.0000,45.0000,45.0000,0.0000,0.0000,0.0000,NULL,NULL,NULL,NULL,NULL,48.7100,48.7100,48.7100,48.7100,0.0000,0.0000,NULL,NULL,NULL,NULL,NULL,NULL,NULL,NULL,NULL,NULL,NULL,NULL,NULL,NULL,NULL,NULL,NULL,NULL,NULL,NULL,0,0,'',''),(41,32,NULL,193,2,'2023-03-25 06:28:11','2023-03-25 06:28:11',8,'simple','{\"info_buyRequest\":{\"uenc\":\"aHR0cDovL2NoZWNrb3V0c3VjY2Vzc3BhZ2UuZGVtbzkubWFnZWFudHMuYml6L2dlYXIvYmFncy5odG1s\",\"product\":\"8\",\"qty\":1}}',NULL,0,'24-WB01','Voyage Yoga Bag',NULL,NULL,NULL,0,0,NULL,0.0000,0.0000,1.0000,0.0000,0.0000,NULL,32.0000,32.0000,32.0000,32.0000,8.2500,2.6400,2.6400,0.0000,0.0000,0.0000,0.0000,0.0000,0.0000,0.0000,0.0000,0.0000,32.0000,32.0000,0.0000,0.0000,0.0000,NULL,NULL,NULL,NULL,NULL,34.6400,34.6400,34.6400,34.6400,0.0000,0.0000,NULL,NULL,NULL,NULL,NULL,NULL,NULL,NULL,NULL,NULL,NULL,NULL,NULL,NULL,NULL,NULL,NULL,NULL,NULL,NULL,0,0,'',''),(42,33,NULL,218,4,'2023-04-27 06:02:21','2023-04-27 06:03:22',40,'simple','{\"info_buyRequest\":{\"uenc\":\"aHR0cDovL2N1c3RvbW9yZGVybnVtYmVyLmRlbW85Lm1hZ2VhbnRzLmJpei9nZWFyL3dhdGNoZXMuaHRtbA,,\",\"product\":\"40\",\"qty\":1}}',NULL,0,'24-MG02','Dash Digital Watch',NULL,NULL,NULL,0,0,NULL,0.0000,1.0000,1.0000,0.0000,0.0000,NULL,92.0000,92.0000,92.0000,92.0000,0.0000,0.0000,0.0000,0.0000,0.0000,0.0000,0.0000,0.0000,0.0000,0.0000,0.0000,0.0000,92.0000,92.0000,92.0000,92.0000,0.0000,NULL,NULL,NULL,NULL,NULL,92.0000,92.0000,92.0000,92.0000,0.0000,0.0000,0.0000,0.0000,NULL,NULL,NULL,NULL,NULL,NULL,NULL,NULL,'[]',NULL,NULL,NULL,NULL,NULL,NULL,NULL,NULL,NULL,NULL,0,'',''),(43,34,NULL,231,10,'2023-04-27 07:40:02','2023-04-27 07:40:02',15,'simple','{\"info_buyRequest\":{\"uenc\":\"aHR0cDovL21pbmltdW1vcmRlcmN1c3RvbWVyZ3JvdXAuZGVtbzkubWFnZWFudHMuYml6L2dlYXIvZml0bmVzcy1lcXVpcG1lbnQuaHRtbA,,\",\"product\":\"15\",\"qty\":1}}',NULL,NULL,'24-UG06','Affirm Water Bottle ',NULL,NULL,NULL,NULL,0,NULL,0.0000,0.0000,1.0000,0.0000,0.0000,NULL,7.0000,7.0000,7.0000,7.0000,8.2500,0.5800,0.5800,0.0000,0.0000,0.0000,0.0000,0.0000,0.0000,0.0000,0.0000,0.0000,7.0000,7.0000,0.0000,0.0000,0.0000,NULL,NULL,NULL,NULL,NULL,7.5800,7.5800,7.5800,7.5800,0.0000,0.0000,NULL,NULL,NULL,NULL,NULL,NULL,NULL,NULL,NULL,NULL,NULL,NULL,NULL,NULL,NULL,NULL,NULL,NULL,NULL,NULL,NULL,0,'',''),(44,35,NULL,238,2,'2023-04-28 07:55:44','2023-09-29 08:00:30',84,'configurable','{\"info_buyRequest\":{\"uenc\":\"aHR0cDovL2NoZWNrb3V0c3VjY2Vzc3BhZ2UuZGVtbzkubWFnZWFudHMuYml6L21lbi90b3BzLW1lbi5odG1s\",\"product\":\"84\",\"super_attribute\":{\"142\":\"166\",\"93\":\"49\"},\"qty\":\"1.0000\"},\"attributes_info\":[{\"label\":\"Size\",\"value\":\"XS\",\"option_id\":142,\"option_value\":\"166\"},{\"label\":\"Color\",\"value\":\"Black\",\"option_id\":93,\"option_value\":\"49\"}],\"simple_name\":\"Teton Pullover Hoodie-XS-Black\",\"simple_sku\":\"MH02-XS-Black\",\"product_calculations\":1,\"shipment_type\":0}',1.0000,0,'MH02-XS-Black','Teton Pullover Hoodie',NULL,NULL,NULL,0,0,NULL,0.0000,0.0000,1.0000,0.0000,0.0000,NULL,70.0000,70.0000,70.0000,70.0000,8.2500,5.7800,5.7800,0.0000,0.0000,0.0000,0.0000,0.0000,0.0000,0.0000,0.0000,0.0000,70.0000,70.0000,0.0000,0.0000,1.0000,NULL,NULL,NULL,NULL,NULL,75.7800,75.7800,75.7800,75.7800,0.0000,0.0000,NULL,NULL,NULL,NULL,NULL,NULL,NULL,NULL,NULL,NULL,NULL,NULL,NULL,NULL,NULL,NULL,NULL,NULL,NULL,NULL,NULL,0,'',''),(45,35,44,239,2,'2023-04-28 07:55:44','2023-04-28 07:55:44',69,'simple','{\"info_buyRequest\":{\"uenc\":\"aHR0cDovL2NoZWNrb3V0c3VjY2Vzc3BhZ2UuZGVtbzkubWFnZWFudHMuYml6L21lbi90b3BzLW1lbi5odG1s\",\"product\":\"84\",\"super_attribute\":{\"142\":\"166\",\"93\":\"49\"},\"qty\":1}}',1.0000,0,'MH02-XS-Black','Teton Pullover Hoodie-XS-Black',NULL,NULL,NULL,0,0,NULL,0.0000,0.0000,1.0000,0.0000,0.0000,NULL,0.0000,0.0000,0.0000,NULL,0.0000,0.0000,0.0000,0.0000,0.0000,0.0000,0.0000,0.0000,0.0000,0.0000,0.0000,0.0000,0.0000,0.0000,0.0000,0.0000,0.0000,NULL,NULL,NULL,NULL,NULL,NULL,NULL,NULL,NULL,NULL,NULL,NULL,NULL,NULL,NULL,NULL,NULL,NULL,NULL,NULL,NULL,NULL,NULL,NULL,NULL,NULL,NULL,NULL,NULL,NULL,NULL,NULL,0,'',''),(46,36,NULL,241,2,'2023-04-29 06:26:07','2023-04-29 06:26:07',700,'configurable','{\"info_buyRequest\":{\"uenc\":\"aHR0cDovL2NoZWNrb3V0c3VjY2Vzc3BhZ2UuZGVtbzkubWFnZWFudHMuYml6L21lbi90b3BzLW1lbi5odG1s\",\"product\":\"700\",\"super_attribute\":{\"142\":\"167\",\"93\":\"52\"},\"qty\":1},\"attributes_info\":[{\"label\":\"Size\",\"value\":\"S\",\"option_id\":142,\"option_value\":\"167\"},{\"label\":\"Color\",\"value\":\"Gray\",\"option_id\":93,\"option_value\":\"52\"}],\"simple_name\":\"Argus All-Weather Tank-S-Gray\",\"simple_sku\":\"MT07-S-Gray\",\"product_calculations\":1,\"shipment_type\":0}',1.0000,0,'MT07-S-Gray','Argus All-Weather Tank',NULL,NULL,NULL,0,0,NULL,0.0000,0.0000,1.0000,0.0000,0.0000,NULL,22.0000,22.0000,22.0000,22.0000,0.0000,0.0000,0.0000,0.0000,0.0000,0.0000,0.0000,0.0000,0.0000,0.0000,0.0000,0.0000,22.0000,22.0000,0.0000,0.0000,1.0000,NULL,NULL,NULL,NULL,NULL,22.0000,22.0000,22.0000,22.0000,0.0000,0.0000,NULL,NULL,NULL,NULL,NULL,NULL,NULL,NULL,NULL,NULL,NULL,NULL,NULL,NULL,NULL,NULL,NULL,NULL,NULL,NULL,0,0,'',''),(47,36,46,242,2,'2023-04-29 06:26:07','2023-04-29 06:26:07',696,'simple','{\"info_buyRequest\":{\"uenc\":\"aHR0cDovL2NoZWNrb3V0c3VjY2Vzc3BhZ2UuZGVtbzkubWFnZWFudHMuYml6L21lbi90b3BzLW1lbi5odG1s\",\"product\":\"700\",\"super_attribute\":{\"142\":\"167\",\"93\":\"52\"},\"qty\":1}}',1.0000,0,'MT07-S-Gray','Argus All-Weather Tank-S-Gray',NULL,NULL,NULL,0,0,NULL,0.0000,0.0000,1.0000,0.0000,0.0000,NULL,0.0000,0.0000,0.0000,NULL,0.0000,0.0000,0.0000,0.0000,0.0000,0.0000,0.0000,0.0000,0.0000,0.0000,0.0000,0.0000,0.0000,0.0000,0.0000,0.0000,0.0000,NULL,NULL,NULL,NULL,NULL,NULL,NULL,NULL,NULL,NULL,NULL,NULL,NULL,NULL,NULL,NULL,NULL,NULL,NULL,NULL,NULL,NULL,NULL,NULL,NULL,NULL,NULL,NULL,NULL,NULL,NULL,NULL,0,'',''),(48,37,NULL,244,1,'2023-05-09 14:07:44','2023-05-09 14:07:44',2,'simple','{\"info_buyRequest\":{\"uenc\":\"aHR0cDovL2RlbW85Lm1hZ2VhbnRzLmJpei9nZWFyL2JhZ3MuaHRtbA,,\",\"product\":\"2\",\"qty\":1}}',NULL,0,'24-MB04','Strive Shoulder Pack',NULL,NULL,NULL,0,0,NULL,0.0000,0.0000,1.0000,0.0000,0.0000,NULL,32.0000,32.0000,32.0000,32.0000,0.0000,0.0000,0.0000,0.0000,0.0000,0.0000,0.0000,0.0000,0.0000,0.0000,0.0000,0.0000,32.0000,32.0000,0.0000,0.0000,0.0000,NULL,NULL,NULL,NULL,NULL,32.0000,32.0000,32.0000,32.0000,0.0000,0.0000,NULL,NULL,NULL,NULL,NULL,NULL,NULL,NULL,NULL,NULL,NULL,NULL,NULL,NULL,NULL,NULL,NULL,NULL,NULL,NULL,0,0,'',''),(49,38,NULL,246,6,'2023-05-15 07:47:26','2023-05-15 07:47:26',3,'simple','{\"info_buyRequest\":{\"uenc\":\"aHR0cDovL2ZvcmNlbG9naW4uZGVtbzkubWFnZWFudHMuYml6L2dlYXIvYmFncy5odG1s\",\"product\":\"3\",\"qty\":1}}',NULL,0,'24-MB03','Crown Summit Backpack',NULL,NULL,NULL,0,0,NULL,0.0000,0.0000,1.0000,0.0000,0.0000,NULL,38.0000,38.0000,38.0000,38.0000,8.2500,3.1400,3.1400,0.0000,0.0000,0.0000,0.0000,0.0000,0.0000,0.0000,0.0000,0.0000,38.0000,38.0000,0.0000,0.0000,0.0000,NULL,NULL,NULL,NULL,NULL,41.1400,41.1400,41.1400,41.1400,0.0000,0.0000,NULL,NULL,NULL,NULL,NULL,NULL,NULL,NULL,NULL,NULL,NULL,NULL,NULL,NULL,NULL,NULL,NULL,NULL,NULL,NULL,0,0,'',''),(50,39,NULL,249,1,'2023-05-19 04:56:53','2023-05-19 04:56:53',43,'simple','{\"info_buyRequest\":{\"uenc\":\"aHR0cDovL2RlbW85Lm1hZ2VhbnRzLmJpei9nZWFyL3dhdGNoZXMuaHRtbA,,\",\"product\":\"43\",\"qty\":1}}',NULL,0,'24-WG03','Clamber Watch',NULL,'2',NULL,0,0,NULL,0.0000,0.0000,1.0000,0.0000,0.0000,NULL,54.0000,54.0000,54.0000,54.0000,0.0000,0.0000,0.0000,0.0000,0.0000,0.0000,0.0000,0.0000,0.0000,0.0000,0.0000,0.0000,54.0000,54.0000,0.0000,0.0000,0.0000,NULL,NULL,NULL,NULL,NULL,54.0000,54.0000,54.0000,54.0000,0.0000,0.0000,NULL,NULL,NULL,NULL,NULL,NULL,NULL,NULL,NULL,NULL,NULL,NULL,NULL,NULL,NULL,NULL,NULL,NULL,NULL,NULL,NULL,0,'',''),(51,40,NULL,250,1,'2023-05-19 05:09:05','2023-05-19 05:09:05',45,'downloadable','{\"info_buyRequest\":{\"uenc\":\"aHR0cDovL2RlbW85Lm1hZ2VhbnRzLmJpei90cmFpbmluZy90cmFpbmluZy12aWRlby5odG1s\",\"product\":\"45\",\"qty\":1},\"links\":[\"1\"],\"is_downloadable\":true,\"real_product_type\":\"downloadable\"}',NULL,1,'240-LV04','Beginner\'s Yoga',NULL,NULL,NULL,0,0,NULL,0.0000,0.0000,1.0000,0.0000,0.0000,NULL,6.0000,6.0000,6.0000,6.0000,8.2500,0.5000,0.5000,0.0000,0.0000,0.0000,0.0000,0.0000,0.0000,0.0000,0.0000,0.0000,6.0000,6.0000,0.0000,0.0000,0.0000,NULL,NULL,NULL,NULL,NULL,6.5000,6.5000,6.5000,6.5000,0.0000,0.0000,NULL,NULL,NULL,NULL,NULL,NULL,NULL,NULL,NULL,NULL,NULL,NULL,NULL,NULL,NULL,NULL,NULL,NULL,NULL,NULL,0,0,'',''),(52,41,NULL,251,1,'2023-05-27 05:17:54','2023-05-27 05:17:54',40,'simple','{\"info_buyRequest\":{\"uenc\":\"aHR0cDovL2RlbW85Lm1hZ2VhbnRzLmJpei9nZWFyL3dhdGNoZXMuaHRtbA,,\",\"product\":\"40\",\"qty\":1}}',NULL,0,'24-MG02','Dash Digital Watch',NULL,'2',NULL,0,0,NULL,0.0000,0.0000,1.0000,0.0000,0.0000,NULL,92.0000,92.0000,92.0000,92.0000,0.0000,0.0000,0.0000,0.0000,0.0000,0.0000,0.0000,0.0000,0.0000,0.0000,0.0000,0.0000,92.0000,92.0000,0.0000,0.0000,0.0000,NULL,NULL,NULL,NULL,NULL,92.0000,92.0000,92.0000,92.0000,0.0000,0.0000,NULL,NULL,NULL,NULL,NULL,NULL,NULL,NULL,NULL,NULL,NULL,NULL,NULL,NULL,NULL,NULL,NULL,NULL,NULL,NULL,NULL,0,'',''),(53,42,NULL,254,1,'2023-06-02 05:19:03','2023-06-02 05:19:03',17,'simple','{\"info_buyRequest\":{\"uenc\":\"aHR0cDovL2RlbW85Lm1hZ2VhbnRzLmJpei9nZWFyL2ZpdG5lc3MtZXF1aXBtZW50Lmh0bWw,\",\"product\":\"17\",\"qty\":1}}',NULL,0,'24-UG04','Zing Jump Rope',NULL,NULL,NULL,0,0,NULL,0.0000,0.0000,1.0000,0.0000,0.0000,NULL,12.0000,12.0000,12.0000,12.0000,0.0000,0.0000,0.0000,0.0000,0.0000,0.0000,0.0000,0.0000,0.0000,0.0000,0.0000,0.0000,12.0000,12.0000,0.0000,0.0000,0.0000,NULL,NULL,NULL,NULL,NULL,12.0000,12.0000,12.0000,12.0000,0.0000,0.0000,NULL,NULL,NULL,NULL,NULL,NULL,NULL,NULL,NULL,NULL,NULL,NULL,NULL,NULL,NULL,NULL,NULL,NULL,NULL,NULL,NULL,0,'',''),(54,43,NULL,256,1,'2023-06-09 05:12:18','2023-06-09 05:12:18',40,'simple','{\"info_buyRequest\":{\"uenc\":\"aHR0cDovL2RlbW85Lm1hZ2VhbnRzLmJpei9nZWFyL3dhdGNoZXMuaHRtbA,,\",\"product\":\"40\",\"qty\":1}}',NULL,0,'24-MG02','Dash Digital Watch',NULL,'2',NULL,0,0,NULL,0.0000,0.0000,1.0000,0.0000,0.0000,NULL,92.0000,92.0000,92.0000,92.0000,0.0000,0.0000,0.0000,0.0000,0.0000,0.0000,0.0000,0.0000,0.0000,0.0000,0.0000,0.0000,92.0000,92.0000,0.0000,0.0000,0.0000,NULL,NULL,NULL,NULL,NULL,92.0000,92.0000,92.0000,92.0000,0.0000,0.0000,NULL,NULL,NULL,NULL,NULL,NULL,NULL,NULL,NULL,NULL,NULL,NULL,NULL,NULL,NULL,NULL,NULL,NULL,NULL,NULL,NULL,0,'',''),(55,44,NULL,261,1,'2023-06-16 05:18:21','2023-06-16 05:18:21',132,'configurable','{\"info_buyRequest\":{\"uenc\":\"aHR0cDovL2RlbW85Lm1hZ2VhbnRzLmJpei9tZW4vdG9wcy1tZW4vaG9vZGllcy1hbmQtc3dlYXRzaGlydHMtbWVuLmh0bWw,\",\"product\":\"132\",\"super_attribute\":{\"142\":\"167\",\"93\":\"53\"},\"qty\":1},\"attributes_info\":[{\"label\":\"Size\",\"value\":\"S\",\"option_id\":142,\"option_value\":\"167\"},{\"label\":\"Color\",\"value\":\"Green\",\"option_id\":93,\"option_value\":\"53\"}],\"simple_name\":\"Hollister Backyard Sweatshirt-S-Green\",\"simple_sku\":\"MH05-S-Green\",\"product_calculations\":1,\"shipment_type\":0}',1.0000,0,'MH05-S-Green','Hollister Backyard Sweatshirt',NULL,'2',NULL,0,0,NULL,0.0000,0.0000,1.0000,0.0000,0.0000,NULL,52.0000,52.0000,52.0000,52.0000,0.0000,0.0000,0.0000,0.0000,0.0000,0.0000,0.0000,0.0000,0.0000,0.0000,0.0000,0.0000,52.0000,52.0000,0.0000,0.0000,0.0000,NULL,NULL,NULL,NULL,NULL,52.0000,52.0000,52.0000,52.0000,0.0000,0.0000,NULL,NULL,NULL,NULL,NULL,NULL,NULL,NULL,NULL,NULL,NULL,NULL,NULL,NULL,NULL,NULL,NULL,NULL,NULL,NULL,NULL,0,'',''),(56,44,55,262,1,'2023-06-16 05:18:21','2023-06-16 05:18:21',120,'simple','{\"info_buyRequest\":{\"uenc\":\"aHR0cDovL2RlbW85Lm1hZ2VhbnRzLmJpei9tZW4vdG9wcy1tZW4vaG9vZGllcy1hbmQtc3dlYXRzaGlydHMtbWVuLmh0bWw,\",\"product\":\"132\",\"super_attribute\":{\"142\":\"167\",\"93\":\"53\"},\"qty\":1}}',1.0000,0,'MH05-S-Green','Hollister Backyard Sweatshirt-S-Green',NULL,NULL,NULL,0,0,NULL,0.0000,0.0000,1.0000,0.0000,0.0000,NULL,0.0000,0.0000,0.0000,NULL,0.0000,0.0000,0.0000,0.0000,0.0000,0.0000,0.0000,0.0000,0.0000,0.0000,0.0000,0.0000,0.0000,0.0000,0.0000,0.0000,0.0000,NULL,NULL,NULL,NULL,NULL,NULL,NULL,NULL,NULL,NULL,NULL,NULL,NULL,NULL,NULL,NULL,NULL,NULL,NULL,NULL,NULL,NULL,NULL,NULL,NULL,NULL,NULL,NULL,NULL,NULL,NULL,NULL,0,'',''),(57,45,NULL,264,1,'2023-06-24 04:56:34','2023-06-24 04:56:34',52,'bundle','{\"info_buyRequest\":{\"uenc\":\"aHR0cDovL2RlbW85Lm1hZ2VhbnRzLmJpei9zcHJpdGUteW9nYS1jb21wYW5pb24ta2l0Lmh0bWw,\",\"product\":\"52\",\"selected_configurable_option\":\"\",\"related_product\":\"\",\"item\":\"52\",\"bundle_option\":{\"1\":\"1\",\"2\":\"4\",\"3\":\"5\",\"4\":\"8\"},\"bundle_option_qty\":{\"1\":\"1\",\"2\":\"1\",\"3\":\"1\",\"4\":\"1\"},\"qty\":\"1\"},\"bundle_options\":{\"1\":{\"option_id\":\"1\",\"label\":\"Sprite Stasis Ball\",\"value\":[{\"title\":\"Sprite Stasis Ball 55 cm\",\"qty\":\"1\",\"price\":23}]},\"2\":{\"option_id\":\"2\",\"label\":\"Sprite Foam Yoga Brick\",\"value\":[{\"title\":\"Sprite Foam Yoga Brick\",\"qty\":\"1\",\"price\":5}]},\"3\":{\"option_id\":\"3\",\"label\":\"Sprite Yoga Strap\",\"value\":[{\"title\":\"Sprite Yoga Strap 6 foot\",\"qty\":\"1\",\"price\":14}]},\"4\":{\"option_id\":\"4\",\"label\":\"Sprite Foam Roller\",\"value\":[{\"title\":\"Sprite Foam Roller\",\"qty\":\"1\",\"price\":19}]}},\"product_calculations\":0,\"shipment_type\":\"0\"}',0.0000,0,'24-WG080-24-WG081-blue-24-WG084-24-WG085-24-WG088','Sprite Yoga Companion Kit',NULL,'2',NULL,0,0,NULL,0.0000,0.0000,1.0000,0.0000,0.0000,NULL,61.0000,61.0000,61.0000,61.0000,NULL,0.0000,0.0000,0.0000,0.0000,0.0000,0.0000,0.0000,0.0000,0.0000,0.0000,0.0000,61.0000,61.0000,0.0000,0.0000,0.0000,NULL,NULL,NULL,NULL,NULL,61.0000,61.0000,61.0000,61.0000,NULL,NULL,NULL,NULL,NULL,NULL,NULL,NULL,NULL,NULL,NULL,NULL,NULL,NULL,NULL,NULL,NULL,NULL,NULL,NULL,NULL,NULL,NULL,0,'',''),(58,45,57,265,1,'2023-06-24 04:56:34','2023-06-24 04:56:34',26,'simple','{\"info_buyRequest\":{\"uenc\":\"aHR0cDovL2RlbW85Lm1hZ2VhbnRzLmJpei9zcHJpdGUteW9nYS1jb21wYW5pb24ta2l0Lmh0bWw,\",\"product\":\"52\",\"selected_configurable_option\":\"\",\"related_product\":\"\",\"item\":\"52\",\"bundle_option\":{\"1\":\"1\",\"2\":\"4\",\"3\":\"5\",\"4\":\"8\"},\"bundle_option_qty\":{\"1\":\"1\",\"2\":\"1\",\"3\":\"1\",\"4\":\"1\"},\"qty\":\"1\"},\"bundle_selection_attributes\":\"{\\\"price\\\":23,\\\"qty\\\":1,\\\"option_label\\\":\\\"Sprite Stasis Ball\\\",\\\"option_id\\\":\\\"1\\\"}\"}',NULL,0,'24-WG081-blue','Sprite Stasis Ball 55 cm',NULL,NULL,NULL,0,0,NULL,0.0000,0.0000,1.0000,0.0000,0.0000,NULL,23.0000,23.0000,23.0000,23.0000,0.0000,0.0000,0.0000,0.0000,0.0000,0.0000,0.0000,0.0000,0.0000,0.0000,0.0000,0.0000,23.0000,23.0000,0.0000,0.0000,0.0000,NULL,NULL,NULL,NULL,NULL,23.0000,23.0000,23.0000,23.0000,0.0000,0.0000,NULL,NULL,NULL,NULL,NULL,NULL,NULL,NULL,NULL,NULL,NULL,NULL,NULL,NULL,NULL,NULL,NULL,NULL,NULL,NULL,NULL,1,'',''),(59,45,57,266,1,'2023-06-24 04:56:34','2023-06-24 04:56:34',21,'simple','{\"info_buyRequest\":{\"uenc\":\"aHR0cDovL2RlbW85Lm1hZ2VhbnRzLmJpei9zcHJpdGUteW9nYS1jb21wYW5pb24ta2l0Lmh0bWw,\",\"product\":\"52\",\"selected_configurable_option\":\"\",\"related_product\":\"\",\"item\":\"52\",\"bundle_option\":{\"1\":\"1\",\"2\":\"4\",\"3\":\"5\",\"4\":\"8\"},\"bundle_option_qty\":{\"1\":\"1\",\"2\":\"1\",\"3\":\"1\",\"4\":\"1\"},\"qty\":\"1\"},\"bundle_selection_attributes\":\"{\\\"price\\\":5,\\\"qty\\\":1,\\\"option_label\\\":\\\"Sprite Foam Yoga Brick\\\",\\\"option_id\\\":\\\"2\\\"}\"}',NULL,0,'24-WG084','Sprite Foam Yoga Brick',NULL,NULL,NULL,0,0,NULL,0.0000,0.0000,1.0000,0.0000,0.0000,NULL,5.0000,5.0000,5.0000,5.0000,0.0000,0.0000,0.0000,0.0000,0.0000,0.0000,0.0000,0.0000,0.0000,0.0000,0.0000,0.0000,5.0000,5.0000,0.0000,0.0000,0.0000,NULL,NULL,NULL,NULL,NULL,5.0000,5.0000,5.0000,5.0000,0.0000,0.0000,NULL,NULL,NULL,NULL,NULL,NULL,NULL,NULL,NULL,NULL,NULL,NULL,NULL,NULL,NULL,NULL,NULL,NULL,NULL,NULL,NULL,1,'',''),(60,45,57,267,1,'2023-06-24 04:56:34','2023-06-24 04:56:34',33,'simple','{\"info_buyRequest\":{\"uenc\":\"aHR0cDovL2RlbW85Lm1hZ2VhbnRzLmJpei9zcHJpdGUteW9nYS1jb21wYW5pb24ta2l0Lmh0bWw,\",\"product\":\"52\",\"selected_configurable_option\":\"\",\"related_product\":\"\",\"item\":\"52\",\"bundle_option\":{\"1\":\"1\",\"2\":\"4\",\"3\":\"5\",\"4\":\"8\"},\"bundle_option_qty\":{\"1\":\"1\",\"2\":\"1\",\"3\":\"1\",\"4\":\"1\"},\"qty\":\"1\"},\"bundle_selection_attributes\":\"{\\\"price\\\":14,\\\"qty\\\":1,\\\"option_label\\\":\\\"Sprite Yoga Strap\\\",\\\"option_id\\\":\\\"3\\\"}\"}',NULL,0,'24-WG085','Sprite Yoga Strap 6 foot',NULL,NULL,NULL,0,0,NULL,0.0000,0.0000,1.0000,0.0000,0.0000,NULL,14.0000,14.0000,14.0000,14.0000,0.0000,0.0000,0.0000,0.0000,0.0000,0.0000,0.0000,0.0000,0.0000,0.0000,0.0000,0.0000,14.0000,14.0000,0.0000,0.0000,0.0000,NULL,NULL,NULL,NULL,NULL,14.0000,14.0000,14.0000,14.0000,0.0000,0.0000,NULL,NULL,NULL,NULL,NULL,NULL,NULL,NULL,NULL,NULL,NULL,NULL,NULL,NULL,NULL,NULL,NULL,NULL,NULL,NULL,NULL,1,'',''),(61,45,57,268,1,'2023-06-24 04:56:34','2023-06-24 04:56:34',22,'simple','{\"info_buyRequest\":{\"uenc\":\"aHR0cDovL2RlbW85Lm1hZ2VhbnRzLmJpei9zcHJpdGUteW9nYS1jb21wYW5pb24ta2l0Lmh0bWw,\",\"product\":\"52\",\"selected_configurable_option\":\"\",\"related_product\":\"\",\"item\":\"52\",\"bundle_option\":{\"1\":\"1\",\"2\":\"4\",\"3\":\"5\",\"4\":\"8\"},\"bundle_option_qty\":{\"1\":\"1\",\"2\":\"1\",\"3\":\"1\",\"4\":\"1\"},\"qty\":\"1\"},\"bundle_selection_attributes\":\"{\\\"price\\\":19,\\\"qty\\\":1,\\\"option_label\\\":\\\"Sprite Foam Roller\\\",\\\"option_id\\\":\\\"4\\\"}\"}',NULL,0,'24-WG088','Sprite Foam Roller',NULL,NULL,NULL,0,0,NULL,0.0000,0.0000,1.0000,0.0000,0.0000,NULL,19.0000,19.0000,19.0000,19.0000,0.0000,0.0000,0.0000,0.0000,0.0000,0.0000,0.0000,0.0000,0.0000,0.0000,0.0000,0.0000,19.0000,19.0000,0.0000,0.0000,0.0000,NULL,NULL,NULL,NULL,NULL,19.0000,19.0000,19.0000,19.0000,0.0000,0.0000,NULL,NULL,NULL,NULL,NULL,NULL,NULL,NULL,NULL,NULL,NULL,NULL,NULL,NULL,NULL,NULL,NULL,NULL,NULL,NULL,NULL,1,'',''),(62,46,NULL,269,1,'2023-06-30 05:19:50','2023-06-30 05:19:50',148,'configurable','{\"info_buyRequest\":{\"uenc\":\"aHR0cDovL2RlbW85Lm1hZ2VhbnRzLmJpei9tZW4vdG9wcy1tZW4vaG9vZGllcy1hbmQtc3dlYXRzaGlydHMtbWVuLmh0bWw,\",\"product\":\"148\",\"super_attribute\":{\"142\":\"167\",\"93\":\"49\"},\"qty\":1},\"attributes_info\":[{\"label\":\"Size\",\"value\":\"S\",\"option_id\":142,\"option_value\":\"167\"},{\"label\":\"Color\",\"value\":\"Black\",\"option_id\":93,\"option_value\":\"49\"}],\"simple_name\":\"Stark Fundamental Hoodie-S-Black\",\"simple_sku\":\"MH06-S-Black\",\"product_calculations\":1,\"shipment_type\":0}',1.0000,0,'MH06-S-Black','Stark Fundamental Hoodie',NULL,NULL,NULL,0,0,NULL,0.0000,0.0000,1.0000,0.0000,0.0000,NULL,42.0000,42.0000,42.0000,42.0000,0.0000,0.0000,0.0000,0.0000,0.0000,0.0000,0.0000,0.0000,0.0000,0.0000,0.0000,0.0000,42.0000,42.0000,0.0000,0.0000,1.0000,NULL,NULL,NULL,NULL,NULL,42.0000,42.0000,42.0000,42.0000,0.0000,0.0000,NULL,NULL,NULL,NULL,NULL,NULL,NULL,NULL,NULL,NULL,NULL,NULL,NULL,NULL,NULL,NULL,NULL,NULL,NULL,NULL,NULL,0,'',''),(63,46,62,270,1,'2023-06-30 05:19:50','2023-06-30 05:19:50',136,'simple','{\"info_buyRequest\":{\"uenc\":\"aHR0cDovL2RlbW85Lm1hZ2VhbnRzLmJpei9tZW4vdG9wcy1tZW4vaG9vZGllcy1hbmQtc3dlYXRzaGlydHMtbWVuLmh0bWw,\",\"product\":\"148\",\"super_attribute\":{\"142\":\"167\",\"93\":\"49\"},\"qty\":1}}',1.0000,0,'MH06-S-Black','Stark Fundamental Hoodie-S-Black',NULL,NULL,NULL,0,0,NULL,0.0000,0.0000,1.0000,0.0000,0.0000,NULL,0.0000,0.0000,0.0000,NULL,0.0000,0.0000,0.0000,0.0000,0.0000,0.0000,0.0000,0.0000,0.0000,0.0000,0.0000,0.0000,0.0000,0.0000,0.0000,0.0000,0.0000,NULL,NULL,NULL,NULL,NULL,NULL,NULL,NULL,NULL,NULL,NULL,NULL,NULL,NULL,NULL,NULL,NULL,NULL,NULL,NULL,NULL,NULL,NULL,NULL,NULL,NULL,NULL,NULL,NULL,NULL,NULL,NULL,0,'',''),(64,47,NULL,271,1,'2023-07-03 05:35:30','2023-07-03 05:35:30',17,'simple','{\"info_buyRequest\":{\"uenc\":\"aHR0cDovL2RlbW85Lm1hZ2VhbnRzLmJpei9nZWFyL2ZpdG5lc3MtZXF1aXBtZW50Lmh0bWw,\",\"product\":\"17\",\"qty\":1}}',NULL,0,'24-UG04','Zing Jump Rope',NULL,NULL,NULL,0,0,NULL,0.0000,0.0000,1.0000,0.0000,0.0000,NULL,12.0000,12.0000,12.0000,12.0000,0.0000,0.0000,0.0000,0.0000,0.0000,0.0000,0.0000,0.0000,0.0000,0.0000,0.0000,0.0000,12.0000,12.0000,0.0000,0.0000,0.0000,NULL,NULL,NULL,NULL,NULL,12.0000,12.0000,12.0000,12.0000,0.0000,0.0000,NULL,NULL,NULL,NULL,NULL,NULL,NULL,NULL,NULL,NULL,NULL,NULL,NULL,NULL,NULL,NULL,NULL,NULL,NULL,NULL,NULL,0,'',''),(65,48,NULL,275,1,'2023-07-14 05:02:15','2023-07-14 05:02:15',52,'bundle','{\"info_buyRequest\":{\"uenc\":\"aHR0cDovL2RlbW85Lm1hZ2VhbnRzLmJpei9zcHJpdGUteW9nYS1jb21wYW5pb24ta2l0Lmh0bWw,\",\"product\":\"52\",\"selected_configurable_option\":\"\",\"related_product\":\"\",\"item\":\"52\",\"bundle_option\":{\"1\":\"1\",\"2\":\"4\",\"3\":\"5\",\"4\":\"8\"},\"bundle_option_qty\":{\"1\":\"1\",\"2\":\"1\",\"3\":\"1\",\"4\":\"1\"},\"qty\":\"1\"},\"bundle_options\":{\"1\":{\"option_id\":\"1\",\"label\":\"Sprite Stasis Ball\",\"value\":[{\"title\":\"Sprite Stasis Ball 55 cm\",\"qty\":\"1\",\"price\":23}]},\"2\":{\"option_id\":\"2\",\"label\":\"Sprite Foam Yoga Brick\",\"value\":[{\"title\":\"Sprite Foam Yoga Brick\",\"qty\":\"1\",\"price\":5}]},\"3\":{\"option_id\":\"3\",\"label\":\"Sprite Yoga Strap\",\"value\":[{\"title\":\"Sprite Yoga Strap 6 foot\",\"qty\":\"1\",\"price\":14}]},\"4\":{\"option_id\":\"4\",\"label\":\"Sprite Foam Roller\",\"value\":[{\"title\":\"Sprite Foam Roller\",\"qty\":\"1\",\"price\":19}]}},\"product_calculations\":0,\"shipment_type\":\"0\"}',0.0000,0,'24-WG080-24-WG081-blue-24-WG084-24-WG085-24-WG088','Sprite Yoga Companion Kit',NULL,'2',NULL,0,0,NULL,0.0000,0.0000,2.0000,0.0000,0.0000,NULL,61.0000,61.0000,61.0000,61.0000,NULL,0.0000,0.0000,0.0000,0.0000,0.0000,0.0000,0.0000,0.0000,0.0000,0.0000,0.0000,122.0000,122.0000,0.0000,0.0000,0.0000,NULL,NULL,NULL,NULL,NULL,61.0000,61.0000,122.0000,122.0000,NULL,NULL,NULL,NULL,NULL,NULL,NULL,NULL,NULL,NULL,NULL,NULL,NULL,NULL,NULL,NULL,NULL,NULL,NULL,NULL,NULL,NULL,NULL,0,'',''),(66,48,65,276,1,'2023-07-14 05:02:15','2023-07-14 05:02:15',26,'simple','{\"info_buyRequest\":{\"uenc\":\"aHR0cDovL2RlbW85Lm1hZ2VhbnRzLmJpei9zcHJpdGUteW9nYS1jb21wYW5pb24ta2l0Lmh0bWw,\",\"product\":\"52\",\"selected_configurable_option\":\"\",\"related_product\":\"\",\"item\":\"52\",\"bundle_option\":{\"1\":\"1\",\"2\":\"4\",\"3\":\"5\",\"4\":\"8\"},\"bundle_option_qty\":{\"1\":\"1\",\"2\":\"1\",\"3\":\"1\",\"4\":\"1\"},\"qty\":\"1\"},\"bundle_selection_attributes\":\"{\\\"price\\\":23,\\\"qty\\\":1,\\\"option_label\\\":\\\"Sprite Stasis Ball\\\",\\\"option_id\\\":\\\"1\\\"}\"}',NULL,0,'24-WG081-blue','Sprite Stasis Ball 55 cm',NULL,NULL,NULL,0,0,NULL,0.0000,0.0000,2.0000,0.0000,0.0000,NULL,23.0000,23.0000,23.0000,23.0000,0.0000,0.0000,0.0000,0.0000,0.0000,0.0000,0.0000,0.0000,0.0000,0.0000,0.0000,0.0000,46.0000,46.0000,0.0000,0.0000,0.0000,NULL,NULL,NULL,NULL,NULL,23.0000,23.0000,46.0000,46.0000,0.0000,0.0000,NULL,NULL,NULL,NULL,NULL,NULL,NULL,NULL,NULL,NULL,NULL,NULL,NULL,NULL,NULL,NULL,NULL,NULL,NULL,NULL,NULL,1,'',''),(67,48,65,277,1,'2023-07-14 05:02:15','2023-07-14 05:02:15',21,'simple','{\"info_buyRequest\":{\"uenc\":\"aHR0cDovL2RlbW85Lm1hZ2VhbnRzLmJpei9zcHJpdGUteW9nYS1jb21wYW5pb24ta2l0Lmh0bWw,\",\"product\":\"52\",\"selected_configurable_option\":\"\",\"related_product\":\"\",\"item\":\"52\",\"bundle_option\":{\"1\":\"1\",\"2\":\"4\",\"3\":\"5\",\"4\":\"8\"},\"bundle_option_qty\":{\"1\":\"1\",\"2\":\"1\",\"3\":\"1\",\"4\":\"1\"},\"qty\":\"1\"},\"bundle_selection_attributes\":\"{\\\"price\\\":5,\\\"qty\\\":1,\\\"option_label\\\":\\\"Sprite Foam Yoga Brick\\\",\\\"option_id\\\":\\\"2\\\"}\"}',NULL,0,'24-WG084','Sprite Foam Yoga Brick',NULL,NULL,NULL,0,0,NULL,0.0000,0.0000,2.0000,0.0000,0.0000,NULL,5.0000,5.0000,5.0000,5.0000,0.0000,0.0000,0.0000,0.0000,0.0000,0.0000,0.0000,0.0000,0.0000,0.0000,0.0000,0.0000,10.0000,10.0000,0.0000,0.0000,0.0000,NULL,NULL,NULL,NULL,NULL,5.0000,5.0000,10.0000,10.0000,0.0000,0.0000,NULL,NULL,NULL,NULL,NULL,NULL,NULL,NULL,NULL,NULL,NULL,NULL,NULL,NULL,NULL,NULL,NULL,NULL,NULL,NULL,NULL,1,'',''),(68,48,65,278,1,'2023-07-14 05:02:15','2023-07-14 05:02:15',33,'simple','{\"info_buyRequest\":{\"uenc\":\"aHR0cDovL2RlbW85Lm1hZ2VhbnRzLmJpei9zcHJpdGUteW9nYS1jb21wYW5pb24ta2l0Lmh0bWw,\",\"product\":\"52\",\"selected_configurable_option\":\"\",\"related_product\":\"\",\"item\":\"52\",\"bundle_option\":{\"1\":\"1\",\"2\":\"4\",\"3\":\"5\",\"4\":\"8\"},\"bundle_option_qty\":{\"1\":\"1\",\"2\":\"1\",\"3\":\"1\",\"4\":\"1\"},\"qty\":\"1\"},\"bundle_selection_attributes\":\"{\\\"price\\\":14,\\\"qty\\\":1,\\\"option_label\\\":\\\"Sprite Yoga Strap\\\",\\\"option_id\\\":\\\"3\\\"}\"}',NULL,0,'24-WG085','Sprite Yoga Strap 6 foot',NULL,NULL,NULL,0,0,NULL,0.0000,0.0000,2.0000,0.0000,0.0000,NULL,14.0000,14.0000,14.0000,14.0000,0.0000,0.0000,0.0000,0.0000,0.0000,0.0000,0.0000,0.0000,0.0000,0.0000,0.0000,0.0000,28.0000,28.0000,0.0000,0.0000,0.0000,NULL,NULL,NULL,NULL,NULL,14.0000,14.0000,28.0000,28.0000,0.0000,0.0000,NULL,NULL,NULL,NULL,NULL,NULL,NULL,NULL,NULL,NULL,NULL,NULL,NULL,NULL,NULL,NULL,NULL,NULL,NULL,NULL,NULL,1,'',''),(69,48,65,279,1,'2023-07-14 05:02:15','2023-07-14 05:02:15',22,'simple','{\"info_buyRequest\":{\"uenc\":\"aHR0cDovL2RlbW85Lm1hZ2VhbnRzLmJpei9zcHJpdGUteW9nYS1jb21wYW5pb24ta2l0Lmh0bWw,\",\"product\":\"52\",\"selected_configurable_option\":\"\",\"related_product\":\"\",\"item\":\"52\",\"bundle_option\":{\"1\":\"1\",\"2\":\"4\",\"3\":\"5\",\"4\":\"8\"},\"bundle_option_qty\":{\"1\":\"1\",\"2\":\"1\",\"3\":\"1\",\"4\":\"1\"},\"qty\":\"1\"},\"bundle_selection_attributes\":\"{\\\"price\\\":19,\\\"qty\\\":1,\\\"option_label\\\":\\\"Sprite Foam Roller\\\",\\\"option_id\\\":\\\"4\\\"}\"}',NULL,0,'24-WG088','Sprite Foam Roller',NULL,NULL,NULL,0,0,NULL,0.0000,0.0000,2.0000,0.0000,0.0000,NULL,19.0000,19.0000,19.0000,19.0000,0.0000,0.0000,0.0000,0.0000,0.0000,0.0000,0.0000,0.0000,0.0000,0.0000,0.0000,0.0000,38.0000,38.0000,0.0000,0.0000,0.0000,NULL,NULL,NULL,NULL,NULL,19.0000,19.0000,38.0000,38.0000,0.0000,0.0000,NULL,NULL,NULL,NULL,NULL,NULL,NULL,NULL,NULL,NULL,NULL,NULL,NULL,NULL,NULL,NULL,NULL,NULL,NULL,NULL,NULL,1,'',''),(70,49,NULL,280,1,'2023-07-21 05:18:45','2023-09-29 08:00:30',1434,'configurable','{\"info_buyRequest\":{\"uenc\":\"aHR0cDovL2RlbW85Lm1hZ2VhbnRzLmJpei93b21lbi90b3BzLXdvbWVuL3RlZXMtd29tZW4uaHRtbA,,\",\"product\":\"1434\",\"super_attribute\":{\"142\":\"167\",\"93\":\"50\"},\"qty\":\"1.0000\"},\"attributes_info\":[{\"label\":\"Size\",\"value\":\"S\",\"option_id\":142,\"option_value\":\"167\"},{\"label\":\"Color\",\"value\":\"Blue\",\"option_id\":93,\"option_value\":\"50\"}],\"simple_name\":\"Iris Workout Top-S-Blue\",\"simple_sku\":\"WS03-S-Blue\",\"product_calculations\":1,\"shipment_type\":0}',1.0000,0,'WS03-S-Blue','Iris Workout Top',NULL,'1',NULL,0,0,NULL,0.0000,0.0000,1.0000,0.0000,0.0000,NULL,29.0000,29.0000,29.0000,29.0000,8.2500,2.3900,2.3900,0.0000,0.0000,0.0000,0.0000,0.0000,0.0000,0.0000,0.0000,0.0000,29.0000,29.0000,0.0000,0.0000,1.0000,NULL,NULL,NULL,NULL,NULL,31.3900,31.3900,31.3900,31.3900,0.0000,0.0000,NULL,NULL,NULL,NULL,NULL,NULL,NULL,NULL,NULL,NULL,NULL,NULL,NULL,NULL,NULL,NULL,NULL,NULL,NULL,NULL,NULL,0,'',''),(71,49,70,281,1,'2023-07-21 05:18:45','2023-07-21 05:18:45',1422,'simple','{\"info_buyRequest\":{\"uenc\":\"aHR0cDovL2RlbW85Lm1hZ2VhbnRzLmJpei93b21lbi90b3BzLXdvbWVuL3RlZXMtd29tZW4uaHRtbA,,\",\"product\":\"1434\",\"super_attribute\":{\"142\":\"167\",\"93\":\"50\"},\"qty\":1}}',1.0000,0,'WS03-S-Blue','Iris Workout Top-S-Blue',NULL,NULL,NULL,0,0,NULL,0.0000,0.0000,1.0000,0.0000,0.0000,NULL,0.0000,0.0000,0.0000,NULL,0.0000,0.0000,0.0000,0.0000,0.0000,0.0000,0.0000,0.0000,0.0000,0.0000,0.0000,0.0000,0.0000,0.0000,0.0000,0.0000,0.0000,NULL,NULL,NULL,NULL,NULL,NULL,NULL,NULL,NULL,NULL,NULL,NULL,NULL,NULL,NULL,NULL,NULL,NULL,NULL,NULL,NULL,NULL,NULL,NULL,NULL,NULL,NULL,NULL,NULL,NULL,NULL,NULL,0,'',''),(72,50,NULL,285,1,'2023-07-28 05:53:28','2023-07-28 05:53:28',1082,'configurable','{\"info_buyRequest\":{\"uenc\":\"aHR0cDovL2RlbW85Lm1hZ2VhbnRzLmJpei93b21lbi90b3BzLXdvbWVuL2hvb2RpZXMtYW5kLXN3ZWF0c2hpcnRzLXdvbWVuLmh0bWw,\",\"product\":\"1082\",\"super_attribute\":{\"142\":\"166\",\"93\":\"53\"},\"qty\":1},\"attributes_info\":[{\"label\":\"Size\",\"value\":\"XS\",\"option_id\":142,\"option_value\":\"166\"},{\"label\":\"Color\",\"value\":\"Green\",\"option_id\":93,\"option_value\":\"53\"}],\"simple_name\":\"Autumn Pullie-XS-Green\",\"simple_sku\":\"WH03-XS-Green\",\"product_calculations\":1,\"shipment_type\":0}',1.0000,0,'WH03-XS-Green','Autumn Pullie',NULL,'2',NULL,0,0,NULL,0.0000,0.0000,1.0000,0.0000,0.0000,NULL,57.0000,57.0000,57.0000,57.0000,0.0000,0.0000,0.0000,0.0000,0.0000,0.0000,0.0000,0.0000,0.0000,0.0000,0.0000,0.0000,57.0000,57.0000,0.0000,0.0000,0.0000,NULL,NULL,NULL,NULL,NULL,57.0000,57.0000,57.0000,57.0000,0.0000,0.0000,NULL,NULL,NULL,NULL,NULL,NULL,NULL,NULL,NULL,NULL,NULL,NULL,NULL,NULL,NULL,NULL,NULL,NULL,NULL,NULL,NULL,0,'',''),(73,50,72,286,1,'2023-07-28 05:53:28','2023-07-28 05:53:28',1067,'simple','{\"info_buyRequest\":{\"uenc\":\"aHR0cDovL2RlbW85Lm1hZ2VhbnRzLmJpei93b21lbi90b3BzLXdvbWVuL2hvb2RpZXMtYW5kLXN3ZWF0c2hpcnRzLXdvbWVuLmh0bWw,\",\"product\":\"1082\",\"super_attribute\":{\"142\":\"166\",\"93\":\"53\"},\"qty\":1}}',1.0000,0,'WH03-XS-Green','Autumn Pullie-XS-Green',NULL,NULL,NULL,0,0,NULL,0.0000,0.0000,1.0000,0.0000,0.0000,NULL,0.0000,0.0000,0.0000,NULL,0.0000,0.0000,0.0000,0.0000,0.0000,0.0000,0.0000,0.0000,0.0000,0.0000,0.0000,0.0000,0.0000,0.0000,0.0000,0.0000,0.0000,NULL,NULL,NULL,NULL,NULL,NULL,NULL,NULL,NULL,NULL,NULL,NULL,NULL,NULL,NULL,NULL,NULL,NULL,NULL,NULL,NULL,NULL,NULL,NULL,NULL,NULL,NULL,NULL,NULL,NULL,NULL,NULL,0,'',''),(74,51,NULL,292,1,'2023-08-04 05:15:32','2023-08-04 05:15:32',52,'bundle','{\"info_buyRequest\":{\"uenc\":\"aHR0cDovL2RlbW85Lm1hZ2VhbnRzLmJpei9zcHJpdGUteW9nYS1jb21wYW5pb24ta2l0Lmh0bWw,\",\"product\":\"52\",\"selected_configurable_option\":\"\",\"related_product\":\"\",\"item\":\"52\",\"bundle_option\":{\"1\":\"1\",\"2\":\"4\",\"3\":\"5\",\"4\":\"8\"},\"bundle_option_qty\":{\"1\":\"1\",\"2\":\"1\",\"3\":\"1\",\"4\":\"1\"},\"qty\":\"1\"},\"bundle_options\":{\"1\":{\"option_id\":\"1\",\"label\":\"Sprite Stasis Ball\",\"value\":[{\"title\":\"Sprite Stasis Ball 55 cm\",\"qty\":\"1\",\"price\":23}]},\"2\":{\"option_id\":\"2\",\"label\":\"Sprite Foam Yoga Brick\",\"value\":[{\"title\":\"Sprite Foam Yoga Brick\",\"qty\":\"1\",\"price\":5}]},\"3\":{\"option_id\":\"3\",\"label\":\"Sprite Yoga Strap\",\"value\":[{\"title\":\"Sprite Yoga Strap 6 foot\",\"qty\":\"1\",\"price\":14}]},\"4\":{\"option_id\":\"4\",\"label\":\"Sprite Foam Roller\",\"value\":[{\"title\":\"Sprite Foam Roller\",\"qty\":\"1\",\"price\":19}]}},\"product_calculations\":0,\"shipment_type\":\"0\"}',0.0000,0,'24-WG080-24-WG081-blue-24-WG084-24-WG085-24-WG088','Sprite Yoga Companion Kit',NULL,'2',NULL,0,0,NULL,0.0000,0.0000,1.0000,0.0000,0.0000,NULL,61.0000,61.0000,61.0000,61.0000,NULL,0.0000,0.0000,0.0000,0.0000,0.0000,0.0000,0.0000,0.0000,0.0000,0.0000,0.0000,61.0000,61.0000,0.0000,0.0000,0.0000,NULL,NULL,NULL,NULL,NULL,61.0000,61.0000,61.0000,61.0000,NULL,NULL,NULL,NULL,NULL,NULL,NULL,NULL,NULL,NULL,NULL,NULL,NULL,NULL,NULL,NULL,NULL,NULL,NULL,NULL,NULL,NULL,NULL,0,'',''),(75,51,74,293,1,'2023-08-04 05:15:32','2023-08-04 05:15:32',26,'simple','{\"info_buyRequest\":{\"uenc\":\"aHR0cDovL2RlbW85Lm1hZ2VhbnRzLmJpei9zcHJpdGUteW9nYS1jb21wYW5pb24ta2l0Lmh0bWw,\",\"product\":\"52\",\"selected_configurable_option\":\"\",\"related_product\":\"\",\"item\":\"52\",\"bundle_option\":{\"1\":\"1\",\"2\":\"4\",\"3\":\"5\",\"4\":\"8\"},\"bundle_option_qty\":{\"1\":\"1\",\"2\":\"1\",\"3\":\"1\",\"4\":\"1\"},\"qty\":\"1\"},\"bundle_selection_attributes\":\"{\\\"price\\\":23,\\\"qty\\\":1,\\\"option_label\\\":\\\"Sprite Stasis Ball\\\",\\\"option_id\\\":\\\"1\\\"}\"}',NULL,0,'24-WG081-blue','Sprite Stasis Ball 55 cm',NULL,NULL,NULL,0,0,NULL,0.0000,0.0000,1.0000,0.0000,0.0000,NULL,23.0000,23.0000,23.0000,23.0000,0.0000,0.0000,0.0000,0.0000,0.0000,0.0000,0.0000,0.0000,0.0000,0.0000,0.0000,0.0000,23.0000,23.0000,0.0000,0.0000,0.0000,NULL,NULL,NULL,NULL,NULL,23.0000,23.0000,23.0000,23.0000,0.0000,0.0000,NULL,NULL,NULL,NULL,NULL,NULL,NULL,NULL,NULL,NULL,NULL,NULL,NULL,NULL,NULL,NULL,NULL,NULL,NULL,NULL,NULL,1,'',''),(76,51,74,294,1,'2023-08-04 05:15:32','2023-08-04 05:15:32',21,'simple','{\"info_buyRequest\":{\"uenc\":\"aHR0cDovL2RlbW85Lm1hZ2VhbnRzLmJpei9zcHJpdGUteW9nYS1jb21wYW5pb24ta2l0Lmh0bWw,\",\"product\":\"52\",\"selected_configurable_option\":\"\",\"related_product\":\"\",\"item\":\"52\",\"bundle_option\":{\"1\":\"1\",\"2\":\"4\",\"3\":\"5\",\"4\":\"8\"},\"bundle_option_qty\":{\"1\":\"1\",\"2\":\"1\",\"3\":\"1\",\"4\":\"1\"},\"qty\":\"1\"},\"bundle_selection_attributes\":\"{\\\"price\\\":5,\\\"qty\\\":1,\\\"option_label\\\":\\\"Sprite Foam Yoga Brick\\\",\\\"option_id\\\":\\\"2\\\"}\"}',NULL,0,'24-WG084','Sprite Foam Yoga Brick',NULL,NULL,NULL,0,0,NULL,0.0000,0.0000,1.0000,0.0000,0.0000,NULL,5.0000,5.0000,5.0000,5.0000,0.0000,0.0000,0.0000,0.0000,0.0000,0.0000,0.0000,0.0000,0.0000,0.0000,0.0000,0.0000,5.0000,5.0000,0.0000,0.0000,0.0000,NULL,NULL,NULL,NULL,NULL,5.0000,5.0000,5.0000,5.0000,0.0000,0.0000,NULL,NULL,NULL,NULL,NULL,NULL,NULL,NULL,NULL,NULL,NULL,NULL,NULL,NULL,NULL,NULL,NULL,NULL,NULL,NULL,NULL,1,'',''),(77,51,74,295,1,'2023-08-04 05:15:32','2023-08-04 05:15:32',33,'simple','{\"info_buyRequest\":{\"uenc\":\"aHR0cDovL2RlbW85Lm1hZ2VhbnRzLmJpei9zcHJpdGUteW9nYS1jb21wYW5pb24ta2l0Lmh0bWw,\",\"product\":\"52\",\"selected_configurable_option\":\"\",\"related_product\":\"\",\"item\":\"52\",\"bundle_option\":{\"1\":\"1\",\"2\":\"4\",\"3\":\"5\",\"4\":\"8\"},\"bundle_option_qty\":{\"1\":\"1\",\"2\":\"1\",\"3\":\"1\",\"4\":\"1\"},\"qty\":\"1\"},\"bundle_selection_attributes\":\"{\\\"price\\\":14,\\\"qty\\\":1,\\\"option_label\\\":\\\"Sprite Yoga Strap\\\",\\\"option_id\\\":\\\"3\\\"}\"}',NULL,0,'24-WG085','Sprite Yoga Strap 6 foot',NULL,NULL,NULL,0,0,NULL,0.0000,0.0000,1.0000,0.0000,0.0000,NULL,14.0000,14.0000,14.0000,14.0000,0.0000,0.0000,0.0000,0.0000,0.0000,0.0000,0.0000,0.0000,0.0000,0.0000,0.0000,0.0000,14.0000,14.0000,0.0000,0.0000,0.0000,NULL,NULL,NULL,NULL,NULL,14.0000,14.0000,14.0000,14.0000,0.0000,0.0000,NULL,NULL,NULL,NULL,NULL,NULL,NULL,NULL,NULL,NULL,NULL,NULL,NULL,NULL,NULL,NULL,NULL,NULL,NULL,NULL,NULL,1,'',''),(78,51,74,296,1,'2023-08-04 05:15:32','2023-08-04 05:15:32',22,'simple','{\"info_buyRequest\":{\"uenc\":\"aHR0cDovL2RlbW85Lm1hZ2VhbnRzLmJpei9zcHJpdGUteW9nYS1jb21wYW5pb24ta2l0Lmh0bWw,\",\"product\":\"52\",\"selected_configurable_option\":\"\",\"related_product\":\"\",\"item\":\"52\",\"bundle_option\":{\"1\":\"1\",\"2\":\"4\",\"3\":\"5\",\"4\":\"8\"},\"bundle_option_qty\":{\"1\":\"1\",\"2\":\"1\",\"3\":\"1\",\"4\":\"1\"},\"qty\":\"1\"},\"bundle_selection_attributes\":\"{\\\"price\\\":19,\\\"qty\\\":1,\\\"option_label\\\":\\\"Sprite Foam Roller\\\",\\\"option_id\\\":\\\"4\\\"}\"}',NULL,0,'24-WG088','Sprite Foam Roller',NULL,NULL,NULL,0,0,NULL,0.0000,0.0000,1.0000,0.0000,0.0000,NULL,19.0000,19.0000,19.0000,19.0000,0.0000,0.0000,0.0000,0.0000,0.0000,0.0000,0.0000,0.0000,0.0000,0.0000,0.0000,0.0000,19.0000,19.0000,0.0000,0.0000,0.0000,NULL,NULL,NULL,NULL,NULL,19.0000,19.0000,19.0000,19.0000,0.0000,0.0000,NULL,NULL,NULL,NULL,NULL,NULL,NULL,NULL,NULL,NULL,NULL,NULL,NULL,NULL,NULL,NULL,NULL,NULL,NULL,NULL,NULL,1,'',''),(79,52,NULL,297,11,'2023-08-04 10:17:59','2023-08-04 10:20:42',1,'simple','{\"info_buyRequest\":{\"uenc\":\"aHR0cDovL3NhbXBsZXByb2R1Y3QuZGVtbzkubWFnZWFudHMuYml6L2NhdGFsb2cvcHJvZHVjdC92aWV3L2lkLzEvcy9qb3VzdC1kdWZmbGUtYmFnL2NhdGVnb3J5LzQv\",\"product\":\"1\",\"selected_configurable_option\":\"\",\"related_product\":\"\",\"item\":\"1\",\"qty\":\"1\",\"sample-price\":\"0\",\"isSample\":\"1\",\"sampleorder\":\"sampleorder\"},\"additional_options\":[{\"label\":\"Sample Order\",\"value\":\" - Yes\"}]}',NULL,0,'24-MB01','Joust Duffle Bag',NULL,NULL,NULL,0,0,NULL,0.0000,0.0000,2.0000,0.0000,2.0000,NULL,0.0000,0.0000,34.0000,34.0000,0.0000,0.0000,0.0000,0.0000,0.0000,0.0000,0.0000,0.0000,0.0000,0.0000,0.0000,0.0000,0.0000,0.0000,0.0000,0.0000,0.0000,NULL,NULL,NULL,NULL,NULL,0.0000,0.0000,0.0000,0.0000,0.0000,0.0000,NULL,NULL,NULL,NULL,NULL,NULL,NULL,NULL,NULL,NULL,NULL,NULL,NULL,NULL,NULL,NULL,NULL,NULL,NULL,NULL,0,0,'',''),(80,53,NULL,298,11,'2023-08-04 10:19:00','2023-08-04 10:19:00',1,'simple','{\"info_buyRequest\":{\"uenc\":\"aHR0cDovL3NhbXBsZXByb2R1Y3QuZGVtbzkubWFnZWFudHMuYml6L2pvdXN0LWR1ZmZsZS1iYWcuaHRtbA,,\",\"product\":\"1\",\"selected_configurable_option\":\"\",\"related_product\":\"\",\"item\":\"1\",\"qty\":\"1\",\"sample-price\":\"0\",\"isSample\":\"1\"},\"additional_options\":[{\"label\":\"Sample Order\",\"value\":\" - Yes\"}]}',NULL,0,'24-MB01','Joust Duffle Bag',NULL,NULL,NULL,0,0,NULL,0.0000,0.0000,1.0000,0.0000,0.0000,NULL,0.0000,0.0000,34.0000,34.0000,0.0000,0.0000,0.0000,0.0000,0.0000,0.0000,0.0000,0.0000,0.0000,0.0000,0.0000,0.0000,0.0000,0.0000,0.0000,0.0000,0.0000,NULL,NULL,NULL,NULL,NULL,0.0000,0.0000,0.0000,0.0000,0.0000,0.0000,NULL,NULL,NULL,NULL,NULL,NULL,NULL,NULL,NULL,NULL,NULL,NULL,NULL,NULL,NULL,NULL,NULL,NULL,NULL,NULL,0,0,'',''),(81,54,NULL,299,11,'2023-08-04 10:23:14','2023-08-04 10:23:14',1,'simple','{\"info_buyRequest\":{\"uenc\":\"aHR0cDovL3NhbXBsZXByb2R1Y3QuZGVtbzkubWFnZWFudHMuYml6L2NhdGFsb2cvcHJvZHVjdC92aWV3L2lkLzEvcy9qb3VzdC1kdWZmbGUtYmFnL2NhdGVnb3J5LzQv\",\"product\":\"1\",\"selected_configurable_option\":\"\",\"related_product\":\"\",\"item\":\"1\",\"qty\":\"1\",\"sample-price\":\"0\",\"isSample\":\"0\"}}',NULL,0,'24-MB01','Joust Duffle Bag',NULL,NULL,NULL,0,0,NULL,0.0000,0.0000,1.0000,0.0000,0.0000,NULL,34.0000,34.0000,34.0000,34.0000,0.0000,0.0000,0.0000,0.0000,0.0000,0.0000,0.0000,0.0000,0.0000,0.0000,0.0000,0.0000,34.0000,34.0000,0.0000,0.0000,0.0000,NULL,NULL,NULL,NULL,NULL,34.0000,34.0000,34.0000,34.0000,0.0000,0.0000,NULL,NULL,NULL,NULL,NULL,NULL,NULL,NULL,NULL,NULL,NULL,NULL,NULL,NULL,NULL,NULL,NULL,NULL,NULL,NULL,0,0,'',''),(82,54,NULL,300,11,'2023-08-04 10:23:14','2023-08-04 10:23:14',1,'simple','{\"info_buyRequest\":{\"uenc\":\"aHR0cDovL3NhbXBsZXByb2R1Y3QuZGVtbzkubWFnZWFudHMuYml6L2NhdGFsb2cvcHJvZHVjdC92aWV3L2lkLzEvcy9qb3VzdC1kdWZmbGUtYmFnL2NhdGVnb3J5LzQv\",\"product\":\"1\",\"selected_configurable_option\":\"\",\"related_product\":\"\",\"item\":\"1\",\"qty\":\"1\",\"sample-price\":\"0\",\"isSample\":\"1\"},\"additional_options\":[{\"label\":\"Sample Order\",\"value\":\" - Yes\"}]}',NULL,0,'24-MB01','Joust Duffle Bag',NULL,NULL,NULL,0,0,NULL,0.0000,0.0000,1.0000,0.0000,0.0000,NULL,0.0000,0.0000,34.0000,34.0000,0.0000,0.0000,0.0000,0.0000,0.0000,0.0000,0.0000,0.0000,0.0000,0.0000,0.0000,0.0000,0.0000,0.0000,0.0000,0.0000,0.0000,NULL,NULL,NULL,NULL,NULL,0.0000,0.0000,0.0000,0.0000,0.0000,0.0000,NULL,NULL,NULL,NULL,NULL,NULL,NULL,NULL,NULL,NULL,NULL,NULL,NULL,NULL,NULL,NULL,NULL,NULL,NULL,NULL,0,0,'',''),(83,55,NULL,307,1,'2023-08-07 05:08:52','2023-08-07 05:08:52',886,'configurable','{\"info_buyRequest\":{\"uenc\":\"aHR0cDovL2RlbW85Lm1hZ2VhbnRzLmJpei9tZW4vYm90dG9tcy1tZW4vcGFudHMtbWVuLmh0bWw,\",\"product\":\"886\",\"super_attribute\":{\"142\":\"175\",\"93\":\"49\"},\"qty\":1},\"attributes_info\":[{\"label\":\"Size\",\"value\":\"32\",\"option_id\":142,\"option_value\":\"175\"},{\"label\":\"Color\",\"value\":\"Black\",\"option_id\":93,\"option_value\":\"49\"}],\"simple_name\":\"Cronus Yoga Pant -32-Black\",\"simple_sku\":\"MP12-32-Black\",\"product_calculations\":1,\"shipment_type\":0}',1.0000,0,'MP12-32-Black','Cronus Yoga Pant ',NULL,NULL,NULL,0,0,NULL,0.0000,0.0000,1.0000,0.0000,0.0000,NULL,48.0000,48.0000,48.0000,48.0000,0.0000,0.0000,0.0000,0.0000,0.0000,0.0000,0.0000,0.0000,0.0000,0.0000,0.0000,0.0000,48.0000,48.0000,0.0000,0.0000,1.0000,NULL,NULL,NULL,NULL,NULL,48.0000,48.0000,48.0000,48.0000,0.0000,0.0000,NULL,NULL,NULL,NULL,NULL,NULL,NULL,NULL,NULL,NULL,NULL,NULL,NULL,NULL,NULL,NULL,NULL,NULL,NULL,NULL,NULL,0,'',''),(84,55,83,308,1,'2023-08-07 05:08:52','2023-08-07 05:08:52',874,'simple','{\"info_buyRequest\":{\"uenc\":\"aHR0cDovL2RlbW85Lm1hZ2VhbnRzLmJpei9tZW4vYm90dG9tcy1tZW4vcGFudHMtbWVuLmh0bWw,\",\"product\":\"886\",\"super_attribute\":{\"142\":\"175\",\"93\":\"49\"},\"qty\":1}}',1.0000,0,'MP12-32-Black','Cronus Yoga Pant -32-Black',NULL,NULL,NULL,0,0,NULL,0.0000,0.0000,1.0000,0.0000,0.0000,NULL,0.0000,0.0000,0.0000,NULL,0.0000,0.0000,0.0000,0.0000,0.0000,0.0000,0.0000,0.0000,0.0000,0.0000,0.0000,0.0000,0.0000,0.0000,0.0000,0.0000,0.0000,NULL,NULL,NULL,NULL,NULL,NULL,NULL,NULL,NULL,NULL,NULL,NULL,NULL,NULL,NULL,NULL,NULL,NULL,NULL,NULL,NULL,NULL,NULL,NULL,NULL,NULL,NULL,NULL,NULL,NULL,NULL,NULL,0,'',''),(85,56,NULL,319,1,'2023-08-11 05:48:34','2023-08-11 05:48:34',45,'downloadable','{\"info_buyRequest\":{\"uenc\":\"aHR0cDovL2RlbW85Lm1hZ2VhbnRzLmJpei90cmFpbmluZy90cmFpbmluZy12aWRlby5odG1s\",\"product\":\"45\",\"qty\":1},\"links\":[\"1\"],\"is_downloadable\":true,\"real_product_type\":\"downloadable\"}',NULL,1,'240-LV04','Beginner\'s Yoga',NULL,NULL,NULL,0,0,NULL,0.0000,0.0000,1.0000,0.0000,0.0000,NULL,6.0000,6.0000,6.0000,6.0000,0.0000,0.0000,0.0000,0.0000,0.0000,0.0000,0.0000,0.0000,0.0000,0.0000,0.0000,0.0000,6.0000,6.0000,0.0000,0.0000,0.0000,NULL,NULL,NULL,NULL,NULL,6.0000,6.0000,6.0000,6.0000,0.0000,0.0000,NULL,NULL,NULL,NULL,NULL,NULL,NULL,NULL,NULL,NULL,NULL,NULL,NULL,NULL,NULL,NULL,NULL,NULL,NULL,NULL,0,0,'',''),(86,57,NULL,320,1,'2023-08-18 05:14:55','2023-08-18 05:14:55',39,'simple','{\"info_buyRequest\":{\"uenc\":\"aHR0cDovL2RlbW85Lm1hZ2VhbnRzLmJpei9nZWFyL3dhdGNoZXMuaHRtbA,,\",\"product\":\"39\",\"qty\":1}}',NULL,0,'24-MG05','Cruise Dual Analog Watch',NULL,'2',NULL,0,0,NULL,0.0000,0.0000,1.0000,0.0000,0.0000,NULL,55.0000,55.0000,55.0000,55.0000,0.0000,0.0000,0.0000,0.0000,0.0000,0.0000,0.0000,0.0000,0.0000,0.0000,0.0000,0.0000,55.0000,55.0000,0.0000,0.0000,0.0000,NULL,NULL,NULL,NULL,NULL,55.0000,55.0000,55.0000,55.0000,0.0000,0.0000,NULL,NULL,NULL,NULL,NULL,NULL,NULL,NULL,NULL,NULL,NULL,NULL,NULL,NULL,NULL,NULL,NULL,NULL,NULL,NULL,NULL,0,'',''),(87,58,NULL,322,1,'2023-08-25 05:11:44','2023-08-25 05:11:44',52,'bundle','{\"info_buyRequest\":{\"uenc\":\"aHR0cDovL2RlbW85Lm1hZ2VhbnRzLmJpei9zcHJpdGUteW9nYS1jb21wYW5pb24ta2l0Lmh0bWw,\",\"product\":\"52\",\"selected_configurable_option\":\"\",\"related_product\":\"\",\"item\":\"52\",\"bundle_option\":{\"1\":\"1\",\"2\":\"4\",\"3\":\"5\",\"4\":\"8\"},\"bundle_option_qty\":{\"1\":\"1\",\"2\":\"1\",\"3\":\"1\",\"4\":\"1\"},\"qty\":\"1\"},\"bundle_options\":{\"1\":{\"option_id\":\"1\",\"label\":\"Sprite Stasis Ball\",\"value\":[{\"title\":\"Sprite Stasis Ball 55 cm\",\"qty\":\"1\",\"price\":23}]},\"2\":{\"option_id\":\"2\",\"label\":\"Sprite Foam Yoga Brick\",\"value\":[{\"title\":\"Sprite Foam Yoga Brick\",\"qty\":\"1\",\"price\":5}]},\"3\":{\"option_id\":\"3\",\"label\":\"Sprite Yoga Strap\",\"value\":[{\"title\":\"Sprite Yoga Strap 6 foot\",\"qty\":\"1\",\"price\":14}]},\"4\":{\"option_id\":\"4\",\"label\":\"Sprite Foam Roller\",\"value\":[{\"title\":\"Sprite Foam Roller\",\"qty\":\"1\",\"price\":19}]}},\"product_calculations\":0,\"shipment_type\":\"0\"}',0.0000,0,'24-WG080-24-WG081-blue-24-WG084-24-WG085-24-WG088','Sprite Yoga Companion Kit',NULL,'2',NULL,0,0,NULL,0.0000,0.0000,1.0000,0.0000,0.0000,NULL,61.0000,61.0000,61.0000,61.0000,NULL,0.0000,0.0000,0.0000,0.0000,0.0000,0.0000,0.0000,0.0000,0.0000,0.0000,0.0000,61.0000,61.0000,0.0000,0.0000,0.0000,NULL,NULL,NULL,NULL,NULL,61.0000,61.0000,61.0000,61.0000,NULL,NULL,NULL,NULL,NULL,NULL,NULL,NULL,NULL,NULL,NULL,NULL,NULL,NULL,NULL,NULL,NULL,NULL,NULL,NULL,NULL,NULL,NULL,0,'',''),(88,58,87,323,1,'2023-08-25 05:11:44','2023-08-25 05:11:44',26,'simple','{\"info_buyRequest\":{\"uenc\":\"aHR0cDovL2RlbW85Lm1hZ2VhbnRzLmJpei9zcHJpdGUteW9nYS1jb21wYW5pb24ta2l0Lmh0bWw,\",\"product\":\"52\",\"selected_configurable_option\":\"\",\"related_product\":\"\",\"item\":\"52\",\"bundle_option\":{\"1\":\"1\",\"2\":\"4\",\"3\":\"5\",\"4\":\"8\"},\"bundle_option_qty\":{\"1\":\"1\",\"2\":\"1\",\"3\":\"1\",\"4\":\"1\"},\"qty\":\"1\"},\"bundle_selection_attributes\":\"{\\\"price\\\":23,\\\"qty\\\":1,\\\"option_label\\\":\\\"Sprite Stasis Ball\\\",\\\"option_id\\\":\\\"1\\\"}\"}',NULL,0,'24-WG081-blue','Sprite Stasis Ball 55 cm',NULL,NULL,NULL,0,0,NULL,0.0000,0.0000,1.0000,0.0000,0.0000,NULL,23.0000,23.0000,23.0000,23.0000,0.0000,0.0000,0.0000,0.0000,0.0000,0.0000,0.0000,0.0000,0.0000,0.0000,0.0000,0.0000,23.0000,23.0000,0.0000,0.0000,0.0000,NULL,NULL,NULL,NULL,NULL,23.0000,23.0000,23.0000,23.0000,0.0000,0.0000,NULL,NULL,NULL,NULL,NULL,NULL,NULL,NULL,NULL,NULL,NULL,NULL,NULL,NULL,NULL,NULL,NULL,NULL,NULL,NULL,NULL,1,'',''),(89,58,87,324,1,'2023-08-25 05:11:44','2023-08-25 05:11:44',21,'simple','{\"info_buyRequest\":{\"uenc\":\"aHR0cDovL2RlbW85Lm1hZ2VhbnRzLmJpei9zcHJpdGUteW9nYS1jb21wYW5pb24ta2l0Lmh0bWw,\",\"product\":\"52\",\"selected_configurable_option\":\"\",\"related_product\":\"\",\"item\":\"52\",\"bundle_option\":{\"1\":\"1\",\"2\":\"4\",\"3\":\"5\",\"4\":\"8\"},\"bundle_option_qty\":{\"1\":\"1\",\"2\":\"1\",\"3\":\"1\",\"4\":\"1\"},\"qty\":\"1\"},\"bundle_selection_attributes\":\"{\\\"price\\\":5,\\\"qty\\\":1,\\\"option_label\\\":\\\"Sprite Foam Yoga Brick\\\",\\\"option_id\\\":\\\"2\\\"}\"}',NULL,0,'24-WG084','Sprite Foam Yoga Brick',NULL,NULL,NULL,0,0,NULL,0.0000,0.0000,1.0000,0.0000,0.0000,NULL,5.0000,5.0000,5.0000,5.0000,0.0000,0.0000,0.0000,0.0000,0.0000,0.0000,0.0000,0.0000,0.0000,0.0000,0.0000,0.0000,5.0000,5.0000,0.0000,0.0000,0.0000,NULL,NULL,NULL,NULL,NULL,5.0000,5.0000,5.0000,5.0000,0.0000,0.0000,NULL,NULL,NULL,NULL,NULL,NULL,NULL,NULL,NULL,NULL,NULL,NULL,NULL,NULL,NULL,NULL,NULL,NULL,NULL,NULL,NULL,1,'',''),(90,58,87,325,1,'2023-08-25 05:11:44','2023-08-25 05:11:44',33,'simple','{\"info_buyRequest\":{\"uenc\":\"aHR0cDovL2RlbW85Lm1hZ2VhbnRzLmJpei9zcHJpdGUteW9nYS1jb21wYW5pb24ta2l0Lmh0bWw,\",\"product\":\"52\",\"selected_configurable_option\":\"\",\"related_product\":\"\",\"item\":\"52\",\"bundle_option\":{\"1\":\"1\",\"2\":\"4\",\"3\":\"5\",\"4\":\"8\"},\"bundle_option_qty\":{\"1\":\"1\",\"2\":\"1\",\"3\":\"1\",\"4\":\"1\"},\"qty\":\"1\"},\"bundle_selection_attributes\":\"{\\\"price\\\":14,\\\"qty\\\":1,\\\"option_label\\\":\\\"Sprite Yoga Strap\\\",\\\"option_id\\\":\\\"3\\\"}\"}',NULL,0,'24-WG085','Sprite Yoga Strap 6 foot',NULL,NULL,NULL,0,0,NULL,0.0000,0.0000,1.0000,0.0000,0.0000,NULL,14.0000,14.0000,14.0000,14.0000,0.0000,0.0000,0.0000,0.0000,0.0000,0.0000,0.0000,0.0000,0.0000,0.0000,0.0000,0.0000,14.0000,14.0000,0.0000,0.0000,0.0000,NULL,NULL,NULL,NULL,NULL,14.0000,14.0000,14.0000,14.0000,0.0000,0.0000,NULL,NULL,NULL,NULL,NULL,NULL,NULL,NULL,NULL,NULL,NULL,NULL,NULL,NULL,NULL,NULL,NULL,NULL,NULL,NULL,NULL,1,'',''),(91,58,87,326,1,'2023-08-25 05:11:44','2023-08-25 05:11:44',22,'simple','{\"info_buyRequest\":{\"uenc\":\"aHR0cDovL2RlbW85Lm1hZ2VhbnRzLmJpei9zcHJpdGUteW9nYS1jb21wYW5pb24ta2l0Lmh0bWw,\",\"product\":\"52\",\"selected_configurable_option\":\"\",\"related_product\":\"\",\"item\":\"52\",\"bundle_option\":{\"1\":\"1\",\"2\":\"4\",\"3\":\"5\",\"4\":\"8\"},\"bundle_option_qty\":{\"1\":\"1\",\"2\":\"1\",\"3\":\"1\",\"4\":\"1\"},\"qty\":\"1\"},\"bundle_selection_attributes\":\"{\\\"price\\\":19,\\\"qty\\\":1,\\\"option_label\\\":\\\"Sprite Foam Roller\\\",\\\"option_id\\\":\\\"4\\\"}\"}',NULL,0,'24-WG088','Sprite Foam Roller',NULL,NULL,NULL,0,0,NULL,0.0000,0.0000,1.0000,0.0000,0.0000,NULL,19.0000,19.0000,19.0000,19.0000,0.0000,0.0000,0.0000,0.0000,0.0000,0.0000,0.0000,0.0000,0.0000,0.0000,0.0000,0.0000,19.0000,19.0000,0.0000,0.0000,0.0000,NULL,NULL,NULL,NULL,NULL,19.0000,19.0000,19.0000,19.0000,0.0000,0.0000,NULL,NULL,NULL,NULL,NULL,NULL,NULL,NULL,NULL,NULL,NULL,NULL,NULL,NULL,NULL,NULL,NULL,NULL,NULL,NULL,NULL,1,'',''),(92,59,NULL,328,1,'2023-09-01 05:25:14','2023-09-01 05:25:14',1989,'configurable','{\"info_buyRequest\":{\"uenc\":\"aHR0cDovL2RlbW85Lm1hZ2VhbnRzLmJpei93b21lbi9ib3R0b21zLXdvbWVuL3Nob3J0cy13b21lbi5odG1s\",\"product\":\"1989\",\"super_attribute\":{\"142\":\"171\",\"93\":\"50\"},\"qty\":1},\"attributes_info\":[{\"label\":\"Size\",\"value\":\"28\",\"option_id\":142,\"option_value\":\"171\"},{\"label\":\"Color\",\"value\":\"Blue\",\"option_id\":93,\"option_value\":\"50\"}],\"simple_name\":\"Bess Yoga Short-28-Blue\",\"simple_sku\":\"WSH05-28-Blue\",\"product_calculations\":1,\"shipment_type\":0}',1.0000,0,'WSH05-28-Blue','Bess Yoga Short',NULL,NULL,NULL,0,0,NULL,0.0000,0.0000,1.0000,0.0000,0.0000,NULL,28.0000,28.0000,28.0000,28.0000,0.0000,0.0000,0.0000,0.0000,0.0000,0.0000,0.0000,0.0000,0.0000,0.0000,0.0000,0.0000,28.0000,28.0000,0.0000,0.0000,1.0000,NULL,NULL,NULL,NULL,NULL,28.0000,28.0000,28.0000,28.0000,0.0000,0.0000,NULL,NULL,NULL,NULL,NULL,NULL,NULL,NULL,NULL,NULL,NULL,NULL,NULL,NULL,NULL,NULL,NULL,NULL,NULL,NULL,NULL,0,'',''),(93,59,92,329,1,'2023-09-01 05:25:14','2023-09-01 05:25:14',1974,'simple','{\"info_buyRequest\":{\"uenc\":\"aHR0cDovL2RlbW85Lm1hZ2VhbnRzLmJpei93b21lbi9ib3R0b21zLXdvbWVuL3Nob3J0cy13b21lbi5odG1s\",\"product\":\"1989\",\"super_attribute\":{\"142\":\"171\",\"93\":\"50\"},\"qty\":1}}',1.0000,0,'WSH05-28-Blue','Bess Yoga Short-28-Blue',NULL,NULL,NULL,0,0,NULL,0.0000,0.0000,1.0000,0.0000,0.0000,NULL,0.0000,0.0000,0.0000,NULL,0.0000,0.0000,0.0000,0.0000,0.0000,0.0000,0.0000,0.0000,0.0000,0.0000,0.0000,0.0000,0.0000,0.0000,0.0000,0.0000,0.0000,NULL,NULL,NULL,NULL,NULL,NULL,NULL,NULL,NULL,NULL,NULL,NULL,NULL,NULL,NULL,NULL,NULL,NULL,NULL,NULL,NULL,NULL,NULL,NULL,NULL,NULL,NULL,NULL,NULL,NULL,NULL,NULL,0,'',''),(94,60,NULL,334,5,'2023-09-14 05:06:46','2023-09-14 05:08:32',6,'simple','{\"info_buyRequest\":{\"uenc\":\"aHR0cDovL2N1c3RvbXN0b2Nrc3RhdHVzLmRlbW85Lm1hZ2VhbnRzLmJpei9mdXNpb24tYmFja3BhY2suaHRtbA,,\",\"product\":\"6\",\"selected_configurable_option\":\"\",\"related_product\":\"\",\"item\":\"6\",\"qty\":\"1\"}}',NULL,0,'24-MB02','Fusion Backpack',NULL,NULL,NULL,0,0,NULL,0.0000,1.0000,1.0000,0.0000,1.0000,NULL,59.0000,59.0000,59.0000,59.0000,0.0000,0.0000,0.0000,0.0000,0.0000,0.0000,0.0000,0.0000,0.0000,0.0000,0.0000,0.0000,59.0000,59.0000,59.0000,59.0000,0.0000,NULL,NULL,NULL,NULL,NULL,59.0000,59.0000,59.0000,59.0000,0.0000,0.0000,0.0000,0.0000,NULL,NULL,NULL,NULL,NULL,NULL,NULL,NULL,'[]',NULL,NULL,NULL,NULL,NULL,NULL,NULL,NULL,NULL,0,0,'',''),(95,61,NULL,348,6,'2023-09-14 07:07:48','2023-09-14 07:07:48',2,'simple','{\"info_buyRequest\":{\"item\":\"1\",\"qty\":1,\"uenc\":\"\",\"product\":\"2\",\"action\":\"add\",\"original_qty\":\"1\"}}',NULL,0,'24-MB04','Strive Shoulder Pack',NULL,NULL,NULL,0,0,NULL,0.0000,0.0000,1.0000,0.0000,0.0000,NULL,32.0000,32.0000,32.0000,32.0000,0.0000,0.0000,0.0000,0.0000,0.0000,0.0000,0.0000,0.0000,0.0000,0.0000,0.0000,0.0000,32.0000,32.0000,0.0000,0.0000,0.0000,NULL,NULL,NULL,NULL,NULL,32.0000,32.0000,32.0000,32.0000,0.0000,0.0000,NULL,NULL,NULL,NULL,NULL,NULL,NULL,NULL,NULL,NULL,NULL,NULL,NULL,NULL,NULL,NULL,NULL,NULL,NULL,NULL,0,0,'',''),(96,62,NULL,349,6,'2023-09-14 07:08:28','2023-09-14 07:08:28',36,'simple','{\"info_buyRequest\":{\"uenc\":\"aHR0cDovL2ZvcmNlbG9naW4uZGVtbzkubWFnZWFudHMuYml6L2dlYXIvd2F0Y2hlcy5odG1s\",\"product\":\"36\",\"qty\":1}}',NULL,0,'24-MG04','Aim Analog Watch',NULL,NULL,NULL,0,0,NULL,0.0000,0.0000,1.0000,0.0000,0.0000,NULL,45.0000,45.0000,45.0000,45.0000,0.0000,0.0000,0.0000,0.0000,0.0000,0.0000,0.0000,0.0000,0.0000,0.0000,0.0000,0.0000,45.0000,45.0000,0.0000,0.0000,0.0000,NULL,NULL,NULL,NULL,NULL,45.0000,45.0000,45.0000,45.0000,0.0000,0.0000,NULL,NULL,NULL,NULL,NULL,NULL,NULL,NULL,NULL,NULL,NULL,NULL,NULL,NULL,NULL,NULL,NULL,NULL,NULL,NULL,0,0,'',''),(97,63,NULL,360,9,'2023-09-14 13:01:32','2023-09-14 13:01:32',6,'simple','{\"info_buyRequest\":{\"uenc\":\"aHR0cDovL2N1c3RvbXN0b2Nrc3RhdHVzLmRlbW85Lm1hZ2VhbnRzLmJpei9mdXNpb24tYmFja3BhY2suaHRtbA,,\",\"product\":\"6\",\"selected_configurable_option\":\"\",\"related_product\":\"\",\"item\":\"6\",\"qty\":\"1.0000\"}}',NULL,0,'24-MB02','Fusion Backpack',NULL,NULL,NULL,0,0,NULL,0.0000,0.0000,1.0000,0.0000,0.0000,NULL,49.0000,49.0000,59.0000,59.0000,0.0000,0.0000,0.0000,0.0000,0.0000,0.0000,0.0000,0.0000,0.0000,0.0000,0.0000,0.0000,49.0000,49.0000,0.0000,0.0000,0.0000,NULL,NULL,NULL,NULL,NULL,49.0000,49.0000,49.0000,49.0000,0.0000,0.0000,NULL,NULL,NULL,NULL,NULL,NULL,NULL,NULL,NULL,NULL,NULL,NULL,NULL,NULL,NULL,NULL,NULL,NULL,NULL,NULL,0,0,'',''),(98,64,NULL,364,10,'2023-09-14 13:51:42','2023-09-14 13:51:42',42,'simple','{\"info_buyRequest\":{\"uenc\":\"aHR0cDovL21pbmltdW1vcmRlcmN1c3RvbWVyZ3JvdXAuZGVtbzkubWFnZWFudHMuYml6L2dlYXIvd2F0Y2hlcy5odG1s\",\"product\":\"42\",\"qty\":1}}',NULL,NULL,'24-WG01','Bolo Sport Watch',NULL,NULL,NULL,NULL,0,NULL,0.0000,0.0000,1.0000,0.0000,0.0000,NULL,49.0000,49.0000,49.0000,49.0000,0.0000,0.0000,0.0000,0.0000,0.0000,0.0000,0.0000,0.0000,0.0000,0.0000,0.0000,0.0000,49.0000,49.0000,0.0000,0.0000,0.0000,NULL,NULL,NULL,NULL,NULL,49.0000,49.0000,49.0000,49.0000,0.0000,0.0000,NULL,NULL,NULL,NULL,NULL,NULL,NULL,NULL,NULL,NULL,NULL,NULL,NULL,NULL,NULL,NULL,NULL,NULL,NULL,NULL,NULL,0,'',''),(99,65,NULL,369,10,'2023-09-15 05:01:16','2023-09-15 05:01:16',212,'configurable','{\"info_buyRequest\":{\"uenc\":\"aHR0cDovL21pbmltdW1vcmRlcmN1c3RvbWVyZ3JvdXAuZGVtbzkubWFnZWFudHMuYml6L21lbi90b3BzLW1lbi9ob29kaWVzLWFuZC1zd2VhdHNoaXJ0cy1tZW4uaHRtbD9wPTI,\",\"product\":\"212\",\"super_attribute\":{\"142\":\"170\",\"93\":\"50\"},\"qty\":1},\"attributes_info\":[{\"label\":\"Size\",\"value\":\"XL\",\"option_id\":142,\"option_value\":\"170\"},{\"label\":\"Color\",\"value\":\"Blue\",\"option_id\":93,\"option_value\":\"50\"}],\"simple_name\":\"Mach Street Sweatshirt -XL-Blue\",\"simple_sku\":\"MH10-XL-Blue\",\"product_calculations\":1,\"shipment_type\":0}',1.0000,NULL,'MH10-XL-Blue','Mach Street Sweatshirt ',NULL,NULL,NULL,NULL,0,NULL,0.0000,0.0000,1.0000,0.0000,0.0000,NULL,62.0000,62.0000,62.0000,62.0000,0.0000,0.0000,0.0000,0.0000,0.0000,0.0000,0.0000,0.0000,0.0000,0.0000,0.0000,0.0000,62.0000,62.0000,0.0000,0.0000,1.0000,NULL,NULL,NULL,NULL,NULL,62.0000,62.0000,62.0000,62.0000,0.0000,0.0000,NULL,NULL,NULL,NULL,NULL,NULL,NULL,NULL,NULL,NULL,NULL,NULL,NULL,NULL,NULL,NULL,NULL,NULL,NULL,NULL,NULL,0,'',''),(100,65,99,370,10,'2023-09-15 05:01:16','2023-09-15 05:01:16',210,'simple','{\"info_buyRequest\":{\"uenc\":\"aHR0cDovL21pbmltdW1vcmRlcmN1c3RvbWVyZ3JvdXAuZGVtbzkubWFnZWFudHMuYml6L21lbi90b3BzLW1lbi9ob29kaWVzLWFuZC1zd2VhdHNoaXJ0cy1tZW4uaHRtbD9wPTI,\",\"product\":\"212\",\"super_attribute\":{\"142\":\"170\",\"93\":\"50\"},\"qty\":1}}',1.0000,NULL,'MH10-XL-Blue','Mach Street Sweatshirt -XL-Blue',NULL,NULL,NULL,NULL,0,NULL,0.0000,0.0000,1.0000,0.0000,0.0000,NULL,0.0000,0.0000,0.0000,NULL,NULL,0.0000,0.0000,0.0000,0.0000,NULL,0.0000,0.0000,0.0000,0.0000,0.0000,0.0000,0.0000,0.0000,0.0000,0.0000,0.0000,NULL,NULL,NULL,NULL,NULL,NULL,NULL,NULL,NULL,NULL,NULL,NULL,NULL,NULL,NULL,NULL,NULL,NULL,NULL,NULL,NULL,NULL,NULL,NULL,NULL,NULL,NULL,NULL,NULL,NULL,NULL,NULL,0,'',''),(101,66,NULL,399,11,'2023-09-15 06:56:12','2023-09-15 06:56:12',6,'simple','{\"info_buyRequest\":{\"uenc\":\"aHR0cDovL3NhbXBsZXByb2R1Y3QuZGVtbzkubWFnZWFudHMuYml6L2dlYXIvYmFncy5odG1sP3A9Mg,,\",\"product\":\"6\",\"sample-price\":\"40\",\"isSample\":\"1\",\"qty\":1},\"additional_options\":[{\"label\":\"Sample Order\",\"value\":\" - Yes\"}]}',NULL,NULL,'24-MB02','Fusion Backpack',NULL,NULL,NULL,NULL,0,NULL,0.0000,0.0000,5.0000,0.0000,0.0000,NULL,59.0000,59.0000,59.0000,59.0000,0.0000,0.0000,0.0000,0.0000,0.0000,0.0000,0.0000,0.0000,0.0000,0.0000,0.0000,0.0000,295.0000,295.0000,0.0000,0.0000,0.0000,NULL,NULL,NULL,NULL,NULL,59.0000,59.0000,295.0000,295.0000,0.0000,0.0000,NULL,NULL,NULL,NULL,NULL,NULL,NULL,NULL,NULL,NULL,NULL,NULL,NULL,NULL,NULL,NULL,NULL,NULL,NULL,NULL,0,0,'',''),(102,67,NULL,406,1,'2023-09-15 10:24:57','2023-09-15 10:24:57',17,'simple','{\"info_buyRequest\":{\"uenc\":\"aHR0cDovL2RlbW85Lm1hZ2VhbnRzLmJpei9nZWFyL2ZpdG5lc3MtZXF1aXBtZW50Lmh0bWw,\",\"product\":\"17\",\"qty\":1}}',NULL,0,'24-UG04','Zing Jump Rope',NULL,NULL,NULL,0,0,NULL,0.0000,0.0000,1.0000,0.0000,0.0000,NULL,12.0000,12.0000,12.0000,12.0000,0.0000,0.0000,0.0000,0.0000,0.0000,0.0000,0.0000,0.0000,0.0000,0.0000,0.0000,0.0000,12.0000,12.0000,0.0000,0.0000,0.0000,NULL,NULL,NULL,NULL,NULL,12.0000,12.0000,12.0000,12.0000,0.0000,0.0000,NULL,NULL,NULL,NULL,NULL,NULL,NULL,NULL,NULL,NULL,NULL,NULL,NULL,NULL,NULL,NULL,NULL,NULL,NULL,NULL,NULL,0,'',''),(103,68,NULL,407,1,'2023-09-15 10:25:34','2023-09-15 10:25:34',16,'simple','{\"info_buyRequest\":{\"uenc\":\"aHR0cDovL2RlbW85Lm1hZ2VhbnRzLmJpei9nZWFyL2ZpdG5lc3MtZXF1aXBtZW50Lmh0bWw,\",\"product\":\"16\",\"qty\":1}}',NULL,0,'24-UG07','Dual Handle Cardio Ball',NULL,NULL,NULL,0,0,NULL,0.0000,0.0000,1.0000,0.0000,0.0000,NULL,12.0000,12.0000,12.0000,12.0000,0.0000,0.0000,0.0000,0.0000,0.0000,0.0000,0.0000,0.0000,0.0000,0.0000,0.0000,0.0000,12.0000,12.0000,0.0000,0.0000,0.0000,NULL,NULL,NULL,NULL,NULL,12.0000,12.0000,12.0000,12.0000,0.0000,0.0000,NULL,NULL,NULL,NULL,NULL,NULL,NULL,NULL,NULL,NULL,NULL,NULL,NULL,NULL,NULL,NULL,NULL,NULL,NULL,NULL,NULL,0,'',''),(104,69,NULL,410,2,'2023-09-18 07:44:19','2023-09-18 07:44:19',7,'simple','{\"info_buyRequest\":{\"uenc\":\"aHR0cDovL2NoZWNrb3V0c3VjY2Vzc3BhZ2UuZGVtbzkubWFnZWFudHMuYml6L2ltcHVsc2UtZHVmZmxlLmh0bWw,\",\"product\":\"7\",\"selected_configurable_option\":\"\",\"related_product\":\"\",\"item\":\"7\",\"qty\":\"1\"}}',NULL,0,'24-UB02','Impulse Duffle',NULL,NULL,NULL,0,0,NULL,0.0000,0.0000,1.0000,0.0000,0.0000,NULL,74.0000,74.0000,74.0000,74.0000,8.2500,6.1100,6.1100,0.0000,0.0000,0.0000,0.0000,0.0000,0.0000,0.0000,0.0000,0.0000,74.0000,74.0000,0.0000,0.0000,0.0000,NULL,NULL,NULL,NULL,NULL,80.1100,80.1100,80.1100,80.1100,0.0000,0.0000,NULL,NULL,NULL,NULL,NULL,NULL,NULL,NULL,NULL,NULL,NULL,NULL,NULL,NULL,NULL,NULL,NULL,NULL,NULL,NULL,0,0,'',''),(105,70,NULL,411,2,'2023-09-18 11:11:36','2023-09-18 11:11:36',6,'simple','{\"info_buyRequest\":{\"uenc\":\"aHR0cDovL2NoZWNrb3V0c3VjY2Vzc3BhZ2UuZGVtbzkubWFnZWFudHMuYml6L2dlYXIvYmFncy5odG1s\",\"product\":\"6\",\"qty\":1}}',NULL,0,'24-MB02','Fusion Backpack',NULL,NULL,NULL,0,0,NULL,0.0000,0.0000,1.0000,0.0000,0.0000,NULL,59.0000,59.0000,59.0000,59.0000,8.2500,4.8700,4.8700,0.0000,0.0000,0.0000,0.0000,0.0000,0.0000,0.0000,0.0000,0.0000,59.0000,59.0000,0.0000,0.0000,0.0000,NULL,NULL,NULL,NULL,NULL,63.8700,63.8700,63.8700,63.8700,0.0000,0.0000,NULL,NULL,NULL,NULL,NULL,NULL,NULL,NULL,NULL,NULL,NULL,NULL,NULL,NULL,NULL,NULL,NULL,NULL,NULL,NULL,0,0,'',''),(106,71,NULL,412,2,'2023-09-19 08:05:57','2023-09-19 08:05:57',1,'simple','{\"info_buyRequest\":{\"uenc\":\"aHR0cDovL2NoZWNrb3V0c3VjY2Vzc3BhZ2UuZGVtbzkubWFnZWFudHMuYml6L2dlYXIvYmFncy5odG1s\",\"product\":\"1\",\"qty\":1}}',NULL,0,'24-MB01','Joust Duffle Bag',NULL,NULL,NULL,0,0,NULL,0.0000,0.0000,1.0000,0.0000,0.0000,NULL,34.0000,34.0000,34.0000,34.0000,0.0000,0.0000,0.0000,0.0000,0.0000,0.0000,0.0000,0.0000,0.0000,0.0000,0.0000,0.0000,34.0000,34.0000,0.0000,0.0000,0.0000,NULL,NULL,NULL,NULL,NULL,34.0000,34.0000,34.0000,34.0000,0.0000,0.0000,NULL,NULL,NULL,NULL,NULL,NULL,NULL,NULL,NULL,NULL,NULL,NULL,NULL,NULL,NULL,NULL,NULL,NULL,NULL,NULL,0,0,'',''),(107,72,NULL,413,2,'2023-09-19 09:51:17','2023-09-19 09:51:17',3,'simple','{\"info_buyRequest\":{\"uenc\":\"aHR0cDovL2NoZWNrb3V0c3VjY2Vzc3BhZ2UuZGVtbzkubWFnZWFudHMuYml6L2dlYXIvYmFncy5odG1s\",\"product\":\"3\",\"qty\":1}}',NULL,0,'24-MB03','Crown Summit Backpack',NULL,NULL,NULL,0,0,NULL,0.0000,0.0000,1.0000,0.0000,0.0000,NULL,38.0000,38.0000,38.0000,38.0000,0.0000,0.0000,0.0000,0.0000,0.0000,0.0000,0.0000,0.0000,0.0000,0.0000,0.0000,0.0000,38.0000,38.0000,0.0000,0.0000,0.0000,NULL,NULL,NULL,NULL,NULL,38.0000,38.0000,38.0000,38.0000,0.0000,0.0000,NULL,NULL,NULL,NULL,NULL,NULL,NULL,NULL,NULL,NULL,NULL,NULL,NULL,NULL,NULL,NULL,NULL,NULL,NULL,NULL,0,0,'',''),(108,72,NULL,414,2,'2023-09-19 09:51:17','2023-09-19 09:51:17',1,'simple','{\"info_buyRequest\":{\"uenc\":\"aHR0cDovL2NoZWNrb3V0c3VjY2Vzc3BhZ2UuZGVtbzkubWFnZWFudHMuYml6L2dlYXIvYmFncy5odG1sP3A9Mg,,\",\"product\":\"1\",\"qty\":1}}',NULL,0,'24-MB01','Joust Duffle Bag',NULL,NULL,NULL,0,0,NULL,0.0000,0.0000,1.0000,0.0000,0.0000,NULL,34.0000,34.0000,34.0000,34.0000,0.0000,0.0000,0.0000,0.0000,0.0000,0.0000,0.0000,0.0000,0.0000,0.0000,0.0000,0.0000,34.0000,34.0000,0.0000,0.0000,0.0000,NULL,NULL,NULL,NULL,NULL,34.0000,34.0000,34.0000,34.0000,0.0000,0.0000,NULL,NULL,NULL,NULL,NULL,NULL,NULL,NULL,NULL,NULL,NULL,NULL,NULL,NULL,NULL,NULL,NULL,NULL,NULL,NULL,0,0,'',''),(109,73,NULL,415,2,'2023-09-19 09:55:53','2023-09-19 09:55:53',2,'simple','{\"info_buyRequest\":{\"uenc\":\"aHR0cDovL2NoZWNrb3V0c3VjY2Vzc3BhZ2UuZGVtbzkubWFnZWFudHMuYml6L2dlYXIvYmFncy5odG1s\",\"product\":\"2\",\"qty\":1}}',NULL,0,'24-MB04','Strive Shoulder Pack',NULL,NULL,NULL,0,0,NULL,0.0000,0.0000,1.0000,0.0000,0.0000,NULL,32.0000,32.0000,32.0000,32.0000,0.0000,0.0000,0.0000,0.0000,0.0000,0.0000,0.0000,0.0000,0.0000,0.0000,0.0000,0.0000,32.0000,32.0000,0.0000,0.0000,0.0000,NULL,NULL,NULL,NULL,NULL,32.0000,32.0000,32.0000,32.0000,0.0000,0.0000,NULL,NULL,NULL,NULL,NULL,NULL,NULL,NULL,NULL,NULL,NULL,NULL,NULL,NULL,NULL,NULL,NULL,NULL,NULL,NULL,0,0,'',''),(110,74,NULL,416,2,'2023-09-19 09:57:01','2023-09-19 09:57:01',1,'simple','{\"info_buyRequest\":{\"uenc\":\"aHR0cDovL2NoZWNrb3V0c3VjY2Vzc3BhZ2UuZGVtbzkubWFnZWFudHMuYml6L2NhdGFsb2dzZWFyY2gvcmVzdWx0Lz9xPW1iMDE,\",\"product\":\"1\",\"qty\":1}}',NULL,0,'24-MB01','Joust Duffle Bag',NULL,NULL,NULL,0,0,NULL,0.0000,0.0000,1.0000,0.0000,0.0000,NULL,34.0000,34.0000,34.0000,34.0000,0.0000,0.0000,0.0000,0.0000,0.0000,0.0000,0.0000,0.0000,0.0000,0.0000,0.0000,0.0000,34.0000,34.0000,0.0000,0.0000,0.0000,NULL,NULL,NULL,NULL,NULL,34.0000,34.0000,34.0000,34.0000,0.0000,0.0000,NULL,NULL,NULL,NULL,NULL,NULL,NULL,NULL,NULL,NULL,NULL,NULL,NULL,NULL,NULL,NULL,NULL,NULL,NULL,NULL,0,0,'',''),(111,75,NULL,428,2,'2023-09-20 09:57:47','2023-09-20 09:57:47',1,'simple','{\"info_buyRequest\":{\"uenc\":\"aHR0cDovL2NoZWNrb3V0c3VjY2Vzc3BhZ2UuZGVtbzkubWFnZWFudHMuYml6L2dlYXIvYmFncy5odG1s\",\"product\":\"1\",\"qty\":1}}',NULL,0,'24-MB01','Joust Duffle Bag',NULL,NULL,NULL,0,0,NULL,0.0000,0.0000,1.0000,0.0000,0.0000,NULL,34.0000,34.0000,34.0000,34.0000,0.0000,0.0000,0.0000,0.0000,0.0000,0.0000,0.0000,0.0000,0.0000,0.0000,0.0000,0.0000,34.0000,34.0000,0.0000,0.0000,0.0000,NULL,NULL,NULL,NULL,NULL,34.0000,34.0000,34.0000,34.0000,0.0000,0.0000,NULL,NULL,NULL,NULL,NULL,NULL,NULL,NULL,NULL,NULL,NULL,NULL,NULL,NULL,NULL,NULL,NULL,NULL,NULL,NULL,0,0,'',''),(112,76,NULL,426,5,'2023-09-20 09:58:21','2023-09-29 08:00:30',132,'configurable','{\"info_buyRequest\":{\"uenc\":\"aHR0cDovL2N1c3RvbXN0b2Nrc3RhdHVzLmRlbW85Lm1hZ2VhbnRzLmJpei9tZW4vdG9wcy1tZW4vaG9vZGllcy1hbmQtc3dlYXRzaGlydHMtbWVuLmh0bWw_cD0y\",\"product\":\"132\",\"super_attribute\":{\"142\":\"170\",\"93\":\"59\"},\"qty\":\"1.0000\"},\"attributes_info\":[{\"label\":\"Size\",\"value\":\"XL\",\"option_id\":142,\"option_value\":\"170\"},{\"label\":\"Color\",\"value\":\"White\",\"option_id\":93,\"option_value\":\"59\"}],\"simple_name\":\"Hollister Backyard Sweatshirt-XL-White\",\"simple_sku\":\"MH05-XL-White\",\"product_calculations\":1,\"shipment_type\":0}',1.0000,0,'MH05-XL-White','Hollister Backyard Sweatshirt',NULL,NULL,NULL,0,0,NULL,0.0000,0.0000,1.0000,0.0000,0.0000,NULL,52.0000,52.0000,52.0000,52.0000,8.2500,4.2900,4.2900,0.0000,0.0000,0.0000,0.0000,0.0000,0.0000,0.0000,0.0000,0.0000,52.0000,52.0000,0.0000,0.0000,1.0000,NULL,NULL,NULL,NULL,NULL,56.2900,56.2900,56.2900,56.2900,0.0000,0.0000,NULL,NULL,NULL,NULL,NULL,NULL,NULL,NULL,NULL,NULL,NULL,NULL,NULL,NULL,NULL,NULL,NULL,NULL,NULL,NULL,NULL,0,'',''),(113,76,112,427,5,'2023-09-20 09:58:21','2023-09-20 09:58:21',131,'simple','{\"info_buyRequest\":{\"uenc\":\"aHR0cDovL2N1c3RvbXN0b2Nrc3RhdHVzLmRlbW85Lm1hZ2VhbnRzLmJpei9tZW4vdG9wcy1tZW4vaG9vZGllcy1hbmQtc3dlYXRzaGlydHMtbWVuLmh0bWw_cD0y\",\"product\":\"132\",\"super_attribute\":{\"142\":\"170\",\"93\":\"59\"},\"qty\":1}}',1.0000,0,'MH05-XL-White','Hollister Backyard Sweatshirt-XL-White',NULL,NULL,NULL,0,0,NULL,0.0000,0.0000,1.0000,0.0000,0.0000,NULL,0.0000,0.0000,0.0000,NULL,0.0000,0.0000,0.0000,0.0000,0.0000,0.0000,0.0000,0.0000,0.0000,0.0000,0.0000,0.0000,0.0000,0.0000,0.0000,0.0000,0.0000,NULL,NULL,NULL,NULL,NULL,NULL,NULL,NULL,NULL,NULL,NULL,NULL,NULL,NULL,NULL,NULL,NULL,NULL,NULL,NULL,NULL,NULL,NULL,NULL,NULL,NULL,NULL,NULL,NULL,NULL,NULL,0,0,'',''),(114,76,NULL,429,5,'2023-09-20 09:58:21','2023-09-20 09:58:21',4,'simple','{\"info_buyRequest\":{\"uenc\":\"aHR0cDovL2N1c3RvbXN0b2Nrc3RhdHVzLmRlbW85Lm1hZ2VhbnRzLmJpei9nZWFyL2JhZ3MuaHRtbA,,\",\"product\":\"4\",\"qty\":1}}',NULL,0,'24-MB05','Wayfarer Messenger Bag',NULL,NULL,NULL,0,0,NULL,0.0000,0.0000,1.0000,0.0000,0.0000,NULL,45.0000,45.0000,45.0000,45.0000,8.2500,3.7100,3.7100,0.0000,0.0000,0.0000,0.0000,0.0000,0.0000,0.0000,0.0000,0.0000,45.0000,45.0000,0.0000,0.0000,0.0000,NULL,NULL,NULL,NULL,NULL,48.7100,48.7100,48.7100,48.7100,0.0000,0.0000,NULL,NULL,NULL,NULL,NULL,NULL,NULL,NULL,NULL,NULL,NULL,NULL,NULL,NULL,NULL,NULL,NULL,NULL,NULL,NULL,0,0,'',''),(115,77,NULL,430,5,'2023-09-20 09:59:53','2023-09-29 08:00:30',132,'configurable','{\"info_buyRequest\":{\"uenc\":\"aHR0cDovL2N1c3RvbXN0b2Nrc3RhdHVzLmRlbW85Lm1hZ2VhbnRzLmJpei9tZW4vdG9wcy1tZW4vaG9vZGllcy1hbmQtc3dlYXRzaGlydHMtbWVuLmh0bWw_cD0y\",\"product\":\"132\",\"super_attribute\":{\"142\":\"170\",\"93\":\"59\"},\"qty\":\"1.0000\"},\"attributes_info\":[{\"label\":\"Size\",\"value\":\"XL\",\"option_id\":142,\"option_value\":\"170\"},{\"label\":\"Color\",\"value\":\"White\",\"option_id\":93,\"option_value\":\"59\"}],\"simple_name\":\"Hollister Backyard Sweatshirt-XL-White\",\"simple_sku\":\"MH05-XL-White\",\"product_calculations\":1,\"shipment_type\":0}',1.0000,0,'MH05-XL-White','Hollister Backyard Sweatshirt',NULL,NULL,NULL,0,0,NULL,0.0000,0.0000,1.0000,0.0000,0.0000,NULL,52.0000,52.0000,52.0000,52.0000,8.2500,4.2900,4.2900,0.0000,0.0000,0.0000,0.0000,0.0000,0.0000,0.0000,0.0000,0.0000,52.0000,52.0000,0.0000,0.0000,1.0000,NULL,NULL,NULL,NULL,NULL,56.2900,56.2900,56.2900,56.2900,0.0000,0.0000,NULL,NULL,NULL,NULL,NULL,NULL,NULL,NULL,NULL,NULL,NULL,NULL,NULL,NULL,NULL,NULL,NULL,NULL,NULL,NULL,NULL,0,'',''),(116,77,115,431,5,'2023-09-20 09:59:53','2023-09-20 09:59:53',131,'simple','{\"info_buyRequest\":{\"uenc\":\"aHR0cDovL2N1c3RvbXN0b2Nrc3RhdHVzLmRlbW85Lm1hZ2VhbnRzLmJpei9tZW4vdG9wcy1tZW4vaG9vZGllcy1hbmQtc3dlYXRzaGlydHMtbWVuLmh0bWw_cD0y\",\"product\":\"132\",\"super_attribute\":{\"142\":\"170\",\"93\":\"59\"},\"qty\":1}}',1.0000,0,'MH05-XL-White','Hollister Backyard Sweatshirt-XL-White',NULL,NULL,NULL,0,0,NULL,0.0000,0.0000,1.0000,0.0000,0.0000,NULL,0.0000,0.0000,0.0000,NULL,0.0000,0.0000,0.0000,0.0000,0.0000,0.0000,0.0000,0.0000,0.0000,0.0000,0.0000,0.0000,0.0000,0.0000,0.0000,0.0000,0.0000,NULL,NULL,NULL,NULL,NULL,NULL,NULL,NULL,NULL,NULL,NULL,NULL,NULL,NULL,NULL,NULL,NULL,NULL,NULL,NULL,NULL,NULL,NULL,NULL,NULL,NULL,NULL,NULL,NULL,NULL,NULL,0,0,'',''),(117,78,NULL,432,3,'2023-09-20 10:21:50','2023-09-20 10:21:50',12,'simple','{\"info_buyRequest\":{\"uenc\":\"aHR0cDovL2N1c3RvbWVyYXBwcm92YWwuZGVtbzkubWFnZWFudHMuYml6L2dlYXIvYmFncy5odG1s\",\"product\":\"12\",\"qty\":1}}',NULL,0,'24-WB03','Driven Backpack',NULL,NULL,NULL,0,0,NULL,0.0000,0.0000,1.0000,0.0000,0.0000,NULL,36.0000,36.0000,36.0000,36.0000,8.2500,2.9700,2.9700,0.0000,0.0000,0.0000,0.0000,0.0000,0.0000,0.0000,0.0000,0.0000,36.0000,36.0000,0.0000,0.0000,0.0000,NULL,NULL,NULL,NULL,NULL,38.9700,38.9700,38.9700,38.9700,0.0000,0.0000,NULL,NULL,NULL,NULL,NULL,NULL,NULL,NULL,NULL,NULL,NULL,NULL,NULL,NULL,NULL,NULL,NULL,NULL,NULL,NULL,0,0,'',''),(118,79,NULL,433,4,'2023-09-20 10:23:42','2023-09-29 08:00:30',212,'configurable','{\"info_buyRequest\":{\"uenc\":\"aHR0cDovL2N1c3RvbW9yZGVybnVtYmVyLmRlbW85Lm1hZ2VhbnRzLmJpei9tZW4vdG9wcy1tZW4vaG9vZGllcy1hbmQtc3dlYXRzaGlydHMtbWVuLmh0bWw,\",\"product\":\"212\",\"super_attribute\":{\"142\":\"170\",\"93\":\"50\"},\"qty\":\"1.0000\"},\"attributes_info\":[{\"label\":\"Size\",\"value\":\"XL\",\"option_id\":142,\"option_value\":\"170\"},{\"label\":\"Color\",\"value\":\"Blue\",\"option_id\":93,\"option_value\":\"50\"}],\"simple_name\":\"Mach Street Sweatshirt -XL-Blue\",\"simple_sku\":\"MH10-XL-Blue\",\"product_calculations\":1,\"shipment_type\":0}',1.0000,0,'MH10-XL-Blue','Mach Street Sweatshirt ',NULL,NULL,NULL,0,0,NULL,0.0000,0.0000,1.0000,0.0000,0.0000,NULL,62.0000,62.0000,62.0000,62.0000,8.2500,5.1200,5.1200,0.0000,0.0000,0.0000,0.0000,0.0000,0.0000,0.0000,0.0000,0.0000,62.0000,62.0000,0.0000,0.0000,1.0000,NULL,NULL,NULL,NULL,NULL,67.1200,67.1200,67.1200,67.1200,0.0000,0.0000,NULL,NULL,NULL,NULL,NULL,NULL,NULL,NULL,NULL,NULL,NULL,NULL,NULL,NULL,NULL,NULL,NULL,NULL,NULL,NULL,NULL,0,'',''),(119,79,118,434,4,'2023-09-20 10:23:42','2023-09-20 10:23:42',210,'simple','{\"info_buyRequest\":{\"uenc\":\"aHR0cDovL2N1c3RvbW9yZGVybnVtYmVyLmRlbW85Lm1hZ2VhbnRzLmJpei9tZW4vdG9wcy1tZW4vaG9vZGllcy1hbmQtc3dlYXRzaGlydHMtbWVuLmh0bWw,\",\"product\":\"212\",\"super_attribute\":{\"142\":\"170\",\"93\":\"50\"},\"qty\":1}}',1.0000,0,'MH10-XL-Blue','Mach Street Sweatshirt -XL-Blue',NULL,NULL,NULL,0,0,NULL,0.0000,0.0000,1.0000,0.0000,0.0000,NULL,0.0000,0.0000,0.0000,NULL,0.0000,0.0000,0.0000,0.0000,0.0000,0.0000,0.0000,0.0000,0.0000,0.0000,0.0000,0.0000,0.0000,0.0000,0.0000,0.0000,0.0000,NULL,NULL,NULL,NULL,NULL,NULL,NULL,NULL,NULL,NULL,NULL,NULL,NULL,NULL,NULL,NULL,NULL,NULL,NULL,NULL,NULL,NULL,NULL,NULL,NULL,NULL,NULL,NULL,NULL,NULL,NULL,NULL,0,'',''),(120,80,NULL,435,5,'2023-09-20 10:25:10','2023-09-29 08:00:30',676,'configurable','{\"info_buyRequest\":{\"uenc\":\"aHR0cDovL2N1c3RvbXN0b2Nrc3RhdHVzLmRlbW85Lm1hZ2VhbnRzLmJpei9tZW4vdG9wcy1tZW4vdGFua3MtbWVuLmh0bWw,\",\"product\":\"676\",\"super_attribute\":{\"142\":\"170\",\"93\":\"58\"},\"qty\":\"1.0000\"},\"attributes_info\":[{\"label\":\"Size\",\"value\":\"XL\",\"option_id\":142,\"option_value\":\"170\"},{\"label\":\"Color\",\"value\":\"Red\",\"option_id\":93,\"option_value\":\"58\"}],\"simple_name\":\"Primo Endurance Tank-XL-Red\",\"simple_sku\":\"MT03-XL-Red\",\"product_calculations\":1,\"shipment_type\":0}',1.0000,0,'MT03-XL-Red','Primo Endurance Tank',NULL,NULL,NULL,0,0,NULL,0.0000,0.0000,1.0000,0.0000,0.0000,NULL,29.0000,29.0000,29.0000,29.0000,8.2500,2.3900,2.3900,0.0000,0.0000,0.0000,0.0000,0.0000,0.0000,0.0000,0.0000,0.0000,29.0000,29.0000,0.0000,0.0000,1.0000,NULL,NULL,NULL,NULL,NULL,31.3900,31.3900,31.3900,31.3900,0.0000,0.0000,NULL,NULL,NULL,NULL,NULL,NULL,NULL,NULL,NULL,NULL,NULL,NULL,NULL,NULL,NULL,NULL,NULL,NULL,NULL,NULL,NULL,0,'',''),(121,80,120,436,5,'2023-09-20 10:25:10','2023-09-20 10:25:10',674,'simple','{\"info_buyRequest\":{\"uenc\":\"aHR0cDovL2N1c3RvbXN0b2Nrc3RhdHVzLmRlbW85Lm1hZ2VhbnRzLmJpei9tZW4vdG9wcy1tZW4vdGFua3MtbWVuLmh0bWw,\",\"product\":\"676\",\"super_attribute\":{\"142\":\"170\",\"93\":\"58\"},\"qty\":1}}',1.0000,0,'MT03-XL-Red','Primo Endurance Tank-XL-Red',NULL,NULL,NULL,0,0,NULL,0.0000,0.0000,1.0000,0.0000,0.0000,NULL,0.0000,0.0000,0.0000,NULL,0.0000,0.0000,0.0000,0.0000,0.0000,0.0000,0.0000,0.0000,0.0000,0.0000,0.0000,0.0000,0.0000,0.0000,0.0000,0.0000,0.0000,NULL,NULL,NULL,NULL,NULL,NULL,NULL,NULL,NULL,NULL,NULL,NULL,NULL,NULL,NULL,NULL,NULL,NULL,NULL,NULL,NULL,NULL,NULL,NULL,NULL,NULL,NULL,NULL,NULL,NULL,NULL,NULL,0,'',''),(122,81,NULL,437,6,'2023-09-20 10:27:22','2023-09-20 10:27:22',36,'simple','{\"info_buyRequest\":{\"uenc\":\"aHR0cDovL2ZvcmNlbG9naW4uZGVtbzkubWFnZWFudHMuYml6L2dlYXIvd2F0Y2hlcy5odG1s\",\"product\":\"36\",\"qty\":1}}',NULL,0,'24-MG04','Aim Analog Watch',NULL,NULL,NULL,0,0,NULL,0.0000,0.0000,1.0000,0.0000,0.0000,NULL,45.0000,45.0000,45.0000,45.0000,0.0000,0.0000,0.0000,0.0000,0.0000,0.0000,0.0000,0.0000,0.0000,0.0000,0.0000,0.0000,45.0000,45.0000,0.0000,0.0000,0.0000,NULL,NULL,NULL,NULL,NULL,45.0000,45.0000,45.0000,45.0000,0.0000,0.0000,NULL,NULL,NULL,NULL,NULL,NULL,NULL,NULL,NULL,NULL,NULL,NULL,NULL,NULL,NULL,NULL,NULL,NULL,NULL,NULL,0,0,'',''),(123,82,NULL,438,7,'2023-09-20 10:28:42','2023-09-20 10:28:42',6,'simple','{\"info_buyRequest\":{\"uenc\":\"aHR0cDovL2ltcG9ydGNvdXBvbi5kZW1vOS5tYWdlYW50cy5iaXovZ2Vhci9iYWdzLmh0bWw,\",\"product\":\"6\",\"qty\":1}}',NULL,0,'24-MB02','Fusion Backpack',NULL,NULL,NULL,0,0,NULL,0.0000,0.0000,1.0000,0.0000,0.0000,NULL,59.0000,59.0000,59.0000,59.0000,0.0000,0.0000,0.0000,0.0000,0.0000,0.0000,0.0000,0.0000,0.0000,0.0000,0.0000,0.0000,59.0000,59.0000,0.0000,0.0000,0.0000,NULL,NULL,NULL,NULL,NULL,59.0000,59.0000,59.0000,59.0000,0.0000,0.0000,NULL,NULL,NULL,NULL,NULL,NULL,NULL,NULL,NULL,NULL,NULL,NULL,NULL,NULL,NULL,NULL,NULL,NULL,NULL,NULL,0,0,'',''),(124,83,NULL,441,10,'2023-09-20 10:37:28','2023-09-20 10:37:28',3,'simple','{\"info_buyRequest\":{\"uenc\":\"aHR0cDovL21pbmltdW1vcmRlcmN1c3RvbWVyZ3JvdXAuZGVtbzkubWFnZWFudHMuYml6L2dlYXIvYmFncy5odG1s\",\"product\":\"3\",\"qty\":1}}',NULL,NULL,'24-MB03','Crown Summit Backpack',NULL,NULL,NULL,NULL,0,NULL,0.0000,0.0000,1.0000,0.0000,0.0000,NULL,38.0000,38.0000,38.0000,38.0000,0.0000,0.0000,0.0000,0.0000,0.0000,0.0000,0.0000,0.0000,0.0000,0.0000,0.0000,0.0000,38.0000,38.0000,0.0000,0.0000,0.0000,NULL,NULL,NULL,NULL,NULL,38.0000,38.0000,38.0000,38.0000,0.0000,0.0000,NULL,NULL,NULL,NULL,NULL,NULL,NULL,NULL,NULL,NULL,NULL,NULL,NULL,NULL,NULL,NULL,NULL,NULL,NULL,NULL,0,0,'',''),(125,84,NULL,446,2,'2023-09-22 11:48:40','2023-09-22 11:48:40',5,'simple','{\"info_buyRequest\":{\"uenc\":\"aHR0cDovL2NoZWNrb3V0c3VjY2Vzc3BhZ2UuZGVtbzkubWFnZWFudHMuYml6L2dlYXIvYmFncy5odG1s\",\"product\":\"5\",\"qty\":1}}',NULL,0,'24-MB06','Rival Field Messenger',NULL,NULL,NULL,0,0,NULL,0.0000,0.0000,1.0000,0.0000,0.0000,NULL,45.0000,45.0000,45.0000,45.0000,0.0000,0.0000,0.0000,0.0000,0.0000,0.0000,0.0000,0.0000,0.0000,0.0000,0.0000,0.0000,45.0000,45.0000,0.0000,0.0000,0.0000,NULL,NULL,NULL,NULL,NULL,45.0000,45.0000,45.0000,45.0000,0.0000,0.0000,NULL,NULL,NULL,NULL,NULL,NULL,NULL,NULL,NULL,NULL,NULL,NULL,NULL,NULL,NULL,NULL,NULL,NULL,NULL,NULL,0,0,'',''),(126,85,NULL,408,2,'2023-09-22 11:55:03','2023-09-22 11:55:03',9,'simple','{\"info_buyRequest\":{\"uenc\":\"aHR0cDovL2NoZWNrb3V0c3VjY2Vzc3BhZ2UuZGVtbzkubWFnZWFudHMuYml6L2dlYXIvYmFncy5odG1s\",\"product\":\"9\",\"qty\":1}}',NULL,0,'24-WB02','Compete Track Tote',NULL,NULL,NULL,0,0,NULL,0.0000,0.0000,1.0000,0.0000,0.0000,NULL,32.0000,32.0000,32.0000,32.0000,0.0000,0.0000,0.0000,0.0000,0.0000,0.0000,0.0000,0.0000,0.0000,0.0000,0.0000,0.0000,32.0000,32.0000,0.0000,0.0000,0.0000,NULL,NULL,NULL,NULL,NULL,32.0000,32.0000,32.0000,32.0000,0.0000,0.0000,NULL,NULL,NULL,NULL,NULL,NULL,NULL,NULL,NULL,NULL,NULL,NULL,NULL,NULL,NULL,NULL,NULL,NULL,NULL,NULL,0,0,'',''),(127,85,NULL,447,2,'2023-09-22 11:55:03','2023-09-22 11:55:03',10,'simple','{\"info_buyRequest\":{\"uenc\":\"aHR0cDovL2NoZWNrb3V0c3VjY2Vzc3BhZ2UuZGVtbzkubWFnZWFudHMuYml6L2dlYXIvYmFncy5odG1s\",\"product\":\"10\",\"qty\":1}}',NULL,0,'24-WB05','Savvy Shoulder Tote',NULL,NULL,NULL,0,0,NULL,0.0000,0.0000,1.0000,0.0000,0.0000,NULL,24.0000,24.0000,32.0000,32.0000,0.0000,0.0000,0.0000,0.0000,0.0000,0.0000,0.0000,0.0000,0.0000,0.0000,0.0000,0.0000,24.0000,24.0000,0.0000,0.0000,0.0000,NULL,NULL,NULL,NULL,NULL,24.0000,24.0000,24.0000,24.0000,0.0000,0.0000,NULL,NULL,NULL,NULL,NULL,NULL,NULL,NULL,NULL,NULL,NULL,NULL,NULL,NULL,NULL,NULL,NULL,NULL,NULL,NULL,0,0,'',''),(128,86,NULL,448,2,'2023-09-22 11:55:59','2023-09-22 11:55:59',3,'simple','{\"info_buyRequest\":{\"uenc\":\"aHR0cDovL2NoZWNrb3V0c3VjY2Vzc3BhZ2UuZGVtbzkubWFnZWFudHMuYml6L2dlYXIvYmFncy5odG1s\",\"product\":\"3\",\"qty\":1}}',NULL,0,'24-MB03','Crown Summit Backpack',NULL,NULL,NULL,0,0,NULL,0.0000,0.0000,1.0000,0.0000,0.0000,NULL,38.0000,38.0000,38.0000,38.0000,0.0000,0.0000,0.0000,0.0000,0.0000,0.0000,0.0000,0.0000,0.0000,0.0000,0.0000,0.0000,38.0000,38.0000,0.0000,0.0000,0.0000,NULL,NULL,NULL,NULL,NULL,38.0000,38.0000,38.0000,38.0000,0.0000,0.0000,NULL,NULL,NULL,NULL,NULL,NULL,NULL,NULL,NULL,NULL,NULL,NULL,NULL,NULL,NULL,NULL,NULL,NULL,NULL,NULL,0,0,'',''),(129,87,NULL,449,2,'2023-09-22 11:57:15','2023-09-22 11:57:15',3,'simple','{\"info_buyRequest\":{\"uenc\":\"aHR0cDovL2NoZWNrb3V0c3VjY2Vzc3BhZ2UuZGVtbzkubWFnZWFudHMuYml6L2dlYXIvYmFncy5odG1s\",\"product\":\"3\",\"qty\":1}}',NULL,0,'24-MB03','Crown Summit Backpack',NULL,NULL,NULL,0,0,NULL,0.0000,0.0000,1.0000,0.0000,0.0000,NULL,38.0000,38.0000,38.0000,38.0000,0.0000,0.0000,0.0000,0.0000,0.0000,0.0000,0.0000,0.0000,0.0000,0.0000,0.0000,0.0000,38.0000,38.0000,0.0000,0.0000,0.0000,NULL,NULL,NULL,NULL,NULL,38.0000,38.0000,38.0000,38.0000,0.0000,0.0000,NULL,NULL,NULL,NULL,NULL,NULL,NULL,NULL,NULL,NULL,NULL,NULL,NULL,NULL,NULL,NULL,NULL,NULL,NULL,NULL,0,0,'',''),(130,87,NULL,450,2,'2023-09-22 11:57:15','2023-09-22 11:57:15',10,'simple','{\"info_buyRequest\":{\"uenc\":\"aHR0cDovL2NoZWNrb3V0c3VjY2Vzc3BhZ2UuZGVtbzkubWFnZWFudHMuYml6L2dlYXIvYmFncy5odG1s\",\"product\":\"10\",\"qty\":1}}',NULL,0,'24-WB05','Savvy Shoulder Tote',NULL,NULL,NULL,0,0,NULL,0.0000,0.0000,1.0000,0.0000,0.0000,NULL,24.0000,24.0000,32.0000,32.0000,0.0000,0.0000,0.0000,0.0000,0.0000,0.0000,0.0000,0.0000,0.0000,0.0000,0.0000,0.0000,24.0000,24.0000,0.0000,0.0000,0.0000,NULL,NULL,NULL,NULL,NULL,24.0000,24.0000,24.0000,24.0000,0.0000,0.0000,NULL,NULL,NULL,NULL,NULL,NULL,NULL,NULL,NULL,NULL,NULL,NULL,NULL,NULL,NULL,NULL,NULL,NULL,NULL,NULL,0,0,'',''),(131,88,NULL,451,2,'2023-09-22 11:58:33','2023-09-22 11:58:33',2,'simple','{\"info_buyRequest\":{\"uenc\":\"aHR0cDovL2NoZWNrb3V0c3VjY2Vzc3BhZ2UuZGVtbzkubWFnZWFudHMuYml6L2dlYXIvYmFncy5odG1s\",\"product\":\"2\",\"qty\":1}}',NULL,0,'24-MB04','Strive Shoulder Pack',NULL,NULL,NULL,0,0,NULL,0.0000,0.0000,1.0000,0.0000,0.0000,NULL,32.0000,32.0000,32.0000,32.0000,0.0000,0.0000,0.0000,0.0000,0.0000,0.0000,0.0000,0.0000,0.0000,0.0000,0.0000,0.0000,32.0000,32.0000,0.0000,0.0000,0.0000,NULL,NULL,NULL,NULL,NULL,32.0000,32.0000,32.0000,32.0000,0.0000,0.0000,NULL,NULL,NULL,NULL,NULL,NULL,NULL,NULL,NULL,NULL,NULL,NULL,NULL,NULL,NULL,NULL,NULL,NULL,NULL,NULL,0,0,'',''),(132,89,NULL,452,2,'2023-09-22 11:59:35','2023-09-22 11:59:35',7,'simple','{\"info_buyRequest\":{\"uenc\":\"aHR0cDovL2NoZWNrb3V0c3VjY2Vzc3BhZ2UuZGVtbzkubWFnZWFudHMuYml6L2dlYXIvYmFncy5odG1s\",\"product\":\"7\",\"qty\":1}}',NULL,0,'24-UB02','Impulse Duffle',NULL,NULL,NULL,0,0,NULL,0.0000,0.0000,1.0000,0.0000,0.0000,NULL,74.0000,74.0000,74.0000,74.0000,0.0000,0.0000,0.0000,0.0000,0.0000,0.0000,0.0000,0.0000,0.0000,0.0000,0.0000,0.0000,74.0000,74.0000,0.0000,0.0000,0.0000,NULL,NULL,NULL,NULL,NULL,74.0000,74.0000,74.0000,74.0000,0.0000,0.0000,NULL,NULL,NULL,NULL,NULL,NULL,NULL,NULL,NULL,NULL,NULL,NULL,NULL,NULL,NULL,NULL,NULL,NULL,NULL,NULL,0,0,'',''),(133,90,NULL,453,2,'2023-09-22 12:00:07','2023-09-22 12:00:07',8,'simple','{\"info_buyRequest\":{\"uenc\":\"aHR0cDovL2NoZWNrb3V0c3VjY2Vzc3BhZ2UuZGVtbzkubWFnZWFudHMuYml6L2dlYXIvYmFncy5odG1s\",\"product\":\"8\",\"qty\":1}}',NULL,0,'24-WB01','Voyage Yoga Bag',NULL,NULL,NULL,0,0,NULL,0.0000,0.0000,1.0000,0.0000,0.0000,NULL,32.0000,32.0000,32.0000,32.0000,0.0000,0.0000,0.0000,0.0000,0.0000,0.0000,0.0000,0.0000,0.0000,0.0000,0.0000,0.0000,32.0000,32.0000,0.0000,0.0000,0.0000,NULL,NULL,NULL,NULL,NULL,32.0000,32.0000,32.0000,32.0000,0.0000,0.0000,NULL,NULL,NULL,NULL,NULL,NULL,NULL,NULL,NULL,NULL,NULL,NULL,NULL,NULL,NULL,NULL,NULL,NULL,NULL,NULL,0,0,'',''),(134,91,NULL,454,2,'2023-09-22 12:07:19','2023-09-22 12:07:19',14,'simple','{\"info_buyRequest\":{\"uenc\":\"aHR0cDovL2NoZWNrb3V0c3VjY2Vzc3BhZ2UuZGVtbzkubWFnZWFudHMuYml6L2dlYXIvYmFncy5odG1s\",\"product\":\"14\",\"qty\":1}}',NULL,0,'24-WB04','Push It Messenger Bag',NULL,NULL,NULL,0,0,NULL,0.0000,0.0000,1.0000,0.0000,0.0000,NULL,45.0000,45.0000,45.0000,45.0000,0.0000,0.0000,0.0000,0.0000,0.0000,0.0000,0.0000,0.0000,0.0000,0.0000,0.0000,0.0000,45.0000,45.0000,0.0000,0.0000,0.0000,NULL,NULL,NULL,NULL,NULL,45.0000,45.0000,45.0000,45.0000,0.0000,0.0000,NULL,NULL,NULL,NULL,NULL,NULL,NULL,NULL,NULL,NULL,NULL,NULL,NULL,NULL,NULL,NULL,NULL,NULL,NULL,NULL,0,0,'',''),(135,92,NULL,455,2,'2023-09-22 12:08:41','2023-09-22 12:08:41',11,'simple','{\"info_buyRequest\":{\"uenc\":\"aHR0cDovL2NoZWNrb3V0c3VjY2Vzc3BhZ2UuZGVtbzkubWFnZWFudHMuYml6L2dlYXIvYmFncy5odG1s\",\"product\":\"11\",\"qty\":1}}',NULL,0,'24-WB06','Endeavor Daytrip Backpack',NULL,NULL,NULL,0,0,NULL,0.0000,0.0000,1.0000,0.0000,0.0000,NULL,33.0000,33.0000,33.0000,33.0000,0.0000,0.0000,0.0000,0.0000,0.0000,0.0000,0.0000,0.0000,0.0000,0.0000,0.0000,0.0000,33.0000,33.0000,0.0000,0.0000,0.0000,NULL,NULL,NULL,NULL,NULL,33.0000,33.0000,33.0000,33.0000,0.0000,0.0000,NULL,NULL,NULL,NULL,NULL,NULL,NULL,NULL,NULL,NULL,NULL,NULL,NULL,NULL,NULL,NULL,NULL,NULL,NULL,NULL,0,0,'',''),(136,93,NULL,456,2,'2023-09-29 08:02:18','2023-09-29 08:02:18',6,'simple','{\"info_buyRequest\":{\"uenc\":\"aHR0cDovL2NoZWNrb3V0c3VjY2Vzc3BhZ2UuZGVtbzkubWFnZWFudHMuYml6Lw,,\",\"product\":\"6\",\"qty\":1}}',NULL,0,'24-MB02','Fusion Backpack',NULL,NULL,NULL,0,0,NULL,0.0000,0.0000,1.0000,0.0000,0.0000,NULL,59.0000,59.0000,59.0000,59.0000,8.2500,4.8700,4.8700,0.0000,0.0000,0.0000,0.0000,0.0000,0.0000,0.0000,0.0000,0.0000,59.0000,59.0000,0.0000,0.0000,0.0000,NULL,NULL,NULL,NULL,NULL,63.8700,63.8700,63.8700,63.8700,0.0000,0.0000,NULL,NULL,NULL,NULL,NULL,NULL,NULL,NULL,NULL,NULL,NULL,NULL,NULL,NULL,NULL,NULL,NULL,NULL,NULL,NULL,0,0,'',''),(137,94,NULL,457,2,'2023-09-29 08:04:18','2023-09-29 08:04:18',14,'simple','{\"info_buyRequest\":{\"uenc\":\"aHR0cDovL2NoZWNrb3V0c3VjY2Vzc3BhZ2UuZGVtbzkubWFnZWFudHMuYml6Lw,,\",\"product\":\"14\",\"qty\":1}}',NULL,0,'24-WB04','Push It Messenger Bag',NULL,NULL,NULL,0,0,NULL,0.0000,0.0000,1.0000,0.0000,0.0000,NULL,45.0000,45.0000,45.0000,45.0000,8.2500,3.7100,3.7100,0.0000,0.0000,0.0000,0.0000,0.0000,0.0000,0.0000,0.0000,0.0000,45.0000,45.0000,0.0000,0.0000,0.0000,NULL,NULL,NULL,NULL,NULL,48.7100,48.7100,48.7100,48.7100,0.0000,0.0000,NULL,NULL,NULL,NULL,NULL,NULL,NULL,NULL,NULL,NULL,NULL,NULL,NULL,NULL,NULL,NULL,NULL,NULL,NULL,NULL,0,0,'',''),(138,95,NULL,458,2,'2023-09-29 10:30:33','2023-09-29 10:30:33',4,'simple','{\"info_buyRequest\":{\"uenc\":\"aHR0cDovL2NoZWNrb3V0c3VjY2Vzc3BhZ2UuZGVtbzkubWFnZWFudHMuYml6L2dlYXIvYmFncy5odG1s\",\"product\":\"4\",\"qty\":1}}',NULL,0,'24-MB05','Wayfarer Messenger Bag',NULL,NULL,NULL,0,0,NULL,0.0000,0.0000,1.0000,0.0000,0.0000,NULL,45.0000,45.0000,45.0000,45.0000,0.0000,0.0000,0.0000,0.0000,0.0000,0.0000,0.0000,0.0000,0.0000,0.0000,0.0000,0.0000,45.0000,45.0000,0.0000,0.0000,0.0000,NULL,NULL,NULL,NULL,NULL,45.0000,45.0000,45.0000,45.0000,0.0000,0.0000,NULL,NULL,NULL,NULL,NULL,NULL,NULL,NULL,NULL,NULL,NULL,NULL,NULL,NULL,NULL,NULL,NULL,NULL,NULL,NULL,0,0,'',''),(139,96,NULL,460,2,'2023-09-29 11:04:25','2023-09-29 11:04:25',1,'simple','{\"info_buyRequest\":{\"uenc\":\"aHR0cDovL2NoZWNrb3V0c3VjY2Vzc3BhZ2UuZGVtbzkubWFnZWFudHMuYml6L2dlYXIvYmFncy5odG1s\",\"product\":\"1\",\"qty\":1}}',NULL,0,'24-MB01','Joust Duffle Bag',NULL,NULL,NULL,0,0,NULL,0.0000,0.0000,1.0000,0.0000,0.0000,NULL,34.0000,34.0000,34.0000,34.0000,0.0000,0.0000,0.0000,0.0000,0.0000,0.0000,0.0000,0.0000,0.0000,0.0000,0.0000,0.0000,34.0000,34.0000,0.0000,0.0000,0.0000,NULL,NULL,NULL,NULL,NULL,34.0000,34.0000,34.0000,34.0000,0.0000,0.0000,NULL,NULL,NULL,NULL,NULL,NULL,NULL,NULL,NULL,NULL,NULL,NULL,NULL,NULL,NULL,NULL,NULL,NULL,NULL,NULL,0,0,'',''),(140,97,NULL,461,5,'2023-09-29 11:13:26','2023-09-29 11:13:26',292,'configurable','{\"info_buyRequest\":{\"uenc\":\"aHR0cDovL2N1c3RvbXN0b2Nrc3RhdHVzLmRlbW85Lm1hZ2VhbnRzLmJpei9tZW4vdG9wcy1tZW4vamFja2V0cy1tZW4uaHRtbA,,\",\"product\":\"292\",\"super_attribute\":{\"142\":\"169\",\"93\":\"56\"},\"qty\":1},\"attributes_info\":[{\"label\":\"Size\",\"value\":\"L\",\"option_id\":142,\"option_value\":\"169\"},{\"label\":\"Color\",\"value\":\"Orange\",\"option_id\":93,\"option_value\":\"56\"}],\"simple_name\":\"Hyperion Elements Jacket-L-Orange\",\"simple_sku\":\"MJ02-L-Orange\",\"product_calculations\":1,\"shipment_type\":0}',1.0000,0,'MJ02-L-Orange','Hyperion Elements Jacket',NULL,NULL,NULL,0,0,NULL,0.0000,0.0000,1.0000,0.0000,0.0000,NULL,51.0000,51.0000,51.0000,51.0000,0.0000,0.0000,0.0000,0.0000,0.0000,0.0000,0.0000,0.0000,0.0000,0.0000,0.0000,0.0000,51.0000,51.0000,0.0000,0.0000,1.0000,NULL,NULL,NULL,NULL,NULL,51.0000,51.0000,51.0000,51.0000,0.0000,0.0000,NULL,NULL,NULL,NULL,NULL,NULL,NULL,NULL,NULL,NULL,NULL,NULL,NULL,NULL,NULL,NULL,NULL,NULL,NULL,NULL,0,0,'',''),(141,97,140,462,5,'2023-09-29 11:13:26','2023-09-29 11:13:26',287,'simple','{\"info_buyRequest\":{\"uenc\":\"aHR0cDovL2N1c3RvbXN0b2Nrc3RhdHVzLmRlbW85Lm1hZ2VhbnRzLmJpei9tZW4vdG9wcy1tZW4vamFja2V0cy1tZW4uaHRtbA,,\",\"product\":\"292\",\"super_attribute\":{\"142\":\"169\",\"93\":\"56\"},\"qty\":1}}',1.0000,0,'MJ02-L-Orange','Hyperion Elements Jacket-L-Orange',NULL,NULL,NULL,0,0,NULL,0.0000,0.0000,1.0000,0.0000,0.0000,NULL,0.0000,0.0000,0.0000,NULL,0.0000,0.0000,0.0000,0.0000,0.0000,0.0000,0.0000,0.0000,0.0000,0.0000,0.0000,0.0000,0.0000,0.0000,0.0000,0.0000,0.0000,NULL,NULL,NULL,NULL,NULL,NULL,NULL,NULL,NULL,NULL,NULL,NULL,NULL,NULL,NULL,NULL,NULL,NULL,NULL,NULL,NULL,NULL,NULL,NULL,NULL,NULL,NULL,NULL,NULL,NULL,NULL,NULL,0,'',''),(142,98,NULL,463,5,'2023-09-29 11:50:56','2023-09-29 11:50:56',9,'simple','{\"info_buyRequest\":{\"uenc\":\"aHR0cDovL2N1c3RvbXN0b2Nrc3RhdHVzLmRlbW85Lm1hZ2VhbnRzLmJpei9nZWFyL2JhZ3MuaHRtbA,,\",\"product\":\"9\",\"qty\":1}}',NULL,0,'24-WB02','Compete Track Tote',NULL,NULL,NULL,0,0,NULL,0.0000,0.0000,1.0000,0.0000,0.0000,NULL,32.0000,32.0000,32.0000,32.0000,0.0000,0.0000,0.0000,0.0000,0.0000,0.0000,0.0000,0.0000,0.0000,0.0000,0.0000,0.0000,32.0000,32.0000,0.0000,0.0000,0.0000,NULL,NULL,NULL,NULL,NULL,32.0000,32.0000,32.0000,32.0000,0.0000,0.0000,NULL,NULL,NULL,NULL,NULL,NULL,NULL,NULL,NULL,NULL,NULL,NULL,NULL,NULL,NULL,NULL,NULL,NULL,NULL,NULL,0,0,'',''),(143,99,NULL,472,2,'2023-09-29 12:34:43','2023-09-29 12:34:43',132,'configurable','{\"info_buyRequest\":{\"uenc\":\"aHR0cDovL2NoZWNrb3V0c3VjY2Vzc3BhZ2UuZGVtbzkubWFnZWFudHMuYml6L21lbi90b3BzLW1lbi9ob29kaWVzLWFuZC1zd2VhdHNoaXJ0cy1tZW4uaHRtbA,,\",\"product\":\"132\",\"super_attribute\":{\"142\":\"170\",\"93\":\"59\"},\"qty\":1},\"attributes_info\":[{\"label\":\"Size\",\"value\":\"XL\",\"option_id\":142,\"option_value\":\"170\"},{\"label\":\"Color\",\"value\":\"White\",\"option_id\":93,\"option_value\":\"59\"}],\"simple_name\":\"Hollister Backyard Sweatshirt-XL-White\",\"simple_sku\":\"MH05-XL-White\",\"product_calculations\":1,\"shipment_type\":0}',1.0000,0,'MH05-XL-White','Hollister Backyard Sweatshirt',NULL,NULL,NULL,0,0,NULL,0.0000,0.0000,1.0000,0.0000,0.0000,NULL,52.0000,52.0000,52.0000,52.0000,0.0000,0.0000,0.0000,0.0000,0.0000,0.0000,0.0000,0.0000,0.0000,0.0000,0.0000,0.0000,52.0000,52.0000,0.0000,0.0000,1.0000,NULL,NULL,NULL,NULL,NULL,52.0000,52.0000,52.0000,52.0000,0.0000,0.0000,NULL,NULL,NULL,NULL,NULL,NULL,NULL,NULL,NULL,NULL,NULL,NULL,NULL,NULL,NULL,NULL,NULL,NULL,NULL,NULL,NULL,0,'',''),(144,99,143,473,2,'2023-09-29 12:34:43','2023-09-29 12:34:43',131,'simple','{\"info_buyRequest\":{\"uenc\":\"aHR0cDovL2NoZWNrb3V0c3VjY2Vzc3BhZ2UuZGVtbzkubWFnZWFudHMuYml6L21lbi90b3BzLW1lbi9ob29kaWVzLWFuZC1zd2VhdHNoaXJ0cy1tZW4uaHRtbA,,\",\"product\":\"132\",\"super_attribute\":{\"142\":\"170\",\"93\":\"59\"},\"qty\":1}}',1.0000,0,'MH05-XL-White','Hollister Backyard Sweatshirt-XL-White',NULL,NULL,NULL,0,0,NULL,0.0000,0.0000,1.0000,0.0000,0.0000,NULL,0.0000,0.0000,0.0000,NULL,0.0000,0.0000,0.0000,0.0000,0.0000,0.0000,0.0000,0.0000,0.0000,0.0000,0.0000,0.0000,0.0000,0.0000,0.0000,0.0000,0.0000,NULL,NULL,NULL,NULL,NULL,NULL,NULL,NULL,NULL,NULL,NULL,NULL,NULL,NULL,NULL,NULL,NULL,NULL,NULL,NULL,NULL,NULL,NULL,NULL,NULL,NULL,NULL,NULL,NULL,NULL,NULL,0,0,'',''),(145,100,NULL,487,11,'2023-10-13 06:15:52','2023-10-13 06:18:41',68,'configurable','{\"info_buyRequest\":{\"uenc\":\"aHR0cDovL3NhbXBsZXByb2R1Y3QuZGVtbzkubWFnZWFudHMuYml6L21lbi90b3BzLW1lbi9ob29kaWVzLWFuZC1zd2VhdHNoaXJ0cy1tZW4uaHRtbD9wPTI,\",\"product\":\"68\",\"sample-price\":\"40\",\"isSample\":\"1\",\"super_attribute\":{\"142\":\"170\",\"93\":\"56\"},\"qty\":\"1.0000\"},\"attributes_info\":[{\"label\":\"Size\",\"value\":\"XL\",\"option_id\":142,\"option_value\":\"170\"},{\"label\":\"Color\",\"value\":\"Orange\",\"option_id\":93,\"option_value\":\"56\"}],\"simple_name\":\"Chaz Kangeroo Hoodie-XL-Orange\",\"simple_sku\":\"MH01-XL-Orange\",\"product_calculations\":1,\"shipment_type\":0,\"additional_options\":[{\"label\":\"Sample Order\",\"value\":\" - Yes\"}]}',1.0000,0,'MH01-XL-Orange','Chaz Kangeroo Hoodie',NULL,NULL,NULL,0,0,NULL,0.0000,1.0000,1.0000,0.0000,1.0000,NULL,40.0000,40.0000,52.0000,52.0000,0.0000,0.0000,0.0000,0.0000,0.0000,0.0000,0.0000,0.0000,0.0000,0.0000,0.0000,0.0000,40.0000,40.0000,40.0000,40.0000,1.0000,NULL,NULL,NULL,NULL,NULL,40.0000,40.0000,40.0000,40.0000,0.0000,0.0000,0.0000,0.0000,NULL,NULL,NULL,NULL,NULL,NULL,NULL,NULL,'[]',NULL,NULL,NULL,NULL,NULL,NULL,NULL,NULL,NULL,0,0,'',''),(146,100,145,488,11,'2023-10-13 06:15:52','2023-10-13 06:18:18',67,'simple','{\"info_buyRequest\":{\"uenc\":\"aHR0cDovL3NhbXBsZXByb2R1Y3QuZGVtbzkubWFnZWFudHMuYml6L21lbi90b3BzLW1lbi9ob29kaWVzLWFuZC1zd2VhdHNoaXJ0cy1tZW4uaHRtbD9wPTI,\",\"product\":\"68\",\"sample-price\":\"40\",\"isSample\":\"1\",\"super_attribute\":{\"142\":\"170\",\"93\":\"56\"},\"qty\":1},\"additional_options\":[{\"label\":\"Sample Order\",\"value\":\" - Yes\"}]}',1.0000,0,'MH01-XL-Orange','Chaz Kangeroo Hoodie-XL-Orange',NULL,NULL,NULL,0,0,NULL,0.0000,1.0000,1.0000,0.0000,0.0000,NULL,0.0000,0.0000,0.0000,NULL,0.0000,0.0000,0.0000,0.0000,0.0000,0.0000,0.0000,0.0000,0.0000,0.0000,0.0000,0.0000,0.0000,0.0000,0.0000,0.0000,0.0000,NULL,NULL,NULL,NULL,NULL,NULL,NULL,NULL,NULL,NULL,NULL,0.0000,0.0000,NULL,NULL,NULL,NULL,NULL,NULL,NULL,NULL,NULL,NULL,NULL,NULL,NULL,NULL,NULL,NULL,NULL,NULL,0,0,'',''),(147,101,NULL,500,10,'2023-10-13 07:02:31','2023-10-13 07:04:35',7,'simple','{\"info_buyRequest\":{\"uenc\":\"aHR0cDovL21pbmltdW1vcmRlcmN1c3RvbWVyZ3JvdXAuZGVtbzkubWFnZWFudHMuYml6L2dlYXIvYmFncy5odG1s\",\"product\":\"7\",\"qty\":1}}',NULL,0,'24-UB02','Impulse Duffle',NULL,NULL,NULL,0,0,NULL,0.0000,1.0000,1.0000,0.0000,1.0000,NULL,74.0000,74.0000,74.0000,74.0000,8.2500,6.1100,6.1100,6.1100,6.1100,0.0000,0.0000,0.0000,0.0000,0.0000,0.0000,0.0000,74.0000,74.0000,74.0000,74.0000,0.0000,NULL,NULL,NULL,NULL,NULL,80.1100,80.1100,80.1100,80.1100,0.0000,0.0000,0.0000,0.0000,NULL,NULL,NULL,NULL,NULL,NULL,NULL,NULL,'[]',NULL,NULL,NULL,NULL,NULL,NULL,NULL,NULL,NULL,0,0,'',''),(148,102,NULL,509,6,'2023-11-03 05:23:00','2023-11-03 05:23:00',1,'simple','{\"info_buyRequest\":{\"uenc\":\"aHR0cDovL2ZvcmNlbG9naW4uZGVtbzkubWFnZWFudHMuYml6L2pvdXN0LWR1ZmZsZS1iYWcuaHRtbA,,\",\"product\":\"1\",\"selected_configurable_option\":\"\",\"related_product\":\"\",\"item\":\"1\",\"qty\":\"1\"}}',NULL,0,'24-MB01','Joust Duffle Bag',NULL,NULL,NULL,0,0,NULL,0.0000,0.0000,1.0000,0.0000,0.0000,NULL,34.0000,34.0000,34.0000,34.0000,0.0000,0.0000,0.0000,0.0000,0.0000,0.0000,0.0000,0.0000,0.0000,0.0000,0.0000,0.0000,34.0000,34.0000,0.0000,0.0000,0.0000,NULL,NULL,NULL,NULL,NULL,34.0000,34.0000,34.0000,34.0000,0.0000,0.0000,NULL,NULL,NULL,NULL,NULL,NULL,NULL,NULL,NULL,NULL,NULL,NULL,NULL,NULL,NULL,NULL,NULL,NULL,NULL,NULL,0,0,'',''),(149,103,NULL,510,7,'2023-11-03 05:50:21','2023-11-03 05:50:21',38,'simple','{\"info_buyRequest\":{\"uenc\":\"aHR0cDovL2ltcG9ydGNvdXBvbi5kZW1vOS5tYWdlYW50cy5iaXovZ2Vhci93YXRjaGVzLmh0bWw,\",\"product\":\"38\",\"qty\":1}}',NULL,0,'24-MG03','Summit Watch',NULL,'12',NULL,0,0,NULL,0.0000,0.0000,1.0000,0.0000,0.0000,NULL,54.0000,54.0000,54.0000,54.0000,0.0000,0.0000,0.0000,0.0000,0.0000,0.0000,20.0000,20.0000,0.0000,0.0000,0.0000,0.0000,54.0000,54.0000,0.0000,0.0000,0.0000,NULL,NULL,NULL,NULL,NULL,54.0000,54.0000,54.0000,54.0000,0.0000,0.0000,NULL,NULL,NULL,NULL,NULL,NULL,NULL,NULL,NULL,NULL,NULL,NULL,NULL,NULL,NULL,NULL,NULL,NULL,NULL,NULL,NULL,0,'',''),(150,104,NULL,511,9,'2023-11-03 06:11:49','2023-11-03 06:24:58',6,'simple','{\"info_buyRequest\":{\"uenc\":\"aHR0cDovL2xvZ2luYXNjdXN0b21lci5kZW1vOS5tYWdlYW50cy5iaXovZ2Vhci9iYWdzLmh0bWw,\",\"product\":\"6\",\"qty\":1}}',NULL,0,'24-MB02','Fusion Backpack',NULL,NULL,NULL,0,0,NULL,0.0000,1.0000,1.0000,0.0000,1.0000,NULL,50.0000,50.0000,59.0000,59.0000,0.0000,0.0000,0.0000,0.0000,0.0000,0.0000,0.0000,0.0000,0.0000,0.0000,0.0000,0.0000,50.0000,50.0000,50.0000,50.0000,0.0000,NULL,NULL,NULL,NULL,NULL,50.0000,50.0000,50.0000,50.0000,0.0000,0.0000,0.0000,0.0000,NULL,NULL,NULL,NULL,NULL,NULL,NULL,NULL,'[]',NULL,NULL,NULL,NULL,NULL,NULL,NULL,NULL,NULL,0,0,'',''),(151,105,NULL,557,11,'2023-11-03 09:37:58','2023-11-03 09:37:58',6,'simple','{\"info_buyRequest\":{\"uenc\":\"aHR0cDovL3NhbXBsZXByb2R1Y3QuZGVtbzkubWFnZWFudHMuYml6L2dlYXIvYmFncy5odG1sP3A9Mg,,\",\"product\":\"6\",\"sample-price\":\"40\",\"isSample\":\"1\",\"qty\":1},\"additional_options\":[{\"label\":\"Sample Order\",\"value\":\" - Yes\"}]}',NULL,0,'24-MB02','Fusion Backpack',NULL,NULL,NULL,0,0,NULL,0.0000,0.0000,6.0000,0.0000,0.0000,NULL,40.0000,40.0000,59.0000,59.0000,0.0000,0.0000,0.0000,0.0000,0.0000,0.0000,0.0000,0.0000,0.0000,0.0000,0.0000,0.0000,240.0000,240.0000,0.0000,0.0000,0.0000,NULL,NULL,NULL,NULL,NULL,40.0000,40.0000,240.0000,240.0000,0.0000,0.0000,NULL,NULL,NULL,NULL,NULL,NULL,NULL,NULL,NULL,NULL,NULL,NULL,NULL,NULL,NULL,NULL,NULL,NULL,NULL,NULL,0,0,'',''),(152,106,NULL,558,11,'2023-11-03 09:46:14','2023-11-03 09:46:14',6,'simple','{\"info_buyRequest\":{\"uenc\":\"aHR0cDovL3NhbXBsZXByb2R1Y3QuZGVtbzkubWFnZWFudHMuYml6L2dlYXIvYmFncy5odG1sP3A9Mg,,\",\"product\":\"6\",\"sample-price\":\"0\",\"isSample\":\"1\",\"qty\":1},\"additional_options\":[{\"label\":\"Sample Order\",\"value\":\" - Yes\"}]}',NULL,0,'24-MB02','Fusion Backpack',NULL,NULL,NULL,0,0,NULL,0.0000,0.0000,2.0000,0.0000,0.0000,NULL,0.0000,0.0000,59.0000,59.0000,0.0000,0.0000,0.0000,0.0000,0.0000,0.0000,0.0000,0.0000,0.0000,0.0000,0.0000,0.0000,0.0000,0.0000,0.0000,0.0000,0.0000,NULL,NULL,NULL,NULL,NULL,0.0000,0.0000,0.0000,0.0000,0.0000,0.0000,NULL,NULL,NULL,NULL,NULL,NULL,NULL,NULL,NULL,NULL,NULL,NULL,NULL,NULL,NULL,NULL,NULL,NULL,NULL,NULL,0,0,'',''),(153,107,NULL,591,6,'2023-11-06 06:11:07','2023-11-06 06:11:07',38,'simple','{\"info_buyRequest\":{\"uenc\":\"aHR0cDovL2ZvcmNlbG9naW4uZGVtbzkubWFnZWFudHMuYml6L2dlYXIvd2F0Y2hlcy5odG1s\",\"product\":\"38\",\"qty\":1}}',NULL,0,'24-MG03','Summit Watch',NULL,NULL,NULL,0,0,NULL,0.0000,0.0000,1.0000,0.0000,0.0000,NULL,54.0000,54.0000,54.0000,54.0000,8.2500,4.4600,4.4600,0.0000,0.0000,0.0000,0.0000,0.0000,0.0000,0.0000,0.0000,0.0000,54.0000,54.0000,0.0000,0.0000,0.0000,NULL,NULL,NULL,NULL,NULL,58.4600,58.4600,58.4600,58.4600,0.0000,0.0000,NULL,NULL,NULL,NULL,NULL,NULL,NULL,NULL,NULL,NULL,NULL,NULL,NULL,NULL,NULL,NULL,NULL,NULL,NULL,NULL,NULL,0,'',''),(154,108,NULL,592,11,'2023-11-06 06:36:40','2023-11-06 06:36:40',6,'simple','{\"info_buyRequest\":{\"uenc\":\"aHR0cDovL3NhbXBsZXByb2R1Y3QuZGVtbzkubWFnZWFudHMuYml6L2dlYXIvYmFncy5odG1s\",\"product\":\"6\",\"sample-price\":\"0\",\"isSample\":\"1\",\"qty\":1},\"additional_options\":[{\"label\":\"Sample Order\",\"value\":\" - Yes\"}]}',NULL,0,'24-MB02','Fusion Backpack',NULL,NULL,NULL,0,0,NULL,0.0000,0.0000,1.0000,0.0000,0.0000,NULL,0.0000,0.0000,59.0000,59.0000,8.2500,0.0000,0.0000,0.0000,0.0000,0.0000,0.0000,0.0000,0.0000,0.0000,0.0000,0.0000,0.0000,0.0000,0.0000,0.0000,0.0000,NULL,NULL,NULL,NULL,NULL,0.0000,0.0000,0.0000,0.0000,0.0000,0.0000,NULL,NULL,NULL,NULL,NULL,NULL,NULL,NULL,NULL,NULL,NULL,NULL,NULL,NULL,NULL,NULL,NULL,NULL,NULL,NULL,0,0,'',''),(155,109,NULL,593,11,'2023-11-06 06:37:40','2023-11-06 06:37:40',68,'configurable','{\"info_buyRequest\":{\"uenc\":\"aHR0cDovL3NhbXBsZXByb2R1Y3QuZGVtbzkubWFnZWFudHMuYml6L21lbi90b3BzLW1lbi9ob29kaWVzLWFuZC1zd2VhdHNoaXJ0cy1tZW4uaHRtbA,,\",\"product\":\"68\",\"sample-price\":\"40\",\"isSample\":\"1\",\"super_attribute\":{\"142\":\"170\",\"93\":\"56\"},\"qty\":1},\"attributes_info\":[{\"label\":\"Size\",\"value\":\"XL\",\"option_id\":142,\"option_value\":\"170\"},{\"label\":\"Color\",\"value\":\"Orange\",\"option_id\":93,\"option_value\":\"56\"}],\"simple_name\":\"Chaz Kangeroo Hoodie-XL-Orange\",\"simple_sku\":\"MH01-XL-Orange\",\"product_calculations\":1,\"shipment_type\":0,\"additional_options\":[{\"label\":\"Sample Order\",\"value\":\" - Yes\"}]}',1.0000,0,'MH01-XL-Orange','Chaz Kangeroo Hoodie',NULL,NULL,NULL,0,0,NULL,0.0000,0.0000,1.0000,0.0000,0.0000,NULL,40.0000,40.0000,52.0000,52.0000,8.2500,3.3000,3.3000,0.0000,0.0000,0.0000,0.0000,0.0000,0.0000,0.0000,0.0000,0.0000,40.0000,40.0000,0.0000,0.0000,1.0000,NULL,NULL,NULL,NULL,NULL,43.3000,43.3000,43.3000,43.3000,0.0000,0.0000,NULL,NULL,NULL,NULL,NULL,NULL,NULL,NULL,NULL,NULL,NULL,NULL,NULL,NULL,NULL,NULL,NULL,NULL,NULL,NULL,0,0,'',''),(156,109,155,594,11,'2023-11-06 06:37:40','2023-11-06 06:37:40',67,'simple','{\"info_buyRequest\":{\"uenc\":\"aHR0cDovL3NhbXBsZXByb2R1Y3QuZGVtbzkubWFnZWFudHMuYml6L21lbi90b3BzLW1lbi9ob29kaWVzLWFuZC1zd2VhdHNoaXJ0cy1tZW4uaHRtbA,,\",\"product\":\"68\",\"sample-price\":\"40\",\"isSample\":\"1\",\"super_attribute\":{\"142\":\"170\",\"93\":\"56\"},\"qty\":1},\"additional_options\":[{\"label\":\"Sample Order\",\"value\":\" - Yes\"}]}',1.0000,0,'MH01-XL-Orange','Chaz Kangeroo Hoodie-XL-Orange',NULL,NULL,NULL,0,0,NULL,0.0000,0.0000,1.0000,0.0000,0.0000,NULL,0.0000,0.0000,0.0000,NULL,0.0000,0.0000,0.0000,0.0000,0.0000,0.0000,0.0000,0.0000,0.0000,0.0000,0.0000,0.0000,0.0000,0.0000,0.0000,0.0000,0.0000,NULL,NULL,NULL,NULL,NULL,NULL,NULL,NULL,NULL,NULL,NULL,NULL,NULL,NULL,NULL,NULL,NULL,NULL,NULL,NULL,NULL,NULL,NULL,NULL,NULL,NULL,NULL,NULL,NULL,NULL,NULL,0,0,'',''),(157,110,NULL,596,1,'2023-11-10 05:57:02','2023-11-10 05:57:02',49,'downloadable','{\"info_buyRequest\":{\"uenc\":\"aHR0cDovL2RlbW85Lm1hZ2VhbnRzLmJpei90cmFpbmluZy90cmFpbmluZy12aWRlby5odG1s\",\"product\":\"49\",\"qty\":1},\"links\":[\"5\"],\"is_downloadable\":true,\"real_product_type\":\"downloadable\"}',NULL,1,'240-LV08','Advanced Pilates & Yoga (Strength)',NULL,NULL,NULL,0,0,NULL,0.0000,0.0000,1.0000,0.0000,0.0000,NULL,18.0000,18.0000,18.0000,18.0000,8.2500,1.4900,1.4900,0.0000,0.0000,0.0000,0.0000,0.0000,0.0000,0.0000,0.0000,0.0000,18.0000,18.0000,0.0000,0.0000,0.0000,NULL,NULL,NULL,NULL,NULL,19.4900,19.4900,19.4900,19.4900,0.0000,0.0000,NULL,NULL,NULL,NULL,NULL,NULL,NULL,NULL,NULL,NULL,NULL,NULL,NULL,NULL,NULL,NULL,NULL,NULL,NULL,NULL,NULL,0,'',''),(158,111,NULL,611,12,'2023-12-15 06:06:57','2023-12-15 06:06:57',1,'simple','{\"info_buyRequest\":{\"uenc\":\"aHR0cDovL3NpbXBsZWNvbmZpZ3VyYWJsZS5kZW1vOS5tYWdlYW50cy5iaXovam91c3QtZHVmZmxlLWJhZy5odG1s\",\"product\":\"1\",\"selected_configurable_option\":\"\",\"related_product\":\"\",\"item\":\"1\",\"options\":{\"1\":\"qeqeqeqew\",\"2\":\"ewqeqeqeqwew\"},\"qty\":\"1\",\"sample-price\":\"15\",\"isSample\":\"0\"},\"options\":[{\"label\":\"qwerty\",\"value\":\"qeqeqeqew\",\"print_value\":\"qeqeqeqew\",\"option_id\":\"1\",\"option_type\":\"field\",\"option_value\":\"qeqeqeqew\",\"custom_view\":false},{\"label\":\"qwewqrewr\",\"value\":\"ewqeqeqeqwew\",\"print_value\":\"ewqeqeqeqwew\",\"option_id\":\"2\",\"option_type\":\"area\",\"option_value\":\"ewqeqeqeqwew\",\"custom_view\":false}]}',NULL,0,'24-MB01-132-321321','Joust Duffle Bag',NULL,NULL,NULL,0,0,NULL,0.0000,0.0000,1.0000,0.0000,0.0000,NULL,56.0000,56.0000,34.0000,34.0000,0.0000,0.0000,0.0000,0.0000,0.0000,0.0000,0.0000,0.0000,0.0000,0.0000,0.0000,0.0000,56.0000,56.0000,0.0000,0.0000,0.0000,NULL,NULL,NULL,NULL,NULL,56.0000,56.0000,56.0000,56.0000,0.0000,0.0000,NULL,NULL,NULL,NULL,NULL,NULL,NULL,NULL,NULL,NULL,NULL,NULL,NULL,NULL,NULL,NULL,NULL,NULL,NULL,NULL,0,0,'',''),(159,112,NULL,612,12,'2023-12-15 06:08:03','2023-12-15 06:08:03',1,'simple','{\"info_buyRequest\":{\"uenc\":\"aHR0cDovL3NpbXBsZWNvbmZpZ3VyYWJsZS5kZW1vOS5tYWdlYW50cy5iaXovam91c3QtZHVmZmxlLWJhZy5odG1s\",\"product\":\"1\",\"selected_configurable_option\":\"\",\"related_product\":\"\",\"item\":\"1\",\"options\":{\"1\":\"qeqeqeqew\",\"2\":\"frfrfref\"},\"qty\":\"1\",\"sample-price\":\"15\",\"isSample\":\"0\"},\"options\":[{\"label\":\"qwerty\",\"value\":\"qeqeqeqew\",\"print_value\":\"qeqeqeqew\",\"option_id\":\"1\",\"option_type\":\"field\",\"option_value\":\"qeqeqeqew\",\"custom_view\":false},{\"label\":\"qwewqrewr\",\"value\":\"frfrfref\",\"print_value\":\"frfrfref\",\"option_id\":\"2\",\"option_type\":\"area\",\"option_value\":\"frfrfref\",\"custom_view\":false}]}',NULL,0,'24-MB01-132-321321','Joust Duffle Bag',NULL,NULL,NULL,0,0,NULL,0.0000,0.0000,1.0000,0.0000,0.0000,NULL,56.0000,56.0000,34.0000,34.0000,0.0000,0.0000,0.0000,0.0000,0.0000,0.0000,0.0000,0.0000,0.0000,0.0000,0.0000,0.0000,56.0000,56.0000,0.0000,0.0000,0.0000,NULL,NULL,NULL,NULL,NULL,56.0000,56.0000,56.0000,56.0000,0.0000,0.0000,NULL,NULL,NULL,NULL,NULL,NULL,NULL,NULL,NULL,NULL,NULL,NULL,NULL,NULL,NULL,NULL,NULL,NULL,NULL,NULL,0,0,'',''),(160,113,NULL,613,12,'2023-12-15 06:10:32','2023-12-15 06:10:32',1,'simple','{\"info_buyRequest\":{\"uenc\":\"aHR0cDovL3NpbXBsZWNvbmZpZ3VyYWJsZS5kZW1vOS5tYWdlYW50cy5iaXovam91c3QtZHVmZmxlLWJhZy5odG1s\",\"product\":\"1\",\"selected_configurable_option\":\"\",\"related_product\":\"\",\"item\":\"1\",\"options\":{\"1\":\"12\",\"2\":\"12\"},\"qty\":\"1\",\"sample-price\":\"15\",\"isSample\":\"0\"},\"options\":[{\"label\":\"qwerty\",\"value\":\"12\",\"print_value\":\"12\",\"option_id\":\"1\",\"option_type\":\"field\",\"option_value\":\"12\",\"custom_view\":false},{\"label\":\"qwewqrewr\",\"value\":\"12\",\"print_value\":\"12\",\"option_id\":\"2\",\"option_type\":\"area\",\"option_value\":\"12\",\"custom_view\":false}]}',NULL,0,'24-MB01-132-321321','Joust Duffle Bag',NULL,NULL,NULL,0,0,NULL,0.0000,0.0000,1.0000,0.0000,0.0000,NULL,56.0000,56.0000,34.0000,34.0000,0.0000,0.0000,0.0000,0.0000,0.0000,0.0000,0.0000,0.0000,0.0000,0.0000,0.0000,0.0000,56.0000,56.0000,0.0000,0.0000,0.0000,NULL,NULL,NULL,NULL,NULL,56.0000,56.0000,56.0000,56.0000,0.0000,0.0000,NULL,NULL,NULL,NULL,NULL,NULL,NULL,NULL,NULL,NULL,NULL,NULL,NULL,NULL,NULL,NULL,NULL,NULL,NULL,NULL,0,0,'',''),(161,114,NULL,614,1,'2023-12-15 06:11:33','2023-12-15 06:11:33',8,'simple','{\"info_buyRequest\":{\"uenc\":\"aHR0cDovL2RlbW85Lm1hZ2VhbnRzLmJpei9nZWFyL2JhZ3MuaHRtbA,,\",\"product\":\"8\",\"qty\":1}}',NULL,0,'24-WB01','Voyage Yoga Bag',NULL,NULL,NULL,0,0,NULL,0.0000,0.0000,1.0000,0.0000,0.0000,NULL,32.0000,32.0000,32.0000,32.0000,0.0000,0.0000,0.0000,0.0000,0.0000,0.0000,0.0000,0.0000,0.0000,0.0000,0.0000,0.0000,32.0000,32.0000,0.0000,0.0000,0.0000,NULL,NULL,NULL,NULL,NULL,32.0000,32.0000,32.0000,32.0000,0.0000,0.0000,NULL,NULL,NULL,NULL,NULL,NULL,NULL,NULL,NULL,NULL,NULL,NULL,NULL,NULL,NULL,NULL,NULL,NULL,NULL,NULL,0,0,'',''),(162,115,NULL,615,12,'2023-12-15 06:20:13','2023-12-15 06:20:13',1,'simple','{\"info_buyRequest\":{\"uenc\":\"aHR0cDovL3NpbXBsZWNvbmZpZ3VyYWJsZS5kZW1vOS5tYWdlYW50cy5iaXovam91c3QtZHVmZmxlLWJhZy5odG1s\",\"product\":\"1\",\"selected_configurable_option\":\"\",\"related_product\":\"\",\"item\":\"1\",\"options\":{\"1\":\"asd\",\"2\":\"as\"},\"qty\":\"1\",\"sample-price\":\"15\",\"isSample\":\"0\"},\"options\":[{\"label\":\"qwerty\",\"value\":\"asd\",\"print_value\":\"asd\",\"option_id\":\"1\",\"option_type\":\"field\",\"option_value\":\"asd\",\"custom_view\":false},{\"label\":\"qwewqrewr\",\"value\":\"as\",\"print_value\":\"as\",\"option_id\":\"2\",\"option_type\":\"area\",\"option_value\":\"as\",\"custom_view\":false}]}',NULL,0,'24-MB01-132-321321','Joust Duffle Bag',NULL,NULL,NULL,0,0,NULL,0.0000,0.0000,1.0000,0.0000,0.0000,NULL,56.0000,56.0000,34.0000,34.0000,0.0000,0.0000,0.0000,0.0000,0.0000,0.0000,0.0000,0.0000,0.0000,0.0000,0.0000,0.0000,56.0000,56.0000,0.0000,0.0000,0.0000,NULL,NULL,NULL,NULL,NULL,56.0000,56.0000,56.0000,56.0000,0.0000,0.0000,NULL,NULL,NULL,NULL,NULL,NULL,NULL,NULL,NULL,NULL,NULL,NULL,NULL,NULL,NULL,NULL,NULL,NULL,NULL,NULL,0,0,'',''),(163,116,NULL,616,1,'2023-12-15 06:24:07','2023-12-15 06:24:07',38,'simple','{\"info_buyRequest\":{\"uenc\":\"aHR0cDovL2RlbW85Lm1hZ2VhbnRzLmJpei9nZWFyL3dhdGNoZXMuaHRtbA,,\",\"product\":\"38\",\"qty\":1}}',NULL,0,'24-MG03','Summit Watch',NULL,'2',NULL,0,0,NULL,0.0000,0.0000,1.0000,0.0000,0.0000,NULL,54.0000,54.0000,54.0000,54.0000,0.0000,0.0000,0.0000,0.0000,0.0000,0.0000,0.0000,0.0000,0.0000,0.0000,0.0000,0.0000,54.0000,54.0000,0.0000,0.0000,0.0000,NULL,NULL,NULL,NULL,NULL,54.0000,54.0000,54.0000,54.0000,0.0000,0.0000,NULL,NULL,NULL,NULL,NULL,NULL,NULL,NULL,NULL,NULL,NULL,NULL,NULL,NULL,NULL,NULL,NULL,NULL,NULL,NULL,NULL,0,'','');

--
-- Table structure for table `sales_order_status`
--

CREATE TABLE `sales_order_status` (
  `status` varchar(32) NOT NULL COMMENT 'Status',
  `label` varchar(128) NOT NULL COMMENT 'Label',
  PRIMARY KEY (`status`)
) ENGINE=InnoDB DEFAULT CHARSET=utf8 COMMENT='Sales Order Status Table';

--
-- Dumping data for table `sales_order_status`
--

INSERT INTO `sales_order_status` VALUES ('canceled','Canceled'),('closed','Closed'),('complete','Complete'),('fraud','Suspected Fraud'),('holded','On Hold'),('payment_review','Payment Review'),('paypal_canceled_reversal','PayPal Canceled Reversal'),('paypal_reversed','PayPal Reversed'),('pending','Pending'),('pending_payment','Pending Payment'),('pending_paypal','Pending PayPal'),('processing','Processing');

--
-- Table structure for table `sales_order_status_history`
--

CREATE TABLE `sales_order_status_history` (
  `entity_id` int(10) unsigned NOT NULL AUTO_INCREMENT COMMENT 'Entity ID',
  `parent_id` int(10) unsigned NOT NULL COMMENT 'Parent ID',
  `is_customer_notified` int(11) DEFAULT NULL COMMENT 'Is Customer Notified',
  `is_visible_on_front` smallint(5) unsigned NOT NULL DEFAULT '0' COMMENT 'Is Visible On Front',
  `comment` text COMMENT 'Comment',
  `status` varchar(32) DEFAULT NULL COMMENT 'Status',
  `created_at` timestamp NOT NULL DEFAULT CURRENT_TIMESTAMP COMMENT 'Created At',
  `entity_name` varchar(32) DEFAULT NULL COMMENT 'Shows what entity history is bind to.',
  PRIMARY KEY (`entity_id`),
  KEY `SALES_ORDER_STATUS_HISTORY_PARENT_ID` (`parent_id`),
  KEY `SALES_ORDER_STATUS_HISTORY_CREATED_AT` (`created_at`),
  CONSTRAINT `SALES_ORDER_STATUS_HISTORY_PARENT_ID_SALES_ORDER_ENTITY_ID` FOREIGN KEY (`parent_id`) REFERENCES `sales_order` (`entity_id`) ON DELETE CASCADE
) ENGINE=InnoDB AUTO_INCREMENT=7 DEFAULT CHARSET=utf8 COMMENT='Sales Flat Order Status History';

--
-- Dumping data for table `sales_order_status_history`
--

INSERT INTO `sales_order_status_history` VALUES (1,2,1,0,'We refunded $39.64 offline.','closed','2022-10-12 05:29:17','creditmemo'),(2,7,0,0,'We refunded $39.00 offline.','closed','2022-11-02 07:42:09','creditmemo'),(3,21,0,0,'We refunded $37.00 offline.','closed','2022-11-23 10:38:50','creditmemo'),(4,22,0,0,'We refunded $67.00 offline.','closed','2022-11-23 11:04:19','creditmemo'),(5,28,0,0,'We refunded $3,784.00 offline.','closed','2023-03-15 05:27:46','creditmemo'),(6,60,0,0,'We refunded -$1.00 offline.','complete','2023-10-11 08:44:32','creditmemo');

--
-- Table structure for table `sales_order_status_label`
--

CREATE TABLE `sales_order_status_label` (
  `status` varchar(32) NOT NULL COMMENT 'Status',
  `store_id` smallint(5) unsigned NOT NULL COMMENT 'Store ID',
  `label` varchar(128) NOT NULL COMMENT 'Label',
  PRIMARY KEY (`status`,`store_id`),
  KEY `SALES_ORDER_STATUS_LABEL_STORE_ID` (`store_id`),
  CONSTRAINT `SALES_ORDER_STATUS_LABEL_STATUS_SALES_ORDER_STATUS_STATUS` FOREIGN KEY (`status`) REFERENCES `sales_order_status` (`status`) ON DELETE CASCADE,
  CONSTRAINT `SALES_ORDER_STATUS_LABEL_STORE_ID_STORE_STORE_ID` FOREIGN KEY (`store_id`) REFERENCES `store` (`store_id`) ON DELETE CASCADE
) ENGINE=InnoDB DEFAULT CHARSET=utf8 COMMENT='Sales Order Status Label Table';

--
-- Dumping data for table `sales_order_status_label`
--


--
-- Table structure for table `sales_order_status_state`
--

CREATE TABLE `sales_order_status_state` (
  `status` varchar(32) NOT NULL COMMENT 'Status',
  `state` varchar(32) NOT NULL COMMENT 'Label',
  `is_default` smallint(5) unsigned NOT NULL DEFAULT '0' COMMENT 'Is Default',
  `visible_on_front` smallint(5) unsigned NOT NULL DEFAULT '0' COMMENT 'Visible on front',
  PRIMARY KEY (`status`,`state`),
  CONSTRAINT `SALES_ORDER_STATUS_STATE_STATUS_SALES_ORDER_STATUS_STATUS` FOREIGN KEY (`status`) REFERENCES `sales_order_status` (`status`) ON DELETE CASCADE
) ENGINE=InnoDB DEFAULT CHARSET=utf8 COMMENT='Sales Order Status Table';

--
-- Dumping data for table `sales_order_status_state`
--

INSERT INTO `sales_order_status_state` VALUES ('canceled','canceled',1,1),('closed','closed',1,1),('complete','complete',1,1),('fraud','payment_review',0,1),('fraud','processing',0,1),('holded','holded',1,1),('payment_review','payment_review',1,1),('pending','new',1,1),('pending_payment','pending_payment',1,0),('processing','processing',1,1);

--
-- Table structure for table `sales_order_tax`
--

CREATE TABLE `sales_order_tax` (
  `tax_id` int(10) unsigned NOT NULL AUTO_INCREMENT COMMENT 'Tax ID',
  `order_id` int(10) unsigned NOT NULL COMMENT 'Order ID',
  `code` varchar(255) DEFAULT NULL COMMENT 'Code',
  `title` varchar(255) DEFAULT NULL COMMENT 'Title',
  `percent` decimal(12,4) DEFAULT NULL COMMENT 'Percent',
  `amount` decimal(20,4) DEFAULT NULL COMMENT 'Amount',
  `priority` int(11) NOT NULL COMMENT 'Priority',
  `position` int(11) NOT NULL COMMENT 'Position',
  `base_amount` decimal(20,4) DEFAULT NULL COMMENT 'Base Amount',
  `process` smallint(6) NOT NULL COMMENT 'Process',
  `base_real_amount` decimal(20,4) DEFAULT NULL COMMENT 'Base Real Amount',
  PRIMARY KEY (`tax_id`),
  KEY `SALES_ORDER_TAX_ORDER_ID_PRIORITY_POSITION` (`order_id`,`priority`,`position`)
) ENGINE=InnoDB AUTO_INCREMENT=26 DEFAULT CHARSET=utf8 COMMENT='Sales Order Tax Table';

--
-- Dumping data for table `sales_order_tax`
--

INSERT INTO `sales_order_tax` VALUES (1,1,'US-MI-*-Rate 1','US-MI-*-Rate 1',8.2500,2.3900,0,0,2.3900,0,2.3900),(2,2,'US-MI-*-Rate 1','US-MI-*-Rate 1',8.2500,2.6400,0,0,2.6400,0,2.6400),(3,14,'US-MI-*-Rate 1','US-MI-*-Rate 1',8.2500,3.7100,0,0,3.7100,0,3.7100),(4,26,'US-MI-*-Rate 1','US-MI-*-Rate 1',8.2500,7.5900,0,0,7.5900,0,7.5900),(5,30,'US-MI-*-Rate 1','US-MI-*-Rate 1',8.2500,3.1400,0,0,3.1400,0,3.1400),(6,31,'US-MI-*-Rate 1','US-MI-*-Rate 1',8.2500,3.7100,0,0,3.7100,0,3.7100),(7,32,'US-MI-*-Rate 1','US-MI-*-Rate 1',8.2500,2.6400,0,0,2.6400,0,2.6400),(8,34,'US-MI-*-Rate 1','US-MI-*-Rate 1',8.2500,0.5800,0,0,0.5800,0,0.5800),(9,35,'US-MI-*-Rate 1','US-MI-*-Rate 1',8.2500,5.7800,0,0,5.7800,0,5.7800),(10,38,'US-MI-*-Rate 1','US-MI-*-Rate 1',8.2500,3.1400,0,0,3.1400,0,3.1400),(11,40,'US-MI-*-Rate 1','US-MI-*-Rate 1',8.2500,0.5000,0,0,0.5000,0,0.5000),(12,49,'US-MI-*-Rate 1','US-MI-*-Rate 1',8.2500,2.3900,0,0,2.3900,0,2.3900),(13,69,'US-MI-*-Rate 1','US-MI-*-Rate 1',8.2500,6.1100,0,0,6.1100,0,6.1100),(14,70,'US-MI-*-Rate 1','US-MI-*-Rate 1',8.2500,4.8700,0,0,4.8700,0,4.8700),(15,76,'US-MI-*-Rate 1','US-MI-*-Rate 1',8.2500,8.0000,0,0,8.0000,0,8.0000),(16,77,'US-MI-*-Rate 1','US-MI-*-Rate 1',8.2500,4.2900,0,0,4.2900,0,4.2900),(17,78,'US-MI-*-Rate 1','US-MI-*-Rate 1',8.2500,2.9700,0,0,2.9700,0,2.9700),(18,79,'US-MI-*-Rate 1','US-MI-*-Rate 1',8.2500,5.1200,0,0,5.1200,0,5.1200),(19,80,'US-MI-*-Rate 1','US-MI-*-Rate 1',8.2500,2.3900,0,0,2.3900,0,2.3900),(20,93,'US-MI-*-Rate 1','US-MI-*-Rate 1',8.2500,4.8700,0,0,4.8700,0,4.8700),(21,94,'US-MI-*-Rate 1','US-MI-*-Rate 1',8.2500,3.7100,0,0,3.7100,0,3.7100),(22,101,'US-MI-*-Rate 1','US-MI-*-Rate 1',8.2500,6.1100,0,0,6.1100,0,6.1100),(23,107,'US-MI-*-Rate 1','US-MI-*-Rate 1',8.2500,4.4600,0,0,4.4600,0,4.4600),(24,109,'US-MI-*-Rate 1','US-MI-*-Rate 1',8.2500,3.3000,0,0,3.3000,0,3.3000),(25,110,'US-MI-*-Rate 1','US-MI-*-Rate 1',8.2500,1.4900,0,0,1.4900,0,1.4900);

--
-- Table structure for table `sales_order_tax_item`
--

CREATE TABLE `sales_order_tax_item` (
  `tax_item_id` int(10) unsigned NOT NULL AUTO_INCREMENT COMMENT 'Tax Item ID',
  `tax_id` int(10) unsigned NOT NULL COMMENT 'Tax ID',
  `item_id` int(10) unsigned DEFAULT NULL COMMENT 'Item ID',
  `tax_percent` decimal(12,4) NOT NULL COMMENT 'Real Tax Percent For Item',
  `amount` decimal(20,4) NOT NULL COMMENT 'Tax amount for the item and tax rate',
  `base_amount` decimal(20,4) NOT NULL COMMENT 'Base tax amount for the item and tax rate',
  `real_amount` decimal(20,4) NOT NULL COMMENT 'Real tax amount for the item and tax rate',
  `real_base_amount` decimal(20,4) NOT NULL COMMENT 'Real base tax amount for the item and tax rate',
  `associated_item_id` int(10) unsigned DEFAULT NULL COMMENT 'Id of the associated item',
  `taxable_item_type` varchar(32) NOT NULL COMMENT 'Type of the taxable item',
  PRIMARY KEY (`tax_item_id`),
  UNIQUE KEY `SALES_ORDER_TAX_ITEM_TAX_ID_ITEM_ID` (`tax_id`,`item_id`),
  KEY `SALES_ORDER_TAX_ITEM_ASSOCIATED_ITEM_ID_SALES_ORDER_ITEM_ITEM_ID` (`associated_item_id`),
  KEY `SALES_ORDER_TAX_ITEM_ITEM_ID` (`item_id`),
  CONSTRAINT `SALES_ORDER_TAX_ITEM_ASSOCIATED_ITEM_ID_SALES_ORDER_ITEM_ITEM_ID` FOREIGN KEY (`associated_item_id`) REFERENCES `sales_order_item` (`item_id`) ON DELETE CASCADE,
  CONSTRAINT `SALES_ORDER_TAX_ITEM_ITEM_ID_SALES_ORDER_ITEM_ITEM_ID` FOREIGN KEY (`item_id`) REFERENCES `sales_order_item` (`item_id`) ON DELETE CASCADE,
  CONSTRAINT `SALES_ORDER_TAX_ITEM_TAX_ID_SALES_ORDER_TAX_TAX_ID` FOREIGN KEY (`tax_id`) REFERENCES `sales_order_tax` (`tax_id`) ON DELETE CASCADE
) ENGINE=InnoDB AUTO_INCREMENT=27 DEFAULT CHARSET=utf8 COMMENT='Sales Order Tax Item';

--
-- Dumping data for table `sales_order_tax_item`
--

INSERT INTO `sales_order_tax_item` VALUES (1,1,NULL,8.2500,2.3900,2.3900,2.3900,2.3900,NULL,'product'),(2,2,NULL,8.2500,2.6400,2.6400,2.6400,2.6400,NULL,'product'),(3,3,17,8.2500,3.7100,3.7100,3.7100,3.7100,NULL,'product'),(4,4,32,8.2500,7.5900,7.5900,7.5900,7.5900,NULL,'product'),(5,5,39,8.2500,3.1400,3.1400,3.1400,3.1400,NULL,'product'),(6,6,40,8.2500,3.7100,3.7100,3.7100,3.7100,NULL,'product'),(7,7,41,8.2500,2.6400,2.6400,2.6400,2.6400,NULL,'product'),(8,8,NULL,8.2500,0.5800,0.5800,0.5800,0.5800,NULL,'product'),(9,9,44,8.2500,5.7800,5.7800,5.7800,5.7800,NULL,'product'),(10,10,49,8.2500,3.1400,3.1400,3.1400,3.1400,NULL,'product'),(11,11,51,8.2500,0.5000,0.5000,0.5000,0.5000,NULL,'product'),(12,12,70,8.2500,2.3900,2.3900,2.3900,2.3900,NULL,'product'),(13,13,104,8.2500,6.1100,6.1100,6.1100,6.1100,NULL,'product'),(14,14,105,8.2500,4.8700,4.8700,4.8700,4.8700,NULL,'product'),(15,15,112,8.2500,4.2900,4.2900,4.2900,4.2900,NULL,'product'),(16,15,114,8.2500,3.7100,3.7100,3.7100,3.7100,NULL,'product'),(17,16,115,8.2500,4.2900,4.2900,4.2900,4.2900,NULL,'product'),(18,17,117,8.2500,2.9700,2.9700,2.9700,2.9700,NULL,'product'),(19,18,118,8.2500,5.1200,5.1200,5.1200,5.1200,NULL,'product'),(20,19,120,8.2500,2.3900,2.3900,2.3900,2.3900,NULL,'product'),(21,20,136,8.2500,4.8700,4.8700,4.8700,4.8700,NULL,'product'),(22,21,137,8.2500,3.7100,3.7100,3.7100,3.7100,NULL,'product'),(23,22,147,8.2500,6.1100,6.1100,6.1100,6.1100,NULL,'product'),(24,23,153,8.2500,4.4600,4.4600,4.4600,4.4600,NULL,'product'),(25,24,155,8.2500,3.3000,3.3000,3.3000,3.3000,NULL,'product'),(26,25,157,8.2500,1.4900,1.4900,1.4900,1.4900,NULL,'product');

--
-- Table structure for table `sales_payment_transaction`
--

CREATE TABLE `sales_payment_transaction` (
  `transaction_id` int(10) unsigned NOT NULL AUTO_INCREMENT COMMENT 'Transaction ID',
  `parent_id` int(10) unsigned DEFAULT NULL COMMENT 'Parent ID',
  `order_id` int(10) unsigned NOT NULL DEFAULT '0' COMMENT 'Order ID',
  `payment_id` int(10) unsigned NOT NULL DEFAULT '0' COMMENT 'Payment ID',
  `txn_id` varchar(100) DEFAULT NULL COMMENT 'Txn ID',
  `parent_txn_id` varchar(100) DEFAULT NULL COMMENT 'Parent Txn ID',
  `txn_type` varchar(15) DEFAULT NULL COMMENT 'Txn Type',
  `is_closed` smallint(5) unsigned NOT NULL DEFAULT '1' COMMENT 'Is Closed',
  `additional_information` blob COMMENT 'Additional Information',
  `created_at` timestamp NOT NULL DEFAULT CURRENT_TIMESTAMP COMMENT 'Created At',
  PRIMARY KEY (`transaction_id`),
  UNIQUE KEY `SALES_PAYMENT_TRANSACTION_ORDER_ID_PAYMENT_ID_TXN_ID` (`order_id`,`payment_id`,`txn_id`),
  KEY `SALES_PAYMENT_TRANSACTION_PARENT_ID` (`parent_id`),
  KEY `SALES_PAYMENT_TRANSACTION_PAYMENT_ID` (`payment_id`),
  CONSTRAINT `FK_B99FF1A06402D725EBDB0F3A7ECD47A2` FOREIGN KEY (`parent_id`) REFERENCES `sales_payment_transaction` (`transaction_id`) ON DELETE CASCADE,
  CONSTRAINT `SALES_PAYMENT_TRANSACTION_ORDER_ID_SALES_ORDER_ENTITY_ID` FOREIGN KEY (`order_id`) REFERENCES `sales_order` (`entity_id`) ON DELETE CASCADE,
  CONSTRAINT `SALES_PAYMENT_TRANSACTION_PAYMENT_ID_SALES_ORDER_PAYMENT_ENTT_ID` FOREIGN KEY (`payment_id`) REFERENCES `sales_order_payment` (`entity_id`) ON DELETE CASCADE
) ENGINE=InnoDB DEFAULT CHARSET=utf8 COMMENT='Sales Payment Transaction';

--
-- Dumping data for table `sales_payment_transaction`
--


--
-- Table structure for table `sales_refunded_aggregated`
--

CREATE TABLE `sales_refunded_aggregated` (
  `id` int(10) unsigned NOT NULL AUTO_INCREMENT COMMENT 'ID',
  `period` date DEFAULT NULL COMMENT 'Period',
  `store_id` smallint(5) unsigned DEFAULT NULL COMMENT 'Store ID',
  `order_status` varchar(50) NOT NULL COMMENT 'Order Status',
  `orders_count` int(11) NOT NULL DEFAULT '0' COMMENT 'Orders Count',
  `refunded` decimal(20,4) DEFAULT NULL COMMENT 'Refunded',
  `online_refunded` decimal(20,4) DEFAULT NULL COMMENT 'Online Refunded',
  `offline_refunded` decimal(20,4) DEFAULT NULL COMMENT 'Offline Refunded',
  PRIMARY KEY (`id`),
  UNIQUE KEY `SALES_REFUNDED_AGGREGATED_PERIOD_STORE_ID_ORDER_STATUS` (`period`,`store_id`,`order_status`),
  KEY `SALES_REFUNDED_AGGREGATED_STORE_ID` (`store_id`),
  CONSTRAINT `SALES_REFUNDED_AGGREGATED_STORE_ID_STORE_STORE_ID` FOREIGN KEY (`store_id`) REFERENCES `store` (`store_id`) ON DELETE SET NULL
) ENGINE=InnoDB DEFAULT CHARSET=utf8 COMMENT='Sales Refunded Aggregated';

--
-- Dumping data for table `sales_refunded_aggregated`
--


--
-- Table structure for table `sales_refunded_aggregated_order`
--

CREATE TABLE `sales_refunded_aggregated_order` (
  `id` int(10) unsigned NOT NULL AUTO_INCREMENT COMMENT 'ID',
  `period` date DEFAULT NULL COMMENT 'Period',
  `store_id` smallint(5) unsigned DEFAULT NULL COMMENT 'Store ID',
  `order_status` varchar(50) DEFAULT NULL COMMENT 'Order Status',
  `orders_count` int(11) NOT NULL DEFAULT '0' COMMENT 'Orders Count',
  `refunded` decimal(20,4) DEFAULT NULL COMMENT 'Refunded',
  `online_refunded` decimal(20,4) DEFAULT NULL COMMENT 'Online Refunded',
  `offline_refunded` decimal(20,4) DEFAULT NULL COMMENT 'Offline Refunded',
  PRIMARY KEY (`id`),
  UNIQUE KEY `SALES_REFUNDED_AGGREGATED_ORDER_PERIOD_STORE_ID_ORDER_STATUS` (`period`,`store_id`,`order_status`),
  KEY `SALES_REFUNDED_AGGREGATED_ORDER_STORE_ID` (`store_id`),
  CONSTRAINT `SALES_REFUNDED_AGGREGATED_ORDER_STORE_ID_STORE_STORE_ID` FOREIGN KEY (`store_id`) REFERENCES `store` (`store_id`) ON DELETE SET NULL
) ENGINE=InnoDB DEFAULT CHARSET=utf8 COMMENT='Sales Refunded Aggregated Order';

--
-- Dumping data for table `sales_refunded_aggregated_order`
--


--
-- Table structure for table `sales_sequence_meta`
--

CREATE TABLE `sales_sequence_meta` (
  `meta_id` int(10) unsigned NOT NULL AUTO_INCREMENT COMMENT 'ID',
  `entity_type` varchar(32) NOT NULL COMMENT 'Prefix',
  `store_id` smallint(5) unsigned NOT NULL COMMENT 'Store ID',
  `sequence_table` varchar(64) NOT NULL COMMENT 'table for sequence',
  PRIMARY KEY (`meta_id`),
  UNIQUE KEY `SALES_SEQUENCE_META_ENTITY_TYPE_STORE_ID` (`entity_type`,`store_id`)
) ENGINE=InnoDB AUTO_INCREMENT=57 DEFAULT CHARSET=utf8 COMMENT='sales_sequence_meta';

--
-- Dumping data for table `sales_sequence_meta`
--

INSERT INTO `sales_sequence_meta` VALUES (1,'order',0,'sequence_order_0'),(2,'invoice',0,'sequence_invoice_0'),(3,'creditmemo',0,'sequence_creditmemo_0'),(4,'shipment',0,'sequence_shipment_0'),(5,'order',1,'sequence_order_1'),(6,'invoice',1,'sequence_invoice_1'),(7,'creditmemo',1,'sequence_creditmemo_1'),(8,'shipment',1,'sequence_shipment_1'),(9,'order',2,'sequence_order_2'),(10,'invoice',2,'sequence_invoice_2'),(11,'creditmemo',2,'sequence_creditmemo_2'),(12,'shipment',2,'sequence_shipment_2'),(13,'order',3,'sequence_order_3'),(14,'invoice',3,'sequence_invoice_3'),(15,'creditmemo',3,'sequence_creditmemo_3'),(16,'shipment',3,'sequence_shipment_3'),(17,'order',4,'sequence_order_4'),(18,'invoice',4,'sequence_invoice_4'),(19,'creditmemo',4,'sequence_creditmemo_4'),(20,'shipment',4,'sequence_shipment_4'),(21,'order',5,'sequence_order_5'),(22,'invoice',5,'sequence_invoice_5'),(23,'creditmemo',5,'sequence_creditmemo_5'),(24,'shipment',5,'sequence_shipment_5'),(25,'order',6,'sequence_order_6'),(26,'invoice',6,'sequence_invoice_6'),(27,'creditmemo',6,'sequence_creditmemo_6'),(28,'shipment',6,'sequence_shipment_6'),(29,'order',7,'sequence_order_7'),(30,'invoice',7,'sequence_invoice_7'),(31,'creditmemo',7,'sequence_creditmemo_7'),(32,'shipment',7,'sequence_shipment_7'),(33,'order',8,'sequence_order_8'),(34,'invoice',8,'sequence_invoice_8'),(35,'creditmemo',8,'sequence_creditmemo_8'),(36,'shipment',8,'sequence_shipment_8'),(37,'order',9,'sequence_order_9'),(38,'invoice',9,'sequence_invoice_9'),(39,'creditmemo',9,'sequence_creditmemo_9'),(40,'shipment',9,'sequence_shipment_9'),(41,'order',10,'sequence_order_10'),(42,'invoice',10,'sequence_invoice_10'),(43,'creditmemo',10,'sequence_creditmemo_10'),(44,'shipment',10,'sequence_shipment_10'),(45,'order',11,'sequence_order_11'),(46,'invoice',11,'sequence_invoice_11'),(47,'creditmemo',11,'sequence_creditmemo_11'),(48,'shipment',11,'sequence_shipment_11'),(49,'order',12,'sequence_order_12'),(50,'invoice',12,'sequence_invoice_12'),(51,'creditmemo',12,'sequence_creditmemo_12'),(52,'shipment',12,'sequence_shipment_12'),(53,'order',13,'sequence_order_13'),(54,'invoice',13,'sequence_invoice_13'),(55,'creditmemo',13,'sequence_creditmemo_13'),(56,'shipment',13,'sequence_shipment_13');

--
-- Table structure for table `sales_sequence_profile`
--

CREATE TABLE `sales_sequence_profile` (
  `profile_id` int(10) unsigned NOT NULL AUTO_INCREMENT COMMENT 'ID',
  `meta_id` int(10) unsigned NOT NULL COMMENT 'Meta_id',
  `prefix` varchar(32) DEFAULT NULL COMMENT 'Prefix',
  `suffix` varchar(32) DEFAULT NULL COMMENT 'Suffix',
  `start_value` int(10) unsigned NOT NULL DEFAULT '1' COMMENT 'Start value for sequence',
  `step` int(10) unsigned NOT NULL DEFAULT '1' COMMENT 'Step for sequence',
  `max_value` int(10) unsigned NOT NULL COMMENT 'MaxValue for sequence',
  `warning_value` int(10) unsigned NOT NULL COMMENT 'WarningValue for sequence',
  `is_active` tinyint(1) NOT NULL DEFAULT '0' COMMENT 'isActive flag',
  PRIMARY KEY (`profile_id`),
  UNIQUE KEY `SALES_SEQUENCE_PROFILE_META_ID_PREFIX_SUFFIX` (`meta_id`,`prefix`,`suffix`),
  CONSTRAINT `SALES_SEQUENCE_PROFILE_META_ID_SALES_SEQUENCE_META_META_ID` FOREIGN KEY (`meta_id`) REFERENCES `sales_sequence_meta` (`meta_id`) ON DELETE CASCADE
) ENGINE=InnoDB AUTO_INCREMENT=57 DEFAULT CHARSET=utf8 COMMENT='sales_sequence_profile';

--
-- Dumping data for table `sales_sequence_profile`
--

INSERT INTO `sales_sequence_profile` VALUES (1,1,NULL,NULL,1,1,4294967295,4294966295,1),(2,2,NULL,NULL,1,1,4294967295,4294966295,1),(3,3,NULL,NULL,1,1,4294967295,4294966295,1),(4,4,NULL,NULL,1,1,4294967295,4294966295,1),(5,5,NULL,NULL,1,1,4294967295,4294966295,1),(6,6,NULL,NULL,1,1,4294967295,4294966295,1),(7,7,NULL,NULL,1,1,4294967295,4294966295,1),(8,8,NULL,NULL,1,1,4294967295,4294966295,1),(9,9,'2',NULL,1,1,4294967295,4294966295,1),(10,10,'2',NULL,1,1,4294967295,4294966295,1),(11,11,'2',NULL,1,1,4294967295,4294966295,1),(12,12,'2',NULL,1,1,4294967295,4294966295,1),(13,13,'3',NULL,1,1,4294967295,4294966295,1),(14,14,'3',NULL,1,1,4294967295,4294966295,1),(15,15,'3',NULL,1,1,4294967295,4294966295,1),(16,16,'3',NULL,1,1,4294967295,4294966295,1),(17,17,'4',NULL,1,1,4294967295,4294966295,1),(18,18,'4',NULL,1,1,4294967295,4294966295,1),(19,19,'4',NULL,1,1,4294967295,4294966295,1),(20,20,'4',NULL,1,1,4294967295,4294966295,1),(21,21,'5',NULL,1,1,4294967295,4294966295,1),(22,22,'5',NULL,1,1,4294967295,4294966295,1),(23,23,'5',NULL,1,1,4294967295,4294966295,1),(24,24,'5',NULL,1,1,4294967295,4294966295,1),(25,25,'6',NULL,1,1,4294967295,4294966295,1),(26,26,'6',NULL,1,1,4294967295,4294966295,1),(27,27,'6',NULL,1,1,4294967295,4294966295,1),(28,28,'6',NULL,1,1,4294967295,4294966295,1),(29,29,'7',NULL,1,1,4294967295,4294966295,1),(30,30,'7',NULL,1,1,4294967295,4294966295,1),(31,31,'7',NULL,1,1,4294967295,4294966295,1),(32,32,'7',NULL,1,1,4294967295,4294966295,1),(33,33,'8',NULL,1,1,4294967295,4294966295,1),(34,34,'8',NULL,1,1,4294967295,4294966295,1),(35,35,'8',NULL,1,1,4294967295,4294966295,1),(36,36,'8',NULL,1,1,4294967295,4294966295,1),(37,37,'9',NULL,1,1,4294967295,4294966295,1),(38,38,'9',NULL,1,1,4294967295,4294966295,1),(39,39,'9',NULL,1,1,4294967295,4294966295,1),(40,40,'9',NULL,1,1,4294967295,4294966295,1),(41,41,'10',NULL,1,1,4294967295,4294966295,1),(42,42,'10',NULL,1,1,4294967295,4294966295,1),(43,43,'10',NULL,1,1,4294967295,4294966295,1),(44,44,'10',NULL,1,1,4294967295,4294966295,1),(45,45,'11',NULL,1,1,4294967295,4294966295,1),(46,46,'11',NULL,1,1,4294967295,4294966295,1),(47,47,'11',NULL,1,1,4294967295,4294966295,1),(48,48,'11',NULL,1,1,4294967295,4294966295,1),(49,49,'12',NULL,1,1,4294967295,4294966295,1),(50,50,'12',NULL,1,1,4294967295,4294966295,1),(51,51,'12',NULL,1,1,4294967295,4294966295,1),(52,52,'12',NULL,1,1,4294967295,4294966295,1),(53,53,'13',NULL,1,1,4294967295,4294966295,1),(54,54,'13',NULL,1,1,4294967295,4294966295,1),(55,55,'13',NULL,1,1,4294967295,4294966295,1),(56,56,'13',NULL,1,1,4294967295,4294966295,1);

--
-- Table structure for table `sales_shipment`
--

CREATE TABLE `sales_shipment` (
  `entity_id` int(10) unsigned NOT NULL AUTO_INCREMENT COMMENT 'Entity ID',
  `store_id` smallint(5) unsigned DEFAULT NULL COMMENT 'Store ID',
  `total_weight` decimal(12,4) DEFAULT NULL COMMENT 'Total Weight',
  `total_qty` decimal(12,4) DEFAULT NULL COMMENT 'Total Qty',
  `email_sent` smallint(5) unsigned DEFAULT NULL COMMENT 'Email Sent',
  `send_email` smallint(5) unsigned DEFAULT NULL COMMENT 'Send Email',
  `order_id` int(10) unsigned NOT NULL COMMENT 'Order ID',
  `customer_id` int(11) DEFAULT NULL COMMENT 'Customer ID',
  `shipping_address_id` int(11) DEFAULT NULL COMMENT 'Shipping Address ID',
  `billing_address_id` int(11) DEFAULT NULL COMMENT 'Billing Address ID',
  `shipment_status` int(11) DEFAULT NULL COMMENT 'Shipment Status',
  `increment_id` varchar(50) DEFAULT NULL COMMENT 'Increment ID',
  `created_at` timestamp NOT NULL DEFAULT CURRENT_TIMESTAMP COMMENT 'Created At',
  `updated_at` timestamp NOT NULL DEFAULT CURRENT_TIMESTAMP ON UPDATE CURRENT_TIMESTAMP COMMENT 'Updated At',
  `packages` text COMMENT 'Packed Products in Packages',
  `shipping_label` mediumblob COMMENT 'Shipping Label Content',
  `customer_note` text COMMENT 'Customer Note',
  `customer_note_notify` smallint(5) unsigned DEFAULT NULL COMMENT 'Customer Note Notify',
  PRIMARY KEY (`entity_id`),
  UNIQUE KEY `SALES_SHIPMENT_INCREMENT_ID_STORE_ID` (`increment_id`,`store_id`),
  KEY `SALES_SHIPMENT_STORE_ID` (`store_id`),
  KEY `SALES_SHIPMENT_TOTAL_QTY` (`total_qty`),
  KEY `SALES_SHIPMENT_ORDER_ID` (`order_id`),
  KEY `SALES_SHIPMENT_CREATED_AT` (`created_at`),
  KEY `SALES_SHIPMENT_UPDATED_AT` (`updated_at`),
  KEY `SALES_SHIPMENT_SEND_EMAIL` (`send_email`),
  KEY `SALES_SHIPMENT_EMAIL_SENT` (`email_sent`),
  CONSTRAINT `SALES_SHIPMENT_ORDER_ID_SALES_ORDER_ENTITY_ID` FOREIGN KEY (`order_id`) REFERENCES `sales_order` (`entity_id`) ON DELETE CASCADE,
  CONSTRAINT `SALES_SHIPMENT_STORE_ID_STORE_STORE_ID` FOREIGN KEY (`store_id`) REFERENCES `store` (`store_id`) ON DELETE SET NULL
) ENGINE=InnoDB AUTO_INCREMENT=12 DEFAULT CHARSET=utf8 COMMENT='Sales Flat Shipment';

--
-- Dumping data for table `sales_shipment`
--

INSERT INTO `sales_shipment` VALUES (1,1,NULL,1.0000,NULL,NULL,1,1,1,2,NULL,'000000001','2022-10-12 05:29:17','2022-10-12 05:29:17','[]',NULL,NULL,NULL),(2,1,NULL,1.0000,NULL,NULL,2,1,3,4,NULL,'000000002','2022-10-12 05:29:17','2022-10-12 05:29:17','[]',NULL,NULL,NULL),(3,4,NULL,1.0000,NULL,NULL,7,NULL,13,14,NULL,'SHI-22-11-02-4-00004','2022-11-02 07:38:34','2022-11-02 07:38:34','[]',NULL,NULL,NULL),(4,2,NULL,1.0000,NULL,NULL,19,15,37,38,NULL,'2000000001','2022-11-22 12:29:36','2022-11-22 12:29:36','[]',NULL,NULL,NULL),(5,4,NULL,1.0000,NULL,NULL,21,NULL,41,42,NULL,'SHI-22-11-23-4-00010','2022-11-23 10:38:38','2022-11-23 10:38:38','[]',NULL,NULL,NULL),(6,4,NULL,2.0000,NULL,NULL,22,NULL,43,44,NULL,'SHI-22-11-23-4-00013','2022-11-23 11:03:47','2022-11-23 11:03:47','[]',NULL,NULL,NULL),(7,11,NULL,2.0000,NULL,NULL,52,NULL,102,103,NULL,'11000000001','2023-08-04 10:20:39','2023-08-04 10:20:39','[]',NULL,NULL,NULL),(8,5,NULL,1.0000,NULL,NULL,60,19,117,118,NULL,'5000000001','2023-09-14 05:08:30','2023-09-14 05:08:30','[]',NULL,NULL,NULL),(9,11,NULL,1.0000,1,1,100,44,197,198,NULL,'11000000002','2023-10-13 06:18:39','2023-10-13 06:18:42','[]',NULL,NULL,NULL),(10,10,NULL,1.0000,1,1,101,1,199,200,NULL,'10000000001','2023-10-13 07:04:33','2023-10-13 07:04:36','[]',NULL,NULL,NULL),(11,9,NULL,1.0000,1,1,104,44,205,206,NULL,'9000000001','2023-11-03 06:24:57','2023-11-03 06:24:59','[]',NULL,NULL,NULL);

--
-- Table structure for table `sales_shipment_comment`
--

CREATE TABLE `sales_shipment_comment` (
  `entity_id` int(10) unsigned NOT NULL AUTO_INCREMENT COMMENT 'Entity ID',
  `parent_id` int(10) unsigned NOT NULL COMMENT 'Parent ID',
  `is_customer_notified` int(11) DEFAULT NULL COMMENT 'Is Customer Notified',
  `is_visible_on_front` smallint(5) unsigned NOT NULL DEFAULT '0' COMMENT 'Is Visible On Front',
  `comment` text COMMENT 'Comment',
  `created_at` timestamp NOT NULL DEFAULT CURRENT_TIMESTAMP COMMENT 'Created At',
  PRIMARY KEY (`entity_id`),
  KEY `SALES_SHIPMENT_COMMENT_CREATED_AT` (`created_at`),
  KEY `SALES_SHIPMENT_COMMENT_PARENT_ID` (`parent_id`),
  CONSTRAINT `SALES_SHIPMENT_COMMENT_PARENT_ID_SALES_SHIPMENT_ENTITY_ID` FOREIGN KEY (`parent_id`) REFERENCES `sales_shipment` (`entity_id`) ON DELETE CASCADE
) ENGINE=InnoDB DEFAULT CHARSET=utf8 COMMENT='Sales Flat Shipment Comment';

--
-- Dumping data for table `sales_shipment_comment`
--


--
-- Table structure for table `sales_shipment_grid`
--

CREATE TABLE `sales_shipment_grid` (
  `entity_id` int(10) unsigned NOT NULL COMMENT 'Entity ID',
  `increment_id` varchar(50) DEFAULT NULL COMMENT 'Increment ID',
  `store_id` smallint(5) unsigned DEFAULT NULL COMMENT 'Store ID',
  `order_increment_id` varchar(32) NOT NULL COMMENT 'Order Increment ID',
  `order_id` int(10) unsigned NOT NULL COMMENT 'Order ID',
  `order_created_at` timestamp NOT NULL DEFAULT CURRENT_TIMESTAMP COMMENT 'Order Increment ID',
  `customer_name` varchar(128) NOT NULL COMMENT 'Customer Name',
  `total_qty` decimal(12,4) DEFAULT NULL COMMENT 'Total Qty',
  `shipment_status` int(11) DEFAULT NULL COMMENT 'Shipment Status',
  `order_status` varchar(32) DEFAULT NULL COMMENT 'Order',
  `billing_address` varchar(255) DEFAULT NULL COMMENT 'Billing Address',
  `shipping_address` varchar(255) DEFAULT NULL COMMENT 'Shipping Address',
  `billing_name` varchar(128) DEFAULT NULL COMMENT 'Billing Name',
  `shipping_name` varchar(128) DEFAULT NULL COMMENT 'Shipping Name',
  `customer_email` varchar(128) DEFAULT NULL COMMENT 'Customer Email',
  `customer_group_id` int(11) DEFAULT NULL,
  `payment_method` varchar(32) DEFAULT NULL COMMENT 'Payment Method',
  `shipping_information` varchar(255) DEFAULT NULL COMMENT 'Shipping Method Name',
  `created_at` timestamp NULL DEFAULT NULL COMMENT 'Created At',
  `updated_at` timestamp NULL DEFAULT NULL COMMENT 'Updated At',
  PRIMARY KEY (`entity_id`),
  UNIQUE KEY `SALES_SHIPMENT_GRID_INCREMENT_ID_STORE_ID` (`increment_id`,`store_id`),
  KEY `SALES_SHIPMENT_GRID_STORE_ID` (`store_id`),
  KEY `SALES_SHIPMENT_GRID_TOTAL_QTY` (`total_qty`),
  KEY `SALES_SHIPMENT_GRID_ORDER_INCREMENT_ID` (`order_increment_id`),
  KEY `SALES_SHIPMENT_GRID_SHIPMENT_STATUS` (`shipment_status`),
  KEY `SALES_SHIPMENT_GRID_ORDER_STATUS` (`order_status`),
  KEY `SALES_SHIPMENT_GRID_CREATED_AT` (`created_at`),
  KEY `SALES_SHIPMENT_GRID_UPDATED_AT` (`updated_at`),
  KEY `SALES_SHIPMENT_GRID_ORDER_CREATED_AT` (`order_created_at`),
  KEY `SALES_SHIPMENT_GRID_SHIPPING_NAME` (`shipping_name`),
  KEY `SALES_SHIPMENT_GRID_BILLING_NAME` (`billing_name`),
  KEY `SALES_SHIPMENT_GRID_ORDER_ID` (`order_id`),
  FULLTEXT KEY `FTI_086B40C8955F167B8EA76653437879B4` (`increment_id`,`order_increment_id`,`shipping_name`,`customer_name`,`customer_email`,`billing_address`,`shipping_address`)
) ENGINE=InnoDB DEFAULT CHARSET=utf8 COMMENT='Sales Flat Shipment Grid';

--
-- Dumping data for table `sales_shipment_grid`
--

INSERT INTO `sales_shipment_grid` VALUES (1,'000000001',1,'000000001',1,'2022-10-12 05:29:16','Veronica Costello',1.0000,NULL,'processing','6146 Honey Bluff Parkway,Calder,Michigan,49628-7978','6146 Honey Bluff Parkway,Calder,Michigan,49628-7978','Veronica Costello','Veronica Costello','roni_cost@example.com',1,'checkmo','Flat Rate - Fixed','2022-10-12 05:29:17','2022-10-12 05:29:17'),(2,'000000002',1,'000000002',2,'2022-10-12 05:29:17','Veronica Costello',1.0000,NULL,'processing','6146 Honey Bluff Parkway,Calder,Michigan,49628-7978','6146 Honey Bluff Parkway,Calder,Michigan,49628-7978','Veronica Costello','Veronica Costello','roni_cost@example.com',1,'checkmo','Flat Rate - Fixed','2022-10-12 05:29:17','2022-10-12 05:29:17'),(3,'SHI-22-11-02-4-00004',4,'ORD-22-11-02-4-00004',7,'2022-11-02 07:33:35','Sara Romero',1.0000,NULL,'complete','Merritt and Hess Associates,18 West White Clarendon Parkway\nQuo nihil maiores ac\nCorrupti adipisicin,Velit sint incididun,25683','Merritt and Hess Associates,18 West White Clarendon Parkway\nQuo nihil maiores ac\nCorrupti adipisicin,Velit sint incididun,25683','Sara Romero','Sara Romero','lynut@mailinator.com',0,'checkmo','Flat Rate - Fixed','2022-11-02 07:38:34','2022-11-02 07:38:34'),(4,'2000000001',2,'2000000006',19,'2022-11-22 12:23:30','janvi Rock',1.0000,NULL,'complete','rocktechnology,XYZ\nXYZ\nXYZ,ahmedabad,Gujarat,380001','rocktechnology,XYZ\nXYZ\nXYZ,ahmedabad,Gujarat,380001','janvi Rock','janvi Rock','janvi@rocktechnolabs.com',1,'checkmo','Flat Rate - Fixed','2022-11-22 12:29:36','2022-11-22 12:29:36'),(5,'SHI-22-11-23-4-00010',4,'ORD-22-11-23-4-00010',21,'2022-11-23 10:34:23','Kyle Robinson',1.0000,NULL,'complete','Whitehead and Bishop Associates,89 West Old Extension\nRerum dolore facere \nVeniam voluptates v,Ducimus voluptas at,28272','Whitehead and Bishop Associates,89 West Old Extension\nRerum dolore facere \nVeniam voluptates v,Ducimus voluptas at,28272','Kyle Robinson','Kyle Robinson','xuqysom@mailinator.com',0,'checkmo','Flat Rate - Fixed','2022-11-23 10:38:38','2022-11-23 10:38:38'),(6,'SHI-22-11-23-4-00013',4,'ORD-22-11-23-4-00013',22,'2022-11-23 11:02:20','Imani Reynolds',2.0000,NULL,'complete','Clements Howell Traders,673 South Oak Boulevard\nOdit reprehenderit d\nSed ut sint nobis si,Explicabo Do rerum ,16551','Clements Howell Traders,673 South Oak Boulevard\nOdit reprehenderit d\nSed ut sint nobis si,Explicabo Do rerum ,16551','Imani Reynolds','Imani Reynolds','zugyjekeqe@mailinator.com',0,'checkmo','Flat Rate - Fixed','2022-11-23 11:03:47','2022-11-23 11:03:47'),(7,'11000000001',11,'11000000003',52,'2023-08-04 10:17:59','Bug Tester',2.0000,NULL,'processing','6146 Honey Bluff Parkway,LA,Hawaii,10755','6146 Honey Bluff Parkway,LA,Hawaii,10755','Bug Tester','Bug Tester','roni_cos1t@example.com',0,'checkmo','Flat Rate - Fixed','2023-08-04 10:20:39','2023-08-04 10:20:39'),(8,'5000000001',5,'5000000010',60,'2023-09-14 05:06:46','Rahul Bhatt',1.0000,NULL,'complete','7/8 Gokul Residency,Ahmedabad,Gujarat,380001','7/8 Gokul Residency,Ahmedabad,Gujarat,380001','Rahul Bhatt','Rahul Bhatt','rahulb@rocktechnolabs.com',1,'checkmo','Flat Rate - Fixed','2023-09-14 05:08:30','2023-09-14 05:08:30'),(9,'11000000002',11,'11000000007',100,'2023-10-13 06:15:52','Rahul Bhatt',1.0000,NULL,'complete','7/8 Gokul Residency,Ahmedabad,Gujarat,380001','7/8 Gokul Residency,Ahmedabad,Gujarat,380001','Rahul Bhatt','Rahul Bhatt','rahulb@rocktechnolabs.com',1,'checkmo','Flat Rate - Fixed','2023-10-13 06:18:39','2023-10-13 06:18:39'),(10,'10000000001',10,'10000000005',101,'2023-10-13 07:02:31','Veronica Costello',1.0000,NULL,'complete','6146 Honey Bluff Parkway,Calder,Michigan,49628-7978','6146 Honey Bluff Parkway,Calder,Michigan,49628-7978','Veronica Costello','Veronica Costello','roni_cost@example.com',1,'checkmo','Flat Rate - Fixed','2023-10-13 07:04:33','2023-10-13 07:04:33'),(11,'9000000001',9,'9000000002',104,'2023-11-03 06:11:49','Rahul Bhatt',1.0000,NULL,'complete','7/8 Gokul Residency,Ahmedabad,Gujarat,380001','7/8 Gokul Residency,Ahmedabad,Gujarat,380001','Rahul Bhatt','Rahul Bhatt','rahulb@rocktechnolabs.com',1,'checkmo','Flat Rate - Fixed','2023-11-03 06:24:57','2023-11-03 06:24:57');

--
-- Table structure for table `sales_shipment_item`
--

CREATE TABLE `sales_shipment_item` (
  `entity_id` int(10) unsigned NOT NULL AUTO_INCREMENT COMMENT 'Entity ID',
  `parent_id` int(10) unsigned NOT NULL COMMENT 'Parent ID',
  `row_total` decimal(20,4) DEFAULT NULL COMMENT 'Row Total',
  `price` decimal(20,4) DEFAULT NULL COMMENT 'Price',
  `weight` decimal(12,4) DEFAULT NULL COMMENT 'Weight',
  `qty` decimal(12,4) DEFAULT NULL COMMENT 'Qty',
  `product_id` int(11) DEFAULT NULL COMMENT 'Product ID',
  `order_item_id` int(11) DEFAULT NULL COMMENT 'Order Item ID',
  `additional_data` text COMMENT 'Additional Data',
  `description` text COMMENT 'Description',
  `name` varchar(255) DEFAULT NULL COMMENT 'Name',
  `sku` varchar(255) DEFAULT NULL COMMENT 'Sku',
  PRIMARY KEY (`entity_id`),
  KEY `SALES_SHIPMENT_ITEM_PARENT_ID` (`parent_id`),
  CONSTRAINT `SALES_SHIPMENT_ITEM_PARENT_ID_SALES_SHIPMENT_ENTITY_ID` FOREIGN KEY (`parent_id`) REFERENCES `sales_shipment` (`entity_id`) ON DELETE CASCADE
) ENGINE=InnoDB AUTO_INCREMENT=13 DEFAULT CHARSET=utf8 COMMENT='Sales Flat Shipment Item';

--
-- Dumping data for table `sales_shipment_item`
--

INSERT INTO `sales_shipment_item` VALUES (1,1,NULL,29.0000,1.0000,1.0000,1434,1,NULL,NULL,'Iris Workout Top','WS03-XS-Red'),(2,2,NULL,32.0000,1.0000,1.0000,1498,2,NULL,NULL,'Minerva LumaTech&trade; V-Tee','WS08-XS-Blue'),(3,3,NULL,34.0000,NULL,1.0000,1,9,NULL,NULL,'Joust Duffle Bag','24-MB01'),(4,4,NULL,34.0000,NULL,1.0000,1,23,NULL,NULL,'Joust Duffle Bag','24-MB01'),(5,5,NULL,32.0000,NULL,1.0000,2,25,NULL,NULL,'Strive Shoulder Pack','24-MB04'),(6,6,NULL,12.0000,NULL,1.0000,17,26,NULL,NULL,'Zing Jump Rope','24-UG04'),(7,6,NULL,45.0000,NULL,1.0000,14,27,NULL,NULL,'Push It Messenger Bag','24-WB04'),(8,7,NULL,0.0000,NULL,2.0000,1,79,NULL,NULL,'Joust Duffle Bag','24-MB01'),(9,8,NULL,59.0000,NULL,1.0000,6,94,NULL,NULL,'Fusion Backpack','24-MB02'),(10,9,NULL,40.0000,1.0000,1.0000,68,145,NULL,NULL,'Chaz Kangeroo Hoodie','MH01-XL-Orange'),(11,10,NULL,74.0000,NULL,1.0000,7,147,NULL,NULL,'Impulse Duffle','24-UB02'),(12,11,NULL,50.0000,NULL,1.0000,6,150,NULL,NULL,'Fusion Backpack','24-MB02');

--
-- Table structure for table `sales_shipment_track`
--

CREATE TABLE `sales_shipment_track` (
  `entity_id` int(10) unsigned NOT NULL AUTO_INCREMENT COMMENT 'Entity ID',
  `parent_id` int(10) unsigned NOT NULL COMMENT 'Parent ID',
  `weight` decimal(12,4) DEFAULT NULL COMMENT 'Weight',
  `qty` decimal(12,4) DEFAULT NULL COMMENT 'Qty',
  `order_id` int(10) unsigned NOT NULL COMMENT 'Order ID',
  `track_number` text COMMENT 'Number',
  `description` text COMMENT 'Description',
  `title` varchar(255) DEFAULT NULL COMMENT 'Title',
  `carrier_code` varchar(32) DEFAULT NULL COMMENT 'Carrier Code',
  `created_at` timestamp NOT NULL DEFAULT CURRENT_TIMESTAMP COMMENT 'Created At',
  `updated_at` timestamp NOT NULL DEFAULT CURRENT_TIMESTAMP ON UPDATE CURRENT_TIMESTAMP COMMENT 'Updated At',
  PRIMARY KEY (`entity_id`),
  KEY `SALES_SHIPMENT_TRACK_PARENT_ID` (`parent_id`),
  KEY `SALES_SHIPMENT_TRACK_ORDER_ID` (`order_id`),
  KEY `SALES_SHIPMENT_TRACK_CREATED_AT` (`created_at`),
  CONSTRAINT `SALES_SHIPMENT_TRACK_PARENT_ID_SALES_SHIPMENT_ENTITY_ID` FOREIGN KEY (`parent_id`) REFERENCES `sales_shipment` (`entity_id`) ON DELETE CASCADE
) ENGINE=InnoDB DEFAULT CHARSET=utf8 COMMENT='Sales Flat Shipment Track';

--
-- Dumping data for table `sales_shipment_track`
--


--
-- Table structure for table `sales_shipping_aggregated`
--

CREATE TABLE `sales_shipping_aggregated` (
  `id` int(10) unsigned NOT NULL AUTO_INCREMENT COMMENT 'ID',
  `period` date DEFAULT NULL COMMENT 'Period',
  `store_id` smallint(5) unsigned DEFAULT NULL COMMENT 'Store ID',
  `order_status` varchar(50) DEFAULT NULL COMMENT 'Order Status',
  `shipping_description` varchar(255) DEFAULT NULL COMMENT 'Shipping Description',
  `orders_count` int(11) NOT NULL DEFAULT '0' COMMENT 'Orders Count',
  `total_shipping` decimal(20,4) DEFAULT NULL COMMENT 'Total Shipping',
  `total_shipping_actual` decimal(20,4) DEFAULT NULL COMMENT 'Total Shipping Actual',
  PRIMARY KEY (`id`),
  UNIQUE KEY `SALES_SHPP_AGGRED_PERIOD_STORE_ID_ORDER_STS_SHPP_DESCRIPTION` (`period`,`store_id`,`order_status`,`shipping_description`),
  KEY `SALES_SHIPPING_AGGREGATED_STORE_ID` (`store_id`),
  CONSTRAINT `SALES_SHIPPING_AGGREGATED_STORE_ID_STORE_STORE_ID` FOREIGN KEY (`store_id`) REFERENCES `store` (`store_id`) ON DELETE SET NULL
) ENGINE=InnoDB DEFAULT CHARSET=utf8 COMMENT='Sales Shipping Aggregated';

--
-- Dumping data for table `sales_shipping_aggregated`
--


--
-- Table structure for table `sales_shipping_aggregated_order`
--

CREATE TABLE `sales_shipping_aggregated_order` (
  `id` int(10) unsigned NOT NULL AUTO_INCREMENT COMMENT 'ID',
  `period` date DEFAULT NULL COMMENT 'Period',
  `store_id` smallint(5) unsigned DEFAULT NULL COMMENT 'Store ID',
  `order_status` varchar(50) DEFAULT NULL COMMENT 'Order Status',
  `shipping_description` varchar(255) DEFAULT NULL COMMENT 'Shipping Description',
  `orders_count` int(11) NOT NULL DEFAULT '0' COMMENT 'Orders Count',
  `total_shipping` decimal(20,4) DEFAULT NULL COMMENT 'Total Shipping',
  `total_shipping_actual` decimal(20,4) DEFAULT NULL COMMENT 'Total Shipping Actual',
  PRIMARY KEY (`id`),
  UNIQUE KEY `UNQ_C05FAE47282EEA68654D0924E946761F` (`period`,`store_id`,`order_status`,`shipping_description`),
  KEY `SALES_SHIPPING_AGGREGATED_ORDER_STORE_ID` (`store_id`),
  CONSTRAINT `SALES_SHIPPING_AGGREGATED_ORDER_STORE_ID_STORE_STORE_ID` FOREIGN KEY (`store_id`) REFERENCES `store` (`store_id`) ON DELETE SET NULL
) ENGINE=InnoDB DEFAULT CHARSET=utf8 COMMENT='Sales Shipping Aggregated Order';

--
-- Dumping data for table `sales_shipping_aggregated_order`
--


--
-- Table structure for table `salesrule`
--

CREATE TABLE `salesrule` (
  `rule_id` int(10) unsigned NOT NULL AUTO_INCREMENT COMMENT 'Entity ID',
  `name` varchar(255) DEFAULT NULL COMMENT 'Name',
  `description` text COMMENT 'Description',
  `from_date` date DEFAULT NULL COMMENT 'From',
  `to_date` date DEFAULT NULL COMMENT 'To',
  `uses_per_customer` int(11) NOT NULL DEFAULT '0' COMMENT 'Uses Per Customer',
  `is_active` smallint(6) NOT NULL DEFAULT '0' COMMENT 'Is Active',
  `conditions_serialized` mediumtext COMMENT 'Conditions Serialized',
  `actions_serialized` mediumtext COMMENT 'Actions Serialized',
  `stop_rules_processing` smallint(6) NOT NULL DEFAULT '1' COMMENT 'Stop Rules Processing',
  `is_advanced` smallint(5) unsigned NOT NULL DEFAULT '1' COMMENT 'Is Advanced',
  `product_ids` text COMMENT 'Product Ids',
  `sort_order` int(10) unsigned NOT NULL DEFAULT '0' COMMENT 'Sort Order',
  `simple_action` varchar(32) DEFAULT NULL COMMENT 'Simple Action',
  `discount_amount` decimal(12,4) NOT NULL DEFAULT '0.0000' COMMENT 'Discount Amount',
  `discount_qty` decimal(12,4) DEFAULT NULL COMMENT 'Discount Qty',
  `discount_step` int(10) unsigned NOT NULL DEFAULT '0' COMMENT 'Discount Step',
  `apply_to_shipping` smallint(5) unsigned NOT NULL DEFAULT '0' COMMENT 'Apply To Shipping',
  `times_used` int(10) unsigned NOT NULL DEFAULT '0' COMMENT 'Times Used',
  `is_rss` smallint(6) NOT NULL DEFAULT '0' COMMENT 'Is Rss',
  `coupon_type` smallint(5) unsigned NOT NULL DEFAULT '1' COMMENT 'Coupon Type',
  `use_auto_generation` smallint(6) NOT NULL DEFAULT '0' COMMENT 'Use Auto Generation',
  `uses_per_coupon` int(11) NOT NULL DEFAULT '0' COMMENT 'User Per Coupon',
  `simple_free_shipping` smallint(5) unsigned NOT NULL DEFAULT '0' COMMENT 'Simple Free Shipping',
  PRIMARY KEY (`rule_id`),
  KEY `SALESRULE_IS_ACTIVE_SORT_ORDER_TO_DATE_FROM_DATE` (`is_active`,`sort_order`,`to_date`,`from_date`)
) ENGINE=InnoDB AUTO_INCREMENT=13 DEFAULT CHARSET=utf8 COMMENT='Salesrule';

--
-- Dumping data for table `salesrule`
--

INSERT INTO `salesrule` VALUES (1,'Buy 3 tee shirts and get the 4th free','Buy 3 tee shirts and get the 4th free',NULL,NULL,0,1,'{\"type\":\"Magento\\\\SalesRule\\\\Model\\\\Rule\\\\Condition\\\\Combine\",\"attribute\":null,\"operator\":null,\"value\":\"1\",\"is_value_processed\":null,\"aggregator\":\"all\",\"conditions\":[{\"type\":\"Magento\\\\SalesRule\\\\Model\\\\Rule\\\\Condition\\\\Product\\\\Found\",\"attribute\":null,\"operator\":null,\"value\":\"1\",\"is_value_processed\":null,\"aggregator\":\"all\",\"conditions\":[{\"type\":\"Magento\\\\SalesRule\\\\Model\\\\Rule\\\\Condition\\\\Product\",\"attribute\":\"category_ids\",\"operator\":\"()\",\"value\":\"25,16\",\"is_value_processed\":false,\"attribute_scope\":null}]}]}','{\"type\":\"Magento\\\\SalesRule\\\\Model\\\\Rule\\\\Condition\\\\Product\\\\Combine\",\"attribute\":null,\"operator\":null,\"value\":\"1\",\"is_value_processed\":null,\"aggregator\":\"all\"}',0,1,NULL,0,'buy_x_get_y',1.0000,NULL,3,0,2,1,1,0,0,0),(2,'Spend $50 or more - shipping is free!','Free shipping on any purchase over $50',NULL,NULL,0,1,'{\"type\":\"Magento\\\\SalesRule\\\\Model\\\\Rule\\\\Condition\\\\Combine\",\"attribute\":null,\"operator\":null,\"value\":\"1\",\"is_value_processed\":null,\"aggregator\":\"all\",\"conditions\":[{\"type\":\"Magento\\\\SalesRule\\\\Model\\\\Rule\\\\Condition\\\\Address\",\"attribute\":\"base_subtotal\",\"operator\":\">=\",\"value\":\"50\",\"is_value_processed\":false}]}','{\"type\":\"Magento\\\\SalesRule\\\\Model\\\\Rule\\\\Condition\\\\Product\\\\Combine\",\"attribute\":null,\"operator\":null,\"value\":\"1\",\"is_value_processed\":null,\"aggregator\":\"all\"}',0,1,NULL,0,'by_percent',0.0000,NULL,0,0,0,1,1,0,0,2),(3,'20% OFF Ever $200-plus purchase!*','Shopping cart price rule for the cart over $200. Does not applied on other sales items',NULL,NULL,0,1,'{\"type\":\"Magento\\\\SalesRule\\\\Model\\\\Rule\\\\Condition\\\\Combine\",\"attribute\":null,\"operator\":null,\"value\":\"1\",\"is_value_processed\":null,\"aggregator\":\"all\",\"conditions\":[{\"type\":\"Magento\\\\SalesRule\\\\Model\\\\Rule\\\\Condition\\\\Address\",\"attribute\":\"base_subtotal\",\"operator\":\">=\",\"value\":\"200\",\"is_value_processed\":false}]}','{\"type\":\"Magento\\\\SalesRule\\\\Model\\\\Rule\\\\Condition\\\\Product\\\\Combine\",\"attribute\":null,\"operator\":null,\"value\":\"1\",\"is_value_processed\":null,\"aggregator\":\"all\",\"conditions\":[{\"type\":\"Magento\\\\SalesRule\\\\Model\\\\Rule\\\\Condition\\\\Product\\\\Combine\",\"attribute\":null,\"operator\":null,\"value\":\"0\",\"is_value_processed\":null,\"aggregator\":\"all\",\"conditions\":[{\"type\":\"Magento\\\\SalesRule\\\\Model\\\\Rule\\\\Condition\\\\Product\",\"attribute\":\"category_ids\",\"operator\":\"==\",\"value\":\"6\",\"is_value_processed\":false,\"attribute_scope\":null},{\"type\":\"Magento\\\\SalesRule\\\\Model\\\\Rule\\\\Condition\\\\Product\",\"attribute\":\"sale\",\"operator\":\"==\",\"value\":\"1\",\"is_value_processed\":false,\"attribute_scope\":null}]}]}',0,1,NULL,0,'by_percent',20.0000,NULL,0,0,0,1,1,0,0,0),(4,'$4 Luma water bottle (save 70%)','Use promo code H20 at checkout',NULL,NULL,1,1,'{\"type\":\"Magento\\\\SalesRule\\\\Model\\\\Rule\\\\Condition\\\\Combine\",\"attribute\":null,\"operator\":null,\"value\":\"1\",\"is_value_processed\":null,\"aggregator\":\"all\",\"conditions\":[{\"type\":\"Magento\\\\SalesRule\\\\Model\\\\Rule\\\\Condition\\\\Product\\\\Found\",\"attribute\":null,\"operator\":null,\"value\":\"1\",\"is_value_processed\":null,\"aggregator\":\"all\"}]}','{\"type\":\"Magento\\\\SalesRule\\\\Model\\\\Rule\\\\Condition\\\\Product\\\\Combine\",\"attribute\":null,\"operator\":null,\"value\":\"1\",\"is_value_processed\":null,\"aggregator\":\"all\",\"conditions\":[{\"type\":\"Magento\\\\SalesRule\\\\Model\\\\Rule\\\\Condition\\\\Product\",\"attribute\":\"sku\",\"operator\":\"==\",\"value\":\"24-UG06\",\"is_value_processed\":false,\"attribute_scope\":null}]}',0,1,NULL,0,'by_percent',70.0000,NULL,0,0,0,1,2,0,0,0),(12,'Import coupon','Import coupon','2023-04-27',NULL,0,1,'{\"type\":\"Magento\\\\SalesRule\\\\Model\\\\Rule\\\\Condition\\\\Combine\",\"attribute\":null,\"operator\":null,\"value\":true,\"is_value_processed\":null,\"aggregator\":\"all\"}','{\"type\":\"Magento\\\\SalesRule\\\\Model\\\\Rule\\\\Condition\\\\Product\\\\Combine\",\"attribute\":null,\"operator\":null,\"value\":\"1\",\"is_value_processed\":null,\"aggregator\":\"all\"}',1,1,NULL,0,'by_fixed',20.0000,NULL,0,0,0,1,2,1,0,0);

--
-- Table structure for table `salesrule_coupon`
--

CREATE TABLE `salesrule_coupon` (
  `coupon_id` int(10) unsigned NOT NULL AUTO_INCREMENT COMMENT 'Coupon ID',
  `rule_id` int(10) unsigned NOT NULL COMMENT 'Rule ID',
  `code` varchar(255) DEFAULT NULL COMMENT 'Code',
  `usage_limit` int(10) unsigned DEFAULT NULL COMMENT 'Usage Limit',
  `usage_per_customer` int(10) unsigned DEFAULT NULL COMMENT 'Usage Per Customer',
  `times_used` int(10) unsigned NOT NULL DEFAULT '0' COMMENT 'Times Used',
  `expiration_date` datetime DEFAULT NULL COMMENT 'Expiration Date',
  `is_primary` smallint(5) unsigned DEFAULT NULL COMMENT 'Is Primary',
  `created_at` timestamp NULL DEFAULT NULL COMMENT 'Coupon Code Creation Date',
  `type` smallint(6) DEFAULT '0' COMMENT 'Coupon Code Type',
  `generated_by_dotmailer` smallint(6) DEFAULT NULL COMMENT '1 = Generated by dotmailer',
  PRIMARY KEY (`coupon_id`),
  UNIQUE KEY `SALESRULE_COUPON_CODE` (`code`),
  UNIQUE KEY `SALESRULE_COUPON_RULE_ID_IS_PRIMARY` (`rule_id`,`is_primary`),
  KEY `SALESRULE_COUPON_RULE_ID` (`rule_id`),
  CONSTRAINT `SALESRULE_COUPON_RULE_ID_SALESRULE_RULE_ID` FOREIGN KEY (`rule_id`) REFERENCES `salesrule` (`rule_id`) ON DELETE CASCADE
) ENGINE=InnoDB AUTO_INCREMENT=84 DEFAULT CHARSET=utf8 COMMENT='Salesrule Coupon';

--
-- Dumping data for table `salesrule_coupon`
--

INSERT INTO `salesrule_coupon` VALUES (1,4,'H20',NULL,1,0,NULL,1,NULL,0,NULL),(76,12,'PROMO_BK857',0,0,0,NULL,NULL,'2023-04-27 00:00:00',1,NULL),(77,12,'PROMO_HA717',0,0,0,NULL,NULL,'2023-04-27 00:00:00',1,NULL),(78,12,'PROMO_ZR139',0,0,0,NULL,NULL,'2023-04-27 00:00:00',1,NULL),(79,12,'PROMO_ZD690',0,0,0,NULL,NULL,'2023-04-27 00:00:00',1,NULL),(80,12,'BBBBBBBBBB',0,0,0,'2023-05-15 00:00:00',NULL,'2023-05-15 00:00:00',1,NULL),(81,12,'WH2EDAYM7AAN',0,0,0,NULL,NULL,'2023-04-27 00:00:00',1,NULL),(82,12,'FNSF74DOZ7Q1',0,0,0,NULL,NULL,'2023-04-27 00:00:00',1,NULL),(83,12,'MCJHGDMHEN62',0,0,0,NULL,NULL,'2023-04-27 00:00:00',1,NULL);

--
-- Table structure for table `salesrule_coupon_aggregated`
--

CREATE TABLE `salesrule_coupon_aggregated` (
  `id` int(10) unsigned NOT NULL AUTO_INCREMENT COMMENT 'ID',
  `period` date NOT NULL COMMENT 'Period',
  `store_id` smallint(5) unsigned DEFAULT NULL COMMENT 'Store ID',
  `order_status` varchar(50) DEFAULT NULL COMMENT 'Order Status',
  `coupon_code` varchar(50) DEFAULT NULL COMMENT 'Coupon Code',
  `coupon_uses` int(11) NOT NULL DEFAULT '0' COMMENT 'Coupon Uses',
  `subtotal_amount` decimal(20,4) NOT NULL DEFAULT '0.0000' COMMENT 'Subtotal Amount',
  `discount_amount` decimal(12,4) NOT NULL DEFAULT '0.0000' COMMENT 'Discount Amount',
  `total_amount` decimal(20,4) NOT NULL DEFAULT '0.0000' COMMENT 'Total Amount',
  `subtotal_amount_actual` decimal(20,4) NOT NULL DEFAULT '0.0000' COMMENT 'Subtotal Amount Actual',
  `discount_amount_actual` decimal(12,4) NOT NULL DEFAULT '0.0000' COMMENT 'Discount Amount Actual',
  `total_amount_actual` decimal(20,4) NOT NULL DEFAULT '0.0000' COMMENT 'Total Amount Actual',
  `rule_name` varchar(255) DEFAULT NULL COMMENT 'Rule Name',
  PRIMARY KEY (`id`),
  UNIQUE KEY `SALESRULE_COUPON_AGGRED_PERIOD_STORE_ID_ORDER_STS_COUPON_CODE` (`period`,`store_id`,`order_status`,`coupon_code`),
  KEY `SALESRULE_COUPON_AGGREGATED_STORE_ID` (`store_id`),
  KEY `SALESRULE_COUPON_AGGREGATED_RULE_NAME` (`rule_name`),
  CONSTRAINT `SALESRULE_COUPON_AGGREGATED_STORE_ID_STORE_STORE_ID` FOREIGN KEY (`store_id`) REFERENCES `store` (`store_id`) ON DELETE CASCADE
) ENGINE=InnoDB DEFAULT CHARSET=utf8 COMMENT='Coupon Aggregated';

--
-- Dumping data for table `salesrule_coupon_aggregated`
--


--
-- Table structure for table `salesrule_coupon_aggregated_order`
--

CREATE TABLE `salesrule_coupon_aggregated_order` (
  `id` int(10) unsigned NOT NULL AUTO_INCREMENT COMMENT 'ID',
  `period` date NOT NULL COMMENT 'Period',
  `store_id` smallint(5) unsigned DEFAULT NULL COMMENT 'Store ID',
  `order_status` varchar(50) DEFAULT NULL COMMENT 'Order Status',
  `coupon_code` varchar(50) DEFAULT NULL COMMENT 'Coupon Code',
  `coupon_uses` int(11) NOT NULL DEFAULT '0' COMMENT 'Coupon Uses',
  `subtotal_amount` decimal(20,4) NOT NULL DEFAULT '0.0000' COMMENT 'Subtotal Amount',
  `discount_amount` decimal(12,4) NOT NULL DEFAULT '0.0000' COMMENT 'Discount Amount',
  `total_amount` decimal(20,4) NOT NULL DEFAULT '0.0000' COMMENT 'Total Amount',
  `rule_name` varchar(255) DEFAULT NULL COMMENT 'Rule Name',
  PRIMARY KEY (`id`),
  UNIQUE KEY `UNQ_1094D1FBBCBB11704A29DEF3ACC37D2B` (`period`,`store_id`,`order_status`,`coupon_code`),
  KEY `SALESRULE_COUPON_AGGREGATED_ORDER_STORE_ID` (`store_id`),
  KEY `SALESRULE_COUPON_AGGREGATED_ORDER_RULE_NAME` (`rule_name`),
  CONSTRAINT `SALESRULE_COUPON_AGGREGATED_ORDER_STORE_ID_STORE_STORE_ID` FOREIGN KEY (`store_id`) REFERENCES `store` (`store_id`) ON DELETE CASCADE
) ENGINE=InnoDB DEFAULT CHARSET=utf8 COMMENT='Coupon Aggregated Order';

--
-- Dumping data for table `salesrule_coupon_aggregated_order`
--


--
-- Table structure for table `salesrule_coupon_aggregated_updated`
--

CREATE TABLE `salesrule_coupon_aggregated_updated` (
  `id` int(10) unsigned NOT NULL AUTO_INCREMENT COMMENT 'ID',
  `period` date NOT NULL COMMENT 'Period',
  `store_id` smallint(5) unsigned DEFAULT NULL COMMENT 'Store ID',
  `order_status` varchar(50) DEFAULT NULL COMMENT 'Order Status',
  `coupon_code` varchar(50) DEFAULT NULL COMMENT 'Coupon Code',
  `coupon_uses` int(11) NOT NULL DEFAULT '0' COMMENT 'Coupon Uses',
  `subtotal_amount` decimal(20,4) NOT NULL DEFAULT '0.0000' COMMENT 'Subtotal Amount',
  `discount_amount` decimal(12,4) NOT NULL DEFAULT '0.0000' COMMENT 'Discount Amount',
  `total_amount` decimal(20,4) NOT NULL DEFAULT '0.0000' COMMENT 'Total Amount',
  `subtotal_amount_actual` decimal(20,4) NOT NULL DEFAULT '0.0000' COMMENT 'Subtotal Amount Actual',
  `discount_amount_actual` decimal(12,4) NOT NULL DEFAULT '0.0000' COMMENT 'Discount Amount Actual',
  `total_amount_actual` decimal(20,4) NOT NULL DEFAULT '0.0000' COMMENT 'Total Amount Actual',
  `rule_name` varchar(255) DEFAULT NULL COMMENT 'Rule Name',
  PRIMARY KEY (`id`),
  UNIQUE KEY `UNQ_7196FA120A4F0F84E1B66605E87E213E` (`period`,`store_id`,`order_status`,`coupon_code`),
  KEY `SALESRULE_COUPON_AGGREGATED_UPDATED_STORE_ID` (`store_id`),
  KEY `SALESRULE_COUPON_AGGREGATED_UPDATED_RULE_NAME` (`rule_name`),
  CONSTRAINT `SALESRULE_COUPON_AGGREGATED_UPDATED_STORE_ID_STORE_STORE_ID` FOREIGN KEY (`store_id`) REFERENCES `store` (`store_id`) ON DELETE CASCADE
) ENGINE=InnoDB DEFAULT CHARSET=utf8 COMMENT='Salesrule Coupon Aggregated Updated';

--
-- Dumping data for table `salesrule_coupon_aggregated_updated`
--


--
-- Table structure for table `salesrule_coupon_usage`
--

