--
-- Host: localhost    Database: mageants_demo9upgrade
-- ------------------------------------------------------


--
-- Table structure for table `admin_analytics_usage_version_log`
--

CREATE TABLE `admin_analytics_usage_version_log` (
  `id` int(10) unsigned NOT NULL AUTO_INCREMENT COMMENT 'Log ID',
  `last_viewed_in_version` varchar(50) NOT NULL COMMENT 'Viewer last viewed on product version',
  PRIMARY KEY (`id`),
  UNIQUE KEY `ADMIN_ANALYTICS_USAGE_VERSION_LOG_LAST_VIEWED_IN_VERSION` (`last_viewed_in_version`)
) ENGINE=InnoDB AUTO_INCREMENT=2 DEFAULT CHARSET=utf8 COMMENT='Admin Notification Viewer Log Table';

--
-- Dumping data for table `admin_analytics_usage_version_log`
--

INSERT INTO `admin_analytics_usage_version_log` VALUES (1,'2.4.3-p1');

--
-- Table structure for table `admin_passwords`
--

CREATE TABLE `admin_passwords` (
  `password_id` int(10) unsigned NOT NULL AUTO_INCREMENT COMMENT 'Password ID',
  `user_id` int(10) unsigned NOT NULL DEFAULT '0' COMMENT 'User ID',
  `password_hash` varchar(255) DEFAULT NULL COMMENT 'Password Hash',
  `expires` int(10) unsigned NOT NULL DEFAULT '0' COMMENT 'Deprecated',
  `last_updated` int(10) unsigned NOT NULL DEFAULT '0' COMMENT 'Last Updated',
  PRIMARY KEY (`password_id`),
  KEY `ADMIN_PASSWORDS_USER_ID` (`user_id`),
  CONSTRAINT `ADMIN_PASSWORDS_USER_ID_ADMIN_USER_USER_ID` FOREIGN KEY (`user_id`) REFERENCES `admin_user` (`user_id`) ON DELETE CASCADE
) ENGINE=InnoDB AUTO_INCREMENT=16 DEFAULT CHARSET=utf8 COMMENT='Admin Passwords';

--
-- Dumping data for table `admin_passwords`
--

INSERT INTO `admin_passwords` VALUES (1,1,'ae7d4af95ca2fc487cd384281cc3e864fec32e6577e5e36e7c8da6073b177118:LZYlZgIGRWgadAsYbBUuAoWVuouSI5WP:3_32_2_67108864',0,1665552562),(2,2,'77842169dd9eee71fdc740902d92b8801be69d4a7fffcf4dc6058e6e5f0d5bd3:4pLzDTcRe1htHHixFLgBYDROoEqpojyF:3_32_2_67108864',0,1665558607),(3,3,'0d61a8bd5b8d7beb5b9dd0d09c65ca6b28fddd49f8174692a8d95506434709b8:Bkl9hhK2WIo0dQDNlGArZ7RtFEtKrYcd:3_32_2_67108864',0,1665558644),(4,4,'d5da003f58698b39703799bbd141fa5b8a698b9354125910e102e82259660fd2:ZNyxEOx6gWGzZ5taLozIQ9qpAt4joHvY:3_32_2_67108864',0,1665558672),(5,5,'a4afb8caa3357f8b2c906745c087d4c449790e8ad48f086f8b92cb697d239db4:AncfUdjZHzSQK2UAoHCg7mwPcwRBIBRL:3_32_2_67108864',0,1665558702),(6,6,'6096ee55dfb8eadcdfd918835cfbad6cc04321c69ed9da3c74c709cc392559a7:GjdjcyLu44C0mOhqDiSH9hB11ykjwAGW:3_32_2_67108864',0,1665558765),(7,7,'f4d2d55c1e1f39feff9b40112b5b2a309e89e03c389f3aa592defca015f4f247:RPoX41mqsJfRADSN315Nt9JejttzJnEm:3_32_2_67108864',0,1665558799),(8,8,'9f8e23c4670b0713f5890567845a74bdaa3272053cb530ab3d7c279bbbf9c09e:xrTHtM1mIuKA2OujNFReyxxC8wTv3TXE:3_32_2_67108864',0,1665558907),(9,9,'b085bf1e161d64a7419a7944f7abd540da08ba75dad681007e6f19262de8e851:L64lDy9DX6upNxWYSiMEZz3pcC5woC24:3_32_2_67108864',0,1665558934),(10,10,'88f70d947b91ffe118b5a76a2e12df81275e1e57c4167c7e8d9948c7b59ed7c1:PfOWviwEhFdTg1GmqeDwhPzKLoCZU3zG:3_32_2_67108864',0,1665558959),(11,11,'26abc0183078ff3fbea6a759cbd7f25235584257a3904436c8c478f427a46afe:aX62LvqJE2ERmTv5S3yaJoJ8wV0uJled:3_32_2_67108864',0,1665558991),(12,12,'5cc922e3f1e6c65ec1d9779d202865422bf82581f8df42041e433d5a17adb3a4:qemftVmmyxaZOx08UBT9kCgwuVHsnkqL:3_32_2_67108864',0,1665559022),(13,13,'2bb4051dd5cbfaad55a84f74935f537ca4c76d32652710927cb3147738a9f1ba:XVoaFctkMBjsZOnVCq8JXMekXkQTA7D5:3_32_2_67108864',0,1665559067),(14,1,'7405d6b368a1c7ee29f7163fcb345a237352630eb567186826a929ad596a47b9:BBnuj9jJNOVMWXM80nN3bOixNlYivbdP:3_32_2_67108864',0,1669116095),(15,1,'376722c0e61fee33ba020ef250bad5682c98ded4861565204e699928d0142ad5:iZPDOxD2j9y5ODNVs7rwYqoLUsq2epCx:3_32_2_67108864',0,1702275870);

--
-- Table structure for table `admin_system_messages`
--

CREATE TABLE `admin_system_messages` (
  `identity` varchar(100) NOT NULL COMMENT 'Message ID',
  `severity` smallint(5) unsigned NOT NULL DEFAULT '0' COMMENT 'Problem type',
  `created_at` timestamp NOT NULL DEFAULT CURRENT_TIMESTAMP COMMENT 'Create date',
  PRIMARY KEY (`identity`)
) ENGINE=InnoDB DEFAULT CHARSET=utf8 COMMENT='Admin System Messages';

--
-- Dumping data for table `admin_system_messages`
--


--
-- Table structure for table `admin_user`
--

CREATE TABLE `admin_user` (
  `user_id` int(10) unsigned NOT NULL AUTO_INCREMENT COMMENT 'User ID',
  `firstname` varchar(32) DEFAULT NULL COMMENT 'User First Name',
  `lastname` varchar(32) DEFAULT NULL COMMENT 'User Last Name',
  `email` varchar(128) DEFAULT NULL COMMENT 'User Email',
  `username` varchar(40) DEFAULT NULL COMMENT 'User Login',
  `password` varchar(255) NOT NULL COMMENT 'User Password',
  `created` timestamp NOT NULL DEFAULT CURRENT_TIMESTAMP COMMENT 'User Created Time',
  `modified` timestamp NOT NULL DEFAULT CURRENT_TIMESTAMP ON UPDATE CURRENT_TIMESTAMP COMMENT 'User Modified Time',
  `logdate` timestamp NULL DEFAULT NULL COMMENT 'User Last Login Time',
  `lognum` smallint(5) unsigned NOT NULL DEFAULT '0' COMMENT 'User Login Number',
  `reload_acl_flag` smallint(6) NOT NULL DEFAULT '0' COMMENT 'Reload ACL',
  `is_active` smallint(6) NOT NULL DEFAULT '1' COMMENT 'User Is Active',
  `extra` text COMMENT 'User Extra Data',
  `rp_token` text COMMENT 'Reset Password Link Token',
  `rp_token_created_at` timestamp NULL DEFAULT NULL COMMENT 'Reset Password Link Token Creation Date',
  `interface_locale` varchar(16) NOT NULL DEFAULT 'en_US' COMMENT 'Backend interface locale',
  `failures_num` smallint(6) DEFAULT '0' COMMENT 'Failure Number',
  `first_failure` timestamp NULL DEFAULT NULL COMMENT 'First Failure',
  `lock_expires` timestamp NULL DEFAULT NULL COMMENT 'Expiration Lock Dates',
  `refresh_token` text COMMENT 'Email connector refresh token',
  PRIMARY KEY (`user_id`),
  UNIQUE KEY `ADMIN_USER_USERNAME` (`username`)
) ENGINE=InnoDB AUTO_INCREMENT=14 DEFAULT CHARSET=utf8 COMMENT='Admin User Table';

--
-- Dumping data for table `admin_user`
--

INSERT INTO `admin_user` VALUES (1,'Upgrade','demo9','bhargav@rocktechnolabs.com','mage@rock_9','376722c0e61fee33ba020ef250bad5682c98ded4861565204e699928d0142ad5:iZPDOxD2j9y5ODNVs7rwYqoLUsq2epCx:3_32_2_67108864','2022-10-12 05:29:22','2024-10-23 07:19:40','2024-10-23 07:19:40',59,0,1,'{\"configState\":{\"simpleconfigurable_config_simpleconfigurable_settings\":\"1\",\"CustomStockSt_display_setting\":\"1\",\"simpleconfigurable_config_simpleconfigurable_reload\":\"1\",\"customer_approval_general\":\"1\",\"customer_approval_email_settings\":\"1\",\"customer_approval_redirect_settings\":\"1\",\"customer_approval_admin_notification\":\"1\",\"spam_and_bot_blocker_register\":\"0\",\"catalog_search\":\"1\",\"catalog_fields_masks\":\"0\",\"catalog_frontend\":\"0\",\"catalog_review\":\"0\",\"catalog_productalert\":\"0\",\"catalog_productalert_cron\":\"0\",\"catalog_placeholder\":\"0\",\"catalog_recently_products\":\"0\",\"catalog_product_video\":\"0\",\"catalog_price\":\"0\",\"catalog_layered_navigation\":\"0\",\"catalog_seo\":\"0\",\"catalog_navigation\":\"0\",\"catalog_downloadable\":\"0\",\"catalog_custom_options\":\"0\",\"spam_and_bot_blocker_newslatter\":\"0\",\"mageants_checkoutsuccesspage_general\":\"1\",\"forcelogin_general\":\"0\",\"cc_infinite_scroll_config_cc_general_settings\":\"0\",\"cc_infinite_scroll_config_cc_prev_next_button\":\"0\",\"customordernumber_config_customordernumber_general_settings\":\"0\",\"customordernumber_config_customordernumber_order_settings\":\"0\",\"customordernumber_config_customordernumber_shipment_settings\":\"0\",\"CustomStockSt_general\":\"1\",\"mageants_checkoutsuccesspage_subscription\":\"1\",\"mageants_checkoutsuccesspage_suggestproduct\":\"1\",\"mageants_checkoutsuccesspage_confirmationinemail\":\"1\",\"mageants_checkoutsuccesspage_discountsection\":\"1\",\"mageants_checkoutsuccesspage_rightcmsblock\":\"1\",\"mageants_checkoutsuccesspage_bottomcmsblock\":\"1\",\"mageants_checkoutsuccesspage_socialpage\":\"1\",\"spam_and_bot_blocker_contact\":\"0\",\"spam_and_bot_blocker_bots_list\":\"0\",\"mageants_loginascustomer_general\":\"1\",\"forcelogin_page\":\"0\",\"forcelogin_redirect_url\":\"0\",\"cc_infinite_scroll_config_cc_info_bar\":\"0\",\"cc_infinite_scroll_config_cc_dom_selectors\":\"1\",\"customordernumber_config_customordernumber_invoice_settings\":\"0\",\"customordernumber_config_customordernumber_creditmemo_settings\":\"0\",\"customer_captcha\":\"1\",\"customer_account_share\":\"0\",\"customer_online_customers\":\"0\",\"customer_create_account\":\"0\",\"customer_password\":\"0\",\"customer_account_information\":\"0\",\"customer_address\":\"0\",\"customer_startup\":\"0\",\"customer_address_templates\":\"0\",\"recaptcha_frontend_type_recaptcha\":\"1\",\"recaptcha_frontend_type_invisible\":\"0\",\"recaptcha_frontend_type_recaptcha_v3\":\"0\",\"recaptcha_frontend_failure_messages\":\"0\",\"recaptcha_frontend_type_for\":\"1\",\"system_gmailsmtpapp\":\"1\",\"system_mysqlmq\":\"0\",\"system_cron\":\"0\",\"system_smtp\":\"0\",\"system_currency\":\"0\",\"system_security\":\"0\",\"system_adminnotification\":\"0\",\"system_backup\":\"0\",\"system_full_page_cache\":\"0\",\"system_bulk\":\"0\",\"system_media_storage_configuration\":\"0\",\"system_upload_configuration\":\"0\",\"system_media_gallery\":\"0\",\"system_media_gallery_renditions\":\"0\",\"system_adobe_stock_integration\":\"0\",\"sample_section_sample_general\":\"1\"}}',NULL,NULL,'en_US',0,NULL,NULL,NULL),(2,'checkoutsuccesspage','checkoutsuccesspage','checkoutsuccesspage@gmail.com','checkoutsuccesspage','77842169dd9eee71fdc740902d92b8801be69d4a7fffcf4dc6058e6e5f0d5bd3:4pLzDTcRe1htHHixFLgBYDROoEqpojyF:3_32_2_67108864','2022-10-12 07:10:07','2024-04-26 08:36:37','2024-04-26 08:36:37',46,0,1,'{\"configState\":{\"mageants_checkoutsuccesspage_general\":\"1\",\"mageants_checkoutsuccesspage_subscription\":\"1\",\"mageants_checkoutsuccesspage_suggestproduct\":\"1\",\"mageants_checkoutsuccesspage_confirmationinemail\":\"1\",\"mageants_checkoutsuccesspage_discountsection\":\"1\",\"mageants_checkoutsuccesspage_rightcmsblock\":\"1\",\"mageants_checkoutsuccesspage_bottomcmsblock\":\"1\",\"mageants_checkoutsuccesspage_socialpage\":\"1\"}}',NULL,NULL,'en_US',0,NULL,NULL,NULL),(3,'customerapproval','customerapproval','customerapproval@gmail.com','customerapproval','0d61a8bd5b8d7beb5b9dd0d09c65ca6b28fddd49f8174692a8d95506434709b8:Bkl9hhK2WIo0dQDNlGArZ7RtFEtKrYcd:3_32_2_67108864','2022-10-12 07:10:44','2023-12-15 06:20:06','2023-12-15 06:17:37',37,0,1,'{\"configState\":{\"customer_approval_general\":\"1\",\"customer_approval_email_settings\":\"1\",\"customer_approval_redirect_settings\":\"1\",\"customer_approval_admin_notification\":\"1\"}}',NULL,NULL,'en_US',0,NULL,NULL,NULL),(4,'customordernumber','customordernumber','customordernumber@gmail.com','customordernumber','d5da003f58698b39703799bbd141fa5b8a698b9354125910e102e82259660fd2:ZNyxEOx6gWGzZ5taLozIQ9qpAt4joHvY:3_32_2_67108864','2022-10-12 07:11:12','2023-12-15 05:11:09','2023-12-15 05:05:02',14,0,1,'{\"configState\":{\"customordernumber_config_customordernumber_general_settings\":\"1\",\"customordernumber_config_customordernumber_order_settings\":\"1\",\"customordernumber_config_customordernumber_invoice_settings\":\"0\",\"customordernumber_config_customordernumber_shipment_settings\":\"0\",\"customordernumber_config_customordernumber_creditmemo_settings\":\"1\"}}',NULL,NULL,'en_US',0,NULL,NULL,NULL),(5,'customstockstatus','customstockstatus','customstockstatus@gmail.com','customstockstatus','a4afb8caa3357f8b2c906745c087d4c449790e8ad48f086f8b92cb697d239db4:AncfUdjZHzSQK2UAoHCg7mwPcwRBIBRL:3_32_2_67108864','2022-10-12 07:11:42','2024-05-17 13:59:02','2024-05-17 13:59:02',60,0,1,'{\"configState\":{\"CustomStockSt_display_setting\":\"1\",\"CustomStockSt_general\":\"1\"}}',NULL,NULL,'en_US',0,NULL,NULL,NULL),(6,'forcelogin','forcelogin','forcelogin@gmail.com','forcelogin','6096ee55dfb8eadcdfd918835cfbad6cc04321c69ed9da3c74c709cc392559a7:GjdjcyLu44C0mOhqDiSH9hB11ykjwAGW:3_32_2_67108864','2022-10-12 07:12:45','2023-12-15 07:02:08','2023-12-15 07:02:08',24,0,1,'{\"configState\":{\"forcelogin_general\":\"1\",\"forcelogin_page\":\"1\",\"forcelogin_redirect_url\":\"1\"}}',NULL,NULL,'en_US',0,NULL,NULL,NULL),(7,'importcoupon','importcoupon','importcoupon@gmail.com','importcoupon','f4d2d55c1e1f39feff9b40112b5b2a309e89e03c389f3aa592defca015f4f247:RPoX41mqsJfRADSN315Nt9JejttzJnEm:3_32_2_67108864','2022-10-12 07:13:19','2023-11-06 06:18:18','2023-11-06 06:18:18',25,0,1,'null',NULL,NULL,'en_US',0,NULL,NULL,NULL),(8,'infinitescroll','infinitescroll','infinitescroll@gmail.com','infinitescroll','9f8e23c4670b0713f5890567845a74bdaa3272053cb530ab3d7c279bbbf9c09e:xrTHtM1mIuKA2OujNFReyxxC8wTv3TXE:3_32_2_67108864','2022-10-12 07:15:07','2023-12-11 05:22:49','2023-12-11 05:22:49',18,0,1,'{\"configState\":{\"cc_infinite_scroll_config_cc_general_settings\":\"1\",\"cc_infinite_scroll_config_cc_prev_next_button\":\"1\",\"cc_infinite_scroll_config_cc_info_bar\":\"1\",\"cc_infinite_scroll_config_cc_dom_selectors\":\"1\"}}',NULL,NULL,'en_US',0,NULL,NULL,NULL),(9,'loginascustomer','loginascustomer','loginascustomer@gmail.com','loginascustomer','b085bf1e161d64a7419a7944f7abd540da08ba75dad681007e6f19262de8e851:L64lDy9DX6upNxWYSiMEZz3pcC5woC24:3_32_2_67108864','2022-10-12 07:15:34','2023-12-01 06:21:25','2023-12-01 06:21:25',21,0,1,'{\"configState\":{\"mageants_loginascustomer_general\":\"1\"}}',NULL,NULL,'en_US',0,NULL,NULL,NULL),(10,'minimumordercustomergroup','minimumordercustomergroup','minimumordercustomergroup@gmail.com','minimumordercustomergroup','88f70d947b91ffe118b5a76a2e12df81275e1e57c4167c7e8d9948c7b59ed7c1:PfOWviwEhFdTg1GmqeDwhPzKLoCZU3zG:3_32_2_67108864','2022-10-12 07:15:59','2023-11-03 06:31:23','2023-11-03 06:31:23',34,0,1,'{\"configState\":{\"sales_minimum_order\":\"1\",\"sales_general\":\"1\",\"sales_reorder\":\"1\",\"sales_zerograndtotal_creditmemo\":\"1\",\"sales_identity\":\"1\",\"sales_instant_purchase\":\"1\"}}',NULL,NULL,'en_US',0,NULL,NULL,NULL),(11,'sampleproduct','sampleproduct','sampleproduct@gmail.com','sampleproduct','26abc0183078ff3fbea6a759cbd7f25235584257a3904436c8c478f427a46afe:aX62LvqJE2ERmTv5S3yaJoJ8wV0uJled:3_32_2_67108864','2022-10-12 07:16:31','2024-08-30 06:54:58','2024-08-30 06:54:58',34,0,1,'{\"configState\":{\"sample_section_sample_general\":\"1\"}}',NULL,NULL,'en_US',0,NULL,NULL,NULL),(12,'simpleconfigurable','simpleconfigurable','simpleconfigurable@gmail.com','simpleconfigurable','5cc922e3f1e6c65ec1d9779d202865422bf82581f8df42041e433d5a17adb3a4:qemftVmmyxaZOx08UBT9kCgwuVHsnkqL:3_32_2_67108864','2022-10-12 07:17:02','2024-09-06 09:49:53','2024-09-06 09:49:53',66,0,1,'{\"configState\":{\"simpleconfigurable_config_simpleconfigurable_settings\":\"1\",\"simpleconfigurable_config_simpleconfigurable_reload\":\"1\"}}',NULL,NULL,'en_US',0,NULL,NULL,NULL),(13,'spamandbotblocker','spamandbotblocker','spamandbotblocker@gmail.com','spamandbotblocker','2bb4051dd5cbfaad55a84f74935f537ca4c76d32652710927cb3147738a9f1ba:XVoaFctkMBjsZOnVCq8JXMekXkQTA7D5:3_32_2_67108864','2022-10-12 07:17:47','2024-05-17 09:39:21','2024-05-17 09:39:21',41,0,1,'{\"configState\":{\"spam_and_bot_blocker_newslatter\":\"0\",\"spam_and_bot_blocker_contact\":\"1\",\"spam_and_bot_blocker_register\":\"1\",\"spam_and_bot_blocker_bots_list\":\"1\"}}',NULL,NULL,'en_US',0,NULL,NULL,NULL);

--
-- Table structure for table `admin_user_expiration`
--

CREATE TABLE `admin_user_expiration` (
  `user_id` int(10) unsigned NOT NULL COMMENT 'User ID',
  `expires_at` timestamp NOT NULL DEFAULT '0000-00-00 00:00:00' COMMENT 'User Expiration Date',
  PRIMARY KEY (`user_id`),
  CONSTRAINT `ADMIN_USER_EXPIRATION_USER_ID_ADMIN_USER_USER_ID` FOREIGN KEY (`user_id`) REFERENCES `admin_user` (`user_id`) ON DELETE CASCADE
) ENGINE=InnoDB DEFAULT CHARSET=utf8 COMMENT='Admin User expiration dates table';

--
-- Dumping data for table `admin_user_expiration`
--


--
-- Table structure for table `admin_user_session`
--

CREATE TABLE `admin_user_session` (
  `id` int(10) unsigned NOT NULL AUTO_INCREMENT COMMENT 'Entity ID',
  `session_id` varchar(1) DEFAULT NULL COMMENT 'Deprecated: Session ID value no longer used',
  `user_id` int(10) unsigned DEFAULT NULL COMMENT 'Admin User ID',
  `status` smallint(5) unsigned NOT NULL DEFAULT '1' COMMENT 'Current Session status',
  `created_at` timestamp NOT NULL DEFAULT CURRENT_TIMESTAMP COMMENT 'Created Time',
  `updated_at` timestamp NOT NULL DEFAULT CURRENT_TIMESTAMP ON UPDATE CURRENT_TIMESTAMP COMMENT 'Update Time',
  `ip` varchar(15) NOT NULL COMMENT 'Remote user IP',
  PRIMARY KEY (`id`),
  KEY `ADMIN_USER_SESSION_SESSION_ID` (`session_id`),
  KEY `ADMIN_USER_SESSION_USER_ID` (`user_id`),
  CONSTRAINT `ADMIN_USER_SESSION_USER_ID_ADMIN_USER_USER_ID` FOREIGN KEY (`user_id`) REFERENCES `admin_user` (`user_id`) ON DELETE CASCADE
) ENGINE=InnoDB AUTO_INCREMENT=677 DEFAULT CHARSET=utf8 COMMENT='Admin User sessions table';

--
-- Dumping data for table `admin_user_session`
--

INSERT INTO `admin_user_session` VALUES (1,NULL,1,0,'2022-10-12 05:47:06','2022-10-12 05:48:14','162.158.159.108'),(2,NULL,1,3,'2022-10-12 05:48:30','2022-10-12 06:10:58','162.158.159.108'),(3,NULL,1,3,'2022-10-12 06:47:16','2022-10-12 07:17:46','162.158.159.8'),(4,NULL,9,0,'2022-10-12 07:53:13','2022-10-12 07:53:21','141.101.98.86'),(5,NULL,1,3,'2022-10-12 07:53:31','2022-10-12 08:11:44','162.158.159.92'),(6,NULL,2,0,'2022-10-12 07:58:34','2022-10-12 08:00:58','162.158.159.32'),(7,NULL,3,0,'2022-10-12 08:01:04','2022-10-12 08:02:20','162.158.159.32'),(8,NULL,8,0,'2022-10-12 08:02:25','2022-10-12 08:03:52','141.101.99.243'),(9,NULL,10,0,'2022-10-12 08:05:41','2022-10-12 08:07:48','162.158.159.104'),(10,NULL,11,0,'2022-10-12 08:07:52','2022-10-12 08:14:09','162.158.159.32'),(11,NULL,2,3,'2022-10-12 08:14:16','2022-10-12 08:14:16','141.101.99.243'),(12,NULL,2,3,'2022-10-12 08:14:17','2022-10-12 08:14:17','141.101.99.243'),(13,NULL,2,3,'2022-10-12 08:14:35','2022-10-12 08:14:35','162.158.159.108'),(14,NULL,2,3,'2022-10-12 08:14:36','2022-10-12 08:14:36','141.101.99.243'),(15,NULL,2,3,'2022-10-12 08:14:36','2022-10-12 08:14:36','162.158.159.104'),(16,NULL,2,3,'2022-10-12 08:14:37','2022-10-12 08:14:37','162.158.159.108'),(17,NULL,2,3,'2022-10-12 08:14:38','2022-10-12 08:14:38','162.158.159.108'),(18,NULL,2,3,'2022-10-12 08:14:44','2022-10-12 08:14:44','162.158.159.8'),(19,NULL,2,3,'2022-10-12 08:15:16','2022-10-12 08:15:16','162.158.159.8'),(20,NULL,2,3,'2022-10-12 08:15:23','2022-10-12 08:15:23','162.158.159.8'),(21,NULL,2,3,'2022-10-12 08:15:44','2022-10-12 08:15:44','162.158.159.8'),(22,NULL,2,3,'2022-10-12 08:15:48','2022-10-12 08:15:48','162.158.159.8'),(23,NULL,2,3,'2022-10-12 08:16:34','2022-10-12 08:16:34','162.158.159.8'),(24,NULL,2,3,'2022-10-12 08:16:46','2022-10-12 08:16:46','162.158.159.8'),(25,NULL,2,3,'2022-10-12 08:16:51','2022-10-12 08:16:51','162.158.159.8'),(26,NULL,2,3,'2022-10-12 08:16:58','2022-10-12 08:16:58','162.158.159.8'),(27,NULL,2,3,'2022-10-12 08:17:00','2022-10-12 08:17:00','162.158.159.8'),(28,NULL,2,3,'2022-10-12 08:17:47','2022-10-12 08:17:47','162.158.159.8'),(29,NULL,2,3,'2022-10-12 08:17:51','2022-10-12 08:17:51','162.158.159.104'),(30,NULL,2,0,'2022-10-12 08:19:19','2022-10-12 08:19:19','162.158.159.104'),(31,NULL,3,3,'2022-10-12 09:30:48','2022-10-12 09:30:48','162.158.159.108'),(32,NULL,3,3,'2022-10-12 09:30:50','2022-10-12 09:30:50','162.158.159.108'),(33,NULL,3,3,'2022-10-12 09:30:57','2022-10-12 09:30:57','162.158.159.32'),(34,NULL,3,3,'2022-10-12 09:30:58','2022-10-12 09:30:58','162.158.159.8'),(35,NULL,3,3,'2022-10-12 09:30:58','2022-10-12 09:30:58','162.158.159.108'),(36,NULL,3,3,'2022-10-12 09:31:00','2022-10-12 09:31:00','162.158.159.8'),(37,NULL,3,3,'2022-10-12 09:31:02','2022-10-12 09:31:02','162.158.159.8'),(38,NULL,3,3,'2022-10-12 09:31:04','2022-10-12 09:31:04','162.158.159.8'),(39,NULL,3,3,'2022-10-12 09:31:07','2022-10-12 09:31:07','162.158.159.8'),(40,NULL,3,3,'2022-10-12 09:31:15','2022-10-12 09:31:15','162.158.159.108'),(41,NULL,3,3,'2022-10-12 09:31:21','2022-10-12 09:31:21','162.158.159.108'),(42,NULL,3,3,'2022-10-12 09:31:48','2022-10-12 09:31:48','162.158.159.108'),(43,NULL,3,3,'2022-10-12 09:31:53','2022-10-12 09:31:53','162.158.159.108'),(44,NULL,3,3,'2022-10-12 09:31:55','2022-10-12 09:31:55','162.158.159.108'),(45,NULL,1,3,'2022-10-12 09:37:50','2022-10-12 09:37:50','162.158.159.108'),(46,NULL,1,3,'2022-10-12 09:37:52','2022-10-12 09:37:52','162.158.159.108'),(47,NULL,1,3,'2022-10-12 09:37:58','2022-10-12 09:37:58','162.158.159.32'),(48,NULL,1,3,'2022-10-12 09:38:02','2022-10-12 09:38:02','162.158.159.32'),(49,NULL,1,3,'2022-10-12 09:38:04','2022-10-12 09:38:04','162.158.159.32'),(50,NULL,1,3,'2022-10-12 09:38:09','2022-10-12 09:38:09','162.158.159.32'),(51,NULL,1,3,'2022-10-12 09:38:09','2022-10-12 09:38:09','162.158.159.108'),(52,NULL,1,3,'2022-10-12 09:38:11','2022-10-12 09:38:11','162.158.159.32'),(53,NULL,1,3,'2022-10-12 09:38:12','2022-10-12 09:38:12','141.101.99.235'),(54,NULL,1,3,'2022-10-12 09:38:13','2022-10-12 09:38:13','162.158.159.32'),(55,NULL,1,3,'2022-10-12 09:38:15','2022-10-12 09:38:15','162.158.159.32'),(56,NULL,1,3,'2022-10-12 09:38:18','2022-10-12 09:38:18','141.101.99.235'),(57,NULL,1,3,'2022-10-12 09:38:22','2022-10-12 09:38:22','162.158.159.104'),(58,NULL,1,3,'2022-10-12 09:38:22','2022-10-12 09:38:22','141.101.99.235'),(59,NULL,1,3,'2022-10-12 09:38:22','2022-10-12 09:38:22','162.158.159.8'),(60,NULL,1,3,'2022-10-12 09:38:23','2022-10-12 09:38:23','141.101.99.235'),(61,NULL,1,3,'2022-10-12 09:38:34','2022-10-12 09:38:34','141.101.99.235'),(62,NULL,1,3,'2022-10-12 09:38:35','2022-10-12 09:38:35','141.101.99.235'),(63,NULL,1,3,'2022-10-12 09:38:39','2022-10-12 09:38:39','162.158.159.8'),(64,NULL,1,3,'2022-10-12 09:38:58','2022-10-12 09:38:58','162.158.159.32'),(65,NULL,1,3,'2022-10-12 09:40:48','2022-10-12 09:40:48','162.158.159.104'),(66,NULL,1,3,'2022-10-12 09:40:50','2022-10-12 09:40:50','162.158.159.78'),(67,NULL,1,3,'2022-10-12 09:41:11','2022-10-12 09:41:11','162.158.159.78'),(68,NULL,1,3,'2022-10-12 09:41:15','2022-10-12 09:41:15','162.158.159.108'),(69,NULL,1,3,'2022-10-12 09:41:16','2022-10-12 09:41:16','162.158.159.108'),(70,NULL,1,3,'2022-10-12 09:41:17','2022-10-12 09:41:17','162.158.159.108'),(71,NULL,1,3,'2022-10-12 09:41:20','2022-10-12 09:41:20','162.158.159.78'),(72,NULL,3,3,'2022-10-12 09:43:35','2022-10-12 09:43:35','141.101.107.58'),(73,NULL,3,3,'2022-10-12 09:43:36','2022-10-12 09:43:36','141.101.107.58'),(74,NULL,3,3,'2022-10-12 09:43:39','2022-10-12 09:43:39','141.101.98.70'),(75,NULL,3,3,'2022-10-12 09:43:39','2022-10-12 09:43:39','162.158.159.108'),(76,NULL,3,3,'2022-10-12 09:43:43','2022-10-12 09:43:43','162.158.159.8'),(77,NULL,3,3,'2022-10-12 09:43:52','2022-10-12 09:43:52','141.101.107.58'),(78,NULL,3,3,'2022-10-12 09:43:54','2022-10-12 09:43:54','141.101.107.58'),(79,NULL,3,3,'2022-10-12 09:44:27','2022-10-12 09:44:27','141.101.107.58'),(80,NULL,3,3,'2022-10-12 09:44:28','2022-10-12 09:44:28','141.101.107.58'),(81,NULL,3,3,'2022-10-12 09:44:42','2022-10-12 09:44:42','162.158.159.8'),(82,NULL,3,3,'2022-10-12 09:44:48','2022-10-12 09:44:48','141.101.98.70'),(83,NULL,3,3,'2022-10-12 09:44:50','2022-10-12 09:44:50','141.101.98.70'),(84,NULL,1,3,'2022-10-12 09:46:22','2022-10-12 09:46:22','141.101.98.70'),(85,NULL,1,3,'2022-10-12 09:46:23','2022-10-12 09:46:23','141.101.98.70'),(86,NULL,1,3,'2022-10-12 09:46:28','2022-10-12 09:46:28','162.158.159.32'),(87,NULL,1,3,'2022-10-12 09:46:30','2022-10-12 09:46:30','162.158.159.32'),(88,NULL,1,3,'2022-10-12 09:46:33','2022-10-12 09:46:33','162.158.159.104'),(89,NULL,1,3,'2022-10-12 09:46:35','2022-10-12 09:46:35','162.158.159.104'),(90,NULL,1,3,'2022-10-12 09:46:38','2022-10-12 09:46:38','162.158.159.32'),(91,NULL,1,3,'2022-10-12 09:46:38','2022-10-12 09:46:38','162.158.159.104'),(92,NULL,1,3,'2022-10-12 09:46:39','2022-10-12 09:46:39','141.101.98.70'),(93,NULL,1,3,'2022-10-12 09:46:40','2022-10-12 09:46:40','162.158.159.32'),(94,NULL,1,3,'2022-10-12 09:46:41','2022-10-12 09:46:41','162.158.159.32'),(95,NULL,1,3,'2022-10-12 09:47:03','2022-10-12 09:47:03','162.158.159.104'),(96,NULL,1,3,'2022-10-12 09:47:05','2022-10-12 09:47:05','162.158.159.104'),(97,NULL,1,3,'2022-10-12 09:47:09','2022-10-12 09:47:09','162.158.159.32'),(98,NULL,1,3,'2022-10-12 09:47:13','2022-10-12 09:47:13','162.158.159.104'),(99,NULL,1,3,'2022-10-12 09:47:19','2022-10-12 09:47:19','162.158.159.104'),(100,NULL,1,3,'2022-10-12 09:47:19','2022-10-12 09:47:19','162.158.159.104'),(101,NULL,1,3,'2022-10-12 09:47:26','2022-10-12 09:47:26','141.101.98.70'),(102,NULL,1,3,'2022-10-12 09:47:44','2022-10-12 09:47:44','162.158.159.32'),(103,NULL,1,3,'2022-10-12 09:47:49','2022-10-12 09:47:49','162.158.159.32'),(104,NULL,1,3,'2022-10-12 09:47:49','2022-10-12 09:47:49','162.158.159.32'),(105,NULL,1,3,'2022-10-12 09:47:50','2022-10-12 09:47:50','162.158.159.32'),(106,NULL,1,3,'2022-10-12 09:48:03','2022-10-12 09:48:03','162.158.159.32'),(107,NULL,1,3,'2022-10-12 09:48:09','2022-10-12 09:48:09','141.101.98.70'),(108,NULL,3,3,'2022-10-12 09:57:00','2022-10-12 09:57:00','162.158.159.104'),(109,NULL,3,3,'2022-10-12 09:57:06','2022-10-12 09:57:06','162.158.159.104'),(110,NULL,3,3,'2022-10-12 09:57:07','2022-10-12 09:57:07','162.158.159.104'),(111,NULL,3,3,'2022-10-12 09:57:09','2022-10-12 09:57:09','162.158.159.104'),(112,NULL,3,3,'2022-10-12 09:57:14','2022-10-12 09:57:14','162.158.159.104'),(113,NULL,3,3,'2022-10-12 09:57:18','2022-10-12 09:57:18','162.158.159.104'),(114,NULL,3,3,'2022-10-12 09:57:23','2022-10-12 09:57:23','162.158.159.8'),(115,NULL,3,3,'2022-10-12 09:57:24','2022-10-12 09:57:24','162.158.159.8'),(116,NULL,3,3,'2022-10-12 09:57:47','2022-10-12 09:57:47','162.158.159.104'),(117,NULL,3,3,'2022-10-12 09:57:51','2022-10-12 09:57:51','162.158.159.104'),(118,NULL,3,3,'2022-10-12 09:57:52','2022-10-12 09:57:52','162.158.159.104'),(119,NULL,3,3,'2022-10-12 09:58:06','2022-10-12 09:58:06','162.158.159.104'),(120,NULL,3,3,'2022-10-12 09:58:10','2022-10-12 09:58:10','162.158.159.104'),(121,NULL,3,3,'2022-10-12 09:58:11','2022-10-12 09:58:11','162.158.159.104'),(122,NULL,3,3,'2022-10-12 09:58:23','2022-10-12 09:58:23','162.158.159.104'),(123,NULL,3,3,'2022-10-12 09:58:24','2022-10-12 09:58:24','162.158.159.104'),(124,NULL,3,3,'2022-10-12 09:58:26','2022-10-12 09:58:26','162.158.159.104'),(125,NULL,3,3,'2022-10-12 09:58:31','2022-10-12 09:58:31','162.158.159.104'),(126,NULL,3,3,'2022-10-12 09:58:32','2022-10-12 09:58:32','162.158.159.104'),(127,NULL,3,3,'2022-10-12 09:58:38','2022-10-12 09:58:38','162.158.159.104'),(128,NULL,3,3,'2022-10-12 09:59:20','2022-10-12 09:59:20','162.158.159.108'),(129,NULL,3,3,'2022-10-12 09:59:24','2022-10-12 09:59:24','162.158.159.108'),(130,NULL,3,3,'2022-10-12 09:59:55','2022-10-12 09:59:55','162.158.159.8'),(131,NULL,3,3,'2022-10-12 09:59:56','2022-10-12 09:59:56','162.158.159.8'),(132,NULL,3,0,'2022-10-12 10:01:11','2022-10-12 10:01:11','162.158.159.104'),(133,NULL,3,3,'2022-10-12 10:01:35','2022-10-12 10:01:35','162.158.159.108'),(134,NULL,3,3,'2022-10-12 10:01:36','2022-10-12 10:01:36','162.158.159.108'),(135,NULL,3,3,'2022-10-12 10:01:41','2022-10-12 10:01:41','162.158.159.104'),(136,NULL,3,3,'2022-10-12 10:01:41','2022-10-12 10:01:41','162.158.159.78'),(137,NULL,3,3,'2022-10-12 10:01:45','2022-10-12 10:01:45','162.158.159.32'),(138,NULL,3,0,'2022-10-12 10:01:53','2022-10-12 10:01:53','162.158.159.104'),(139,NULL,8,3,'2022-10-12 10:01:59','2022-10-12 10:01:59','162.158.159.108'),(140,NULL,8,3,'2022-10-12 10:02:01','2022-10-12 10:02:01','162.158.159.108'),(141,NULL,8,3,'2022-10-12 10:02:05','2022-10-12 10:02:05','162.158.159.104'),(142,NULL,8,3,'2022-10-12 10:02:05','2022-10-12 10:02:05','162.158.159.104'),(143,NULL,8,3,'2022-10-12 10:02:07','2022-10-12 10:02:07','162.158.159.104'),(144,NULL,8,3,'2022-10-12 10:02:19','2022-10-12 10:02:19','162.158.159.104'),(145,NULL,8,3,'2022-10-12 10:02:20','2022-10-12 10:02:20','162.158.159.104'),(146,NULL,8,3,'2022-10-12 10:02:23','2022-10-12 10:02:23','162.158.159.108'),(147,NULL,8,3,'2022-10-12 10:02:38','2022-10-12 10:02:38','162.158.159.32'),(148,NULL,8,3,'2022-10-12 10:02:44','2022-10-12 10:02:44','162.158.159.32'),(149,NULL,8,3,'2022-10-12 10:02:53','2022-10-12 10:02:53','162.158.159.32'),(150,NULL,8,3,'2022-10-12 10:02:55','2022-10-12 10:02:55','162.158.159.32'),(151,NULL,8,3,'2022-10-12 10:02:56','2022-10-12 10:02:56','162.158.159.32'),(152,NULL,8,0,'2022-10-12 10:04:23','2022-10-12 10:04:23','162.158.159.108'),(153,NULL,1,3,'2022-10-12 10:04:46','2022-10-12 10:04:46','141.101.99.235'),(154,NULL,1,3,'2022-10-12 10:04:52','2022-10-12 10:04:52','162.158.159.108'),(155,NULL,1,3,'2022-10-12 10:04:52','2022-10-12 10:04:52','162.158.159.108'),(156,NULL,1,3,'2022-10-12 10:04:53','2022-10-12 10:04:53','162.158.159.108'),(157,NULL,1,3,'2022-10-12 10:04:56','2022-10-12 10:04:56','162.158.159.108'),(158,NULL,1,3,'2022-10-12 10:05:08','2022-10-12 10:05:08','162.158.159.108'),(159,NULL,1,3,'2022-10-12 10:05:13','2022-10-12 10:05:13','162.158.159.104'),(160,NULL,1,3,'2022-10-12 10:05:13','2022-10-12 10:05:13','162.158.159.108'),(161,NULL,1,3,'2022-10-12 10:05:20','2022-10-12 10:05:20','162.158.159.104'),(162,NULL,1,3,'2022-10-12 10:05:24','2022-10-12 10:05:24','162.158.159.8'),(163,NULL,1,3,'2022-10-12 10:05:46','2022-10-12 10:05:46','162.158.159.108'),(164,NULL,1,3,'2022-10-12 10:05:47','2022-10-12 10:05:47','162.158.159.108'),(165,NULL,1,3,'2022-10-12 10:05:52','2022-10-12 10:05:52','162.158.159.108'),(166,NULL,1,3,'2022-10-12 10:05:57','2022-10-12 10:05:57','162.158.159.104'),(167,NULL,1,3,'2022-10-12 10:05:58','2022-10-12 10:05:58','162.158.159.104'),(168,NULL,1,3,'2022-10-12 10:05:59','2022-10-12 10:05:59','162.158.159.108'),(169,NULL,1,3,'2022-10-12 10:06:02','2022-10-12 10:06:02','162.158.159.108'),(170,NULL,1,3,'2022-10-12 10:06:03','2022-10-12 10:06:03','162.158.159.108'),(171,NULL,1,3,'2022-10-12 10:06:06','2022-10-12 10:06:06','141.101.99.235'),(172,NULL,1,3,'2022-10-12 10:06:09','2022-10-12 10:06:09','141.101.99.235'),(173,NULL,1,3,'2022-10-12 10:06:13','2022-10-12 10:06:13','141.101.99.235'),(174,NULL,1,3,'2022-10-12 10:06:15','2022-10-12 10:06:15','162.158.159.104'),(175,NULL,1,3,'2022-10-12 10:06:17','2022-10-12 10:06:17','162.158.159.104'),(176,NULL,1,3,'2022-10-12 10:06:18','2022-10-12 10:06:18','141.101.99.235'),(177,NULL,1,3,'2022-10-12 10:06:20','2022-10-12 10:06:20','141.101.99.235'),(178,NULL,1,3,'2022-10-12 10:06:21','2022-10-12 10:06:21','162.158.159.104'),(179,NULL,1,3,'2022-10-12 10:06:21','2022-10-12 10:06:21','162.158.159.104'),(180,NULL,1,3,'2022-10-12 10:06:29','2022-10-12 10:06:29','162.158.159.104'),(181,NULL,1,3,'2022-10-12 10:06:32','2022-10-12 10:06:32','162.158.159.8'),(182,NULL,1,3,'2022-10-12 10:06:33','2022-10-12 10:06:33','141.101.99.235'),(183,NULL,1,3,'2022-10-12 10:06:33','2022-10-12 10:06:33','162.158.159.8'),(184,NULL,1,3,'2022-10-12 10:06:38','2022-10-12 10:06:38','162.158.159.8'),(185,NULL,1,1,'2022-10-12 10:06:50','2022-10-12 12:02:29','162.158.159.8'),(186,NULL,8,0,'2022-10-12 10:25:56','2022-10-12 10:36:22','162.158.159.8'),(187,NULL,10,0,'2022-10-12 10:36:28','2022-10-12 10:41:59','162.158.159.108'),(188,NULL,5,0,'2022-10-12 11:04:57','2022-10-12 11:46:41','162.158.159.104'),(189,NULL,5,1,'2022-10-12 11:26:58','2022-10-12 11:26:58','162.158.159.104'),(190,NULL,7,0,'2022-10-12 11:46:53','2022-10-12 12:01:01','162.158.159.104'),(191,NULL,12,0,'2022-10-12 12:01:11','2022-10-12 12:12:11','162.158.159.108'),(192,NULL,5,1,'2022-10-12 12:13:59','2022-10-12 12:13:59','162.158.159.108'),(193,NULL,5,1,'2022-10-12 12:15:20','2022-10-12 12:17:09','162.158.159.32'),(194,NULL,5,1,'2022-10-12 12:16:58','2022-10-12 12:16:58','162.158.159.8'),(195,NULL,5,0,'2022-10-12 12:17:48','2022-10-12 12:33:43','162.158.159.32'),(196,NULL,5,1,'2022-10-12 12:19:32','2022-10-12 12:19:32','162.158.159.104'),(197,NULL,5,1,'2022-10-12 12:21:01','2022-10-12 12:27:39','162.158.159.32'),(198,NULL,5,1,'2022-10-12 12:21:08','2022-10-12 12:21:08','162.158.159.104'),(199,NULL,5,0,'2022-10-12 12:33:52','2022-10-12 12:42:15','162.158.159.32'),(200,NULL,1,1,'2022-10-12 12:48:30','2022-10-12 13:14:31','162.158.159.104'),(201,NULL,9,0,'2022-10-12 12:59:49','2022-10-12 13:11:50','162.158.159.32'),(202,NULL,4,0,'2022-10-12 13:12:06','2022-10-12 13:12:14','162.158.159.108'),(203,NULL,4,0,'2022-10-12 13:14:41','2022-10-12 13:18:48','162.158.159.104'),(204,NULL,1,0,'2022-10-12 13:40:13','2022-10-12 13:59:50','162.158.159.8'),(205,NULL,13,0,'2022-10-12 13:41:04','2022-10-12 13:52:09','162.158.159.8'),(206,NULL,6,1,'2022-10-12 13:53:12','2022-10-12 13:58:27','162.158.159.8'),(207,NULL,13,0,'2022-10-13 05:20:14','2022-10-13 05:37:38','162.158.159.32'),(208,NULL,13,1,'2022-10-13 05:25:40','2022-10-13 07:01:34','162.158.159.104'),(209,NULL,13,1,'2022-10-13 05:44:28','2022-10-13 05:47:06','162.158.159.8'),(210,NULL,13,1,'2022-10-13 05:53:33','2022-10-13 05:53:33','162.158.159.8'),(211,NULL,13,1,'2022-10-13 06:43:32','2022-10-13 07:14:25','162.158.159.104'),(212,NULL,2,0,'2022-10-14 09:38:53','2022-10-14 09:39:42','162.158.159.104'),(213,NULL,1,0,'2022-10-14 09:40:25','2022-10-14 09:45:07','141.101.99.243'),(214,NULL,2,0,'2022-10-14 09:45:12','2022-10-14 09:47:27','162.158.159.32'),(215,NULL,3,0,'2022-10-14 09:47:44','2022-10-14 09:52:10','162.158.159.104'),(216,NULL,1,0,'2022-10-14 09:52:20','2022-10-14 10:01:11','162.158.159.32'),(217,NULL,3,0,'2022-10-14 10:01:16','2022-10-14 10:23:34','162.158.159.8'),(218,NULL,5,0,'2022-10-14 10:23:56','2022-10-14 10:28:53','162.158.159.108'),(219,NULL,2,0,'2022-11-02 05:51:54','2022-11-02 06:30:29','162.158.159.32'),(220,NULL,2,0,'2022-11-02 06:31:03','2022-11-02 06:31:12','162.158.159.104'),(221,NULL,2,0,'2022-11-02 06:31:21','2022-11-02 06:32:19','162.158.159.9'),(222,NULL,2,0,'2022-11-02 06:33:00','2022-11-02 06:35:23','162.158.159.104'),(223,NULL,3,0,'2022-11-02 06:35:32','2022-11-02 07:14:07','141.101.99.235'),(224,NULL,4,0,'2022-11-02 07:15:54','2022-11-02 07:52:10','162.158.159.108'),(225,NULL,5,1,'2022-11-02 07:52:20','2022-11-02 08:16:35','162.158.159.104'),(226,NULL,6,0,'2022-11-02 09:42:57','2022-11-02 11:11:32','162.158.159.104'),(227,NULL,7,0,'2022-11-02 11:11:43','2022-11-02 11:36:41','162.158.159.104'),(228,NULL,8,0,'2022-11-02 11:36:57','2022-11-02 11:42:50','162.158.159.32'),(229,NULL,9,0,'2022-11-02 11:42:53','2022-11-02 11:47:38','162.158.159.8'),(230,NULL,10,0,'2022-11-02 11:48:10','2022-11-02 12:03:54','162.158.159.8'),(231,NULL,11,0,'2022-11-02 12:04:16','2022-11-02 12:22:50','162.158.159.78'),(232,NULL,12,0,'2022-11-02 12:23:06','2022-11-02 12:24:53','162.158.159.109'),(233,NULL,13,1,'2022-11-02 12:25:15','2022-11-02 13:01:38','162.158.159.104'),(234,NULL,13,1,'2022-11-02 12:33:23','2022-11-02 12:33:23','141.101.98.70'),(235,NULL,5,1,'2022-11-03 07:49:20','2022-11-03 08:12:28','162.158.159.108'),(236,NULL,5,0,'2022-11-03 09:30:50','2022-11-03 09:50:09','162.158.159.33'),(237,NULL,5,0,'2022-11-03 09:50:52','2022-11-03 11:03:46','162.158.159.109'),(238,NULL,5,1,'2022-11-03 10:26:40','2022-11-03 10:44:44','141.101.99.244'),(239,NULL,6,0,'2022-11-03 11:04:29','2022-11-03 11:45:16','162.158.159.109'),(240,NULL,10,0,'2022-11-03 11:45:26','2022-11-03 11:58:04','162.158.159.104'),(241,NULL,10,1,'2022-11-03 11:57:19','2022-11-03 12:08:38','162.158.159.9'),(242,NULL,6,1,'2022-11-03 12:03:38','2022-11-03 13:01:54','162.158.159.9'),(243,NULL,10,1,'2022-11-04 05:09:41','2022-11-04 05:22:34','162.158.159.32'),(244,NULL,10,1,'2022-11-04 05:35:44','2022-11-04 05:55:16','162.158.159.33'),(245,NULL,1,1,'2022-11-04 06:41:48','2022-11-04 06:46:13','162.158.159.104'),(246,NULL,6,0,'2022-11-04 13:49:27','2022-11-04 13:49:36','162.158.159.9'),(247,NULL,10,1,'2022-11-04 13:49:45','2022-11-04 13:55:57','162.158.159.8'),(248,NULL,6,1,'2022-11-07 05:03:41','2022-11-07 05:26:15','162.158.159.104'),(249,NULL,1,1,'2022-11-07 05:26:41','2022-11-07 05:40:10','162.158.159.33'),(250,NULL,1,1,'2022-11-14 05:52:11','2022-11-14 05:56:00','141.101.98.10'),(251,NULL,6,0,'2022-11-15 05:11:51','2022-11-15 05:12:14','141.101.98.192'),(252,NULL,1,0,'2022-11-15 05:12:18','2022-11-15 05:34:36','141.101.98.193'),(253,NULL,6,0,'2022-11-15 05:34:48','2022-11-15 06:36:16','141.101.107.78'),(254,NULL,10,1,'2022-11-15 06:36:26','2022-11-15 07:01:25','162.158.159.30'),(255,NULL,10,0,'2022-11-17 06:08:53','2022-11-17 06:15:13','162.158.159.18'),(256,NULL,7,1,'2022-11-17 06:15:17','2022-11-17 06:24:57','141.101.99.150'),(257,NULL,10,1,'2022-11-21 05:32:23','2022-11-21 05:36:03','141.101.99.25'),(258,NULL,7,0,'2022-11-21 09:54:32','2022-11-21 10:04:53','162.158.159.69'),(259,NULL,10,1,'2022-11-21 11:57:00','2022-11-21 11:59:15','162.158.159.70'),(260,NULL,3,0,'2022-11-22 11:19:19','2022-11-22 11:19:25','141.101.98.249'),(261,NULL,1,0,'2022-11-22 11:19:30','2022-11-22 11:20:21','141.101.98.249'),(262,NULL,1,0,'2022-11-22 11:20:58','2022-11-22 11:27:17','141.101.98.248'),(263,NULL,10,0,'2022-11-22 11:27:21','2022-11-22 11:27:36','162.158.159.81'),(264,NULL,1,0,'2022-11-22 11:27:41','2022-11-22 11:28:13','141.101.99.6'),(265,NULL,11,0,'2022-11-22 11:29:15','2022-11-22 11:29:20','162.158.159.90'),(266,NULL,2,0,'2022-11-22 11:53:02','2022-11-22 11:53:57','141.101.98.71'),(267,NULL,2,0,'2022-11-22 11:54:05','2022-11-22 11:54:14','162.158.159.91'),(268,NULL,2,1,'2022-11-22 11:54:32','2022-11-22 12:25:27','162.158.159.90'),(269,NULL,10,0,'2022-11-22 11:58:09','2022-11-22 12:31:32','162.158.159.77'),(270,NULL,2,0,'2022-11-22 12:27:06','2022-11-22 12:31:29','162.158.159.79'),(271,NULL,3,0,'2022-11-22 12:31:32','2022-11-22 12:32:04','162.158.159.81'),(272,NULL,2,0,'2022-11-22 12:31:36','2022-11-22 12:31:53','162.158.159.81'),(273,NULL,3,1,'2022-11-22 12:31:56','2022-11-22 12:46:27','162.158.159.77'),(274,NULL,4,1,'2022-11-22 12:32:08','2022-11-22 12:46:03','141.101.99.244'),(275,NULL,3,1,'2022-11-22 12:46:38','2022-11-22 13:01:49','141.101.99.6'),(276,NULL,3,1,'2022-11-22 12:47:41','2022-11-22 13:31:12','162.158.159.79'),(277,NULL,2,1,'2022-11-22 12:52:31','2022-11-22 12:53:46','141.101.99.6'),(278,NULL,5,0,'2022-11-22 12:55:22','2022-11-22 12:55:42','141.101.99.244'),(279,NULL,2,1,'2022-11-22 12:55:46','2022-11-22 12:55:46','141.101.98.71'),(280,NULL,2,1,'2022-11-22 12:57:39','2022-11-22 13:04:47','141.101.99.6'),(281,NULL,7,1,'2022-11-22 14:06:16','2022-11-22 14:06:16','162.158.159.77'),(282,NULL,3,0,'2022-11-23 09:44:56','2022-11-23 10:30:25','141.101.98.71'),(283,NULL,4,0,'2022-11-23 10:30:38','2022-11-23 11:12:01','162.158.159.80'),(284,NULL,5,0,'2022-11-23 11:17:24','2022-11-23 11:24:25','141.101.99.6'),(285,NULL,6,0,'2022-11-23 11:25:05','2022-11-23 11:41:53','141.101.99.244'),(286,NULL,7,0,'2022-11-23 11:42:53','2022-11-23 12:05:15','162.158.159.76'),(287,NULL,8,0,'2022-11-23 12:05:45','2022-11-23 12:11:08','162.158.159.81'),(288,NULL,7,1,'2022-11-23 12:11:25','2022-11-23 12:27:29','141.101.107.56'),(289,NULL,9,1,'2022-11-23 12:39:42','2022-11-23 12:44:56','141.101.98.19'),(290,NULL,9,0,'2022-11-23 12:45:11','2022-11-23 12:54:38','162.158.159.80'),(291,NULL,9,1,'2022-11-23 12:46:15','2022-11-23 12:46:15','141.101.98.71'),(292,NULL,9,0,'2022-11-23 12:55:08','2022-11-23 13:04:13','141.101.99.24'),(293,NULL,10,0,'2022-11-23 13:05:37','2022-11-23 13:14:10','141.101.99.7'),(294,NULL,12,3,'2022-11-23 13:23:43','2022-11-23 13:26:02','141.101.99.5'),(295,NULL,13,0,'2022-11-23 13:26:46','2022-11-23 13:28:20','141.101.98.19'),(296,NULL,12,0,'2022-11-23 13:28:34','2022-11-23 13:30:43','162.158.159.80'),(297,NULL,9,1,'2022-11-23 13:41:02','2022-11-23 13:49:55','162.158.159.76'),(298,NULL,12,0,'2022-11-23 13:51:04','2022-11-23 13:52:57','141.101.98.19'),(299,NULL,12,0,'2022-11-23 13:53:14','2022-11-23 13:53:51','141.101.99.8'),(300,NULL,12,0,'2022-11-23 13:54:19','2022-11-23 13:58:12','141.101.98.70'),(301,NULL,9,1,'2022-12-29 06:11:09','2022-12-29 06:11:09','162.158.159.85'),(302,NULL,9,1,'2022-12-29 06:39:56','2022-12-29 06:41:19','162.158.159.86'),(303,NULL,12,3,'2022-12-29 11:53:44','2022-12-29 11:53:44','141.101.99.153'),(304,NULL,2,1,'2023-01-02 10:38:01','2023-01-02 10:41:10','141.101.99.129'),(305,NULL,11,1,'2023-01-20 06:57:48','2023-01-20 07:02:29','162.158.159.99'),(306,NULL,12,3,'2023-01-20 07:23:57','2023-01-20 07:26:13','141.101.99.130'),(307,NULL,12,3,'2023-01-20 08:08:16','2023-01-20 08:13:42','141.101.98.130'),(308,NULL,12,3,'2023-01-20 10:17:04','2023-01-20 10:17:04','141.101.98.131'),(309,NULL,3,1,'2023-01-23 05:28:05','2023-01-23 05:28:05','141.101.99.153'),(310,NULL,11,1,'2023-01-23 07:50:37','2023-01-23 07:50:37','141.101.99.130'),(311,NULL,12,3,'2023-01-23 10:24:28','2023-01-23 10:25:30','141.101.99.154'),(312,NULL,6,0,'2023-01-23 12:08:48','2023-01-23 12:12:33','141.101.99.154'),(313,NULL,6,1,'2023-01-23 12:27:59','2023-01-23 12:27:59','162.158.159.87'),(314,NULL,6,1,'2023-01-27 08:52:27','2023-01-27 08:54:25','141.101.99.83'),(315,NULL,11,1,'2023-02-10 05:30:17','2023-02-10 05:30:17','103.216.83.44'),(316,NULL,8,1,'2023-02-10 08:10:54','2023-02-10 08:10:54','14.141.23.250'),(317,NULL,10,1,'2023-02-10 09:34:04','2023-02-10 09:34:04','59.144.169.214'),(318,NULL,12,3,'2023-02-10 10:42:10','2023-02-10 10:43:21','82.78.91.208'),(319,NULL,10,0,'2023-02-25 07:11:15','2023-02-25 07:19:54','103.216.83.44'),(320,NULL,7,1,'2023-02-25 07:20:01','2023-02-25 07:23:26','103.216.83.44'),(321,NULL,13,1,'2023-02-25 10:42:45','2023-02-25 10:42:45','1.47.212.26'),(322,NULL,13,1,'2023-03-10 05:03:21','2023-03-10 05:03:21','39.61.50.47'),(323,NULL,9,1,'2023-03-10 05:42:39','2023-03-10 05:42:39','27.5.94.187'),(324,NULL,12,3,'2023-03-10 12:31:21','2023-03-10 12:31:21','82.192.170.54'),(325,NULL,11,1,'2023-03-15 05:11:40','2023-03-15 05:12:44','14.102.161.154'),(326,NULL,5,0,'2023-03-15 05:14:07','2023-03-15 06:14:35','14.102.161.154'),(327,NULL,1,0,'2023-03-15 05:32:33','2023-03-15 06:11:58','103.216.83.44'),(328,NULL,4,1,'2023-03-15 06:14:40','2023-03-15 06:14:40','14.102.161.154'),(329,NULL,12,0,'2023-03-15 06:15:08','2023-03-15 06:16:40','103.216.83.44'),(330,NULL,5,1,'2023-03-15 06:16:43','2023-03-15 06:50:39','103.216.83.44'),(331,NULL,5,1,'2023-03-15 07:21:23','2023-03-15 07:53:05','14.102.161.154'),(332,NULL,5,1,'2023-03-15 07:40:11','2023-03-15 07:46:01','14.102.161.154'),(333,NULL,5,1,'2023-03-15 07:44:58','2023-03-15 07:46:02','103.216.83.44'),(334,NULL,12,3,'2023-03-15 07:50:20','2023-03-15 07:54:19','14.102.161.154'),(335,NULL,12,3,'2023-03-15 08:11:27','2023-03-15 08:11:27','185.146.221.226'),(336,NULL,5,1,'2023-03-15 08:59:37','2023-03-15 08:59:37','103.216.83.44'),(337,NULL,5,1,'2023-03-15 09:04:31','2023-03-15 09:05:34','14.102.161.154'),(338,NULL,5,1,'2023-03-15 12:07:40','2023-03-15 12:51:42','103.216.83.44'),(339,NULL,5,1,'2023-03-15 13:00:45','2023-03-15 13:02:26','14.102.161.154'),(340,NULL,6,1,'2023-03-15 13:28:07','2023-03-15 13:29:09','14.102.161.154'),(341,NULL,2,1,'2023-03-25 05:31:16','2023-03-25 06:29:14','14.102.161.154'),(342,NULL,9,1,'2023-03-31 11:57:16','2023-03-31 11:57:16','14.102.161.154'),(343,NULL,9,1,'2023-03-31 12:40:59','2023-03-31 12:43:19','14.102.161.154'),(344,NULL,12,3,'2023-04-12 09:01:36','2023-04-12 09:05:34','80.147.177.131'),(345,NULL,3,1,'2023-04-12 09:48:54','2023-04-12 10:02:03','103.216.83.44'),(346,NULL,8,1,'2023-04-12 09:51:00','2023-04-12 10:12:17','14.102.161.154'),(347,NULL,8,1,'2023-04-12 11:19:26','2023-04-12 11:26:30','14.102.161.154'),(348,NULL,3,1,'2023-04-12 11:59:35','2023-04-12 11:59:35','103.216.83.44'),(349,NULL,8,1,'2023-04-12 12:28:51','2023-04-12 12:38:06','14.102.161.154'),(350,NULL,10,1,'2023-04-21 04:55:06','2023-04-21 04:55:06','103.94.87.146'),(351,NULL,12,3,'2023-04-26 04:56:13','2023-04-26 04:56:13','14.248.94.254'),(352,NULL,11,0,'2023-04-26 05:53:51','2023-04-26 06:00:26','14.102.161.154'),(353,NULL,12,3,'2023-04-26 06:20:29','2023-04-26 06:29:07','14.248.94.254'),(354,NULL,11,1,'2023-04-26 06:26:39','2023-04-26 06:26:39','14.102.161.154'),(355,NULL,11,1,'2023-04-26 07:36:48','2023-04-26 07:36:48','14.102.161.154'),(356,NULL,10,0,'2023-04-26 09:44:34','2023-04-26 09:56:05','14.102.161.154'),(357,NULL,7,0,'2023-04-26 09:58:06','2023-04-26 10:04:54','14.102.161.154'),(358,NULL,10,1,'2023-04-26 11:10:59','2023-04-26 11:15:28','150.129.104.57'),(359,NULL,12,3,'2023-04-26 11:54:51','2023-04-26 12:13:10','103.154.9.218'),(360,NULL,4,1,'2023-04-27 05:03:45','2023-04-27 06:03:02','14.102.161.154'),(361,NULL,7,0,'2023-04-27 05:44:45','2023-04-27 06:01:09','14.102.161.154'),(362,NULL,2,0,'2023-04-27 06:04:25','2023-04-27 06:13:53','14.102.161.154'),(363,NULL,10,1,'2023-04-27 06:36:14','2023-04-27 06:36:14','14.102.161.154'),(364,NULL,7,1,'2023-04-27 06:40:58','2023-04-27 06:40:58','14.102.161.154'),(365,NULL,10,1,'2023-04-27 07:26:37','2023-04-27 07:37:10','14.102.161.154'),(366,NULL,10,0,'2023-04-27 07:54:51','2023-04-27 07:55:04','103.216.83.44'),(367,NULL,10,1,'2023-04-27 07:57:23','2023-04-27 07:57:23','103.216.83.44'),(368,NULL,10,1,'2023-04-27 09:32:46','2023-04-27 09:32:46','14.102.161.154'),(369,NULL,7,1,'2023-04-27 09:45:33','2023-04-27 09:47:22','193.237.137.118'),(370,NULL,9,1,'2023-04-27 10:11:46','2023-04-27 10:11:46','180.211.97.51'),(371,NULL,4,1,'2023-04-27 11:06:42','2023-04-27 11:18:03','103.216.83.44'),(372,NULL,12,3,'2023-04-27 12:43:27','2023-04-27 12:43:27','84.232.190.39'),(373,NULL,6,1,'2023-04-28 04:55:44','2023-04-28 05:33:07','103.216.83.44'),(374,NULL,11,1,'2023-04-28 05:15:40','2023-04-28 05:15:40','14.102.161.154'),(375,NULL,4,1,'2023-04-28 05:35:30','2023-04-28 05:45:34','103.216.83.44'),(376,NULL,2,1,'2023-04-28 07:53:20','2023-04-28 08:08:44','14.102.161.154'),(377,NULL,2,1,'2023-04-28 08:04:24','2023-04-28 08:04:24','14.102.161.154'),(378,NULL,2,1,'2023-04-28 10:27:10','2023-04-28 10:27:10','14.102.161.154'),(379,NULL,8,1,'2023-04-28 10:40:33','2023-04-28 12:33:39','103.216.83.44'),(380,NULL,8,1,'2023-04-28 11:05:38','2023-04-28 11:05:38','103.216.83.44'),(381,NULL,8,1,'2023-04-28 12:02:37','2023-04-28 12:02:37','103.216.83.44'),(382,NULL,2,1,'2023-04-28 12:09:12','2023-04-28 12:10:42','14.102.161.154'),(383,NULL,5,1,'2023-04-28 12:26:06','2023-04-28 12:26:06','103.242.236.163'),(384,NULL,2,1,'2023-04-29 05:22:19','2023-04-29 05:32:57','14.102.161.154'),(385,NULL,2,1,'2023-04-29 05:33:44','2023-04-29 06:19:14','14.102.161.154'),(386,NULL,2,1,'2023-04-29 06:19:34','2023-04-29 06:29:26','14.102.161.154'),(387,NULL,2,1,'2023-04-29 06:38:13','2023-04-29 06:46:07','14.102.161.154'),(388,NULL,4,1,'2023-04-29 06:43:00','2023-04-29 06:43:00','183.83.40.205'),(389,NULL,13,0,'2023-05-05 06:46:25','2023-05-05 06:48:40','14.102.161.154'),(390,NULL,1,0,'2023-05-05 06:49:01','2023-05-05 06:54:49','14.102.161.154'),(391,NULL,13,1,'2023-05-05 06:55:02','2023-05-05 08:01:03','14.102.161.154'),(392,NULL,13,1,'2023-05-05 07:38:47','2023-05-05 07:38:47','14.102.161.154'),(393,NULL,13,1,'2023-05-05 08:17:46','2023-05-05 08:18:50','14.102.161.154'),(394,NULL,13,1,'2023-05-05 09:54:48','2023-05-05 10:04:51','14.102.161.154'),(395,NULL,3,0,'2023-05-05 10:30:48','2023-05-05 10:34:57','49.34.179.57'),(396,NULL,13,1,'2023-05-05 10:55:53','2023-05-05 10:55:53','14.102.161.154'),(397,NULL,2,0,'2023-05-08 05:23:11','2023-05-08 05:23:49','14.102.161.154'),(398,NULL,13,0,'2023-05-08 05:23:40','2023-05-08 05:34:23','14.102.161.154'),(399,NULL,13,1,'2023-05-08 05:23:57','2023-05-08 05:23:57','14.102.161.154'),(400,NULL,1,0,'2023-05-08 05:35:04','2023-05-08 05:38:54','14.102.161.154'),(401,NULL,13,1,'2023-05-08 05:39:03','2023-05-08 05:46:14','14.102.161.154'),(402,NULL,11,1,'2023-05-08 11:24:19','2023-05-08 11:50:19','94.187.10.121'),(403,NULL,5,0,'2023-05-08 11:42:05','2023-05-08 11:46:15','14.102.161.154'),(404,NULL,12,0,'2023-05-09 10:46:32','2023-05-09 10:50:50','14.102.161.154'),(405,NULL,8,0,'2023-05-09 11:36:48','2023-05-09 11:39:15','14.102.161.154'),(406,NULL,1,0,'2023-05-09 11:39:47','2023-05-09 11:59:45','14.102.161.154'),(407,NULL,8,1,'2023-05-09 11:59:53','2023-05-09 12:02:31','14.102.161.154'),(408,NULL,5,1,'2023-05-12 06:54:06','2023-05-12 06:54:06','103.216.83.44'),(409,NULL,7,0,'2023-05-15 05:54:48','2023-05-15 06:02:12','14.102.161.154'),(410,NULL,6,1,'2023-05-15 07:40:48','2023-05-15 07:46:19','103.216.83.44'),(411,NULL,7,1,'2023-05-15 08:14:40','2023-05-15 08:17:54','14.102.161.154'),(412,NULL,11,1,'2023-05-15 11:45:51','2023-05-15 11:45:51','43.249.231.226'),(413,NULL,1,0,'2023-05-15 11:46:52','2023-05-15 11:49:24','14.102.161.154'),(414,NULL,7,1,'2023-05-15 12:28:29','2023-05-15 12:28:29','14.102.161.154'),(415,NULL,7,1,'2023-05-15 12:29:42','2023-05-15 12:48:50','122.170.147.186'),(416,NULL,5,1,'2023-05-19 11:34:55','2023-05-19 11:36:10','84.247.45.136'),(417,NULL,11,1,'2023-05-27 10:39:46','2023-05-27 10:55:18','92.232.44.6'),(418,NULL,10,1,'2023-06-02 06:11:27','2023-06-02 06:11:27','103.216.83.44'),(419,NULL,7,1,'2023-06-02 09:37:21','2023-06-02 10:59:21','103.216.83.44'),(420,NULL,2,1,'2023-06-02 10:16:04','2023-06-02 10:18:14','103.216.83.44'),(421,NULL,12,3,'2023-06-02 10:23:01','2023-06-02 10:23:01','62.216.205.46'),(422,NULL,10,1,'2023-06-09 05:22:50','2023-06-09 05:28:47','103.216.83.44'),(423,NULL,13,1,'2023-06-09 09:17:14','2023-06-09 09:17:14','116.72.19.190'),(424,NULL,12,3,'2023-06-09 10:19:39','2023-06-09 10:26:11','46.33.39.250'),(425,NULL,12,3,'2023-06-09 11:05:15','2023-06-09 11:05:15','89.64.33.201'),(426,NULL,12,3,'2023-06-09 11:31:29','2023-06-09 11:33:11','46.33.39.250'),(427,NULL,11,1,'2023-06-16 05:43:01','2023-06-16 05:45:15','14.102.161.154'),(428,NULL,7,1,'2023-06-16 06:01:17','2023-06-16 06:02:23','51.68.205.150'),(429,NULL,4,1,'2023-06-16 07:39:46','2023-06-16 07:39:46','23.106.56.19'),(430,NULL,5,1,'2023-06-16 08:18:54','2023-06-16 08:18:54','23.106.56.19'),(431,NULL,13,1,'2023-06-16 09:53:44','2023-06-16 09:53:44','14.102.161.154'),(432,NULL,13,1,'2023-06-16 10:34:48','2023-06-16 10:34:48','14.102.161.154'),(433,NULL,13,1,'2023-06-16 11:35:47','2023-06-16 11:37:15','49.34.213.202'),(434,NULL,12,3,'2023-06-30 10:12:25','2023-06-30 10:12:25','106.215.23.192'),(435,NULL,12,1,'2023-06-30 10:12:25','2023-06-30 10:17:28','106.215.23.192'),(436,NULL,12,1,'2023-07-03 11:31:48','2023-07-03 11:34:09','14.102.161.154'),(437,NULL,5,1,'2023-07-03 12:31:45','2023-07-03 12:34:14','14.102.161.154'),(438,NULL,5,1,'2023-07-03 12:40:46','2023-07-03 12:43:01','14.102.161.154'),(439,NULL,7,1,'2023-07-03 13:44:32','2023-07-03 13:45:36','14.102.161.154'),(440,NULL,11,1,'2023-07-07 10:29:36','2023-07-07 10:31:25','49.206.55.192'),(441,NULL,2,0,'2023-07-14 11:08:35','2023-07-14 11:08:57','14.102.161.154'),(442,NULL,12,1,'2023-07-21 07:46:12','2023-07-21 08:15:29','185.151.245.59'),(443,NULL,9,1,'2023-07-28 06:47:32','2023-07-28 06:47:32','103.241.45.213'),(444,NULL,6,1,'2023-07-28 08:58:18','2023-07-28 08:58:18','115.110.176.254'),(445,NULL,10,1,'2023-07-28 11:19:41','2023-07-28 11:26:02','103.216.83.44'),(446,NULL,11,1,'2023-07-28 11:47:41','2023-07-28 11:50:01','77.111.244.45'),(447,NULL,11,1,'2023-08-04 10:17:09','2023-08-04 10:23:19','223.178.81.24'),(448,NULL,8,1,'2023-08-04 10:29:12','2023-08-04 10:29:12','14.248.94.137'),(449,NULL,11,1,'2023-08-04 11:27:16','2023-08-04 11:31:00','14.102.161.154'),(450,NULL,8,1,'2023-08-04 11:43:23','2023-08-04 11:43:23','14.102.161.154'),(451,NULL,11,0,'2023-08-07 07:59:31','2023-08-07 08:03:22','14.102.161.154'),(452,NULL,12,1,'2023-08-07 08:36:10','2023-08-07 08:36:10','143.177.230.211'),(453,NULL,11,1,'2023-08-11 06:35:41','2023-08-11 06:35:41','106.201.229.196'),(454,NULL,13,1,'2023-08-18 08:01:52','2023-08-18 08:05:37','49.206.41.49'),(455,NULL,12,0,'2023-08-18 12:34:09','2023-08-18 12:42:23','14.102.161.154'),(456,NULL,11,1,'2023-08-25 10:40:18','2023-08-25 10:53:20','103.195.27.82'),(457,NULL,12,1,'2023-09-01 05:57:54','2023-09-01 05:59:35','92.98.75.114'),(458,NULL,13,1,'2023-09-01 07:30:20','2023-09-01 08:08:45','110.224.171.207'),(459,NULL,5,1,'2023-09-01 10:48:21','2023-09-01 10:50:21','79.129.49.234'),(460,NULL,12,1,'2023-09-06 09:54:16','2023-09-06 10:07:29','154.179.15.232'),(461,NULL,12,1,'2023-09-06 11:01:54','2023-09-06 11:10:17','154.179.15.232'),(462,NULL,12,1,'2023-09-08 09:35:05','2023-09-08 09:35:05','61.0.90.84'),(463,NULL,5,1,'2023-09-14 04:55:35','2023-09-14 05:14:36','14.102.161.154'),(464,NULL,13,1,'2023-09-14 04:57:59','2023-09-14 04:57:59','38.148.255.54'),(465,NULL,5,0,'2023-09-14 06:03:10','2023-09-14 06:50:34','14.102.161.154'),(466,NULL,12,1,'2023-09-14 06:50:15','2023-09-14 06:50:15','124.123.167.203'),(467,NULL,6,1,'2023-09-14 06:50:39','2023-09-14 07:52:37','14.102.161.154'),(468,NULL,13,1,'2023-09-14 06:56:46','2023-09-14 06:56:46','85.91.153.237'),(469,NULL,5,1,'2023-09-14 07:06:28','2023-09-14 07:06:28','78.46.122.80'),(470,NULL,7,0,'2023-09-14 11:58:57','2023-09-14 12:34:54','14.102.161.154'),(471,NULL,8,0,'2023-09-14 12:34:57','2023-09-14 12:54:15','14.102.161.154'),(472,NULL,9,0,'2023-09-14 12:54:18','2023-09-14 13:07:05','14.102.161.154'),(473,NULL,6,0,'2023-09-14 13:07:08','2023-09-14 13:07:44','14.102.161.154'),(474,NULL,9,0,'2023-09-14 13:07:54','2023-09-14 13:22:13','14.102.161.154'),(475,NULL,10,1,'2023-09-14 13:22:18','2023-09-14 13:52:24','14.102.161.154'),(476,NULL,12,1,'2023-09-14 13:33:30','2023-09-14 13:33:30','66.176.142.167'),(477,NULL,10,0,'2023-09-15 04:55:07','2023-09-15 05:27:36','14.102.161.154'),(478,NULL,11,1,'2023-09-15 05:27:39','2023-09-15 05:33:54','14.102.161.154'),(479,NULL,11,0,'2023-09-15 06:11:32','2023-09-15 06:59:50','14.102.161.154'),(480,NULL,12,1,'2023-09-15 06:59:53','2023-09-15 08:02:57','14.102.161.154'),(481,NULL,12,0,'2023-09-15 07:08:17','2023-09-15 07:11:01','14.102.161.154'),(482,NULL,1,1,'2023-09-15 07:11:04','2023-09-15 07:13:20','14.102.161.154'),(483,NULL,13,1,'2023-09-15 09:53:54','2023-09-15 10:01:52','14.102.161.154'),(484,NULL,7,0,'2023-09-18 06:33:16','2023-09-18 07:06:36','14.102.161.154'),(485,NULL,2,1,'2023-09-18 07:44:34','2023-09-18 07:44:34','14.102.161.154'),(486,NULL,1,1,'2023-09-18 08:04:55','2023-09-18 08:14:43','14.102.161.154'),(487,NULL,10,1,'2023-09-18 10:07:08','2023-09-18 10:07:08','182.237.10.77'),(488,NULL,5,0,'2023-09-18 10:40:40','2023-09-18 11:08:27','14.102.161.154'),(489,NULL,2,0,'2023-09-18 11:08:32','2023-09-18 11:12:32','14.102.161.154'),(490,NULL,5,1,'2023-09-18 11:12:38','2023-09-18 11:15:04','14.102.161.154'),(491,NULL,5,1,'2023-09-18 11:22:49','2023-09-18 11:23:56','14.102.161.154'),(492,NULL,5,1,'2023-09-18 12:25:55','2023-09-18 12:36:27','14.102.161.154'),(493,NULL,11,1,'2023-09-18 12:34:49','2023-09-18 12:37:30','14.102.161.154'),(494,NULL,5,1,'2023-09-19 06:01:43','2023-09-19 06:01:43','14.102.161.154'),(495,NULL,1,0,'2023-09-19 06:35:10','2023-09-19 06:44:46','14.102.161.154'),(496,NULL,6,1,'2023-09-19 06:47:22','2023-09-19 06:47:22','45.122.120.210'),(497,NULL,5,1,'2023-09-19 07:04:58','2023-09-19 07:07:05','14.102.161.154'),(498,NULL,1,1,'2023-09-19 07:47:09','2023-09-19 07:47:09','14.102.161.154'),(499,NULL,5,0,'2023-09-19 07:48:21','2023-09-19 07:57:00','14.102.161.154'),(500,NULL,2,1,'2023-09-19 07:57:14','2023-09-19 08:11:18','14.102.161.154'),(501,NULL,2,0,'2023-09-19 09:54:50','2023-09-19 10:21:49','14.102.161.154'),(502,NULL,1,1,'2023-09-19 10:16:41','2023-09-19 10:39:38','14.102.161.154'),(503,NULL,3,0,'2023-09-19 10:21:55','2023-09-19 10:54:57','14.102.161.154'),(504,NULL,2,1,'2023-09-19 10:55:02','2023-09-19 10:55:02','14.102.161.154'),(505,NULL,11,1,'2023-09-19 13:38:10','2023-09-19 13:40:55','14.102.161.154'),(506,NULL,4,1,'2023-09-20 07:16:17','2023-09-20 07:16:17','14.102.161.154'),(507,NULL,13,1,'2023-09-20 07:35:53','2023-09-20 07:35:53','93.65.104.30'),(508,NULL,5,0,'2023-09-20 09:51:45','2023-09-20 10:30:48','14.102.161.154'),(509,NULL,2,0,'2023-09-20 09:56:31','2023-09-20 10:00:51','14.102.161.154'),(510,NULL,3,1,'2023-09-20 10:01:09','2023-09-20 10:05:06','14.102.161.154'),(511,NULL,11,1,'2023-09-20 10:30:21','2023-09-20 10:30:21','124.123.167.203'),(512,NULL,6,0,'2023-09-20 10:30:51','2023-09-20 10:36:13','14.102.161.154'),(513,NULL,10,1,'2023-09-20 10:36:15','2023-09-20 10:58:13','14.102.161.154'),(514,NULL,12,1,'2023-09-20 11:37:53','2023-09-20 11:39:09','14.102.161.154'),(515,NULL,6,1,'2023-09-20 12:08:54','2023-09-20 12:08:54','14.102.161.154'),(516,NULL,12,1,'2023-09-22 07:38:41','2023-09-22 07:38:41','14.102.161.154'),(517,NULL,12,1,'2023-09-22 09:57:59','2023-09-22 10:12:01','84.245.120.159'),(518,NULL,2,0,'2023-09-22 11:47:23','2023-09-22 12:13:43','14.102.161.154'),(519,NULL,12,1,'2023-09-22 12:13:12','2023-09-22 12:23:03','79.191.216.235'),(520,NULL,3,0,'2023-09-22 12:13:52','2023-09-22 12:54:08','14.102.161.154'),(521,NULL,10,1,'2023-09-22 12:25:42','2023-09-22 12:26:43','59.144.169.214'),(522,NULL,12,1,'2023-09-29 05:37:02','2023-09-29 06:31:54','124.43.10.247'),(523,NULL,2,1,'2023-09-29 07:59:41','2023-09-29 08:19:22','14.102.161.154'),(524,NULL,13,1,'2023-09-29 09:57:15','2023-09-29 10:29:41','14.102.161.154'),(525,NULL,2,1,'2023-09-29 09:58:24','2023-09-29 10:59:23','14.102.161.154'),(526,NULL,1,0,'2023-09-29 10:02:37','2023-09-29 10:23:54','14.102.161.154'),(527,NULL,5,1,'2023-09-29 10:07:41','2023-09-29 10:20:46','14.102.161.154'),(528,NULL,2,0,'2023-09-29 10:23:58','2023-09-29 10:25:35','14.102.161.154'),(529,NULL,1,0,'2023-09-29 10:25:46','2023-09-29 10:32:57','14.102.161.154'),(530,NULL,2,1,'2023-09-29 10:26:02','2023-09-29 10:28:07','14.102.161.154'),(531,NULL,5,0,'2023-09-29 10:41:44','2023-09-29 10:54:44','14.102.161.154'),(532,NULL,1,0,'2023-09-29 10:54:51','2023-09-29 10:55:14','14.102.161.154'),(533,NULL,2,0,'2023-09-29 11:03:34','2023-09-29 11:09:38','14.102.161.154'),(534,NULL,5,0,'2023-09-29 11:09:45','2023-09-29 11:37:58','14.102.161.154'),(535,NULL,5,0,'2023-09-29 11:38:30','2023-09-29 11:48:39','14.102.161.154'),(536,NULL,1,0,'2023-09-29 11:48:46','2023-09-29 11:51:19','14.102.161.154'),(537,NULL,2,0,'2023-09-29 12:01:54','2023-09-29 12:47:16','14.102.161.154'),(538,NULL,11,0,'2023-09-29 12:02:53','2023-09-29 12:03:55','14.102.161.154'),(539,NULL,13,1,'2023-09-29 12:15:27','2023-09-29 12:15:27','14.102.161.154'),(540,NULL,4,0,'2023-09-29 12:47:23','2023-09-29 12:47:59','14.102.161.154'),(541,NULL,3,0,'2023-09-29 12:48:02','2023-09-29 12:48:37','14.102.161.154'),(542,NULL,12,1,'2023-09-29 12:48:41','2023-09-29 12:48:41','14.102.161.154'),(543,NULL,5,1,'2023-10-06 05:31:50','2023-10-06 05:31:50','124.43.10.247'),(544,NULL,13,1,'2023-10-06 07:08:49','2023-10-06 07:10:43','103.81.78.10'),(545,NULL,12,1,'2023-10-06 08:00:02','2023-10-06 08:02:00','87.138.228.250'),(546,NULL,3,1,'2023-10-06 08:45:56','2023-10-06 08:45:56','100.35.209.186'),(547,NULL,3,1,'2023-10-06 10:55:09','2023-10-06 10:56:45','14.102.161.154'),(548,NULL,3,1,'2023-10-06 10:57:42','2023-10-06 11:02:16','100.35.209.186'),(549,NULL,3,1,'2023-10-06 11:18:19','2023-10-06 11:18:19','14.102.161.154'),(550,NULL,5,1,'2023-10-11 06:46:31','2023-10-11 07:42:28','124.43.10.247'),(551,NULL,12,1,'2023-10-11 07:15:16','2023-10-11 07:16:20','217.165.17.26'),(552,NULL,4,1,'2023-10-11 08:13:59','2023-10-11 09:23:11','124.43.10.247'),(553,NULL,7,1,'2023-10-11 11:59:43','2023-10-11 11:59:43','14.102.161.154'),(554,NULL,9,0,'2023-10-11 13:20:47','2023-10-11 13:22:49','14.102.161.154'),(555,NULL,1,1,'2023-10-11 13:23:24','2023-10-11 13:26:29','14.102.161.154'),(556,NULL,9,0,'2023-10-11 13:24:34','2023-10-11 13:25:04','14.102.161.154'),(557,NULL,9,1,'2023-10-11 13:26:45','2023-10-11 13:27:47','14.102.161.154'),(558,NULL,11,0,'2023-10-13 06:03:44','2023-10-13 06:56:53','14.102.161.154'),(559,NULL,10,1,'2023-10-13 06:57:11','2023-10-13 07:06:28','14.102.161.154'),(560,NULL,3,1,'2023-10-13 09:56:18','2023-10-13 10:42:13','14.102.161.154'),(561,NULL,11,0,'2023-10-13 10:06:26','2023-10-13 10:07:02','14.102.161.154'),(562,NULL,2,0,'2023-10-13 10:07:11','2023-10-13 10:07:27','14.102.161.154'),(563,NULL,3,1,'2023-10-13 10:45:23','2023-10-13 10:45:23','14.102.161.154'),(564,NULL,3,1,'2023-10-13 10:48:40','2023-10-13 10:48:40','14.102.161.154'),(565,NULL,3,1,'2023-10-20 10:01:31','2023-10-20 10:01:31','14.102.161.154'),(566,NULL,6,1,'2023-10-27 07:36:38','2023-10-27 07:36:38','103.216.83.44'),(567,NULL,3,0,'2023-11-01 10:18:27','2023-11-01 10:20:25','14.102.161.154'),(568,NULL,10,1,'2023-11-01 10:20:29','2023-11-01 10:20:29','14.102.161.154'),(569,NULL,6,0,'2023-11-03 04:55:42','2023-11-03 05:45:10','14.102.161.154'),(570,NULL,7,0,'2023-11-03 05:45:15','2023-11-03 05:54:57','14.102.161.154'),(571,NULL,5,0,'2023-11-03 05:49:29','2023-11-03 06:13:03','14.102.161.154'),(572,NULL,8,0,'2023-11-03 05:55:00','2023-11-03 06:08:52','14.102.161.154'),(573,NULL,9,0,'2023-11-03 06:08:56','2023-11-03 06:31:20','14.102.161.154'),(574,NULL,10,1,'2023-11-03 06:31:23','2023-11-03 07:33:10','14.102.161.154'),(575,NULL,5,1,'2023-11-03 06:45:19','2023-11-03 07:44:53','103.216.83.44'),(576,NULL,3,0,'2023-11-03 07:47:20','2023-11-03 07:47:38','14.102.161.154'),(577,NULL,9,0,'2023-11-03 07:47:44','2023-11-03 07:48:57','14.102.161.154'),(578,NULL,1,0,'2023-11-03 07:49:18','2023-11-03 07:55:25','14.102.161.154'),(579,NULL,7,0,'2023-11-03 07:49:24','2023-11-03 08:08:11','14.102.161.154'),(580,NULL,1,0,'2023-11-03 07:57:26','2023-11-03 08:16:57','14.102.161.154'),(581,NULL,7,1,'2023-11-03 08:08:17','2023-11-03 08:17:11','14.102.161.154'),(582,NULL,7,1,'2023-11-03 08:09:25','2023-11-03 08:16:19','14.102.161.154'),(583,NULL,11,0,'2023-11-03 09:32:32','2023-11-03 10:12:11','14.102.161.154'),(584,NULL,11,1,'2023-11-03 09:51:00','2023-11-03 09:51:00','5.178.238.175'),(585,NULL,12,0,'2023-11-03 10:12:14','2023-11-03 10:32:07','14.102.161.154'),(586,NULL,13,1,'2023-11-03 10:32:10','2023-11-03 11:15:55','14.102.161.154'),(587,NULL,12,0,'2023-11-03 10:40:46','2023-11-03 10:43:52','14.102.161.154'),(588,NULL,12,0,'2023-11-03 10:45:15','2023-11-03 10:58:49','14.102.161.154'),(589,NULL,5,0,'2023-11-03 10:58:57','2023-11-03 11:01:25','14.102.161.154'),(590,NULL,12,0,'2023-11-03 11:28:44','2023-11-03 11:33:06','14.102.161.154'),(591,NULL,13,0,'2023-11-03 11:35:53','2023-11-03 11:39:56','14.102.161.154'),(592,NULL,3,0,'2023-11-03 11:40:02','2023-11-03 11:53:29','14.102.161.154'),(593,NULL,3,1,'2023-11-03 11:43:10','2023-11-03 11:43:10','103.216.83.44'),(594,NULL,5,1,'2023-11-03 11:46:37','2023-11-03 11:46:37','103.216.83.44'),(595,NULL,4,0,'2023-11-03 11:56:17','2023-11-03 11:56:34','14.102.161.154'),(596,NULL,3,0,'2023-11-03 11:56:41','2023-11-03 12:01:44','14.102.161.154'),(597,NULL,1,0,'2023-11-03 12:01:55','2023-11-03 12:02:34','14.102.161.154'),(598,NULL,5,1,'2023-11-03 12:04:41','2023-11-03 12:04:41','103.216.83.44'),(599,NULL,3,0,'2023-11-03 12:33:10','2023-11-03 12:33:59','14.102.161.154'),(600,NULL,3,0,'2023-11-06 05:16:26','2023-11-06 05:38:25','14.102.161.154'),(601,NULL,1,0,'2023-11-06 05:38:33','2023-11-06 05:41:52','14.102.161.154'),(602,NULL,6,0,'2023-11-06 06:00:42','2023-11-06 06:18:11','14.102.161.154'),(603,NULL,3,0,'2023-11-06 06:10:06','2023-11-06 06:48:55','14.102.161.154'),(604,NULL,7,0,'2023-11-06 06:18:18','2023-11-06 06:44:22','14.102.161.154'),(605,NULL,2,1,'2023-11-06 06:28:20','2023-11-06 06:28:20','14.102.161.154'),(606,NULL,12,1,'2023-11-06 06:28:39','2023-11-06 06:30:47','37.214.36.94'),(607,NULL,11,0,'2023-11-06 06:44:27','2023-11-06 06:50:53','14.102.161.154'),(608,NULL,1,0,'2023-11-06 06:49:15','2023-11-06 06:49:39','14.102.161.154'),(609,NULL,12,0,'2023-11-06 06:50:59','2023-11-06 07:08:29','14.102.161.154'),(610,NULL,12,1,'2023-11-06 06:54:49','2023-11-06 06:55:57','103.216.83.44'),(611,NULL,12,1,'2023-11-06 07:02:21','2023-11-06 07:02:21','103.216.83.44'),(612,NULL,13,1,'2023-11-06 07:08:35','2023-11-06 07:23:32','14.102.161.154'),(613,NULL,2,0,'2023-11-06 07:16:51','2023-11-06 07:37:22','14.102.161.154'),(614,NULL,1,0,'2023-11-06 07:37:29','2023-11-06 08:10:26','14.102.161.154'),(615,NULL,1,1,'2023-11-06 09:31:54','2023-11-06 10:37:46','14.102.161.154'),(616,NULL,1,1,'2023-11-06 10:38:38','2023-11-06 11:00:38','14.102.161.154'),(617,NULL,1,1,'2023-11-06 12:15:36','2023-11-06 12:15:36','14.102.161.154'),(618,NULL,1,0,'2023-11-06 13:19:13','2023-11-06 13:35:58','14.102.161.154'),(619,NULL,2,1,'2023-11-06 14:26:12','2023-11-06 14:27:15','14.102.161.154'),(620,NULL,13,1,'2023-11-17 07:23:45','2023-11-17 07:23:45','152.58.34.237'),(621,NULL,3,1,'2023-11-30 05:34:19','2023-11-30 05:46:33','14.102.161.154'),(622,NULL,1,1,'2023-11-30 05:45:13','2023-11-30 05:50:44','14.102.161.154'),(623,NULL,9,0,'2023-12-01 05:55:20','2023-12-01 05:55:58','14.102.161.154'),(624,NULL,1,0,'2023-12-01 05:56:04','2023-12-01 05:57:01','14.102.161.154'),(625,NULL,6,0,'2023-12-01 05:57:04','2023-12-01 06:02:00','14.102.161.154'),(626,NULL,1,0,'2023-12-01 06:12:39','2023-12-01 06:13:58','14.102.161.154'),(627,NULL,1,0,'2023-12-01 06:15:10','2023-12-01 06:17:16','14.102.161.154'),(628,NULL,4,0,'2023-12-01 06:17:25','2023-12-01 06:21:22','14.102.161.154'),(629,NULL,9,0,'2023-12-01 06:21:25','2023-12-01 06:36:29','14.102.161.154'),(630,NULL,11,0,'2023-12-01 06:42:33','2023-12-01 07:07:59','14.102.161.154'),(631,NULL,11,0,'2023-12-01 07:11:56','2023-12-01 07:14:13','14.102.161.154'),(632,NULL,13,0,'2023-12-01 07:14:58','2023-12-01 08:05:07','14.102.161.154'),(633,NULL,8,1,'2023-12-01 07:26:40','2023-12-01 07:26:40','14.102.161.154'),(634,NULL,3,1,'2023-12-01 08:05:15','2023-12-01 08:11:35','14.102.161.154'),(635,NULL,13,0,'2023-12-01 09:52:10','2023-12-01 09:54:19','14.102.161.154'),(636,NULL,1,0,'2023-12-01 11:32:49','2023-12-01 11:36:09','14.102.161.154'),(637,NULL,1,0,'2023-12-01 11:46:33','2023-12-01 11:47:34','14.102.161.154'),(638,NULL,5,1,'2023-12-08 07:03:56','2023-12-08 07:06:51','14.102.161.154'),(639,NULL,8,1,'2023-12-11 05:22:49','2023-12-11 05:22:49','14.102.161.154'),(640,NULL,1,0,'2023-12-11 06:24:05','2023-12-11 06:24:35','14.102.161.154'),(641,NULL,1,0,'2023-12-11 06:24:47','2023-12-11 06:25:38','14.102.161.154'),(642,NULL,1,0,'2023-12-11 06:25:20','2023-12-11 06:25:27','14.102.161.154'),(643,NULL,1,0,'2023-12-11 06:25:43','2023-12-11 06:25:48','14.102.161.154'),(644,NULL,4,1,'2023-12-15 05:05:02','2023-12-15 05:11:05','103.216.83.44'),(645,NULL,12,1,'2023-12-15 06:03:50','2023-12-15 06:07:04','103.216.83.44'),(646,NULL,3,1,'2023-12-15 06:17:37','2023-12-15 06:20:01','103.216.83.44'),(647,NULL,1,0,'2023-12-15 06:38:41','2023-12-15 06:45:56','14.102.161.154'),(648,NULL,6,1,'2023-12-15 07:02:08','2023-12-15 07:02:08','103.216.83.44'),(649,NULL,12,1,'2024-01-19 09:57:28','2024-01-19 09:57:28','136.226.253.3'),(650,NULL,5,0,'2024-03-05 06:19:25','2024-03-05 06:21:00','14.102.161.154'),(651,NULL,5,1,'2024-03-05 06:23:37','2024-03-05 06:23:37','14.102.161.154'),(652,NULL,12,1,'2024-03-22 10:15:51','2024-03-22 10:15:51','103.216.83.44'),(653,NULL,1,0,'2024-04-26 07:17:25','2024-04-26 07:27:30','14.102.161.154'),(654,NULL,2,1,'2024-04-26 08:36:37','2024-04-26 08:36:37','58.34.199.126'),(655,NULL,1,1,'2024-04-26 09:42:58','2024-04-26 10:05:41','14.102.161.154'),(656,NULL,1,1,'2024-05-17 06:55:13','2024-05-17 06:55:13','14.102.161.154'),(657,NULL,13,0,'2024-05-17 06:56:02','2024-05-17 07:34:15','14.102.161.154'),(658,NULL,12,0,'2024-05-17 07:34:27','2024-05-17 07:56:29','14.102.161.154'),(659,NULL,13,1,'2024-05-17 07:56:38','2024-05-17 08:11:46','14.102.161.154'),(660,NULL,13,1,'2024-05-17 08:13:03','2024-05-17 08:19:31','14.102.161.154'),(661,NULL,13,0,'2024-05-17 09:39:22','2024-05-17 09:48:19','14.102.161.154'),(662,NULL,12,0,'2024-05-17 09:48:32','2024-05-17 11:04:22','14.102.161.154'),(663,NULL,12,1,'2024-05-17 10:27:13','2024-05-17 10:27:13','14.102.161.154'),(664,NULL,5,1,'2024-05-17 11:04:42','2024-05-17 11:06:04','14.102.161.154'),(665,NULL,1,1,'2024-05-17 11:51:52','2024-05-17 12:50:58','14.102.161.154'),(666,NULL,12,1,'2024-05-17 12:09:53','2024-05-17 12:10:59','14.102.161.154'),(667,NULL,12,1,'2024-05-17 12:15:54','2024-05-17 12:15:54','14.102.161.154'),(668,NULL,5,1,'2024-05-17 13:59:02','2024-05-17 14:04:53','14.102.161.154'),(669,NULL,12,1,'2024-05-21 11:05:24','2024-05-21 11:05:24','46.231.72.180'),(670,NULL,12,1,'2024-05-21 12:20:54','2024-05-21 12:25:56','14.102.161.154'),(671,NULL,11,1,'2024-08-30 06:54:58','2024-08-30 06:56:41','103.216.83.44'),(672,NULL,1,1,'2024-08-30 09:53:15','2024-08-30 09:55:47','103.216.83.44'),(673,NULL,12,1,'2024-09-06 09:46:02','2024-09-06 09:46:02','87.178.156.202'),(674,NULL,12,1,'2024-09-06 09:49:53','2024-09-06 10:10:46','87.178.156.202'),(675,NULL,1,1,'2024-09-06 11:48:12','2024-09-06 11:49:23','103.216.83.44'),(676,NULL,1,1,'2024-10-23 07:19:40','2024-10-23 08:09:51','14.102.161.154');

--
-- Table structure for table `adminnotification_inbox`
--

CREATE TABLE `adminnotification_inbox` (
  `notification_id` int(10) unsigned NOT NULL AUTO_INCREMENT COMMENT 'Notification ID',
  `severity` smallint(5) unsigned NOT NULL DEFAULT '0' COMMENT 'Problem type',
  `date_added` timestamp NOT NULL DEFAULT CURRENT_TIMESTAMP COMMENT 'Create date',
  `title` varchar(255) NOT NULL COMMENT 'Title',
  `description` text COMMENT 'Description',
  `url` varchar(255) DEFAULT NULL COMMENT 'Url',
  `is_read` smallint(5) unsigned NOT NULL DEFAULT '0' COMMENT 'Flag if notification read',
  `is_remove` smallint(5) unsigned NOT NULL DEFAULT '0' COMMENT 'Flag if notification might be removed',
  PRIMARY KEY (`notification_id`),
  KEY `ADMINNOTIFICATION_INBOX_SEVERITY` (`severity`),
  KEY `ADMINNOTIFICATION_INBOX_IS_READ` (`is_read`),
  KEY `ADMINNOTIFICATION_INBOX_IS_REMOVE` (`is_remove`)
) ENGINE=InnoDB AUTO_INCREMENT=4 DEFAULT CHARSET=utf8 COMMENT='Adminnotification Inbox';

--
-- Dumping data for table `adminnotification_inbox`
--

INSERT INTO `adminnotification_inbox` VALUES (1,4,'2022-10-12 05:28:11','Disable Notice','To improve performance, collecting statistics for the Magento Report module is disabled by default. \nYou can enable it in System Config.','',0,1),(2,1,'2023-03-14 16:47:30','Welcome Magento Open Source 2.4.6, along with exciting product updates','We are excited to announce that our March release, including Magento Open Source 2.4.6, is now available to our entire Commerce Community. In this core release, you will find several enhancements to platform quality, security, performance, and scale. Also included in this release is the expansion of Payment Services to UK and France. Refer to the Adobe release blog. ','https://business.adobe.com/blog/the-latest/7-adobe-commerce-innovations-that-increase-sales-and-performance',0,0),(3,1,'2023-06-13 14:28:45','Magento Open Source June release brings important accessibility and security updates','We are excited to announce great new accessibility updates in PWA Studio, along with multiple security updates in our June release. PWA Studio can now address the needs of people with all types, degrees, and combinations of disability. These guidelines make Web content more usable for individuals with changing abilities due to aging and often improve usability for users in general. We also have new security patches for all versions still under support or extended support. ','https://business.adobe.com/blog/the-latest/three-rules-of-b2b-commerce-using-adobe-commerce',0,0);

--
-- Table structure for table `adobe_stock_asset`
--

CREATE TABLE `adobe_stock_asset` (
  `id` int(10) unsigned NOT NULL AUTO_INCREMENT COMMENT 'Entity ID',
  `media_gallery_id` int(10) unsigned DEFAULT NULL COMMENT 'Media gallery ID',
  `category_id` int(10) unsigned DEFAULT NULL COMMENT 'Category ID',
  `creator_id` int(10) unsigned DEFAULT NULL COMMENT 'Creator ID',
  `is_licensed` int(10) unsigned NOT NULL DEFAULT '0' COMMENT 'Is Licensed',
  `creation_date` varchar(255) DEFAULT NULL COMMENT 'Creation Date',
  PRIMARY KEY (`id`),
  KEY `ADOBE_STOCK_ASSET_MEDIA_GALLERY_ID_MEDIA_GALLERY_ASSET_ID` (`media_gallery_id`),
  KEY `ADOBE_STOCK_ASSET_ID` (`id`),
  KEY `ADOBE_STOCK_ASSET_CATEGORY_ID` (`category_id`),
  KEY `ADOBE_STOCK_ASSET_CREATOR_ID` (`creator_id`),
  CONSTRAINT `ADOBE_STOCK_ASSET_CATEGORY_ID_ADOBE_STOCK_CATEGORY_ID` FOREIGN KEY (`category_id`) REFERENCES `adobe_stock_category` (`id`) ON DELETE SET NULL,
  CONSTRAINT `ADOBE_STOCK_ASSET_CREATOR_ID_ADOBE_STOCK_CREATOR_ID` FOREIGN KEY (`creator_id`) REFERENCES `adobe_stock_creator` (`id`) ON DELETE SET NULL,
  CONSTRAINT `ADOBE_STOCK_ASSET_MEDIA_GALLERY_ID_MEDIA_GALLERY_ASSET_ID` FOREIGN KEY (`media_gallery_id`) REFERENCES `media_gallery_asset` (`id`) ON DELETE CASCADE
) ENGINE=InnoDB DEFAULT CHARSET=utf8 COMMENT='Adobe Stock Asset';

--
-- Dumping data for table `adobe_stock_asset`
--


--
-- Table structure for table `adobe_stock_category`
--

CREATE TABLE `adobe_stock_category` (
  `id` int(10) unsigned NOT NULL AUTO_INCREMENT COMMENT 'Entity ID',
  `name` varchar(255) DEFAULT NULL COMMENT 'Name',
  PRIMARY KEY (`id`),
  KEY `ADOBE_STOCK_CATEGORY_ID` (`id`)
) ENGINE=InnoDB DEFAULT CHARSET=utf8 COMMENT='Adobe Stock Category';

--
-- Dumping data for table `adobe_stock_category`
--


--
-- Table structure for table `adobe_stock_creator`
--

CREATE TABLE `adobe_stock_creator` (
  `id` int(10) unsigned NOT NULL AUTO_INCREMENT COMMENT 'ID',
  `name` varchar(255) DEFAULT NULL COMMENT 'Asset creator''s name',
  PRIMARY KEY (`id`),
  KEY `ADOBE_STOCK_CREATOR_ID` (`id`)
) ENGINE=InnoDB DEFAULT CHARSET=utf8 COMMENT='Adobe Stock Creator';

--
-- Dumping data for table `adobe_stock_creator`
--


--
-- Table structure for table `adobe_user_profile`
--

CREATE TABLE `adobe_user_profile` (
  `id` int(10) unsigned NOT NULL AUTO_INCREMENT COMMENT 'Entity ID',
  `admin_user_id` int(10) unsigned NOT NULL DEFAULT '0' COMMENT 'Admin User Id',
  `name` varchar(255) NOT NULL COMMENT 'Display Name',
  `email` varchar(255) NOT NULL COMMENT 'user profile email',
  `image` varchar(255) NOT NULL COMMENT 'user profile avatar',
  `account_type` varchar(255) DEFAULT NULL COMMENT 'Account Type',
  `access_token` text COMMENT 'Access Token',
  `refresh_token` text COMMENT 'Refresh Token',
  `created_at` timestamp NOT NULL DEFAULT CURRENT_TIMESTAMP COMMENT 'Created At',
  `updated_at` timestamp NOT NULL DEFAULT CURRENT_TIMESTAMP ON UPDATE CURRENT_TIMESTAMP COMMENT 'Updated At',
  `access_token_expires_at` timestamp NOT NULL DEFAULT '0000-00-00 00:00:00' COMMENT 'Access Token Expires At',
  PRIMARY KEY (`id`),
  KEY `ADOBE_USER_PROFILE_ADMIN_USER_ID_ADMIN_USER_USER_ID` (`admin_user_id`),
  KEY `ADOBE_USER_PROFILE_ID` (`id`),
  CONSTRAINT `ADOBE_USER_PROFILE_ADMIN_USER_ID_ADMIN_USER_USER_ID` FOREIGN KEY (`admin_user_id`) REFERENCES `admin_user` (`user_id`) ON DELETE CASCADE
) ENGINE=InnoDB DEFAULT CHARSET=utf8 COMMENT='Adobe IMS User Profile';

--
-- Dumping data for table `adobe_user_profile`
--


--
-- Table structure for table `amazon_customer`
--

CREATE TABLE `amazon_customer` (
  `entity_id` int(10) unsigned NOT NULL AUTO_INCREMENT COMMENT 'Entity_id',
  `customer_id` int(10) unsigned NOT NULL COMMENT 'Customer_id',
  `amazon_id` varchar(255) NOT NULL COMMENT 'Amazon_id',
  PRIMARY KEY (`entity_id`),
  UNIQUE KEY `AMAZON_CUSTOMER_CUSTOMER_ID_AMAZON_ID` (`customer_id`,`amazon_id`),
  UNIQUE KEY `AMAZON_CUSTOMER_CUSTOMER_ID` (`customer_id`),
  CONSTRAINT `AMAZON_CUSTOMER_CUSTOMER_ID_CUSTOMER_ENTITY_ENTITY_ID` FOREIGN KEY (`customer_id`) REFERENCES `customer_entity` (`entity_id`) ON DELETE CASCADE
) ENGINE=InnoDB DEFAULT CHARSET=utf8 COMMENT='amazon_customer';

--
-- Dumping data for table `amazon_customer`
--


--
-- Table structure for table `amazon_pending_authorization`
--

CREATE TABLE `amazon_pending_authorization` (
  `entity_id` int(10) unsigned NOT NULL AUTO_INCREMENT COMMENT 'Entity_id',
  `order_id` int(10) unsigned NOT NULL COMMENT 'Order_id',
  `payment_id` int(10) unsigned NOT NULL COMMENT 'Payment_id',
  `authorization_id` varchar(255) DEFAULT NULL COMMENT 'Authorization_id',
  `created_at` datetime NOT NULL COMMENT 'Created_at',
  `updated_at` datetime DEFAULT NULL COMMENT 'Updated_at',
  `processed` smallint(5) unsigned DEFAULT '0' COMMENT 'Initial authorization processed',
  `capture` smallint(5) unsigned DEFAULT '0' COMMENT 'Initial authorization has capture',
  `capture_id` varchar(255) DEFAULT NULL COMMENT 'Initial authorization capture id',
  PRIMARY KEY (`entity_id`),
  UNIQUE KEY `UNQ_E6CCA08713FB32BB136A56837009C371` (`order_id`,`payment_id`,`authorization_id`)
) ENGINE=InnoDB DEFAULT CHARSET=utf8 COMMENT='amazon_pending_authorization';

--
-- Dumping data for table `amazon_pending_authorization`
--


--
-- Table structure for table `amazon_pending_capture`
--

CREATE TABLE `amazon_pending_capture` (
  `entity_id` int(10) unsigned NOT NULL AUTO_INCREMENT COMMENT 'Entity_id',
  `capture_id` varchar(255) NOT NULL COMMENT 'Capture_id',
  `created_at` datetime NOT NULL COMMENT 'Created_at',
  `order_id` int(10) unsigned NOT NULL COMMENT 'order id',
  `payment_id` int(10) unsigned NOT NULL COMMENT 'payment id',
  PRIMARY KEY (`entity_id`),
  UNIQUE KEY `AMAZON_PENDING_CAPTURE_ORDER_ID_PAYMENT_ID_CAPTURE_ID` (`order_id`,`payment_id`,`capture_id`)
) ENGINE=InnoDB DEFAULT CHARSET=utf8 COMMENT='amazon_pending_capture';

--
-- Dumping data for table `amazon_pending_capture`
--


--
-- Table structure for table `amazon_pending_refund`
--

CREATE TABLE `amazon_pending_refund` (
  `entity_id` int(10) unsigned NOT NULL AUTO_INCREMENT COMMENT 'Entity_id',
  `refund_id` varchar(255) NOT NULL COMMENT 'Refund_id',
  `created_at` datetime NOT NULL COMMENT 'Created_at',
  `order_id` int(10) unsigned NOT NULL COMMENT 'Order_id',
  `payment_id` int(10) unsigned NOT NULL COMMENT 'Payment_id',
  PRIMARY KEY (`entity_id`),
  UNIQUE KEY `AMAZON_PENDING_REFUND_ORDER_ID_PAYMENT_ID_REFUND_ID` (`order_id`,`payment_id`,`refund_id`)
) ENGINE=InnoDB DEFAULT CHARSET=utf8 COMMENT='amazon_pending_refund';

--
-- Dumping data for table `amazon_pending_refund`
--


--
-- Table structure for table `amazon_quote`
--

CREATE TABLE `amazon_quote` (
  `entity_id` int(10) unsigned NOT NULL AUTO_INCREMENT COMMENT 'Entity ID',
  `quote_id` int(10) unsigned NOT NULL COMMENT 'Quote ID',
  `amazon_order_reference_id` varchar(255) NOT NULL COMMENT 'Amazon Order Reference ID',
  `sandbox_simulation_reference` varchar(255) DEFAULT NULL COMMENT 'Sandbox simulation reference',
  `confirmed` smallint(5) unsigned NOT NULL DEFAULT '0' COMMENT 'Quote confirmed with Amazon',
  PRIMARY KEY (`entity_id`),
  UNIQUE KEY `AMAZON_QUOTE_QUOTE_ID` (`quote_id`),
  CONSTRAINT `AMAZON_QUOTE_QUOTE_ID_QUOTE_ENTITY_ID` FOREIGN KEY (`quote_id`) REFERENCES `quote` (`entity_id`) ON DELETE CASCADE
) ENGINE=InnoDB DEFAULT CHARSET=utf8 COMMENT='amazon_quote';

--
-- Dumping data for table `amazon_quote`
--


--
-- Table structure for table `amazon_sales_order`
--

CREATE TABLE `amazon_sales_order` (
  `entity_id` int(10) unsigned NOT NULL AUTO_INCREMENT COMMENT 'Entity ID',
  `order_id` int(10) unsigned NOT NULL COMMENT 'Order ID',
  `amazon_order_reference_id` varchar(255) NOT NULL COMMENT 'Amazon Order Reference ID',
  PRIMARY KEY (`entity_id`),
  UNIQUE KEY `AMAZON_SALES_ORDER_ORDER_ID` (`order_id`),
  CONSTRAINT `AMAZON_SALES_ORDER_ORDER_ID_SALES_ORDER_ENTITY_ID` FOREIGN KEY (`order_id`) REFERENCES `sales_order` (`entity_id`) ON DELETE CASCADE
) ENGINE=InnoDB DEFAULT CHARSET=utf8 COMMENT='amazon_sales_order';

--
-- Dumping data for table `amazon_sales_order`
--


--
-- Table structure for table `authorization_role`
--

CREATE TABLE `authorization_role` (
  `role_id` int(10) unsigned NOT NULL AUTO_INCREMENT COMMENT 'Role ID',
  `parent_id` int(10) unsigned NOT NULL DEFAULT '0' COMMENT 'Parent Role ID',
  `tree_level` smallint(5) unsigned NOT NULL DEFAULT '0' COMMENT 'Role Tree Level',
  `sort_order` smallint(5) unsigned NOT NULL DEFAULT '0' COMMENT 'Role Sort Order',
  `role_type` varchar(1) NOT NULL DEFAULT '0' COMMENT 'Role Type',
  `user_id` int(10) unsigned NOT NULL DEFAULT '0' COMMENT 'User ID',
  `user_type` varchar(16) DEFAULT NULL COMMENT 'User Type',
  `role_name` varchar(50) DEFAULT NULL COMMENT 'Role Name',
  PRIMARY KEY (`role_id`),
  KEY `AUTHORIZATION_ROLE_PARENT_ID_SORT_ORDER` (`parent_id`,`sort_order`),
  KEY `AUTHORIZATION_ROLE_TREE_LEVEL` (`tree_level`)
) ENGINE=InnoDB AUTO_INCREMENT=65 DEFAULT CHARSET=utf8 COMMENT='Admin Role Table';

--
-- Dumping data for table `authorization_role`
--

INSERT INTO `authorization_role` VALUES (1,0,1,1,'G',0,'2','Administrators'),(3,0,1,0,'G',0,'2','checkoutsuccesspage'),(4,0,1,0,'G',0,'2','customerapproval'),(5,0,1,0,'G',0,'2','customordernumber'),(6,0,1,0,'G',0,'2','customstockstatus'),(7,0,1,0,'G',0,'2','forcelogin'),(8,0,1,0,'G',0,'2','importcoupon'),(9,0,1,0,'G',0,'2','infinitescroll'),(10,0,1,0,'G',0,'2','loginascustomer'),(11,0,1,0,'G',0,'2','minimumordercustomergroup'),(12,0,1,0,'G',0,'2','sampleproduct'),(13,0,1,0,'G',0,'2','simpleconfigurable'),(14,0,1,0,'G',0,'2','spamandbotblocker'),(45,4,2,0,'U',3,'2','customerapproval'),(46,5,2,0,'U',4,'2','customordernumber'),(47,6,2,0,'U',5,'2','customstockstatus'),(49,7,2,0,'U',6,'2','forcelogin'),(51,9,2,0,'U',8,'2','infinitescroll'),(54,11,2,0,'U',10,'2','minimumordercustomergroup'),(55,12,2,0,'U',11,'2','sampleproduct'),(56,13,2,0,'U',12,'2','simpleconfigurable'),(57,14,2,0,'U',13,'2','spamandbotblocker'),(58,1,2,0,'U',1,'2','Upgrade'),(59,3,2,0,'U',2,'2','checkoutsuccesspage'),(60,10,2,0,'U',9,'2','loginascustomer'),(64,8,2,0,'U',7,'2','importcoupon');

--
-- Table structure for table `authorization_rule`
--

CREATE TABLE `authorization_rule` (
  `rule_id` int(10) unsigned NOT NULL AUTO_INCREMENT COMMENT 'Rule ID',
  `role_id` int(10) unsigned NOT NULL DEFAULT '0' COMMENT 'Role ID',
  `resource_id` varchar(255) DEFAULT NULL COMMENT 'Resource ID',
  `privileges` varchar(20) DEFAULT NULL COMMENT 'Privileges',
  `permission` varchar(10) DEFAULT NULL COMMENT 'Permission',
  PRIMARY KEY (`rule_id`),
  KEY `AUTHORIZATION_RULE_RESOURCE_ID_ROLE_ID` (`resource_id`,`role_id`),
  KEY `AUTHORIZATION_RULE_ROLE_ID_RESOURCE_ID` (`role_id`,`resource_id`),
  CONSTRAINT `AUTHORIZATION_RULE_ROLE_ID_AUTHORIZATION_ROLE_ROLE_ID` FOREIGN KEY (`role_id`) REFERENCES `authorization_role` (`role_id`) ON DELETE CASCADE
) ENGINE=InnoDB AUTO_INCREMENT=11444 DEFAULT CHARSET=utf8 COMMENT='Admin Rule Table';

--
-- Dumping data for table `authorization_rule`
--

INSERT INTO `authorization_rule` VALUES (1,1,'Magento_Backend::all',NULL,'allow'),(5493,4,'Magento_Backend::all',NULL,'deny'),(5494,4,'Magento_Backend::admin',NULL,'allow'),(5495,4,'Magento_Backend::dashboard',NULL,'deny'),(5496,4,'Magento_Analytics::analytics',NULL,'deny'),(5497,4,'Magento_Analytics::analytics_api',NULL,'deny'),(5498,4,'Mageants_ExtentionAdminLogin::extentionadminlogin_content',NULL,'deny'),(5499,4,'Mageants_ExtentionAdminLogin::extentionadminlogin_grid',NULL,'deny'),(5500,4,'Mageants_ExtentionAdminLogin::extentionadminlogin_new_edit',NULL,'deny'),(5501,4,'Mageants_ExtentionAdminLogin::extentionadminlogin_save',NULL,'deny'),(5502,4,'Mageants_ExtentionAdminLogin::extentionadminlogin_delete',NULL,'deny'),(5503,4,'Mageants_ExtentionAdminLogin::extentionadminlogin_massenable',NULL,'deny'),(5504,4,'Mageants_ExtentionAdminLogin::extentionadminlogin_massdisable',NULL,'deny'),(5505,4,'Mageants_ExtentionAdminLogin::extentionadminlogin_massdelete',NULL,'deny'),(5506,4,'Magento_Sales::sales',NULL,'allow'),(5507,4,'Magento_Sales::sales_operation',NULL,'allow'),(5508,4,'Magento_Sales::sales_order',NULL,'allow'),(5509,4,'Magento_Sales::actions',NULL,'allow'),(5510,4,'Magento_Sales::create',NULL,'allow'),(5511,4,'Magento_Sales::actions_view',NULL,'allow'),(5512,4,'Magento_Sales::email',NULL,'allow'),(5513,4,'Magento_Sales::reorder',NULL,'allow'),(5514,4,'Magento_Sales::actions_edit',NULL,'allow'),(5515,4,'Magento_Sales::cancel',NULL,'allow'),(5516,4,'Magento_Sales::review_payment',NULL,'allow'),(5517,4,'Magento_Sales::capture',NULL,'allow'),(5518,4,'Magento_Sales::invoice',NULL,'allow'),(5519,4,'Magento_Sales::creditmemo',NULL,'allow'),(5520,4,'Magento_Sales::hold',NULL,'allow'),(5521,4,'Magento_Sales::unhold',NULL,'allow'),(5522,4,'Magento_Sales::ship',NULL,'allow'),(5523,4,'Magento_Sales::comment',NULL,'allow'),(5524,4,'Magento_Sales::emails',NULL,'allow'),(5525,4,'Magento_Paypal::authorization',NULL,'allow'),(5526,4,'Magento_Sales::sales_invoice',NULL,'allow'),(5527,4,'Magento_Sales::shipment',NULL,'allow'),(5528,4,'Magento_Sales::sales_creditmemo',NULL,'allow'),(5529,4,'Magento_Paypal::billing_agreement',NULL,'allow'),(5530,4,'Magento_Paypal::billing_agreement_actions',NULL,'allow'),(5531,4,'Magento_Paypal::billing_agreement_actions_view',NULL,'allow'),(5532,4,'Magento_Paypal::actions_manage',NULL,'allow'),(5533,4,'Magento_Paypal::use',NULL,'allow'),(5534,4,'Magento_Sales::transactions',NULL,'deny'),(5535,4,'Magento_Sales::transactions_fetch',NULL,'deny'),(5536,4,'Magento_Catalog::catalog',NULL,'allow'),(5537,4,'Magento_Catalog::catalog_inventory',NULL,'allow'),(5538,4,'Magento_Catalog::products',NULL,'allow'),(5539,4,'Magento_Catalog::update_attributes',NULL,'allow'),(5540,4,'Magento_Catalog::edit_product_design',NULL,'allow'),(5541,4,'Magento_Catalog::categories',NULL,'deny'),(5542,4,'Magento_Catalog::edit_category_design',NULL,'deny'),(5543,4,'Magento_Customer::customer',NULL,'allow'),(5544,4,'Magento_Customer::manage',NULL,'allow'),(5545,4,'Magento_Customer::actions',NULL,'allow'),(5546,4,'Magento_Customer::delete',NULL,'allow'),(5547,4,'Magento_Customer::reset_password',NULL,'allow'),(5548,4,'Magento_Customer::invalidate_tokens',NULL,'allow'),(5549,4,'Magento_LoginAsCustomer::allow_shopping_assistance',NULL,'allow'),(5550,4,'Mageants_LoginAsCustomer::loginascustomer_button',NULL,'deny'),(5551,4,'Magento_Customer::online',NULL,'allow'),(5552,4,'Magento_Customer::group',NULL,'allow'),(5553,4,'Mageants_LoginAsCustomer::loginascustomer_content',NULL,'deny'),(5554,4,'Mageants_LoginAsCustomer::list_of_login_as_customer',NULL,'deny'),(5555,4,'Mageants_LoginAsCustomer::MassDelete',NULL,'deny'),(5556,4,'Magento_LoginAsCustomer::login',NULL,'deny'),(5557,4,'Magento_LoginAsCustomerLog::login_log',NULL,'deny'),(5558,4,'Magento_Cart::cart',NULL,'deny'),(5559,4,'Magento_Cart::manage',NULL,'deny'),(5560,4,'Magento_Backend::myaccount',NULL,'deny'),(5561,4,'Magento_Backend::marketing',NULL,'deny'),(5562,4,'Magento_CatalogRule::promo',NULL,'deny'),(5563,4,'Magento_CatalogRule::promo_catalog',NULL,'deny'),(5564,4,'Magento_SalesRule::quote',NULL,'deny'),(5565,4,'Dotdigitalgroup_Email::automation',NULL,'deny'),(5566,4,'Dotdigitalgroup_Email::automation_studio',NULL,'deny'),(5567,4,'Dotdigitalgroup_Chat::config',NULL,'deny'),(5568,4,'Dotdigitalgroup_Sms::config',NULL,'deny'),(5569,4,'Dotdigitalgroup_Email::exclusion_rules',NULL,'deny'),(5570,4,'Magento_Backend::marketing_communications',NULL,'deny'),(5571,4,'Magento_Email::template',NULL,'deny'),(5572,4,'Magento_Newsletter::template',NULL,'deny'),(5573,4,'Magento_Newsletter::queue',NULL,'deny'),(5574,4,'Magento_Newsletter::subscriber',NULL,'deny'),(5575,4,'Magento_Backend::marketing_seo',NULL,'deny'),(5576,4,'Magento_Search::search',NULL,'deny'),(5577,4,'Magento_Search::synonyms',NULL,'deny'),(5578,4,'Magento_UrlRewrite::urlrewrite',NULL,'deny'),(5579,4,'Magento_Sitemap::sitemap',NULL,'deny'),(5580,4,'Magento_Backend::marketing_user_content',NULL,'deny'),(5581,4,'Magento_Review::reviews_all',NULL,'deny'),(5582,4,'Magento_Review::pending',NULL,'deny'),(5583,4,'Yotpo_Yotpo::yotpo_report_reviews',NULL,'deny'),(5584,4,'Magento_Backend::content',NULL,'deny'),(5585,4,'Magento_Backend::content_elements',NULL,'deny'),(5586,4,'Magento_Cms::page',NULL,'deny'),(5587,4,'Magento_Cms::save',NULL,'deny'),(5588,4,'Magento_Cms::save_design',NULL,'deny'),(5589,4,'Magento_Cms::page_delete',NULL,'deny'),(5590,4,'Magento_Cms::block',NULL,'deny'),(5591,4,'Magento_Widget::widget_instance',NULL,'deny'),(5592,4,'Magento_Cms::media_gallery',NULL,'deny'),(5593,4,'Magento_MediaGalleryUiApi::insert_assets',NULL,'deny'),(5594,4,'Magento_MediaGalleryUiApi::upload_assets',NULL,'deny'),(5595,4,'Magento_MediaGalleryUiApi::edit_assets',NULL,'deny'),(5596,4,'Magento_AdobeStockImageAdminUi::media_gallery',NULL,'deny'),(5597,4,'Magento_AdobeStockImageAdminUi::save_preview_images',NULL,'deny'),(5598,4,'Magento_AdobeStockImageAdminUi::license_images',NULL,'deny'),(5599,4,'Magento_MediaGalleryUiApi::delete_assets',NULL,'deny'),(5600,4,'Magento_MediaGalleryUiApi::create_folder',NULL,'deny'),(5601,4,'Magento_MediaGalleryUiApi::delete_folder',NULL,'deny'),(5602,4,'Magento_PageBuilder::templates',NULL,'deny'),(5603,4,'Magento_PageBuilder::template_save',NULL,'deny'),(5604,4,'Magento_PageBuilder::template_apply',NULL,'deny'),(5605,4,'Magento_PageBuilder::template_delete',NULL,'deny'),(5606,4,'Magento_Backend::design',NULL,'deny'),(5607,4,'Magento_Theme::theme',NULL,'deny'),(5608,4,'Magento_Backend::schedule',NULL,'deny'),(5609,4,'Magento_Backend::content_translation',NULL,'deny'),(5610,4,'Magento_Reports::report',NULL,'deny'),(5611,4,'Dotdigitalgroup_Sms::reports',NULL,'deny'),(5612,4,'Dotdigitalgroup_Sms::report',NULL,'deny'),(5613,4,'Dotdigitalgroup_Email::reports',NULL,'deny'),(5614,4,'Dotdigitalgroup_Email::contact',NULL,'deny'),(5615,4,'Dotdigitalgroup_Email::order',NULL,'deny'),(5616,4,'Dotdigitalgroup_Email::review',NULL,'deny'),(5617,4,'Dotdigitalgroup_Email::wishlist',NULL,'deny'),(5618,4,'Dotdigitalgroup_Email::catalog',NULL,'deny'),(5619,4,'Dotdigitalgroup_Email::importer',NULL,'deny'),(5620,4,'Dotdigitalgroup_Email::campaign',NULL,'deny'),(5621,4,'Dotdigitalgroup_Email::cron',NULL,'deny'),(5622,4,'Dotdigitalgroup_Email::dashboard',NULL,'deny'),(5623,4,'Dotdigitalgroup_Email::automation_enrollment',NULL,'deny'),(5624,4,'Dotdigitalgroup_Email::logviewer',NULL,'deny'),(5625,4,'Dotdigitalgroup_Email::abandoned',NULL,'deny'),(5626,4,'Magento_Reports::report_marketing',NULL,'deny'),(5627,4,'Magento_Reports::shopcart',NULL,'deny'),(5628,4,'Magento_Reports::product',NULL,'deny'),(5629,4,'Magento_Reports::abandoned',NULL,'deny'),(5630,4,'Magento_Reports::report_search',NULL,'deny'),(5631,4,'Magento_Newsletter::problem',NULL,'deny'),(5632,4,'Magento_Reports::review',NULL,'deny'),(5633,4,'Magento_Reports::review_customer',NULL,'deny'),(5634,4,'Magento_Reports::review_product',NULL,'deny'),(5635,4,'Yotpo_Yotpo::yotpo_reviews_external',NULL,'deny'),(5636,4,'Magento_Reports::salesroot',NULL,'deny'),(5637,4,'Magento_Reports::salesroot_sales',NULL,'deny'),(5638,4,'Magento_Reports::tax',NULL,'deny'),(5639,4,'Magento_Reports::invoiced',NULL,'deny'),(5640,4,'Magento_Reports::shipping',NULL,'deny'),(5641,4,'Magento_Reports::refunded',NULL,'deny'),(5642,4,'Magento_Reports::coupons',NULL,'deny'),(5643,4,'Magento_Paypal::paypal_settlement_reports',NULL,'deny'),(5644,4,'Magento_Paypal::paypal_settlement_reports_view',NULL,'deny'),(5645,4,'Magento_Paypal::fetch',NULL,'deny'),(5646,4,'PayPal_Braintree::settlement_report',NULL,'deny'),(5647,4,'Magento_Reports::customers',NULL,'deny'),(5648,4,'Magento_Reports::totals',NULL,'deny'),(5649,4,'Magento_Reports::customers_orders',NULL,'deny'),(5650,4,'Magento_Reports::accounts',NULL,'deny'),(5651,4,'Magento_Reports::report_products',NULL,'deny'),(5652,4,'Magento_Reports::viewed',NULL,'deny'),(5653,4,'Magento_Reports::bestsellers',NULL,'deny'),(5654,4,'Magento_Reports::lowstock',NULL,'deny'),(5655,4,'Magento_Reports::sold',NULL,'deny'),(5656,4,'Magento_Reports::downloads',NULL,'deny'),(5657,4,'Magento_Reports::statistics',NULL,'deny'),(5658,4,'Magento_Reports::statistics_refresh',NULL,'deny'),(5659,4,'Magento_Analytics::business_intelligence',NULL,'deny'),(5660,4,'Magento_Analytics::advanced_reporting',NULL,'deny'),(5661,4,'Magento_Analytics::bi_essentials',NULL,'deny'),(5662,4,'Yotpo_Yotpo::yotpo_analytics_external',NULL,'deny'),(5663,4,'Magento_Backend::stores',NULL,'allow'),(5664,4,'Magento_Backend::stores_settings',NULL,'allow'),(5665,4,'Magento_Backend::store',NULL,'deny'),(5666,4,'Magento_Config::config',NULL,'allow'),(5667,4,'MagePal_GmailSmtpApp::magepal_gmailsmtpapp',NULL,'deny'),(5668,4,'Magento_Catalog::config_catalog',NULL,'deny'),(5669,4,'Magento_CatalogSearch::config_catalog_search',NULL,'deny'),(5670,4,'Dotdigitalgroup_Email::config',NULL,'deny'),(5671,4,'Magento_Newsletter::newsletter',NULL,'deny'),(5672,4,'Magento_LoginAsCustomer::config_section',NULL,'deny'),(5673,4,'Magento_GoogleAnalytics::google',NULL,'deny'),(5674,4,'Magento_Downloadable::downloadable',NULL,'deny'),(5675,4,'Magento_Payment::payment_services',NULL,'deny'),(5676,4,'Magento_Payment::payment',NULL,'deny'),(5677,4,'Magento_CatalogInventory::cataloginventory',NULL,'deny'),(5678,4,'Magento_Contact::contact',NULL,'deny'),(5679,4,'Magento_Cms::config_cms',NULL,'deny'),(5680,4,'Mageants_Forcelogin::system_config',NULL,'deny'),(5681,4,'Magento_Shipping::config_shipping',NULL,'deny'),(5682,4,'Magento_Shipping::shipping_policy',NULL,'deny'),(5683,4,'Magento_Shipping::carriers',NULL,'deny'),(5684,4,'Magento_Multishipping::config_multishipping',NULL,'deny'),(5685,4,'Magento_Securitytxt::config',NULL,'deny'),(5686,4,'Magento_ReCaptchaUi::config',NULL,'deny'),(5687,4,'Mageants_Couponimport::mageants_config',NULL,'deny'),(5688,4,'Mageants_SimpleConfigurable::mageants_simpleconfigurable_config',NULL,'deny'),(5689,4,'Mageants_CustomStockStatus::custom_stock_content',NULL,'deny'),(5690,4,'Mageants_CustomStockStatus::configuration',NULL,'deny'),(5691,4,'Mageants_Sample::config',NULL,'deny'),(5692,4,'Mageants_CustomOrderNumber::configuration',NULL,'deny'),(5693,4,'Magento_Config::config_general',NULL,'deny'),(5694,4,'Magento_Config::web',NULL,'deny'),(5695,4,'Magento_Config::config_design',NULL,'deny'),(5696,4,'Mageants_CustomerApproval::customerApproval_config',NULL,'allow'),(5697,4,'Mageants_ExtentionAdminLogin::mageants_extentionadminlogin',NULL,'deny'),(5698,4,'Magento_Customer::config_customer',NULL,'deny'),(5699,4,'Mageants_LoginAsCustomer::loginascustomer_config',NULL,'deny'),(5700,4,'Mageants_CheckoutSuccessPage::Configuration',NULL,'deny'),(5701,4,'Mageants_CustomStockStatus::mageants_customstockst',NULL,'deny'),(5702,4,'Magento_Paypal::paypal',NULL,'deny'),(5703,4,'Magento_Tax::config_tax',NULL,'deny'),(5704,4,'Magento_Checkout::checkout',NULL,'deny'),(5705,4,'Magento_Sales::config_sales',NULL,'deny'),(5706,4,'Mageants_MinOrderCustomerGroup::minimum_order',NULL,'deny'),(5707,4,'Magento_Persistent::persistent',NULL,'deny'),(5708,4,'Magento_Sales::sales_email',NULL,'deny'),(5709,4,'Magento_Sales::sales_pdf',NULL,'deny'),(5710,4,'Magento_Sitemap::config_sitemap',NULL,'deny'),(5711,4,'Magento_Reports::reports',NULL,'deny'),(5712,4,'Yotpo_Core::config',NULL,'deny'),(5713,4,'Yotpo_Yotpo::config',NULL,'deny'),(5714,4,'Magento_Config::config_system',NULL,'deny'),(5715,4,'Magento_Wishlist::config_wishlist',NULL,'deny'),(5716,4,'Magento_SalesRule::config_promo',NULL,'deny'),(5717,4,'Magento_Config::trans_email',NULL,'deny'),(5718,4,'Magento_Config::config_admin',NULL,'deny'),(5719,4,'Magento_Config::dev',NULL,'deny'),(5720,4,'Magento_Config::currency',NULL,'deny'),(5721,4,'Magento_Rss::rss',NULL,'deny'),(5722,4,'Magento_Config::sendfriend',NULL,'deny'),(5723,4,'Magento_Analytics::analytics_settings',NULL,'deny'),(5724,4,'Mageants_InfiniteScroll::infinitescroll',NULL,'deny'),(5725,4,'Mageants_SpamAndBotBlocker::config',NULL,'deny'),(5726,4,'Magento_NewRelicReporting::config_newrelicreporting',NULL,'deny'),(5727,4,'Magento_CheckoutAgreements::checkoutagreement',NULL,'deny'),(5728,4,'Magento_Sales::order_statuses',NULL,'deny'),(5729,4,'Magento_InventoryApi::inventory',NULL,'deny'),(5730,4,'Magento_InventoryApi::source',NULL,'deny'),(5731,4,'Magento_InventoryApi::source_edit',NULL,'deny'),(5732,4,'Magento_InventoryApi::stock',NULL,'deny'),(5733,4,'Magento_InventoryApi::stock_edit',NULL,'deny'),(5734,4,'Magento_InventoryApi::stock_delete',NULL,'deny'),(5735,4,'Magento_InventoryApi::stock_source_link',NULL,'deny'),(5736,4,'Magento_InventoryInStorePickupApi::inStorePickup',NULL,'deny'),(5737,4,'Magento_InventoryInStorePickupApi::notify_orders_are_ready_for_pickup',NULL,'deny'),(5738,4,'Magento_InventorySalesApi::stock',NULL,'deny'),(5739,4,'Magento_Tax::manage_tax',NULL,'deny'),(5740,4,'Magento_CurrencySymbol::system_currency',NULL,'deny'),(5741,4,'Magento_CurrencySymbol::currency_rates',NULL,'deny'),(5742,4,'Magento_CurrencySymbol::symbols',NULL,'deny'),(5743,4,'Magento_Backend::stores_attributes',NULL,'deny'),(5744,4,'Magento_Catalog::attributes_attributes',NULL,'deny'),(5745,4,'Magento_Catalog::sets',NULL,'deny'),(5746,4,'Magento_Review::ratings',NULL,'deny'),(5747,4,'Magento_Swatches::iframe',NULL,'deny'),(5748,4,'Magento_Backend::stores_other_settings',NULL,'deny'),(5749,4,'Magento_Backend::system',NULL,'allow'),(5750,4,'Magento_AdobeIms::adobe_ims',NULL,'deny'),(5751,4,'Magento_AdobeIms::actions',NULL,'deny'),(5752,4,'Magento_AdobeIms::login',NULL,'deny'),(5753,4,'Magento_AdobeIms::logout',NULL,'deny'),(5754,4,'Magento_AdobeStockAsset::adobe_stock_asset',NULL,'deny'),(5755,4,'Magento_AdobeStockAsset::actions',NULL,'deny'),(5756,4,'Magento_AdobeStockAsset::actions_delete',NULL,'deny'),(5757,4,'Magento_AdobeStockAsset::actions_save',NULL,'deny'),(5758,4,'Magento_AdobeStockAsset::actions_view',NULL,'deny'),(5759,4,'Magento_AdobeStockAsset::actions_get',NULL,'deny'),(5760,4,'Magento_Backend::convert',NULL,'deny'),(5761,4,'Magento_ImportExport::import',NULL,'deny'),(5762,4,'Magento_ImportExport::export',NULL,'deny'),(5763,4,'Magento_TaxImportExport::import_export',NULL,'deny'),(5764,4,'Magento_ImportExport::history',NULL,'deny'),(5765,4,'Klarna_Core::system_support_form',NULL,'deny'),(5766,4,'Magento_Backend::extensions',NULL,'deny'),(5767,4,'Magento_Backend::local',NULL,'deny'),(5768,4,'Magento_Backend::custom',NULL,'deny'),(5769,4,'Klarna_Core::system_logging',NULL,'deny'),(5770,4,'Magento_Integration::extensions',NULL,'deny'),(5771,4,'Magento_Integration::integrations',NULL,'deny'),(5772,4,'Magento_Backend::tools',NULL,'allow'),(5773,4,'Magento_Backend::cache',NULL,'allow'),(5774,4,'Magento_Backend::main_actions',NULL,'allow'),(5775,4,'Magento_Backend::flush_cache_storage',NULL,'allow'),(5776,4,'Magento_Backend::flush_magento_cache',NULL,'allow'),(5777,4,'Magento_Backend::mass_actions',NULL,'allow'),(5778,4,'Magento_Backend::toggling_cache_type',NULL,'allow'),(5779,4,'Magento_Backend::refresh_cache_type',NULL,'allow'),(5780,4,'Magento_Backend::additional_cache_management',NULL,'allow'),(5781,4,'Magento_Backend::flush_catalog_images',NULL,'allow'),(5782,4,'Magento_Backend::flush_js_css',NULL,'allow'),(5783,4,'Magento_Backend::flush_static_files',NULL,'allow'),(5784,4,'Magento_Backup::backup',NULL,'deny'),(5785,4,'Magento_Backup::rollback',NULL,'deny'),(5786,4,'Magento_Indexer::index',NULL,'deny'),(5787,4,'Magento_Indexer::changeMode',NULL,'deny'),(5788,4,'Magento_Indexer::invalidate',NULL,'deny'),(5789,4,'Magefan_ConflictDetector::elements',NULL,'deny'),(5790,4,'Magento_User::acl',NULL,'deny'),(5791,4,'Magento_User::acl_users',NULL,'deny'),(5792,4,'Magento_User::locks',NULL,'deny'),(5793,4,'Magento_User::acl_roles',NULL,'deny'),(5794,4,'Magento_Logging::magento_logging',NULL,'deny'),(5795,4,'Magento_Logging::magento_logging_events',NULL,'deny'),(5796,4,'Magento_Logging::system_magento_logging_bulk_operations',NULL,'deny'),(5797,4,'Magento_Backend::system_other_settings',NULL,'deny'),(5798,4,'Magento_AdminNotification::adminnotification',NULL,'deny'),(5799,4,'Magento_AdminNotification::show_toolbar',NULL,'deny'),(5800,4,'Magento_AdminNotification::show_list',NULL,'deny'),(5801,4,'Magento_AdminNotification::mark_as_read',NULL,'deny'),(5802,4,'Magento_AdminNotification::adminnotification_remove',NULL,'deny'),(5803,4,'Magento_Variable::variable',NULL,'deny'),(5804,4,'Magento_EncryptionKey::crypt_key',NULL,'deny'),(5805,4,'Magento_Backend::global_search',NULL,'deny'),(5806,5,'Magento_Backend::all',NULL,'deny'),(5807,5,'Magento_Backend::admin',NULL,'allow'),(5808,5,'Magento_Backend::dashboard',NULL,'deny'),(5809,5,'Magento_Analytics::analytics',NULL,'deny'),(5810,5,'Magento_Analytics::analytics_api',NULL,'deny'),(5811,5,'Mageants_ExtentionAdminLogin::extentionadminlogin_content',NULL,'deny'),(5812,5,'Mageants_ExtentionAdminLogin::extentionadminlogin_grid',NULL,'deny'),(5813,5,'Mageants_ExtentionAdminLogin::extentionadminlogin_new_edit',NULL,'deny'),(5814,5,'Mageants_ExtentionAdminLogin::extentionadminlogin_save',NULL,'deny'),(5815,5,'Mageants_ExtentionAdminLogin::extentionadminlogin_delete',NULL,'deny'),(5816,5,'Mageants_ExtentionAdminLogin::extentionadminlogin_massenable',NULL,'deny'),(5817,5,'Mageants_ExtentionAdminLogin::extentionadminlogin_massdisable',NULL,'deny'),(5818,5,'Mageants_ExtentionAdminLogin::extentionadminlogin_massdelete',NULL,'deny'),(5819,5,'Magento_Sales::sales',NULL,'allow'),(5820,5,'Magento_Sales::sales_operation',NULL,'allow'),(5821,5,'Magento_Sales::sales_order',NULL,'allow'),(5822,5,'Magento_Sales::actions',NULL,'allow'),(5823,5,'Magento_Sales::create',NULL,'allow'),(5824,5,'Magento_Sales::actions_view',NULL,'allow'),(5825,5,'Magento_Sales::email',NULL,'allow'),(5826,5,'Magento_Sales::reorder',NULL,'allow'),(5827,5,'Magento_Sales::actions_edit',NULL,'allow'),(5828,5,'Magento_Sales::cancel',NULL,'allow'),(5829,5,'Magento_Sales::review_payment',NULL,'allow'),(5830,5,'Magento_Sales::capture',NULL,'allow'),(5831,5,'Magento_Sales::invoice',NULL,'allow'),(5832,5,'Magento_Sales::creditmemo',NULL,'allow'),(5833,5,'Magento_Sales::hold',NULL,'allow'),(5834,5,'Magento_Sales::unhold',NULL,'allow'),(5835,5,'Magento_Sales::ship',NULL,'allow'),(5836,5,'Magento_Sales::comment',NULL,'allow'),(5837,5,'Magento_Sales::emails',NULL,'allow'),(5838,5,'Magento_Paypal::authorization',NULL,'allow'),(5839,5,'Magento_Sales::sales_invoice',NULL,'allow'),(5840,5,'Magento_Sales::shipment',NULL,'allow'),(5841,5,'Magento_Sales::sales_creditmemo',NULL,'allow'),(5842,5,'Magento_Paypal::billing_agreement',NULL,'allow'),(5843,5,'Magento_Paypal::billing_agreement_actions',NULL,'allow'),(5844,5,'Magento_Paypal::billing_agreement_actions_view',NULL,'allow'),(5845,5,'Magento_Paypal::actions_manage',NULL,'allow'),(5846,5,'Magento_Paypal::use',NULL,'allow'),(5847,5,'Magento_Sales::transactions',NULL,'deny'),(5848,5,'Magento_Sales::transactions_fetch',NULL,'deny'),(5849,5,'Magento_Catalog::catalog',NULL,'allow'),(5850,5,'Magento_Catalog::catalog_inventory',NULL,'allow'),(5851,5,'Magento_Catalog::products',NULL,'allow'),(5852,5,'Magento_Catalog::update_attributes',NULL,'allow'),(5853,5,'Magento_Catalog::edit_product_design',NULL,'allow'),(5854,5,'Magento_Catalog::categories',NULL,'deny'),(5855,5,'Magento_Catalog::edit_category_design',NULL,'deny'),(5856,5,'Magento_Customer::customer',NULL,'allow'),(5857,5,'Magento_Customer::manage',NULL,'allow'),(5858,5,'Magento_Customer::actions',NULL,'allow'),(5859,5,'Magento_Customer::delete',NULL,'allow'),(5860,5,'Magento_Customer::reset_password',NULL,'allow'),(5861,5,'Magento_Customer::invalidate_tokens',NULL,'allow'),(5862,5,'Magento_LoginAsCustomer::allow_shopping_assistance',NULL,'allow'),(5863,5,'Mageants_LoginAsCustomer::loginascustomer_button',NULL,'deny'),(5864,5,'Magento_Customer::online',NULL,'deny'),(5865,5,'Magento_Customer::group',NULL,'deny'),(5866,5,'Mageants_LoginAsCustomer::loginascustomer_content',NULL,'deny'),(5867,5,'Mageants_LoginAsCustomer::list_of_login_as_customer',NULL,'deny'),(5868,5,'Mageants_LoginAsCustomer::MassDelete',NULL,'deny'),(5869,5,'Magento_LoginAsCustomer::login',NULL,'deny'),(5870,5,'Magento_LoginAsCustomerLog::login_log',NULL,'deny'),(5871,5,'Magento_Cart::cart',NULL,'deny'),(5872,5,'Magento_Cart::manage',NULL,'deny'),(5873,5,'Magento_Backend::myaccount',NULL,'deny'),(5874,5,'Magento_Backend::marketing',NULL,'deny'),(5875,5,'Magento_CatalogRule::promo',NULL,'deny'),(5876,5,'Magento_CatalogRule::promo_catalog',NULL,'deny'),(5877,5,'Magento_SalesRule::quote',NULL,'deny'),(5878,5,'Dotdigitalgroup_Email::automation',NULL,'deny'),(5879,5,'Dotdigitalgroup_Email::automation_studio',NULL,'deny'),(5880,5,'Dotdigitalgroup_Chat::config',NULL,'deny'),(5881,5,'Dotdigitalgroup_Sms::config',NULL,'deny'),(5882,5,'Dotdigitalgroup_Email::exclusion_rules',NULL,'deny'),(5883,5,'Magento_Backend::marketing_communications',NULL,'deny'),(5884,5,'Magento_Email::template',NULL,'deny'),(5885,5,'Magento_Newsletter::template',NULL,'deny'),(5886,5,'Magento_Newsletter::queue',NULL,'deny'),(5887,5,'Magento_Newsletter::subscriber',NULL,'deny'),(5888,5,'Magento_Backend::marketing_seo',NULL,'deny'),(5889,5,'Magento_Search::search',NULL,'deny'),(5890,5,'Magento_Search::synonyms',NULL,'deny'),(5891,5,'Magento_UrlRewrite::urlrewrite',NULL,'deny'),(5892,5,'Magento_Sitemap::sitemap',NULL,'deny'),(5893,5,'Magento_Backend::marketing_user_content',NULL,'deny'),(5894,5,'Magento_Review::reviews_all',NULL,'deny'),(5895,5,'Magento_Review::pending',NULL,'deny'),(5896,5,'Yotpo_Yotpo::yotpo_report_reviews',NULL,'deny'),(5897,5,'Magento_Backend::content',NULL,'deny'),(5898,5,'Magento_Backend::content_elements',NULL,'deny'),(5899,5,'Magento_Cms::page',NULL,'deny'),(5900,5,'Magento_Cms::save',NULL,'deny'),(5901,5,'Magento_Cms::save_design',NULL,'deny'),(5902,5,'Magento_Cms::page_delete',NULL,'deny'),(5903,5,'Magento_Cms::block',NULL,'deny'),(5904,5,'Magento_Widget::widget_instance',NULL,'deny'),(5905,5,'Magento_Cms::media_gallery',NULL,'deny'),(5906,5,'Magento_MediaGalleryUiApi::insert_assets',NULL,'deny'),(5907,5,'Magento_MediaGalleryUiApi::upload_assets',NULL,'deny'),(5908,5,'Magento_MediaGalleryUiApi::edit_assets',NULL,'deny'),(5909,5,'Magento_AdobeStockImageAdminUi::media_gallery',NULL,'deny'),(5910,5,'Magento_AdobeStockImageAdminUi::save_preview_images',NULL,'deny'),(5911,5,'Magento_AdobeStockImageAdminUi::license_images',NULL,'deny'),(5912,5,'Magento_MediaGalleryUiApi::delete_assets',NULL,'deny'),(5913,5,'Magento_MediaGalleryUiApi::create_folder',NULL,'deny'),(5914,5,'Magento_MediaGalleryUiApi::delete_folder',NULL,'deny'),(5915,5,'Magento_PageBuilder::templates',NULL,'deny'),(5916,5,'Magento_PageBuilder::template_save',NULL,'deny'),(5917,5,'Magento_PageBuilder::template_apply',NULL,'deny'),(5918,5,'Magento_PageBuilder::template_delete',NULL,'deny'),(5919,5,'Magento_Backend::design',NULL,'deny'),(5920,5,'Magento_Theme::theme',NULL,'deny'),(5921,5,'Magento_Backend::schedule',NULL,'deny'),(5922,5,'Magento_Backend::content_translation',NULL,'deny'),(5923,5,'Magento_Reports::report',NULL,'allow'),(5924,5,'Dotdigitalgroup_Sms::reports',NULL,'deny'),(5925,5,'Dotdigitalgroup_Sms::report',NULL,'deny'),(5926,5,'Dotdigitalgroup_Email::reports',NULL,'deny'),(5927,5,'Dotdigitalgroup_Email::contact',NULL,'deny'),(5928,5,'Dotdigitalgroup_Email::order',NULL,'deny'),(5929,5,'Dotdigitalgroup_Email::review',NULL,'deny'),(5930,5,'Dotdigitalgroup_Email::wishlist',NULL,'deny'),(5931,5,'Dotdigitalgroup_Email::catalog',NULL,'deny'),(5932,5,'Dotdigitalgroup_Email::importer',NULL,'deny'),(5933,5,'Dotdigitalgroup_Email::campaign',NULL,'deny'),(5934,5,'Dotdigitalgroup_Email::cron',NULL,'deny'),(5935,5,'Dotdigitalgroup_Email::dashboard',NULL,'deny'),(5936,5,'Dotdigitalgroup_Email::automation_enrollment',NULL,'deny'),(5937,5,'Dotdigitalgroup_Email::logviewer',NULL,'deny'),(5938,5,'Dotdigitalgroup_Email::abandoned',NULL,'deny'),(5939,5,'Magento_Reports::report_marketing',NULL,'deny'),(5940,5,'Magento_Reports::shopcart',NULL,'deny'),(5941,5,'Magento_Reports::product',NULL,'deny'),(5942,5,'Magento_Reports::abandoned',NULL,'deny'),(5943,5,'Magento_Reports::report_search',NULL,'deny'),(5944,5,'Magento_Newsletter::problem',NULL,'deny'),(5945,5,'Magento_Reports::review',NULL,'deny'),(5946,5,'Magento_Reports::review_customer',NULL,'deny'),(5947,5,'Magento_Reports::review_product',NULL,'deny'),(5948,5,'Yotpo_Yotpo::yotpo_reviews_external',NULL,'deny'),(5949,5,'Magento_Reports::salesroot',NULL,'allow'),(5950,5,'Magento_Reports::salesroot_sales',NULL,'allow'),(5951,5,'Magento_Reports::tax',NULL,'allow'),(5952,5,'Magento_Reports::invoiced',NULL,'allow'),(5953,5,'Magento_Reports::shipping',NULL,'allow'),(5954,5,'Magento_Reports::refunded',NULL,'allow'),(5955,5,'Magento_Reports::coupons',NULL,'allow'),(5956,5,'Magento_Paypal::paypal_settlement_reports',NULL,'allow'),(5957,5,'Magento_Paypal::paypal_settlement_reports_view',NULL,'allow'),(5958,5,'Magento_Paypal::fetch',NULL,'allow'),(5959,5,'PayPal_Braintree::settlement_report',NULL,'allow'),(5960,5,'Magento_Reports::customers',NULL,'deny'),(5961,5,'Magento_Reports::totals',NULL,'deny'),(5962,5,'Magento_Reports::customers_orders',NULL,'deny'),(5963,5,'Magento_Reports::accounts',NULL,'deny'),(5964,5,'Magento_Reports::report_products',NULL,'deny'),(5965,5,'Magento_Reports::viewed',NULL,'deny'),(5966,5,'Magento_Reports::bestsellers',NULL,'deny'),(5967,5,'Magento_Reports::lowstock',NULL,'deny'),(5968,5,'Magento_Reports::sold',NULL,'deny'),(5969,5,'Magento_Reports::downloads',NULL,'deny'),(5970,5,'Magento_Reports::statistics',NULL,'deny'),(5971,5,'Magento_Reports::statistics_refresh',NULL,'deny'),(5972,5,'Magento_Analytics::business_intelligence',NULL,'deny'),(5973,5,'Magento_Analytics::advanced_reporting',NULL,'deny'),(5974,5,'Magento_Analytics::bi_essentials',NULL,'deny'),(5975,5,'Yotpo_Yotpo::yotpo_analytics_external',NULL,'deny'),(5976,5,'Magento_Backend::stores',NULL,'allow'),(5977,5,'Magento_Backend::stores_settings',NULL,'allow'),(5978,5,'Magento_Backend::store',NULL,'deny'),(5979,5,'Magento_Config::config',NULL,'allow'),(5980,5,'MagePal_GmailSmtpApp::magepal_gmailsmtpapp',NULL,'deny'),(5981,5,'Magento_Catalog::config_catalog',NULL,'deny'),(5982,5,'Magento_CatalogSearch::config_catalog_search',NULL,'deny'),(5983,5,'Dotdigitalgroup_Email::config',NULL,'deny'),(5984,5,'Magento_Newsletter::newsletter',NULL,'deny'),(5985,5,'Magento_LoginAsCustomer::config_section',NULL,'deny'),(5986,5,'Magento_GoogleAnalytics::google',NULL,'deny'),(5987,5,'Magento_Downloadable::downloadable',NULL,'deny'),(5988,5,'Magento_Payment::payment_services',NULL,'deny'),(5989,5,'Magento_Payment::payment',NULL,'deny'),(5990,5,'Magento_CatalogInventory::cataloginventory',NULL,'deny'),(5991,5,'Magento_Contact::contact',NULL,'deny'),(5992,5,'Magento_Cms::config_cms',NULL,'deny'),(5993,5,'Mageants_Forcelogin::system_config',NULL,'deny'),(5994,5,'Magento_Shipping::config_shipping',NULL,'deny'),(5995,5,'Magento_Shipping::shipping_policy',NULL,'deny'),(5996,5,'Magento_Shipping::carriers',NULL,'deny'),(5997,5,'Magento_Multishipping::config_multishipping',NULL,'deny'),(5998,5,'Magento_Securitytxt::config',NULL,'deny'),(5999,5,'Magento_ReCaptchaUi::config',NULL,'deny'),(6000,5,'Mageants_Couponimport::mageants_config',NULL,'deny'),(6001,5,'Mageants_SimpleConfigurable::mageants_simpleconfigurable_config',NULL,'deny'),(6002,5,'Mageants_CustomStockStatus::custom_stock_content',NULL,'deny'),(6003,5,'Mageants_CustomStockStatus::configuration',NULL,'deny'),(6004,5,'Mageants_Sample::config',NULL,'deny'),(6005,5,'Mageants_CustomOrderNumber::configuration',NULL,'allow'),(6006,5,'Magento_Config::config_general',NULL,'deny'),(6007,5,'Magento_Config::web',NULL,'deny'),(6008,5,'Magento_Config::config_design',NULL,'deny'),(6009,5,'Mageants_CustomerApproval::customerApproval_config',NULL,'deny'),(6010,5,'Mageants_ExtentionAdminLogin::mageants_extentionadminlogin',NULL,'deny'),(6011,5,'Magento_Customer::config_customer',NULL,'deny'),(6012,5,'Mageants_LoginAsCustomer::loginascustomer_config',NULL,'deny'),(6013,5,'Mageants_CheckoutSuccessPage::Configuration',NULL,'deny'),(6014,5,'Mageants_CustomStockStatus::mageants_customstockst',NULL,'deny'),(6015,5,'Magento_Paypal::paypal',NULL,'deny'),(6016,5,'Magento_Tax::config_tax',NULL,'deny'),(6017,5,'Magento_Checkout::checkout',NULL,'deny'),(6018,5,'Magento_Sales::config_sales',NULL,'deny'),(6019,5,'Mageants_MinOrderCustomerGroup::minimum_order',NULL,'deny'),(6020,5,'Magento_Persistent::persistent',NULL,'deny'),(6021,5,'Magento_Sales::sales_email',NULL,'deny'),(6022,5,'Magento_Sales::sales_pdf',NULL,'deny'),(6023,5,'Magento_Sitemap::config_sitemap',NULL,'deny'),(6024,5,'Magento_Reports::reports',NULL,'deny'),(6025,5,'Yotpo_Core::config',NULL,'deny'),(6026,5,'Yotpo_Yotpo::config',NULL,'deny'),(6027,5,'Magento_Config::config_system',NULL,'deny'),(6028,5,'Magento_Wishlist::config_wishlist',NULL,'deny'),(6029,5,'Magento_SalesRule::config_promo',NULL,'deny'),(6030,5,'Magento_Config::trans_email',NULL,'deny'),(6031,5,'Magento_Config::config_admin',NULL,'deny'),(6032,5,'Magento_Config::dev',NULL,'deny'),(6033,5,'Magento_Config::currency',NULL,'deny'),(6034,5,'Magento_Rss::rss',NULL,'deny'),(6035,5,'Magento_Config::sendfriend',NULL,'deny'),(6036,5,'Magento_Analytics::analytics_settings',NULL,'deny'),(6037,5,'Mageants_InfiniteScroll::infinitescroll',NULL,'deny'),(6038,5,'Mageants_SpamAndBotBlocker::config',NULL,'deny'),(6039,5,'Magento_NewRelicReporting::config_newrelicreporting',NULL,'deny'),(6040,5,'Magento_CheckoutAgreements::checkoutagreement',NULL,'deny'),(6041,5,'Magento_Sales::order_statuses',NULL,'deny'),(6042,5,'Magento_InventoryApi::inventory',NULL,'deny'),(6043,5,'Magento_InventoryApi::source',NULL,'deny'),(6044,5,'Magento_InventoryApi::source_edit',NULL,'deny'),(6045,5,'Magento_InventoryApi::stock',NULL,'deny'),(6046,5,'Magento_InventoryApi::stock_edit',NULL,'deny'),(6047,5,'Magento_InventoryApi::stock_delete',NULL,'deny'),(6048,5,'Magento_InventoryApi::stock_source_link',NULL,'deny'),(6049,5,'Magento_InventoryInStorePickupApi::inStorePickup',NULL,'deny'),(6050,5,'Magento_InventoryInStorePickupApi::notify_orders_are_ready_for_pickup',NULL,'deny'),(6051,5,'Magento_InventorySalesApi::stock',NULL,'deny'),(6052,5,'Magento_Tax::manage_tax',NULL,'deny'),(6053,5,'Magento_CurrencySymbol::system_currency',NULL,'deny'),(6054,5,'Magento_CurrencySymbol::currency_rates',NULL,'deny'),(6055,5,'Magento_CurrencySymbol::symbols',NULL,'deny'),(6056,5,'Magento_Backend::stores_attributes',NULL,'deny'),(6057,5,'Magento_Catalog::attributes_attributes',NULL,'deny'),(6058,5,'Magento_Catalog::sets',NULL,'deny'),(6059,5,'Magento_Review::ratings',NULL,'deny'),(6060,5,'Magento_Swatches::iframe',NULL,'deny'),(6061,5,'Magento_Backend::stores_other_settings',NULL,'deny'),(6062,5,'Magento_Backend::system',NULL,'allow'),(6063,5,'Magento_AdobeIms::adobe_ims',NULL,'deny'),(6064,5,'Magento_AdobeIms::actions',NULL,'deny'),(6065,5,'Magento_AdobeIms::login',NULL,'deny'),(6066,5,'Magento_AdobeIms::logout',NULL,'deny'),(6067,5,'Magento_AdobeStockAsset::adobe_stock_asset',NULL,'deny'),(6068,5,'Magento_AdobeStockAsset::actions',NULL,'deny'),(6069,5,'Magento_AdobeStockAsset::actions_delete',NULL,'deny'),(6070,5,'Magento_AdobeStockAsset::actions_save',NULL,'deny'),(6071,5,'Magento_AdobeStockAsset::actions_view',NULL,'deny'),(6072,5,'Magento_AdobeStockAsset::actions_get',NULL,'deny'),(6073,5,'Magento_Backend::convert',NULL,'deny'),(6074,5,'Magento_ImportExport::import',NULL,'deny'),(6075,5,'Magento_ImportExport::export',NULL,'deny'),(6076,5,'Magento_TaxImportExport::import_export',NULL,'deny'),(6077,5,'Magento_ImportExport::history',NULL,'deny'),(6078,5,'Klarna_Core::system_support_form',NULL,'deny'),(6079,5,'Magento_Backend::extensions',NULL,'deny'),(6080,5,'Magento_Backend::local',NULL,'deny'),(6081,5,'Magento_Backend::custom',NULL,'deny'),(6082,5,'Klarna_Core::system_logging',NULL,'deny'),(6083,5,'Magento_Integration::extensions',NULL,'deny'),(6084,5,'Magento_Integration::integrations',NULL,'deny'),(6085,5,'Magento_Backend::tools',NULL,'allow'),(6086,5,'Magento_Backend::cache',NULL,'allow'),(6087,5,'Magento_Backend::main_actions',NULL,'allow'),(6088,5,'Magento_Backend::flush_cache_storage',NULL,'allow'),(6089,5,'Magento_Backend::flush_magento_cache',NULL,'allow'),(6090,5,'Magento_Backend::mass_actions',NULL,'allow'),(6091,5,'Magento_Backend::toggling_cache_type',NULL,'allow'),(6092,5,'Magento_Backend::refresh_cache_type',NULL,'allow'),(6093,5,'Magento_Backend::additional_cache_management',NULL,'allow'),(6094,5,'Magento_Backend::flush_catalog_images',NULL,'allow'),(6095,5,'Magento_Backend::flush_js_css',NULL,'allow'),(6096,5,'Magento_Backend::flush_static_files',NULL,'allow'),(6097,5,'Magento_Backup::backup',NULL,'deny'),(6098,5,'Magento_Backup::rollback',NULL,'deny'),(6099,5,'Magento_Indexer::index',NULL,'deny'),(6100,5,'Magento_Indexer::changeMode',NULL,'deny'),(6101,5,'Magento_Indexer::invalidate',NULL,'deny'),(6102,5,'Magefan_ConflictDetector::elements',NULL,'deny'),(6103,5,'Magento_User::acl',NULL,'deny'),(6104,5,'Magento_User::acl_users',NULL,'deny'),(6105,5,'Magento_User::locks',NULL,'deny'),(6106,5,'Magento_User::acl_roles',NULL,'deny'),(6107,5,'Magento_Logging::magento_logging',NULL,'deny'),(6108,5,'Magento_Logging::magento_logging_events',NULL,'deny'),(6109,5,'Magento_Logging::system_magento_logging_bulk_operations',NULL,'deny'),(6110,5,'Magento_Backend::system_other_settings',NULL,'deny'),(6111,5,'Magento_AdminNotification::adminnotification',NULL,'deny'),(6112,5,'Magento_AdminNotification::show_toolbar',NULL,'deny'),(6113,5,'Magento_AdminNotification::show_list',NULL,'deny'),(6114,5,'Magento_AdminNotification::mark_as_read',NULL,'deny'),(6115,5,'Magento_AdminNotification::adminnotification_remove',NULL,'deny'),(6116,5,'Magento_Variable::variable',NULL,'deny'),(6117,5,'Magento_EncryptionKey::crypt_key',NULL,'deny'),(6118,5,'Magento_Backend::global_search',NULL,'deny'),(6119,6,'Magento_Backend::all',NULL,'deny'),(6120,6,'Magento_Backend::admin',NULL,'allow'),(6121,6,'Magento_Backend::dashboard',NULL,'deny'),(6122,6,'Magento_Analytics::analytics',NULL,'deny'),(6123,6,'Magento_Analytics::analytics_api',NULL,'deny'),(6124,6,'Mageants_ExtentionAdminLogin::extentionadminlogin_content',NULL,'deny'),(6125,6,'Mageants_ExtentionAdminLogin::extentionadminlogin_grid',NULL,'deny'),(6126,6,'Mageants_ExtentionAdminLogin::extentionadminlogin_new_edit',NULL,'deny'),(6127,6,'Mageants_ExtentionAdminLogin::extentionadminlogin_save',NULL,'deny'),(6128,6,'Mageants_ExtentionAdminLogin::extentionadminlogin_delete',NULL,'deny'),(6129,6,'Mageants_ExtentionAdminLogin::extentionadminlogin_massenable',NULL,'deny'),(6130,6,'Mageants_ExtentionAdminLogin::extentionadminlogin_massdisable',NULL,'deny'),(6131,6,'Mageants_ExtentionAdminLogin::extentionadminlogin_massdelete',NULL,'deny'),(6132,6,'Magento_Sales::sales',NULL,'allow'),(6133,6,'Magento_Sales::sales_operation',NULL,'allow'),(6134,6,'Magento_Sales::sales_order',NULL,'allow'),(6135,6,'Magento_Sales::actions',NULL,'allow'),(6136,6,'Magento_Sales::create',NULL,'allow'),(6137,6,'Magento_Sales::actions_view',NULL,'allow'),(6138,6,'Magento_Sales::email',NULL,'allow'),(6139,6,'Magento_Sales::reorder',NULL,'allow'),(6140,6,'Magento_Sales::actions_edit',NULL,'allow'),(6141,6,'Magento_Sales::cancel',NULL,'allow'),(6142,6,'Magento_Sales::review_payment',NULL,'allow'),(6143,6,'Magento_Sales::capture',NULL,'allow'),(6144,6,'Magento_Sales::invoice',NULL,'allow'),(6145,6,'Magento_Sales::creditmemo',NULL,'allow'),(6146,6,'Magento_Sales::hold',NULL,'allow'),(6147,6,'Magento_Sales::unhold',NULL,'allow'),(6148,6,'Magento_Sales::ship',NULL,'allow'),(6149,6,'Magento_Sales::comment',NULL,'allow'),(6150,6,'Magento_Sales::emails',NULL,'allow'),(6151,6,'Magento_Paypal::authorization',NULL,'allow'),(6152,6,'Magento_Sales::sales_invoice',NULL,'allow'),(6153,6,'Magento_Sales::shipment',NULL,'allow'),(6154,6,'Magento_Sales::sales_creditmemo',NULL,'allow'),(6155,6,'Magento_Paypal::billing_agreement',NULL,'allow'),(6156,6,'Magento_Paypal::billing_agreement_actions',NULL,'allow'),(6157,6,'Magento_Paypal::billing_agreement_actions_view',NULL,'allow'),(6158,6,'Magento_Paypal::actions_manage',NULL,'allow'),(6159,6,'Magento_Paypal::use',NULL,'allow'),(6160,6,'Magento_Sales::transactions',NULL,'allow'),(6161,6,'Magento_Sales::transactions_fetch',NULL,'allow'),(6162,6,'Magento_Catalog::catalog',NULL,'allow'),(6163,6,'Magento_Catalog::catalog_inventory',NULL,'allow'),(6164,6,'Magento_Catalog::products',NULL,'allow'),(6165,6,'Magento_Catalog::update_attributes',NULL,'allow'),(6166,6,'Magento_Catalog::edit_product_design',NULL,'allow'),(6167,6,'Magento_Catalog::categories',NULL,'allow'),(6168,6,'Magento_Catalog::edit_category_design',NULL,'allow'),(6169,6,'Magento_Customer::customer',NULL,'allow'),(6170,6,'Magento_Customer::manage',NULL,'allow'),(6171,6,'Magento_Customer::actions',NULL,'allow'),(6172,6,'Magento_Customer::delete',NULL,'allow'),(6173,6,'Magento_Customer::reset_password',NULL,'allow'),(6174,6,'Magento_Customer::invalidate_tokens',NULL,'allow'),(6175,6,'Magento_LoginAsCustomer::allow_shopping_assistance',NULL,'allow'),(6176,6,'Mageants_LoginAsCustomer::loginascustomer_button',NULL,'deny'),(6177,6,'Magento_Customer::online',NULL,'deny'),(6178,6,'Magento_Customer::group',NULL,'deny'),(6179,6,'Mageants_LoginAsCustomer::loginascustomer_content',NULL,'deny'),(6180,6,'Mageants_LoginAsCustomer::list_of_login_as_customer',NULL,'deny'),(6181,6,'Mageants_LoginAsCustomer::MassDelete',NULL,'deny'),(6182,6,'Magento_LoginAsCustomer::login',NULL,'deny'),(6183,6,'Magento_LoginAsCustomerLog::login_log',NULL,'deny'),(6184,6,'Magento_Cart::cart',NULL,'deny'),(6185,6,'Magento_Cart::manage',NULL,'deny'),(6186,6,'Magento_Backend::myaccount',NULL,'deny'),(6187,6,'Magento_Backend::marketing',NULL,'deny'),(6188,6,'Magento_CatalogRule::promo',NULL,'deny'),(6189,6,'Magento_CatalogRule::promo_catalog',NULL,'deny'),(6190,6,'Magento_SalesRule::quote',NULL,'deny'),(6191,6,'Dotdigitalgroup_Email::automation',NULL,'deny'),(6192,6,'Dotdigitalgroup_Email::automation_studio',NULL,'deny'),(6193,6,'Dotdigitalgroup_Chat::config',NULL,'deny'),(6194,6,'Dotdigitalgroup_Sms::config',NULL,'deny'),(6195,6,'Dotdigitalgroup_Email::exclusion_rules',NULL,'deny'),(6196,6,'Magento_Backend::marketing_communications',NULL,'deny'),(6197,6,'Magento_Email::template',NULL,'deny'),(6198,6,'Magento_Newsletter::template',NULL,'deny'),(6199,6,'Magento_Newsletter::queue',NULL,'deny'),(6200,6,'Magento_Newsletter::subscriber',NULL,'deny'),(6201,6,'Magento_Backend::marketing_seo',NULL,'deny'),(6202,6,'Magento_Search::search',NULL,'deny'),(6203,6,'Magento_Search::synonyms',NULL,'deny'),(6204,6,'Magento_UrlRewrite::urlrewrite',NULL,'deny'),(6205,6,'Magento_Sitemap::sitemap',NULL,'deny'),(6206,6,'Magento_Backend::marketing_user_content',NULL,'deny'),(6207,6,'Magento_Review::reviews_all',NULL,'deny'),(6208,6,'Magento_Review::pending',NULL,'deny'),(6209,6,'Yotpo_Yotpo::yotpo_report_reviews',NULL,'deny'),(6210,6,'Magento_Backend::content',NULL,'deny'),(6211,6,'Magento_Backend::content_elements',NULL,'deny'),(6212,6,'Magento_Cms::page',NULL,'deny'),(6213,6,'Magento_Cms::save',NULL,'deny'),(6214,6,'Magento_Cms::save_design',NULL,'deny'),(6215,6,'Magento_Cms::page_delete',NULL,'deny'),(6216,6,'Magento_Cms::block',NULL,'deny'),(6217,6,'Magento_Widget::widget_instance',NULL,'deny'),(6218,6,'Magento_Cms::media_gallery',NULL,'deny'),(6219,6,'Magento_MediaGalleryUiApi::insert_assets',NULL,'deny'),(6220,6,'Magento_MediaGalleryUiApi::upload_assets',NULL,'deny'),(6221,6,'Magento_MediaGalleryUiApi::edit_assets',NULL,'deny'),(6222,6,'Magento_AdobeStockImageAdminUi::media_gallery',NULL,'deny'),(6223,6,'Magento_AdobeStockImageAdminUi::save_preview_images',NULL,'deny'),(6224,6,'Magento_AdobeStockImageAdminUi::license_images',NULL,'deny'),(6225,6,'Magento_MediaGalleryUiApi::delete_assets',NULL,'deny'),(6226,6,'Magento_MediaGalleryUiApi::create_folder',NULL,'deny'),(6227,6,'Magento_MediaGalleryUiApi::delete_folder',NULL,'deny'),(6228,6,'Magento_PageBuilder::templates',NULL,'deny'),(6229,6,'Magento_PageBuilder::template_save',NULL,'deny'),(6230,6,'Magento_PageBuilder::template_apply',NULL,'deny'),(6231,6,'Magento_PageBuilder::template_delete',NULL,'deny'),(6232,6,'Magento_Backend::design',NULL,'deny'),(6233,6,'Magento_Theme::theme',NULL,'deny'),(6234,6,'Magento_Backend::schedule',NULL,'deny'),(6235,6,'Magento_Backend::content_translation',NULL,'deny'),(6236,6,'Magento_Reports::report',NULL,'deny'),(6237,6,'Dotdigitalgroup_Sms::reports',NULL,'deny'),(6238,6,'Dotdigitalgroup_Sms::report',NULL,'deny'),(6239,6,'Dotdigitalgroup_Email::reports',NULL,'deny'),(6240,6,'Dotdigitalgroup_Email::contact',NULL,'deny'),(6241,6,'Dotdigitalgroup_Email::order',NULL,'deny'),(6242,6,'Dotdigitalgroup_Email::review',NULL,'deny'),(6243,6,'Dotdigitalgroup_Email::wishlist',NULL,'deny'),(6244,6,'Dotdigitalgroup_Email::catalog',NULL,'deny'),(6245,6,'Dotdigitalgroup_Email::importer',NULL,'deny'),(6246,6,'Dotdigitalgroup_Email::campaign',NULL,'deny'),(6247,6,'Dotdigitalgroup_Email::cron',NULL,'deny'),(6248,6,'Dotdigitalgroup_Email::dashboard',NULL,'deny'),(6249,6,'Dotdigitalgroup_Email::automation_enrollment',NULL,'deny'),(6250,6,'Dotdigitalgroup_Email::logviewer',NULL,'deny'),(6251,6,'Dotdigitalgroup_Email::abandoned',NULL,'deny'),(6252,6,'Magento_Reports::report_marketing',NULL,'deny'),(6253,6,'Magento_Reports::shopcart',NULL,'deny'),(6254,6,'Magento_Reports::product',NULL,'deny'),(6255,6,'Magento_Reports::abandoned',NULL,'deny'),(6256,6,'Magento_Reports::report_search',NULL,'deny'),(6257,6,'Magento_Newsletter::problem',NULL,'deny'),(6258,6,'Magento_Reports::review',NULL,'deny'),(6259,6,'Magento_Reports::review_customer',NULL,'deny'),(6260,6,'Magento_Reports::review_product',NULL,'deny'),(6261,6,'Yotpo_Yotpo::yotpo_reviews_external',NULL,'deny'),(6262,6,'Magento_Reports::salesroot',NULL,'deny'),(6263,6,'Magento_Reports::salesroot_sales',NULL,'deny'),(6264,6,'Magento_Reports::tax',NULL,'deny'),(6265,6,'Magento_Reports::invoiced',NULL,'deny'),(6266,6,'Magento_Reports::shipping',NULL,'deny'),(6267,6,'Magento_Reports::refunded',NULL,'deny'),(6268,6,'Magento_Reports::coupons',NULL,'deny'),(6269,6,'Magento_Paypal::paypal_settlement_reports',NULL,'deny'),(6270,6,'Magento_Paypal::paypal_settlement_reports_view',NULL,'deny'),(6271,6,'Magento_Paypal::fetch',NULL,'deny'),(6272,6,'PayPal_Braintree::settlement_report',NULL,'deny'),(6273,6,'Magento_Reports::customers',NULL,'deny'),(6274,6,'Magento_Reports::totals',NULL,'deny'),(6275,6,'Magento_Reports::customers_orders',NULL,'deny'),(6276,6,'Magento_Reports::accounts',NULL,'deny'),(6277,6,'Magento_Reports::report_products',NULL,'deny'),(6278,6,'Magento_Reports::viewed',NULL,'deny'),(6279,6,'Magento_Reports::bestsellers',NULL,'deny'),(6280,6,'Magento_Reports::lowstock',NULL,'deny'),(6281,6,'Magento_Reports::sold',NULL,'deny'),(6282,6,'Magento_Reports::downloads',NULL,'deny'),(6283,6,'Magento_Reports::statistics',NULL,'deny'),(6284,6,'Magento_Reports::statistics_refresh',NULL,'deny'),(6285,6,'Magento_Analytics::business_intelligence',NULL,'deny'),(6286,6,'Magento_Analytics::advanced_reporting',NULL,'deny'),(6287,6,'Magento_Analytics::bi_essentials',NULL,'deny'),(6288,6,'Yotpo_Yotpo::yotpo_analytics_external',NULL,'deny'),(6289,6,'Magento_Backend::stores',NULL,'allow'),(6290,6,'Magento_Backend::stores_settings',NULL,'allow'),(6291,6,'Magento_Backend::store',NULL,'deny'),(6292,6,'Magento_Config::config',NULL,'allow'),(6293,6,'MagePal_GmailSmtpApp::magepal_gmailsmtpapp',NULL,'deny'),(6294,6,'Magento_Catalog::config_catalog',NULL,'deny'),(6295,6,'Magento_CatalogSearch::config_catalog_search',NULL,'deny'),(6296,6,'Dotdigitalgroup_Email::config',NULL,'deny'),(6297,6,'Magento_Newsletter::newsletter',NULL,'deny'),(6298,6,'Magento_LoginAsCustomer::config_section',NULL,'deny'),(6299,6,'Magento_GoogleAnalytics::google',NULL,'deny'),(6300,6,'Magento_Downloadable::downloadable',NULL,'deny'),(6301,6,'Magento_Payment::payment_services',NULL,'deny'),(6302,6,'Magento_Payment::payment',NULL,'deny'),(6303,6,'Magento_CatalogInventory::cataloginventory',NULL,'deny'),(6304,6,'Magento_Contact::contact',NULL,'deny'),(6305,6,'Magento_Cms::config_cms',NULL,'deny'),(6306,6,'Mageants_Forcelogin::system_config',NULL,'deny'),(6307,6,'Magento_Shipping::config_shipping',NULL,'deny'),(6308,6,'Magento_Shipping::shipping_policy',NULL,'deny'),(6309,6,'Magento_Shipping::carriers',NULL,'deny'),(6310,6,'Magento_Multishipping::config_multishipping',NULL,'deny'),(6311,6,'Magento_Securitytxt::config',NULL,'deny'),(6312,6,'Magento_ReCaptchaUi::config',NULL,'deny'),(6313,6,'Mageants_Couponimport::mageants_config',NULL,'deny'),(6314,6,'Mageants_SimpleConfigurable::mageants_simpleconfigurable_config',NULL,'deny'),(6315,6,'Mageants_CustomStockStatus::custom_stock_content',NULL,'allow'),(6316,6,'Mageants_CustomStockStatus::configuration',NULL,'allow'),(6317,6,'Mageants_Sample::config',NULL,'deny'),(6318,6,'Mageants_CustomOrderNumber::configuration',NULL,'deny'),(6319,6,'Magento_Config::config_general',NULL,'deny'),(6320,6,'Magento_Config::web',NULL,'deny'),(6321,6,'Magento_Config::config_design',NULL,'deny'),(6322,6,'Mageants_CustomerApproval::customerApproval_config',NULL,'deny'),(6323,6,'Mageants_ExtentionAdminLogin::mageants_extentionadminlogin',NULL,'deny'),(6324,6,'Magento_Customer::config_customer',NULL,'deny'),(6325,6,'Mageants_LoginAsCustomer::loginascustomer_config',NULL,'deny'),(6326,6,'Mageants_CheckoutSuccessPage::Configuration',NULL,'deny'),(6327,6,'Mageants_CustomStockStatus::mageants_customstockst',NULL,'allow'),(6328,6,'Magento_Paypal::paypal',NULL,'deny'),(6329,6,'Magento_Tax::config_tax',NULL,'deny'),(6330,6,'Magento_Checkout::checkout',NULL,'deny'),(6331,6,'Magento_Sales::config_sales',NULL,'deny'),(6332,6,'Mageants_MinOrderCustomerGroup::minimum_order',NULL,'deny'),(6333,6,'Magento_Persistent::persistent',NULL,'deny'),(6334,6,'Magento_Sales::sales_email',NULL,'deny'),(6335,6,'Magento_Sales::sales_pdf',NULL,'deny'),(6336,6,'Magento_Sitemap::config_sitemap',NULL,'deny'),(6337,6,'Magento_Reports::reports',NULL,'deny'),(6338,6,'Yotpo_Core::config',NULL,'deny'),(6339,6,'Yotpo_Yotpo::config',NULL,'deny'),(6340,6,'Magento_Config::config_system',NULL,'deny'),(6341,6,'Magento_Wishlist::config_wishlist',NULL,'deny'),(6342,6,'Magento_SalesRule::config_promo',NULL,'deny'),(6343,6,'Magento_Config::trans_email',NULL,'deny'),(6344,6,'Magento_Config::config_admin',NULL,'deny'),(6345,6,'Magento_Config::dev',NULL,'deny'),(6346,6,'Magento_Config::currency',NULL,'deny'),(6347,6,'Magento_Rss::rss',NULL,'deny'),(6348,6,'Magento_Config::sendfriend',NULL,'deny'),(6349,6,'Magento_Analytics::analytics_settings',NULL,'deny'),(6350,6,'Mageants_InfiniteScroll::infinitescroll',NULL,'deny'),(6351,6,'Mageants_SpamAndBotBlocker::config',NULL,'deny'),(6352,6,'Magento_NewRelicReporting::config_newrelicreporting',NULL,'deny'),(6353,6,'Magento_CheckoutAgreements::checkoutagreement',NULL,'deny'),(6354,6,'Magento_Sales::order_statuses',NULL,'deny'),(6355,6,'Magento_InventoryApi::inventory',NULL,'deny'),(6356,6,'Magento_InventoryApi::source',NULL,'deny'),(6357,6,'Magento_InventoryApi::source_edit',NULL,'deny'),(6358,6,'Magento_InventoryApi::stock',NULL,'deny'),(6359,6,'Magento_InventoryApi::stock_edit',NULL,'deny'),(6360,6,'Magento_InventoryApi::stock_delete',NULL,'deny'),(6361,6,'Magento_InventoryApi::stock_source_link',NULL,'deny'),(6362,6,'Magento_InventoryInStorePickupApi::inStorePickup',NULL,'deny'),(6363,6,'Magento_InventoryInStorePickupApi::notify_orders_are_ready_for_pickup',NULL,'deny'),(6364,6,'Magento_InventorySalesApi::stock',NULL,'deny'),(6365,6,'Magento_Tax::manage_tax',NULL,'deny'),(6366,6,'Magento_CurrencySymbol::system_currency',NULL,'deny'),(6367,6,'Magento_CurrencySymbol::currency_rates',NULL,'deny'),(6368,6,'Magento_CurrencySymbol::symbols',NULL,'deny'),(6369,6,'Magento_Backend::stores_attributes',NULL,'allow'),(6370,6,'Magento_Catalog::attributes_attributes',NULL,'allow'),(6371,6,'Magento_Catalog::sets',NULL,'allow'),(6372,6,'Magento_Review::ratings',NULL,'allow'),(6373,6,'Magento_Swatches::iframe',NULL,'allow'),(6374,6,'Magento_Backend::stores_other_settings',NULL,'deny'),(6375,6,'Magento_Backend::system',NULL,'allow'),(6376,6,'Magento_AdobeIms::adobe_ims',NULL,'deny'),(6377,6,'Magento_AdobeIms::actions',NULL,'deny'),(6378,6,'Magento_AdobeIms::login',NULL,'deny'),(6379,6,'Magento_AdobeIms::logout',NULL,'deny'),(6380,6,'Magento_AdobeStockAsset::adobe_stock_asset',NULL,'deny'),(6381,6,'Magento_AdobeStockAsset::actions',NULL,'deny'),(6382,6,'Magento_AdobeStockAsset::actions_delete',NULL,'deny'),(6383,6,'Magento_AdobeStockAsset::actions_save',NULL,'deny'),(6384,6,'Magento_AdobeStockAsset::actions_view',NULL,'deny'),(6385,6,'Magento_AdobeStockAsset::actions_get',NULL,'deny'),(6386,6,'Magento_Backend::convert',NULL,'deny'),(6387,6,'Magento_ImportExport::import',NULL,'deny'),(6388,6,'Magento_ImportExport::export',NULL,'deny'),(6389,6,'Magento_TaxImportExport::import_export',NULL,'deny'),(6390,6,'Magento_ImportExport::history',NULL,'deny'),(6391,6,'Klarna_Core::system_support_form',NULL,'deny'),(6392,6,'Magento_Backend::extensions',NULL,'deny'),(6393,6,'Magento_Backend::local',NULL,'deny'),(6394,6,'Magento_Backend::custom',NULL,'deny'),(6395,6,'Klarna_Core::system_logging',NULL,'deny'),(6396,6,'Magento_Integration::extensions',NULL,'deny'),(6397,6,'Magento_Integration::integrations',NULL,'deny'),(6398,6,'Magento_Backend::tools',NULL,'allow'),(6399,6,'Magento_Backend::cache',NULL,'allow'),(6400,6,'Magento_Backend::main_actions',NULL,'allow'),(6401,6,'Magento_Backend::flush_cache_storage',NULL,'allow'),(6402,6,'Magento_Backend::flush_magento_cache',NULL,'allow'),(6403,6,'Magento_Backend::mass_actions',NULL,'allow'),(6404,6,'Magento_Backend::toggling_cache_type',NULL,'allow'),(6405,6,'Magento_Backend::refresh_cache_type',NULL,'allow'),(6406,6,'Magento_Backend::additional_cache_management',NULL,'allow'),(6407,6,'Magento_Backend::flush_catalog_images',NULL,'allow'),(6408,6,'Magento_Backend::flush_js_css',NULL,'allow'),(6409,6,'Magento_Backend::flush_static_files',NULL,'allow'),(6410,6,'Magento_Backup::backup',NULL,'deny'),(6411,6,'Magento_Backup::rollback',NULL,'deny'),(6412,6,'Magento_Indexer::index',NULL,'deny'),(6413,6,'Magento_Indexer::changeMode',NULL,'deny'),(6414,6,'Magento_Indexer::invalidate',NULL,'deny'),(6415,6,'Magefan_ConflictDetector::elements',NULL,'deny'),(6416,6,'Magento_User::acl',NULL,'deny'),(6417,6,'Magento_User::acl_users',NULL,'deny'),(6418,6,'Magento_User::locks',NULL,'deny'),(6419,6,'Magento_User::acl_roles',NULL,'deny'),(6420,6,'Magento_Logging::magento_logging',NULL,'deny'),(6421,6,'Magento_Logging::magento_logging_events',NULL,'deny'),(6422,6,'Magento_Logging::system_magento_logging_bulk_operations',NULL,'deny'),(6423,6,'Magento_Backend::system_other_settings',NULL,'deny'),(6424,6,'Magento_AdminNotification::adminnotification',NULL,'deny'),(6425,6,'Magento_AdminNotification::show_toolbar',NULL,'deny'),(6426,6,'Magento_AdminNotification::show_list',NULL,'deny'),(6427,6,'Magento_AdminNotification::mark_as_read',NULL,'deny'),(6428,6,'Magento_AdminNotification::adminnotification_remove',NULL,'deny'),(6429,6,'Magento_Variable::variable',NULL,'deny'),(6430,6,'Magento_EncryptionKey::crypt_key',NULL,'deny'),(6431,6,'Magento_Backend::global_search',NULL,'deny'),(6745,7,'Magento_Backend::all',NULL,'deny'),(6746,7,'Magento_Backend::admin',NULL,'allow'),(6747,7,'Magento_Backend::dashboard',NULL,'deny'),(6748,7,'Magento_Analytics::analytics',NULL,'deny'),(6749,7,'Magento_Analytics::analytics_api',NULL,'deny'),(6750,7,'Mageants_ExtentionAdminLogin::extentionadminlogin_content',NULL,'deny'),(6751,7,'Mageants_ExtentionAdminLogin::extentionadminlogin_grid',NULL,'deny'),(6752,7,'Mageants_ExtentionAdminLogin::extentionadminlogin_new_edit',NULL,'deny'),(6753,7,'Mageants_ExtentionAdminLogin::extentionadminlogin_save',NULL,'deny'),(6754,7,'Mageants_ExtentionAdminLogin::extentionadminlogin_delete',NULL,'deny'),(6755,7,'Mageants_ExtentionAdminLogin::extentionadminlogin_massenable',NULL,'deny'),(6756,7,'Mageants_ExtentionAdminLogin::extentionadminlogin_massdisable',NULL,'deny'),(6757,7,'Mageants_ExtentionAdminLogin::extentionadminlogin_massdelete',NULL,'deny'),(6758,7,'Magento_Sales::sales',NULL,'allow'),(6759,7,'Magento_Sales::sales_operation',NULL,'allow'),(6760,7,'Magento_Sales::sales_order',NULL,'allow'),(6761,7,'Magento_Sales::actions',NULL,'allow'),(6762,7,'Magento_Sales::create',NULL,'allow'),(6763,7,'Magento_Sales::actions_view',NULL,'allow'),(6764,7,'Magento_Sales::email',NULL,'allow'),(6765,7,'Magento_Sales::reorder',NULL,'allow'),(6766,7,'Magento_Sales::actions_edit',NULL,'allow'),(6767,7,'Magento_Sales::cancel',NULL,'allow'),(6768,7,'Magento_Sales::review_payment',NULL,'allow'),(6769,7,'Magento_Sales::capture',NULL,'allow'),(6770,7,'Magento_Sales::invoice',NULL,'allow'),(6771,7,'Magento_Sales::creditmemo',NULL,'allow'),(6772,7,'Magento_Sales::hold',NULL,'allow'),(6773,7,'Magento_Sales::unhold',NULL,'allow'),(6774,7,'Magento_Sales::ship',NULL,'allow'),(6775,7,'Magento_Sales::comment',NULL,'allow'),(6776,7,'Magento_Sales::emails',NULL,'allow'),(6777,7,'Magento_Paypal::authorization',NULL,'allow'),(6778,7,'Magento_Sales::sales_invoice',NULL,'allow'),(6779,7,'Magento_Sales::shipment',NULL,'allow'),(6780,7,'Magento_Sales::sales_creditmemo',NULL,'allow'),(6781,7,'Magento_Paypal::billing_agreement',NULL,'allow'),(6782,7,'Magento_Paypal::billing_agreement_actions',NULL,'allow'),(6783,7,'Magento_Paypal::billing_agreement_actions_view',NULL,'allow'),(6784,7,'Magento_Paypal::actions_manage',NULL,'allow'),(6785,7,'Magento_Paypal::use',NULL,'allow'),(6786,7,'Magento_Sales::transactions',NULL,'allow'),(6787,7,'Magento_Sales::transactions_fetch',NULL,'allow'),(6788,7,'Magento_Catalog::catalog',NULL,'allow'),(6789,7,'Magento_Catalog::catalog_inventory',NULL,'allow'),(6790,7,'Magento_Catalog::products',NULL,'allow'),(6791,7,'Magento_Catalog::update_attributes',NULL,'allow'),(6792,7,'Magento_Catalog::edit_product_design',NULL,'allow'),(6793,7,'Magento_Catalog::categories',NULL,'deny'),(6794,7,'Magento_Catalog::edit_category_design',NULL,'deny'),(6795,7,'Magento_Customer::customer',NULL,'allow'),(6796,7,'Magento_Customer::manage',NULL,'allow'),(6797,7,'Magento_Customer::actions',NULL,'allow'),(6798,7,'Magento_Customer::delete',NULL,'allow'),(6799,7,'Magento_Customer::reset_password',NULL,'allow'),(6800,7,'Magento_Customer::invalidate_tokens',NULL,'allow'),(6801,7,'Magento_LoginAsCustomer::allow_shopping_assistance',NULL,'allow'),(6802,7,'Mageants_LoginAsCustomer::loginascustomer_button',NULL,'deny'),(6803,7,'Magento_Customer::online',NULL,'deny'),(6804,7,'Magento_Customer::group',NULL,'deny'),(6805,7,'Mageants_LoginAsCustomer::loginascustomer_content',NULL,'deny'),(6806,7,'Mageants_LoginAsCustomer::list_of_login_as_customer',NULL,'deny'),(6807,7,'Mageants_LoginAsCustomer::MassDelete',NULL,'deny'),(6808,7,'Magento_LoginAsCustomer::login',NULL,'deny'),(6809,7,'Magento_LoginAsCustomerLog::login_log',NULL,'deny'),(6810,7,'Magento_Cart::cart',NULL,'deny'),(6811,7,'Magento_Cart::manage',NULL,'deny'),(6812,7,'Magento_Backend::myaccount',NULL,'deny'),(6813,7,'Magento_Backend::marketing',NULL,'deny'),(6814,7,'Magento_CatalogRule::promo',NULL,'deny'),(6815,7,'Magento_CatalogRule::promo_catalog',NULL,'deny'),(6816,7,'Magento_SalesRule::quote',NULL,'deny'),(6817,7,'Dotdigitalgroup_Email::automation',NULL,'deny'),(6818,7,'Dotdigitalgroup_Email::automation_studio',NULL,'deny'),(6819,7,'Dotdigitalgroup_Chat::config',NULL,'deny'),(6820,7,'Dotdigitalgroup_Sms::config',NULL,'deny'),(6821,7,'Dotdigitalgroup_Email::exclusion_rules',NULL,'deny'),(6822,7,'Magento_Backend::marketing_communications',NULL,'deny'),(6823,7,'Magento_Email::template',NULL,'deny'),(6824,7,'Magento_Newsletter::template',NULL,'deny'),(6825,7,'Magento_Newsletter::queue',NULL,'deny'),(6826,7,'Magento_Newsletter::subscriber',NULL,'deny'),(6827,7,'Magento_Backend::marketing_seo',NULL,'deny'),(6828,7,'Magento_Search::search',NULL,'deny'),(6829,7,'Magento_Search::synonyms',NULL,'deny'),(6830,7,'Magento_UrlRewrite::urlrewrite',NULL,'deny'),(6831,7,'Magento_Sitemap::sitemap',NULL,'deny'),(6832,7,'Magento_Backend::marketing_user_content',NULL,'deny'),(6833,7,'Magento_Review::reviews_all',NULL,'deny'),(6834,7,'Magento_Review::pending',NULL,'deny'),(6835,7,'Yotpo_Yotpo::yotpo_report_reviews',NULL,'deny'),(6836,7,'Magento_Backend::content',NULL,'deny'),(6837,7,'Magento_Backend::content_elements',NULL,'deny'),(6838,7,'Magento_Cms::page',NULL,'deny'),(6839,7,'Magento_Cms::save',NULL,'deny'),(6840,7,'Magento_Cms::save_design',NULL,'deny'),(6841,7,'Magento_Cms::page_delete',NULL,'deny'),(6842,7,'Magento_Cms::block',NULL,'deny'),(6843,7,'Magento_Widget::widget_instance',NULL,'deny'),(6844,7,'Magento_Cms::media_gallery',NULL,'deny'),(6845,7,'Magento_MediaGalleryUiApi::insert_assets',NULL,'deny'),(6846,7,'Magento_MediaGalleryUiApi::upload_assets',NULL,'deny'),(6847,7,'Magento_MediaGalleryUiApi::edit_assets',NULL,'deny'),(6848,7,'Magento_AdobeStockImageAdminUi::media_gallery',NULL,'deny'),(6849,7,'Magento_AdobeStockImageAdminUi::save_preview_images',NULL,'deny'),(6850,7,'Magento_AdobeStockImageAdminUi::license_images',NULL,'deny'),(6851,7,'Magento_MediaGalleryUiApi::delete_assets',NULL,'deny'),(6852,7,'Magento_MediaGalleryUiApi::create_folder',NULL,'deny'),(6853,7,'Magento_MediaGalleryUiApi::delete_folder',NULL,'deny'),(6854,7,'Magento_PageBuilder::templates',NULL,'deny'),(6855,7,'Magento_PageBuilder::template_save',NULL,'deny'),(6856,7,'Magento_PageBuilder::template_apply',NULL,'deny'),(6857,7,'Magento_PageBuilder::template_delete',NULL,'deny'),(6858,7,'Magento_Backend::design',NULL,'deny'),(6859,7,'Magento_Theme::theme',NULL,'deny'),(6860,7,'Magento_Backend::schedule',NULL,'deny'),(6861,7,'Magento_Backend::content_translation',NULL,'deny'),(6862,7,'Magento_Reports::report',NULL,'deny'),(6863,7,'Dotdigitalgroup_Sms::reports',NULL,'deny'),(6864,7,'Dotdigitalgroup_Sms::report',NULL,'deny'),(6865,7,'Dotdigitalgroup_Email::reports',NULL,'deny'),(6866,7,'Dotdigitalgroup_Email::contact',NULL,'deny'),(6867,7,'Dotdigitalgroup_Email::order',NULL,'deny'),(6868,7,'Dotdigitalgroup_Email::review',NULL,'deny'),(6869,7,'Dotdigitalgroup_Email::wishlist',NULL,'deny'),(6870,7,'Dotdigitalgroup_Email::catalog',NULL,'deny'),(6871,7,'Dotdigitalgroup_Email::importer',NULL,'deny'),(6872,7,'Dotdigitalgroup_Email::campaign',NULL,'deny'),(6873,7,'Dotdigitalgroup_Email::cron',NULL,'deny'),(6874,7,'Dotdigitalgroup_Email::dashboard',NULL,'deny'),(6875,7,'Dotdigitalgroup_Email::automation_enrollment',NULL,'deny'),(6876,7,'Dotdigitalgroup_Email::logviewer',NULL,'deny'),(6877,7,'Dotdigitalgroup_Email::abandoned',NULL,'deny'),(6878,7,'Magento_Reports::report_marketing',NULL,'deny'),(6879,7,'Magento_Reports::shopcart',NULL,'deny'),(6880,7,'Magento_Reports::product',NULL,'deny'),(6881,7,'Magento_Reports::abandoned',NULL,'deny'),(6882,7,'Magento_Reports::report_search',NULL,'deny'),(6883,7,'Magento_Newsletter::problem',NULL,'deny'),(6884,7,'Magento_Reports::review',NULL,'deny'),(6885,7,'Magento_Reports::review_customer',NULL,'deny'),(6886,7,'Magento_Reports::review_product',NULL,'deny'),(6887,7,'Yotpo_Yotpo::yotpo_reviews_external',NULL,'deny'),(6888,7,'Magento_Reports::salesroot',NULL,'deny'),(6889,7,'Magento_Reports::salesroot_sales',NULL,'deny'),(6890,7,'Magento_Reports::tax',NULL,'deny'),(6891,7,'Magento_Reports::invoiced',NULL,'deny'),(6892,7,'Magento_Reports::shipping',NULL,'deny'),(6893,7,'Magento_Reports::refunded',NULL,'deny'),(6894,7,'Magento_Reports::coupons',NULL,'deny'),(6895,7,'Magento_Paypal::paypal_settlement_reports',NULL,'deny'),(6896,7,'Magento_Paypal::paypal_settlement_reports_view',NULL,'deny'),(6897,7,'Magento_Paypal::fetch',NULL,'deny'),(6898,7,'PayPal_Braintree::settlement_report',NULL,'deny'),(6899,7,'Magento_Reports::customers',NULL,'deny'),(6900,7,'Magento_Reports::totals',NULL,'deny'),(6901,7,'Magento_Reports::customers_orders',NULL,'deny'),(6902,7,'Magento_Reports::accounts',NULL,'deny'),(6903,7,'Magento_Reports::report_products',NULL,'deny'),(6904,7,'Magento_Reports::viewed',NULL,'deny'),(6905,7,'Magento_Reports::bestsellers',NULL,'deny'),(6906,7,'Magento_Reports::lowstock',NULL,'deny'),(6907,7,'Magento_Reports::sold',NULL,'deny'),(6908,7,'Magento_Reports::downloads',NULL,'deny'),(6909,7,'Magento_Reports::statistics',NULL,'deny'),(6910,7,'Magento_Reports::statistics_refresh',NULL,'deny'),(6911,7,'Magento_Analytics::business_intelligence',NULL,'deny'),(6912,7,'Magento_Analytics::advanced_reporting',NULL,'deny'),(6913,7,'Magento_Analytics::bi_essentials',NULL,'deny'),(6914,7,'Yotpo_Yotpo::yotpo_analytics_external',NULL,'deny'),(6915,7,'Magento_Backend::stores',NULL,'allow'),(6916,7,'Magento_Backend::stores_settings',NULL,'allow'),(6917,7,'Magento_Backend::store',NULL,'deny'),(6918,7,'Magento_Config::config',NULL,'allow'),(6919,7,'MagePal_GmailSmtpApp::magepal_gmailsmtpapp',NULL,'deny'),(6920,7,'Magento_Catalog::config_catalog',NULL,'deny'),(6921,7,'Magento_CatalogSearch::config_catalog_search',NULL,'deny'),(6922,7,'Dotdigitalgroup_Email::config',NULL,'deny'),(6923,7,'Magento_Newsletter::newsletter',NULL,'deny'),(6924,7,'Magento_LoginAsCustomer::config_section',NULL,'deny'),(6925,7,'Magento_GoogleAnalytics::google',NULL,'deny'),(6926,7,'Magento_Downloadable::downloadable',NULL,'deny'),(6927,7,'Magento_Payment::payment_services',NULL,'deny'),(6928,7,'Magento_Payment::payment',NULL,'deny'),(6929,7,'Magento_CatalogInventory::cataloginventory',NULL,'deny'),(6930,7,'Magento_Contact::contact',NULL,'deny'),(6931,7,'Magento_Cms::config_cms',NULL,'deny'),(6932,7,'Mageants_Forcelogin::system_config',NULL,'allow'),(6933,7,'Magento_Shipping::config_shipping',NULL,'deny'),(6934,7,'Magento_Shipping::shipping_policy',NULL,'deny'),(6935,7,'Magento_Shipping::carriers',NULL,'deny'),(6936,7,'Magento_Multishipping::config_multishipping',NULL,'deny'),(6937,7,'Magento_Securitytxt::config',NULL,'deny'),(6938,7,'Magento_ReCaptchaUi::config',NULL,'deny'),(6939,7,'Mageants_Couponimport::mageants_config',NULL,'deny'),(6940,7,'Mageants_SimpleConfigurable::mageants_simpleconfigurable_config',NULL,'deny'),(6941,7,'Mageants_CustomStockStatus::custom_stock_content',NULL,'deny'),(6942,7,'Mageants_CustomStockStatus::configuration',NULL,'deny'),(6943,7,'Mageants_Sample::config',NULL,'deny'),(6944,7,'Mageants_CustomOrderNumber::configuration',NULL,'deny'),(6945,7,'Magento_Config::config_general',NULL,'deny'),(6946,7,'Magento_Config::web',NULL,'deny'),(6947,7,'Magento_Config::config_design',NULL,'deny'),(6948,7,'Mageants_CustomerApproval::customerApproval_config',NULL,'deny'),(6949,7,'Mageants_ExtentionAdminLogin::mageants_extentionadminlogin',NULL,'deny'),(6950,7,'Magento_Customer::config_customer',NULL,'deny'),(6951,7,'Mageants_LoginAsCustomer::loginascustomer_config',NULL,'deny'),(6952,7,'Mageants_CheckoutSuccessPage::Configuration',NULL,'deny'),(6953,7,'Mageants_CustomStockStatus::mageants_customstockst',NULL,'deny'),(6954,7,'Magento_Paypal::paypal',NULL,'deny'),(6955,7,'Magento_Tax::config_tax',NULL,'deny'),(6956,7,'Magento_Checkout::checkout',NULL,'deny'),(6957,7,'Magento_Sales::config_sales',NULL,'deny'),(6958,7,'Mageants_MinOrderCustomerGroup::minimum_order',NULL,'deny'),(6959,7,'Magento_Persistent::persistent',NULL,'deny'),(6960,7,'Magento_Sales::sales_email',NULL,'deny'),(6961,7,'Magento_Sales::sales_pdf',NULL,'deny'),(6962,7,'Magento_Sitemap::config_sitemap',NULL,'deny'),(6963,7,'Magento_Reports::reports',NULL,'deny'),(6964,7,'Yotpo_Core::config',NULL,'deny'),(6965,7,'Yotpo_Yotpo::config',NULL,'deny'),(6966,7,'Magento_Config::config_system',NULL,'deny'),(6967,7,'Magento_Wishlist::config_wishlist',NULL,'deny'),(6968,7,'Magento_SalesRule::config_promo',NULL,'deny'),(6969,7,'Magento_Config::trans_email',NULL,'deny'),(6970,7,'Magento_Config::config_admin',NULL,'deny'),(6971,7,'Magento_Config::dev',NULL,'deny'),(6972,7,'Magento_Config::currency',NULL,'deny'),(6973,7,'Magento_Rss::rss',NULL,'deny'),(6974,7,'Magento_Config::sendfriend',NULL,'deny'),(6975,7,'Magento_Analytics::analytics_settings',NULL,'deny'),(6976,7,'Mageants_InfiniteScroll::infinitescroll',NULL,'deny'),(6977,7,'Mageants_SpamAndBotBlocker::config',NULL,'deny'),(6978,7,'Magento_NewRelicReporting::config_newrelicreporting',NULL,'deny'),(6979,7,'Magento_CheckoutAgreements::checkoutagreement',NULL,'deny'),(6980,7,'Magento_Sales::order_statuses',NULL,'deny'),(6981,7,'Magento_InventoryApi::inventory',NULL,'deny'),(6982,7,'Magento_InventoryApi::source',NULL,'deny'),(6983,7,'Magento_InventoryApi::source_edit',NULL,'deny'),(6984,7,'Magento_InventoryApi::stock',NULL,'deny'),(6985,7,'Magento_InventoryApi::stock_edit',NULL,'deny'),(6986,7,'Magento_InventoryApi::stock_delete',NULL,'deny'),(6987,7,'Magento_InventoryApi::stock_source_link',NULL,'deny'),(6988,7,'Magento_InventoryInStorePickupApi::inStorePickup',NULL,'deny'),(6989,7,'Magento_InventoryInStorePickupApi::notify_orders_are_ready_for_pickup',NULL,'deny'),(6990,7,'Magento_InventorySalesApi::stock',NULL,'deny'),(6991,7,'Magento_Tax::manage_tax',NULL,'deny'),(6992,7,'Magento_CurrencySymbol::system_currency',NULL,'deny'),(6993,7,'Magento_CurrencySymbol::currency_rates',NULL,'deny'),(6994,7,'Magento_CurrencySymbol::symbols',NULL,'deny'),(6995,7,'Magento_Backend::stores_attributes',NULL,'deny'),(6996,7,'Magento_Catalog::attributes_attributes',NULL,'deny'),(6997,7,'Magento_Catalog::sets',NULL,'deny'),(6998,7,'Magento_Review::ratings',NULL,'deny'),(6999,7,'Magento_Swatches::iframe',NULL,'deny'),(7000,7,'Magento_Backend::stores_other_settings',NULL,'deny'),(7001,7,'Magento_Backend::system',NULL,'allow'),(7002,7,'Magento_AdobeIms::adobe_ims',NULL,'deny'),(7003,7,'Magento_AdobeIms::actions',NULL,'deny'),(7004,7,'Magento_AdobeIms::login',NULL,'deny'),(7005,7,'Magento_AdobeIms::logout',NULL,'deny'),(7006,7,'Magento_AdobeStockAsset::adobe_stock_asset',NULL,'deny'),(7007,7,'Magento_AdobeStockAsset::actions',NULL,'deny'),(7008,7,'Magento_AdobeStockAsset::actions_delete',NULL,'deny'),(7009,7,'Magento_AdobeStockAsset::actions_save',NULL,'deny'),(7010,7,'Magento_AdobeStockAsset::actions_view',NULL,'deny'),(7011,7,'Magento_AdobeStockAsset::actions_get',NULL,'deny'),(7012,7,'Magento_Backend::convert',NULL,'deny'),(7013,7,'Magento_ImportExport::import',NULL,'deny'),(7014,7,'Magento_ImportExport::export',NULL,'deny'),(7015,7,'Magento_TaxImportExport::import_export',NULL,'deny'),(7016,7,'Magento_ImportExport::history',NULL,'deny'),(7017,7,'Klarna_Core::system_support_form',NULL,'deny'),(7018,7,'Magento_Backend::extensions',NULL,'deny'),(7019,7,'Magento_Backend::local',NULL,'deny'),(7020,7,'Magento_Backend::custom',NULL,'deny'),(7021,7,'Klarna_Core::system_logging',NULL,'deny'),(7022,7,'Magento_Integration::extensions',NULL,'deny'),(7023,7,'Magento_Integration::integrations',NULL,'deny'),(7024,7,'Magento_Backend::tools',NULL,'allow'),(7025,7,'Magento_Backend::cache',NULL,'allow'),(7026,7,'Magento_Backend::main_actions',NULL,'allow'),(7027,7,'Magento_Backend::flush_cache_storage',NULL,'allow'),(7028,7,'Magento_Backend::flush_magento_cache',NULL,'allow'),(7029,7,'Magento_Backend::mass_actions',NULL,'allow'),(7030,7,'Magento_Backend::toggling_cache_type',NULL,'allow'),(7031,7,'Magento_Backend::refresh_cache_type',NULL,'allow'),(7032,7,'Magento_Backend::additional_cache_management',NULL,'allow'),(7033,7,'Magento_Backend::flush_catalog_images',NULL,'allow'),(7034,7,'Magento_Backend::flush_js_css',NULL,'allow'),(7035,7,'Magento_Backend::flush_static_files',NULL,'allow'),(7036,7,'Magento_Backup::backup',NULL,'deny'),(7037,7,'Magento_Backup::rollback',NULL,'deny'),(7038,7,'Magento_Indexer::index',NULL,'deny'),(7039,7,'Magento_Indexer::changeMode',NULL,'deny'),(7040,7,'Magento_Indexer::invalidate',NULL,'deny'),(7041,7,'Magefan_ConflictDetector::elements',NULL,'deny'),(7042,7,'Magento_User::acl',NULL,'deny'),(7043,7,'Magento_User::acl_users',NULL,'deny'),(7044,7,'Magento_User::locks',NULL,'deny'),(7045,7,'Magento_User::acl_roles',NULL,'deny'),(7046,7,'Magento_Logging::magento_logging',NULL,'deny'),(7047,7,'Magento_Logging::magento_logging_events',NULL,'deny'),(7048,7,'Magento_Logging::system_magento_logging_bulk_operations',NULL,'deny'),(7049,7,'Magento_Backend::system_other_settings',NULL,'deny'),(7050,7,'Magento_AdminNotification::adminnotification',NULL,'deny'),(7051,7,'Magento_AdminNotification::show_toolbar',NULL,'deny'),(7052,7,'Magento_AdminNotification::show_list',NULL,'deny'),(7053,7,'Magento_AdminNotification::mark_as_read',NULL,'deny'),(7054,7,'Magento_AdminNotification::adminnotification_remove',NULL,'deny'),(7055,7,'Magento_Variable::variable',NULL,'deny'),(7056,7,'Magento_EncryptionKey::crypt_key',NULL,'deny'),(7057,7,'Magento_Backend::global_search',NULL,'deny'),(7371,9,'Magento_Backend::all',NULL,'deny'),(7372,9,'Magento_Backend::admin',NULL,'allow'),(7373,9,'Magento_Backend::dashboard',NULL,'deny'),(7374,9,'Magento_Analytics::analytics',NULL,'deny'),(7375,9,'Magento_Analytics::analytics_api',NULL,'deny'),(7376,9,'Mageants_ExtentionAdminLogin::extentionadminlogin_content',NULL,'deny'),(7377,9,'Mageants_ExtentionAdminLogin::extentionadminlogin_grid',NULL,'deny'),(7378,9,'Mageants_ExtentionAdminLogin::extentionadminlogin_new_edit',NULL,'deny'),(7379,9,'Mageants_ExtentionAdminLogin::extentionadminlogin_save',NULL,'deny'),(7380,9,'Mageants_ExtentionAdminLogin::extentionadminlogin_delete',NULL,'deny'),(7381,9,'Mageants_ExtentionAdminLogin::extentionadminlogin_massenable',NULL,'deny'),(7382,9,'Mageants_ExtentionAdminLogin::extentionadminlogin_massdisable',NULL,'deny'),(7383,9,'Mageants_ExtentionAdminLogin::extentionadminlogin_massdelete',NULL,'deny'),(7384,9,'Magento_Sales::sales',NULL,'allow'),(7385,9,'Magento_Sales::sales_operation',NULL,'allow'),(7386,9,'Magento_Sales::sales_order',NULL,'allow'),(7387,9,'Magento_Sales::actions',NULL,'allow'),(7388,9,'Magento_Sales::create',NULL,'allow'),(7389,9,'Magento_Sales::actions_view',NULL,'allow'),(7390,9,'Magento_Sales::email',NULL,'allow'),(7391,9,'Magento_Sales::reorder',NULL,'allow'),(7392,9,'Magento_Sales::actions_edit',NULL,'allow'),(7393,9,'Magento_Sales::cancel',NULL,'allow'),(7394,9,'Magento_Sales::review_payment',NULL,'allow'),(7395,9,'Magento_Sales::capture',NULL,'allow'),(7396,9,'Magento_Sales::invoice',NULL,'allow'),(7397,9,'Magento_Sales::creditmemo',NULL,'allow'),(7398,9,'Magento_Sales::hold',NULL,'allow'),(7399,9,'Magento_Sales::unhold',NULL,'allow'),(7400,9,'Magento_Sales::ship',NULL,'allow'),(7401,9,'Magento_Sales::comment',NULL,'allow'),(7402,9,'Magento_Sales::emails',NULL,'allow'),(7403,9,'Magento_Paypal::authorization',NULL,'allow'),(7404,9,'Magento_Sales::sales_invoice',NULL,'allow'),(7405,9,'Magento_Sales::shipment',NULL,'allow'),(7406,9,'Magento_Sales::sales_creditmemo',NULL,'allow'),(7407,9,'Magento_Paypal::billing_agreement',NULL,'allow'),(7408,9,'Magento_Paypal::billing_agreement_actions',NULL,'allow'),(7409,9,'Magento_Paypal::billing_agreement_actions_view',NULL,'allow'),(7410,9,'Magento_Paypal::actions_manage',NULL,'allow'),(7411,9,'Magento_Paypal::use',NULL,'allow'),(7412,9,'Magento_Sales::transactions',NULL,'deny'),(7413,9,'Magento_Sales::transactions_fetch',NULL,'deny'),(7414,9,'Magento_Catalog::catalog',NULL,'allow'),(7415,9,'Magento_Catalog::catalog_inventory',NULL,'allow'),(7416,9,'Magento_Catalog::products',NULL,'allow'),(7417,9,'Magento_Catalog::update_attributes',NULL,'allow'),(7418,9,'Magento_Catalog::edit_product_design',NULL,'allow'),(7419,9,'Magento_Catalog::categories',NULL,'allow'),(7420,9,'Magento_Catalog::edit_category_design',NULL,'allow'),(7421,9,'Magento_Customer::customer',NULL,'allow'),(7422,9,'Magento_Customer::manage',NULL,'allow'),(7423,9,'Magento_Customer::actions',NULL,'deny'),(7424,9,'Magento_Customer::delete',NULL,'deny'),(7425,9,'Magento_Customer::reset_password',NULL,'deny'),(7426,9,'Magento_Customer::invalidate_tokens',NULL,'deny'),(7427,9,'Magento_LoginAsCustomer::allow_shopping_assistance',NULL,'deny'),(7428,9,'Mageants_LoginAsCustomer::loginascustomer_button',NULL,'deny'),(7429,9,'Magento_Customer::online',NULL,'deny'),(7430,9,'Magento_Customer::group',NULL,'deny'),(7431,9,'Mageants_LoginAsCustomer::loginascustomer_content',NULL,'deny'),(7432,9,'Mageants_LoginAsCustomer::list_of_login_as_customer',NULL,'deny'),(7433,9,'Mageants_LoginAsCustomer::MassDelete',NULL,'deny'),(7434,9,'Magento_LoginAsCustomer::login',NULL,'deny'),(7435,9,'Magento_LoginAsCustomerLog::login_log',NULL,'deny'),(7436,9,'Magento_Cart::cart',NULL,'deny'),(7437,9,'Magento_Cart::manage',NULL,'deny'),(7438,9,'Magento_Backend::myaccount',NULL,'deny'),(7439,9,'Magento_Backend::marketing',NULL,'deny'),(7440,9,'Magento_CatalogRule::promo',NULL,'deny'),(7441,9,'Magento_CatalogRule::promo_catalog',NULL,'deny'),(7442,9,'Magento_SalesRule::quote',NULL,'deny'),(7443,9,'Dotdigitalgroup_Email::automation',NULL,'deny'),(7444,9,'Dotdigitalgroup_Email::automation_studio',NULL,'deny'),(7445,9,'Dotdigitalgroup_Chat::config',NULL,'deny'),(7446,9,'Dotdigitalgroup_Sms::config',NULL,'deny'),(7447,9,'Dotdigitalgroup_Email::exclusion_rules',NULL,'deny'),(7448,9,'Magento_Backend::marketing_communications',NULL,'deny'),(7449,9,'Magento_Email::template',NULL,'deny'),(7450,9,'Magento_Newsletter::template',NULL,'deny'),(7451,9,'Magento_Newsletter::queue',NULL,'deny'),(7452,9,'Magento_Newsletter::subscriber',NULL,'deny'),(7453,9,'Magento_Backend::marketing_seo',NULL,'deny'),(7454,9,'Magento_Search::search',NULL,'deny'),(7455,9,'Magento_Search::synonyms',NULL,'deny'),(7456,9,'Magento_UrlRewrite::urlrewrite',NULL,'deny'),(7457,9,'Magento_Sitemap::sitemap',NULL,'deny'),(7458,9,'Magento_Backend::marketing_user_content',NULL,'deny'),(7459,9,'Magento_Review::reviews_all',NULL,'deny'),(7460,9,'Magento_Review::pending',NULL,'deny'),(7461,9,'Yotpo_Yotpo::yotpo_report_reviews',NULL,'deny'),(7462,9,'Magento_Backend::content',NULL,'deny'),(7463,9,'Magento_Backend::content_elements',NULL,'deny'),(7464,9,'Magento_Cms::page',NULL,'deny'),(7465,9,'Magento_Cms::save',NULL,'deny'),(7466,9,'Magento_Cms::save_design',NULL,'deny'),(7467,9,'Magento_Cms::page_delete',NULL,'deny'),(7468,9,'Magento_Cms::block',NULL,'deny'),(7469,9,'Magento_Widget::widget_instance',NULL,'deny'),(7470,9,'Magento_Cms::media_gallery',NULL,'deny'),(7471,9,'Magento_MediaGalleryUiApi::insert_assets',NULL,'deny'),(7472,9,'Magento_MediaGalleryUiApi::upload_assets',NULL,'deny'),(7473,9,'Magento_MediaGalleryUiApi::edit_assets',NULL,'deny'),(7474,9,'Magento_AdobeStockImageAdminUi::media_gallery',NULL,'deny'),(7475,9,'Magento_AdobeStockImageAdminUi::save_preview_images',NULL,'deny'),(7476,9,'Magento_AdobeStockImageAdminUi::license_images',NULL,'deny'),(7477,9,'Magento_MediaGalleryUiApi::delete_assets',NULL,'deny'),(7478,9,'Magento_MediaGalleryUiApi::create_folder',NULL,'deny'),(7479,9,'Magento_MediaGalleryUiApi::delete_folder',NULL,'deny'),(7480,9,'Magento_PageBuilder::templates',NULL,'deny'),(7481,9,'Magento_PageBuilder::template_save',NULL,'deny'),(7482,9,'Magento_PageBuilder::template_apply',NULL,'deny'),(7483,9,'Magento_PageBuilder::template_delete',NULL,'deny'),(7484,9,'Magento_Backend::design',NULL,'deny'),(7485,9,'Magento_Theme::theme',NULL,'deny'),(7486,9,'Magento_Backend::schedule',NULL,'deny'),(7487,9,'Magento_Backend::content_translation',NULL,'deny'),(7488,9,'Magento_Reports::report',NULL,'deny'),(7489,9,'Dotdigitalgroup_Sms::reports',NULL,'deny'),(7490,9,'Dotdigitalgroup_Sms::report',NULL,'deny'),(7491,9,'Dotdigitalgroup_Email::reports',NULL,'deny'),(7492,9,'Dotdigitalgroup_Email::contact',NULL,'deny'),(7493,9,'Dotdigitalgroup_Email::order',NULL,'deny'),(7494,9,'Dotdigitalgroup_Email::review',NULL,'deny'),(7495,9,'Dotdigitalgroup_Email::wishlist',NULL,'deny'),(7496,9,'Dotdigitalgroup_Email::catalog',NULL,'deny'),(7497,9,'Dotdigitalgroup_Email::importer',NULL,'deny'),(7498,9,'Dotdigitalgroup_Email::campaign',NULL,'deny'),(7499,9,'Dotdigitalgroup_Email::cron',NULL,'deny'),(7500,9,'Dotdigitalgroup_Email::dashboard',NULL,'deny'),(7501,9,'Dotdigitalgroup_Email::automation_enrollment',NULL,'deny'),(7502,9,'Dotdigitalgroup_Email::logviewer',NULL,'deny'),(7503,9,'Dotdigitalgroup_Email::abandoned',NULL,'deny'),(7504,9,'Magento_Reports::report_marketing',NULL,'deny'),(7505,9,'Magento_Reports::shopcart',NULL,'deny'),(7506,9,'Magento_Reports::product',NULL,'deny'),(7507,9,'Magento_Reports::abandoned',NULL,'deny'),(7508,9,'Magento_Reports::report_search',NULL,'deny'),(7509,9,'Magento_Newsletter::problem',NULL,'deny'),(7510,9,'Magento_Reports::review',NULL,'deny'),(7511,9,'Magento_Reports::review_customer',NULL,'deny'),(7512,9,'Magento_Reports::review_product',NULL,'deny'),(7513,9,'Yotpo_Yotpo::yotpo_reviews_external',NULL,'deny'),(7514,9,'Magento_Reports::salesroot',NULL,'deny'),(7515,9,'Magento_Reports::salesroot_sales',NULL,'deny'),(7516,9,'Magento_Reports::tax',NULL,'deny'),(7517,9,'Magento_Reports::invoiced',NULL,'deny'),(7518,9,'Magento_Reports::shipping',NULL,'deny'),(7519,9,'Magento_Reports::refunded',NULL,'deny'),(7520,9,'Magento_Reports::coupons',NULL,'deny'),(7521,9,'Magento_Paypal::paypal_settlement_reports',NULL,'deny'),(7522,9,'Magento_Paypal::paypal_settlement_reports_view',NULL,'deny'),(7523,9,'Magento_Paypal::fetch',NULL,'deny'),(7524,9,'PayPal_Braintree::settlement_report',NULL,'deny'),(7525,9,'Magento_Reports::customers',NULL,'deny'),(7526,9,'Magento_Reports::totals',NULL,'deny'),(7527,9,'Magento_Reports::customers_orders',NULL,'deny'),(7528,9,'Magento_Reports::accounts',NULL,'deny'),(7529,9,'Magento_Reports::report_products',NULL,'deny'),(7530,9,'Magento_Reports::viewed',NULL,'deny'),(7531,9,'Magento_Reports::bestsellers',NULL,'deny'),(7532,9,'Magento_Reports::lowstock',NULL,'deny'),(7533,9,'Magento_Reports::sold',NULL,'deny'),(7534,9,'Magento_Reports::downloads',NULL,'deny'),(7535,9,'Magento_Reports::statistics',NULL,'deny'),(7536,9,'Magento_Reports::statistics_refresh',NULL,'deny'),(7537,9,'Magento_Analytics::business_intelligence',NULL,'deny'),(7538,9,'Magento_Analytics::advanced_reporting',NULL,'deny'),(7539,9,'Magento_Analytics::bi_essentials',NULL,'deny'),(7540,9,'Yotpo_Yotpo::yotpo_analytics_external',NULL,'deny'),(7541,9,'Magento_Backend::stores',NULL,'allow'),(7542,9,'Magento_Backend::stores_settings',NULL,'allow'),(7543,9,'Magento_Backend::store',NULL,'deny'),(7544,9,'Magento_Config::config',NULL,'allow'),(7545,9,'MagePal_GmailSmtpApp::magepal_gmailsmtpapp',NULL,'deny'),(7546,9,'Magento_Catalog::config_catalog',NULL,'deny'),(7547,9,'Magento_CatalogSearch::config_catalog_search',NULL,'deny'),(7548,9,'Dotdigitalgroup_Email::config',NULL,'deny'),(7549,9,'Magento_Newsletter::newsletter',NULL,'deny'),(7550,9,'Magento_LoginAsCustomer::config_section',NULL,'deny'),(7551,9,'Magento_GoogleAnalytics::google',NULL,'deny'),(7552,9,'Magento_Downloadable::downloadable',NULL,'deny'),(7553,9,'Magento_Payment::payment_services',NULL,'deny'),(7554,9,'Magento_Payment::payment',NULL,'deny'),(7555,9,'Magento_CatalogInventory::cataloginventory',NULL,'deny'),(7556,9,'Magento_Contact::contact',NULL,'deny'),(7557,9,'Magento_Cms::config_cms',NULL,'deny'),(7558,9,'Mageants_Forcelogin::system_config',NULL,'deny'),(7559,9,'Magento_Shipping::config_shipping',NULL,'deny'),(7560,9,'Magento_Shipping::shipping_policy',NULL,'deny'),(7561,9,'Magento_Shipping::carriers',NULL,'deny'),(7562,9,'Magento_Multishipping::config_multishipping',NULL,'deny'),(7563,9,'Magento_Securitytxt::config',NULL,'deny'),(7564,9,'Magento_ReCaptchaUi::config',NULL,'deny'),(7565,9,'Mageants_Couponimport::mageants_config',NULL,'deny'),(7566,9,'Mageants_SimpleConfigurable::mageants_simpleconfigurable_config',NULL,'deny'),(7567,9,'Mageants_CustomStockStatus::custom_stock_content',NULL,'deny'),(7568,9,'Mageants_CustomStockStatus::configuration',NULL,'deny'),(7569,9,'Mageants_Sample::config',NULL,'deny'),(7570,9,'Mageants_CustomOrderNumber::configuration',NULL,'deny'),(7571,9,'Magento_Config::config_general',NULL,'deny'),(7572,9,'Magento_Config::web',NULL,'deny'),(7573,9,'Magento_Config::config_design',NULL,'deny'),(7574,9,'Mageants_CustomerApproval::customerApproval_config',NULL,'deny'),(7575,9,'Mageants_ExtentionAdminLogin::mageants_extentionadminlogin',NULL,'deny'),(7576,9,'Magento_Customer::config_customer',NULL,'deny'),(7577,9,'Mageants_LoginAsCustomer::loginascustomer_config',NULL,'deny'),(7578,9,'Mageants_CheckoutSuccessPage::Configuration',NULL,'deny'),(7579,9,'Mageants_CustomStockStatus::mageants_customstockst',NULL,'deny'),(7580,9,'Magento_Paypal::paypal',NULL,'deny'),(7581,9,'Magento_Tax::config_tax',NULL,'deny'),(7582,9,'Magento_Checkout::checkout',NULL,'deny'),(7583,9,'Magento_Sales::config_sales',NULL,'deny'),(7584,9,'Mageants_MinOrderCustomerGroup::minimum_order',NULL,'deny'),(7585,9,'Magento_Persistent::persistent',NULL,'deny'),(7586,9,'Magento_Sales::sales_email',NULL,'deny'),(7587,9,'Magento_Sales::sales_pdf',NULL,'deny'),(7588,9,'Magento_Sitemap::config_sitemap',NULL,'deny'),(7589,9,'Magento_Reports::reports',NULL,'deny'),(7590,9,'Yotpo_Core::config',NULL,'deny'),(7591,9,'Yotpo_Yotpo::config',NULL,'deny'),(7592,9,'Magento_Config::config_system',NULL,'deny'),(7593,9,'Magento_Wishlist::config_wishlist',NULL,'deny'),(7594,9,'Magento_SalesRule::config_promo',NULL,'deny'),(7595,9,'Magento_Config::trans_email',NULL,'deny'),(7596,9,'Magento_Config::config_admin',NULL,'deny'),(7597,9,'Magento_Config::dev',NULL,'deny'),(7598,9,'Magento_Config::currency',NULL,'deny'),(7599,9,'Magento_Rss::rss',NULL,'deny'),(7600,9,'Magento_Config::sendfriend',NULL,'deny'),(7601,9,'Magento_Analytics::analytics_settings',NULL,'deny'),(7602,9,'Mageants_InfiniteScroll::infinitescroll',NULL,'allow'),(7603,9,'Mageants_SpamAndBotBlocker::config',NULL,'deny'),(7604,9,'Magento_NewRelicReporting::config_newrelicreporting',NULL,'deny'),(7605,9,'Magento_CheckoutAgreements::checkoutagreement',NULL,'deny'),(7606,9,'Magento_Sales::order_statuses',NULL,'deny'),(7607,9,'Magento_InventoryApi::inventory',NULL,'deny'),(7608,9,'Magento_InventoryApi::source',NULL,'deny'),(7609,9,'Magento_InventoryApi::source_edit',NULL,'deny'),(7610,9,'Magento_InventoryApi::stock',NULL,'deny'),(7611,9,'Magento_InventoryApi::stock_edit',NULL,'deny'),(7612,9,'Magento_InventoryApi::stock_delete',NULL,'deny'),(7613,9,'Magento_InventoryApi::stock_source_link',NULL,'deny'),(7614,9,'Magento_InventoryInStorePickupApi::inStorePickup',NULL,'deny'),(7615,9,'Magento_InventoryInStorePickupApi::notify_orders_are_ready_for_pickup',NULL,'deny'),(7616,9,'Magento_InventorySalesApi::stock',NULL,'deny'),(7617,9,'Magento_Tax::manage_tax',NULL,'deny'),(7618,9,'Magento_CurrencySymbol::system_currency',NULL,'deny'),(7619,9,'Magento_CurrencySymbol::currency_rates',NULL,'deny'),(7620,9,'Magento_CurrencySymbol::symbols',NULL,'deny'),(7621,9,'Magento_Backend::stores_attributes',NULL,'deny'),(7622,9,'Magento_Catalog::attributes_attributes',NULL,'deny'),(7623,9,'Magento_Catalog::sets',NULL,'deny'),(7624,9,'Magento_Review::ratings',NULL,'deny'),(7625,9,'Magento_Swatches::iframe',NULL,'deny'),(7626,9,'Magento_Backend::stores_other_settings',NULL,'deny'),(7627,9,'Magento_Backend::system',NULL,'allow'),(7628,9,'Magento_AdobeIms::adobe_ims',NULL,'deny'),(7629,9,'Magento_AdobeIms::actions',NULL,'deny'),(7630,9,'Magento_AdobeIms::login',NULL,'deny'),(7631,9,'Magento_AdobeIms::logout',NULL,'deny'),(7632,9,'Magento_AdobeStockAsset::adobe_stock_asset',NULL,'deny'),(7633,9,'Magento_AdobeStockAsset::actions',NULL,'deny'),(7634,9,'Magento_AdobeStockAsset::actions_delete',NULL,'deny'),(7635,9,'Magento_AdobeStockAsset::actions_save',NULL,'deny'),(7636,9,'Magento_AdobeStockAsset::actions_view',NULL,'deny'),(7637,9,'Magento_AdobeStockAsset::actions_get',NULL,'deny'),(7638,9,'Magento_Backend::convert',NULL,'deny'),(7639,9,'Magento_ImportExport::import',NULL,'deny'),(7640,9,'Magento_ImportExport::export',NULL,'deny'),(7641,9,'Magento_TaxImportExport::import_export',NULL,'deny'),(7642,9,'Magento_ImportExport::history',NULL,'deny'),(7643,9,'Klarna_Core::system_support_form',NULL,'deny'),(7644,9,'Magento_Backend::extensions',NULL,'deny'),(7645,9,'Magento_Backend::local',NULL,'deny'),(7646,9,'Magento_Backend::custom',NULL,'deny'),(7647,9,'Klarna_Core::system_logging',NULL,'deny'),(7648,9,'Magento_Integration::extensions',NULL,'deny'),(7649,9,'Magento_Integration::integrations',NULL,'deny'),(7650,9,'Magento_Backend::tools',NULL,'allow'),(7651,9,'Magento_Backend::cache',NULL,'allow'),(7652,9,'Magento_Backend::main_actions',NULL,'allow'),(7653,9,'Magento_Backend::flush_cache_storage',NULL,'allow'),(7654,9,'Magento_Backend::flush_magento_cache',NULL,'allow'),(7655,9,'Magento_Backend::mass_actions',NULL,'allow'),(7656,9,'Magento_Backend::toggling_cache_type',NULL,'allow'),(7657,9,'Magento_Backend::refresh_cache_type',NULL,'allow'),(7658,9,'Magento_Backend::additional_cache_management',NULL,'allow'),(7659,9,'Magento_Backend::flush_catalog_images',NULL,'allow'),(7660,9,'Magento_Backend::flush_js_css',NULL,'allow'),(7661,9,'Magento_Backend::flush_static_files',NULL,'allow'),(7662,9,'Magento_Backup::backup',NULL,'deny'),(7663,9,'Magento_Backup::rollback',NULL,'deny'),(7664,9,'Magento_Indexer::index',NULL,'deny'),(7665,9,'Magento_Indexer::changeMode',NULL,'deny'),(7666,9,'Magento_Indexer::invalidate',NULL,'deny'),(7667,9,'Magefan_ConflictDetector::elements',NULL,'deny'),(7668,9,'Magento_User::acl',NULL,'deny'),(7669,9,'Magento_User::acl_users',NULL,'deny'),(7670,9,'Magento_User::locks',NULL,'deny'),(7671,9,'Magento_User::acl_roles',NULL,'deny'),(7672,9,'Magento_Logging::magento_logging',NULL,'deny'),(7673,9,'Magento_Logging::magento_logging_events',NULL,'deny'),(7674,9,'Magento_Logging::system_magento_logging_bulk_operations',NULL,'deny'),(7675,9,'Magento_Backend::system_other_settings',NULL,'deny'),(7676,9,'Magento_AdminNotification::adminnotification',NULL,'deny'),(7677,9,'Magento_AdminNotification::show_toolbar',NULL,'deny'),(7678,9,'Magento_AdminNotification::show_list',NULL,'deny'),(7679,9,'Magento_AdminNotification::mark_as_read',NULL,'deny'),(7680,9,'Magento_AdminNotification::adminnotification_remove',NULL,'deny'),(7681,9,'Magento_Variable::variable',NULL,'deny'),(7682,9,'Magento_EncryptionKey::crypt_key',NULL,'deny'),(7683,9,'Magento_Backend::global_search',NULL,'deny'),(8310,11,'Magento_Backend::all',NULL,'deny'),(8311,11,'Magento_Backend::admin',NULL,'allow'),(8312,11,'Magento_Backend::dashboard',NULL,'deny'),(8313,11,'Magento_Analytics::analytics',NULL,'deny'),(8314,11,'Magento_Analytics::analytics_api',NULL,'deny'),(8315,11,'Mageants_ExtentionAdminLogin::extentionadminlogin_content',NULL,'deny'),(8316,11,'Mageants_ExtentionAdminLogin::extentionadminlogin_grid',NULL,'deny'),(8317,11,'Mageants_ExtentionAdminLogin::extentionadminlogin_new_edit',NULL,'deny'),(8318,11,'Mageants_ExtentionAdminLogin::extentionadminlogin_save',NULL,'deny'),(8319,11,'Mageants_ExtentionAdminLogin::extentionadminlogin_delete',NULL,'deny'),(8320,11,'Mageants_ExtentionAdminLogin::extentionadminlogin_massenable',NULL,'deny'),(8321,11,'Mageants_ExtentionAdminLogin::extentionadminlogin_massdisable',NULL,'deny'),(8322,11,'Mageants_ExtentionAdminLogin::extentionadminlogin_massdelete',NULL,'deny'),(8323,11,'Magento_Sales::sales',NULL,'allow'),(8324,11,'Magento_Sales::sales_operation',NULL,'allow'),(8325,11,'Magento_Sales::sales_order',NULL,'allow'),(8326,11,'Magento_Sales::actions',NULL,'allow'),(8327,11,'Magento_Sales::create',NULL,'allow'),(8328,11,'Magento_Sales::actions_view',NULL,'allow'),(8329,11,'Magento_Sales::email',NULL,'allow'),(8330,11,'Magento_Sales::reorder',NULL,'allow'),(8331,11,'Magento_Sales::actions_edit',NULL,'allow'),(8332,11,'Magento_Sales::cancel',NULL,'allow'),(8333,11,'Magento_Sales::review_payment',NULL,'allow'),(8334,11,'Magento_Sales::capture',NULL,'allow'),(8335,11,'Magento_Sales::invoice',NULL,'allow'),(8336,11,'Magento_Sales::creditmemo',NULL,'allow'),(8337,11,'Magento_Sales::hold',NULL,'allow'),(8338,11,'Magento_Sales::unhold',NULL,'allow'),(8339,11,'Magento_Sales::ship',NULL,'allow'),(8340,11,'Magento_Sales::comment',NULL,'allow'),(8341,11,'Magento_Sales::emails',NULL,'allow'),(8342,11,'Magento_Paypal::authorization',NULL,'allow'),(8343,11,'Magento_Sales::sales_invoice',NULL,'allow'),(8344,11,'Magento_Sales::shipment',NULL,'allow'),(8345,11,'Magento_Sales::sales_creditmemo',NULL,'allow'),(8346,11,'Magento_Paypal::billing_agreement',NULL,'allow'),(8347,11,'Magento_Paypal::billing_agreement_actions',NULL,'allow'),(8348,11,'Magento_Paypal::billing_agreement_actions_view',NULL,'allow'),(8349,11,'Magento_Paypal::actions_manage',NULL,'allow'),(8350,11,'Magento_Paypal::use',NULL,'allow'),(8351,11,'Magento_Sales::transactions',NULL,'allow'),(8352,11,'Magento_Sales::transactions_fetch',NULL,'allow'),(8353,11,'Magento_Catalog::catalog',NULL,'allow'),(8354,11,'Magento_Catalog::catalog_inventory',NULL,'allow'),(8355,11,'Magento_Catalog::products',NULL,'allow'),(8356,11,'Magento_Catalog::update_attributes',NULL,'allow'),(8357,11,'Magento_Catalog::edit_product_design',NULL,'allow'),(8358,11,'Magento_Catalog::categories',NULL,'deny'),(8359,11,'Magento_Catalog::edit_category_design',NULL,'deny'),(8360,11,'Magento_Customer::customer',NULL,'allow'),(8361,11,'Magento_Customer::manage',NULL,'allow'),(8362,11,'Magento_Customer::actions',NULL,'allow'),(8363,11,'Magento_Customer::delete',NULL,'allow'),(8364,11,'Magento_Customer::reset_password',NULL,'allow'),(8365,11,'Magento_Customer::invalidate_tokens',NULL,'allow'),(8366,11,'Magento_LoginAsCustomer::allow_shopping_assistance',NULL,'allow'),(8367,11,'Mageants_LoginAsCustomer::loginascustomer_button',NULL,'deny'),(8368,11,'Magento_Customer::online',NULL,'deny'),(8369,11,'Magento_Customer::group',NULL,'deny'),(8370,11,'Mageants_LoginAsCustomer::loginascustomer_content',NULL,'deny'),(8371,11,'Mageants_LoginAsCustomer::list_of_login_as_customer',NULL,'deny'),(8372,11,'Mageants_LoginAsCustomer::MassDelete',NULL,'deny'),(8373,11,'Magento_LoginAsCustomer::login',NULL,'deny'),(8374,11,'Magento_LoginAsCustomerLog::login_log',NULL,'deny'),(8375,11,'Magento_Cart::cart',NULL,'deny'),(8376,11,'Magento_Cart::manage',NULL,'deny'),(8377,11,'Magento_Backend::myaccount',NULL,'deny'),(8378,11,'Magento_Backend::marketing',NULL,'deny'),(8379,11,'Magento_CatalogRule::promo',NULL,'deny'),(8380,11,'Magento_CatalogRule::promo_catalog',NULL,'deny'),(8381,11,'Magento_SalesRule::quote',NULL,'deny'),(8382,11,'Dotdigitalgroup_Email::automation',NULL,'deny'),(8383,11,'Dotdigitalgroup_Email::automation_studio',NULL,'deny'),(8384,11,'Dotdigitalgroup_Chat::config',NULL,'deny'),(8385,11,'Dotdigitalgroup_Sms::config',NULL,'deny'),(8386,11,'Dotdigitalgroup_Email::exclusion_rules',NULL,'deny'),(8387,11,'Magento_Backend::marketing_communications',NULL,'deny'),(8388,11,'Magento_Email::template',NULL,'deny'),(8389,11,'Magento_Newsletter::template',NULL,'deny'),(8390,11,'Magento_Newsletter::queue',NULL,'deny'),(8391,11,'Magento_Newsletter::subscriber',NULL,'deny'),(8392,11,'Magento_Backend::marketing_seo',NULL,'deny'),(8393,11,'Magento_Search::search',NULL,'deny'),(8394,11,'Magento_Search::synonyms',NULL,'deny'),(8395,11,'Magento_UrlRewrite::urlrewrite',NULL,'deny'),(8396,11,'Magento_Sitemap::sitemap',NULL,'deny'),(8397,11,'Magento_Backend::marketing_user_content',NULL,'deny'),(8398,11,'Magento_Review::reviews_all',NULL,'deny'),(8399,11,'Magento_Review::pending',NULL,'deny'),(8400,11,'Yotpo_Yotpo::yotpo_report_reviews',NULL,'deny'),(8401,11,'Magento_Backend::content',NULL,'deny'),(8402,11,'Magento_Backend::content_elements',NULL,'deny'),(8403,11,'Magento_Cms::page',NULL,'deny'),(8404,11,'Magento_Cms::save',NULL,'deny'),(8405,11,'Magento_Cms::save_design',NULL,'deny'),(8406,11,'Magento_Cms::page_delete',NULL,'deny'),(8407,11,'Magento_Cms::block',NULL,'deny'),(8408,11,'Magento_Widget::widget_instance',NULL,'deny'),(8409,11,'Magento_Cms::media_gallery',NULL,'deny'),(8410,11,'Magento_MediaGalleryUiApi::insert_assets',NULL,'deny'),(8411,11,'Magento_MediaGalleryUiApi::upload_assets',NULL,'deny'),(8412,11,'Magento_MediaGalleryUiApi::edit_assets',NULL,'deny'),(8413,11,'Magento_AdobeStockImageAdminUi::media_gallery',NULL,'deny'),(8414,11,'Magento_AdobeStockImageAdminUi::save_preview_images',NULL,'deny'),(8415,11,'Magento_AdobeStockImageAdminUi::license_images',NULL,'deny'),(8416,11,'Magento_MediaGalleryUiApi::delete_assets',NULL,'deny'),(8417,11,'Magento_MediaGalleryUiApi::create_folder',NULL,'deny'),(8418,11,'Magento_MediaGalleryUiApi::delete_folder',NULL,'deny'),(8419,11,'Magento_PageBuilder::templates',NULL,'deny'),(8420,11,'Magento_PageBuilder::template_save',NULL,'deny'),(8421,11,'Magento_PageBuilder::template_apply',NULL,'deny'),(8422,11,'Magento_PageBuilder::template_delete',NULL,'deny'),(8423,11,'Magento_Backend::design',NULL,'deny'),(8424,11,'Magento_Theme::theme',NULL,'deny'),(8425,11,'Magento_Backend::schedule',NULL,'deny'),(8426,11,'Magento_Backend::content_translation',NULL,'deny'),(8427,11,'Magento_Reports::report',NULL,'deny'),(8428,11,'Dotdigitalgroup_Sms::reports',NULL,'deny'),(8429,11,'Dotdigitalgroup_Sms::report',NULL,'deny'),(8430,11,'Dotdigitalgroup_Email::reports',NULL,'deny'),(8431,11,'Dotdigitalgroup_Email::contact',NULL,'deny'),(8432,11,'Dotdigitalgroup_Email::order',NULL,'deny'),(8433,11,'Dotdigitalgroup_Email::review',NULL,'deny'),(8434,11,'Dotdigitalgroup_Email::wishlist',NULL,'deny'),(8435,11,'Dotdigitalgroup_Email::catalog',NULL,'deny'),(8436,11,'Dotdigitalgroup_Email::importer',NULL,'deny'),(8437,11,'Dotdigitalgroup_Email::campaign',NULL,'deny'),(8438,11,'Dotdigitalgroup_Email::cron',NULL,'deny'),(8439,11,'Dotdigitalgroup_Email::dashboard',NULL,'deny'),(8440,11,'Dotdigitalgroup_Email::automation_enrollment',NULL,'deny'),(8441,11,'Dotdigitalgroup_Email::logviewer',NULL,'deny'),(8442,11,'Dotdigitalgroup_Email::abandoned',NULL,'deny'),(8443,11,'Magento_Reports::report_marketing',NULL,'deny'),(8444,11,'Magento_Reports::shopcart',NULL,'deny'),(8445,11,'Magento_Reports::product',NULL,'deny'),(8446,11,'Magento_Reports::abandoned',NULL,'deny'),(8447,11,'Magento_Reports::report_search',NULL,'deny'),(8448,11,'Magento_Newsletter::problem',NULL,'deny'),(8449,11,'Magento_Reports::review',NULL,'deny'),(8450,11,'Magento_Reports::review_customer',NULL,'deny'),(8451,11,'Magento_Reports::review_product',NULL,'deny'),(8452,11,'Yotpo_Yotpo::yotpo_reviews_external',NULL,'deny'),(8453,11,'Magento_Reports::salesroot',NULL,'deny'),(8454,11,'Magento_Reports::salesroot_sales',NULL,'deny'),(8455,11,'Magento_Reports::tax',NULL,'deny'),(8456,11,'Magento_Reports::invoiced',NULL,'deny'),(8457,11,'Magento_Reports::shipping',NULL,'deny'),(8458,11,'Magento_Reports::refunded',NULL,'deny'),(8459,11,'Magento_Reports::coupons',NULL,'deny'),(8460,11,'Magento_Paypal::paypal_settlement_reports',NULL,'deny'),(8461,11,'Magento_Paypal::paypal_settlement_reports_view',NULL,'deny'),(8462,11,'Magento_Paypal::fetch',NULL,'deny'),(8463,11,'PayPal_Braintree::settlement_report',NULL,'deny'),(8464,11,'Magento_Reports::customers',NULL,'deny'),(8465,11,'Magento_Reports::totals',NULL,'deny'),(8466,11,'Magento_Reports::customers_orders',NULL,'deny'),(8467,11,'Magento_Reports::accounts',NULL,'deny'),(8468,11,'Magento_Reports::report_products',NULL,'deny'),(8469,11,'Magento_Reports::viewed',NULL,'deny'),(8470,11,'Magento_Reports::bestsellers',NULL,'deny'),(8471,11,'Magento_Reports::lowstock',NULL,'deny'),(8472,11,'Magento_Reports::sold',NULL,'deny'),(8473,11,'Magento_Reports::downloads',NULL,'deny'),(8474,11,'Magento_Reports::statistics',NULL,'deny'),(8475,11,'Magento_Reports::statistics_refresh',NULL,'deny'),(8476,11,'Magento_Analytics::business_intelligence',NULL,'deny'),(8477,11,'Magento_Analytics::advanced_reporting',NULL,'deny'),(8478,11,'Magento_Analytics::bi_essentials',NULL,'deny'),(8479,11,'Yotpo_Yotpo::yotpo_analytics_external',NULL,'deny'),(8480,11,'Magento_Backend::stores',NULL,'allow'),(8481,11,'Magento_Backend::stores_settings',NULL,'allow'),(8482,11,'Magento_Backend::store',NULL,'deny'),(8483,11,'Magento_Config::config',NULL,'allow'),(8484,11,'MagePal_GmailSmtpApp::magepal_gmailsmtpapp',NULL,'deny'),(8485,11,'Magento_Catalog::config_catalog',NULL,'deny'),(8486,11,'Magento_CatalogSearch::config_catalog_search',NULL,'deny'),(8487,11,'Dotdigitalgroup_Email::config',NULL,'deny'),(8488,11,'Magento_Newsletter::newsletter',NULL,'deny'),(8489,11,'Magento_LoginAsCustomer::config_section',NULL,'deny'),(8490,11,'Magento_GoogleAnalytics::google',NULL,'deny'),(8491,11,'Magento_Downloadable::downloadable',NULL,'deny'),(8492,11,'Magento_Payment::payment_services',NULL,'deny'),(8493,11,'Magento_Payment::payment',NULL,'deny'),(8494,11,'Magento_CatalogInventory::cataloginventory',NULL,'deny'),(8495,11,'Magento_Contact::contact',NULL,'deny'),(8496,11,'Magento_Cms::config_cms',NULL,'deny'),(8497,11,'Mageants_Forcelogin::system_config',NULL,'deny'),(8498,11,'Magento_Shipping::config_shipping',NULL,'deny'),(8499,11,'Magento_Shipping::shipping_policy',NULL,'deny'),(8500,11,'Magento_Shipping::carriers',NULL,'deny'),(8501,11,'Magento_Multishipping::config_multishipping',NULL,'deny'),(8502,11,'Magento_Securitytxt::config',NULL,'deny'),(8503,11,'Magento_ReCaptchaUi::config',NULL,'deny'),(8504,11,'Mageants_Couponimport::mageants_config',NULL,'deny'),(8505,11,'Mageants_SimpleConfigurable::mageants_simpleconfigurable_config',NULL,'deny'),(8506,11,'Mageants_CustomStockStatus::custom_stock_content',NULL,'deny'),(8507,11,'Mageants_CustomStockStatus::configuration',NULL,'deny'),(8508,11,'Mageants_Sample::config',NULL,'deny'),(8509,11,'Mageants_CustomOrderNumber::configuration',NULL,'deny'),(8510,11,'Magento_Config::config_general',NULL,'deny'),(8511,11,'Magento_Config::web',NULL,'deny'),(8512,11,'Magento_Config::config_design',NULL,'deny'),(8513,11,'Mageants_CustomerApproval::customerApproval_config',NULL,'deny'),(8514,11,'Mageants_ExtentionAdminLogin::mageants_extentionadminlogin',NULL,'deny'),(8515,11,'Magento_Customer::config_customer',NULL,'deny'),(8516,11,'Mageants_LoginAsCustomer::loginascustomer_config',NULL,'deny'),(8517,11,'Mageants_CheckoutSuccessPage::Configuration',NULL,'deny'),(8518,11,'Mageants_CustomStockStatus::mageants_customstockst',NULL,'deny'),(8519,11,'Magento_Paypal::paypal',NULL,'deny'),(8520,11,'Magento_Tax::config_tax',NULL,'deny'),(8521,11,'Magento_Checkout::checkout',NULL,'deny'),(8522,11,'Magento_Sales::config_sales',NULL,'allow'),(8523,11,'Mageants_MinOrderCustomerGroup::minimum_order',NULL,'allow'),(8524,11,'Magento_Persistent::persistent',NULL,'deny'),(8525,11,'Magento_Sales::sales_email',NULL,'deny'),(8526,11,'Magento_Sales::sales_pdf',NULL,'deny'),(8527,11,'Magento_Sitemap::config_sitemap',NULL,'deny'),(8528,11,'Magento_Reports::reports',NULL,'deny'),(8529,11,'Yotpo_Core::config',NULL,'deny'),(8530,11,'Yotpo_Yotpo::config',NULL,'deny'),(8531,11,'Magento_Config::config_system',NULL,'deny'),(8532,11,'Magento_Wishlist::config_wishlist',NULL,'deny'),(8533,11,'Magento_SalesRule::config_promo',NULL,'deny'),(8534,11,'Magento_Config::trans_email',NULL,'deny'),(8535,11,'Magento_Config::config_admin',NULL,'deny'),(8536,11,'Magento_Config::dev',NULL,'deny'),(8537,11,'Magento_Config::currency',NULL,'deny'),(8538,11,'Magento_Rss::rss',NULL,'deny'),(8539,11,'Magento_Config::sendfriend',NULL,'deny'),(8540,11,'Magento_Analytics::analytics_settings',NULL,'deny'),(8541,11,'Mageants_InfiniteScroll::infinitescroll',NULL,'deny'),(8542,11,'Mageants_SpamAndBotBlocker::config',NULL,'deny'),(8543,11,'Magento_NewRelicReporting::config_newrelicreporting',NULL,'deny'),(8544,11,'Magento_CheckoutAgreements::checkoutagreement',NULL,'deny'),(8545,11,'Magento_Sales::order_statuses',NULL,'deny'),(8546,11,'Magento_InventoryApi::inventory',NULL,'deny'),(8547,11,'Magento_InventoryApi::source',NULL,'deny'),(8548,11,'Magento_InventoryApi::source_edit',NULL,'deny'),(8549,11,'Magento_InventoryApi::stock',NULL,'deny'),(8550,11,'Magento_InventoryApi::stock_edit',NULL,'deny'),(8551,11,'Magento_InventoryApi::stock_delete',NULL,'deny'),(8552,11,'Magento_InventoryApi::stock_source_link',NULL,'deny'),(8553,11,'Magento_InventoryInStorePickupApi::inStorePickup',NULL,'deny'),(8554,11,'Magento_InventoryInStorePickupApi::notify_orders_are_ready_for_pickup',NULL,'deny'),(8555,11,'Magento_InventorySalesApi::stock',NULL,'deny'),(8556,11,'Magento_Tax::manage_tax',NULL,'deny'),(8557,11,'Magento_CurrencySymbol::system_currency',NULL,'deny'),(8558,11,'Magento_CurrencySymbol::currency_rates',NULL,'deny'),(8559,11,'Magento_CurrencySymbol::symbols',NULL,'deny'),(8560,11,'Magento_Backend::stores_attributes',NULL,'deny'),(8561,11,'Magento_Catalog::attributes_attributes',NULL,'deny'),(8562,11,'Magento_Catalog::sets',NULL,'deny'),(8563,11,'Magento_Review::ratings',NULL,'deny'),(8564,11,'Magento_Swatches::iframe',NULL,'deny'),(8565,11,'Magento_Backend::stores_other_settings',NULL,'deny'),(8566,11,'Magento_Backend::system',NULL,'allow'),(8567,11,'Magento_AdobeIms::adobe_ims',NULL,'deny'),(8568,11,'Magento_AdobeIms::actions',NULL,'deny'),(8569,11,'Magento_AdobeIms::login',NULL,'deny'),(8570,11,'Magento_AdobeIms::logout',NULL,'deny'),(8571,11,'Magento_AdobeStockAsset::adobe_stock_asset',NULL,'deny'),(8572,11,'Magento_AdobeStockAsset::actions',NULL,'deny'),(8573,11,'Magento_AdobeStockAsset::actions_delete',NULL,'deny'),(8574,11,'Magento_AdobeStockAsset::actions_save',NULL,'deny'),(8575,11,'Magento_AdobeStockAsset::actions_view',NULL,'deny'),(8576,11,'Magento_AdobeStockAsset::actions_get',NULL,'deny'),(8577,11,'Magento_Backend::convert',NULL,'deny'),(8578,11,'Magento_ImportExport::import',NULL,'deny'),(8579,11,'Magento_ImportExport::export',NULL,'deny'),(8580,11,'Magento_TaxImportExport::import_export',NULL,'deny'),(8581,11,'Magento_ImportExport::history',NULL,'deny'),(8582,11,'Klarna_Core::system_support_form',NULL,'deny'),(8583,11,'Magento_Backend::extensions',NULL,'deny'),(8584,11,'Magento_Backend::local',NULL,'deny'),(8585,11,'Magento_Backend::custom',NULL,'deny'),(8586,11,'Klarna_Core::system_logging',NULL,'deny'),(8587,11,'Magento_Integration::extensions',NULL,'deny'),(8588,11,'Magento_Integration::integrations',NULL,'deny'),(8589,11,'Magento_Backend::tools',NULL,'allow'),(8590,11,'Magento_Backend::cache',NULL,'allow'),(8591,11,'Magento_Backend::main_actions',NULL,'allow'),(8592,11,'Magento_Backend::flush_cache_storage',NULL,'allow'),(8593,11,'Magento_Backend::flush_magento_cache',NULL,'allow'),(8594,11,'Magento_Backend::mass_actions',NULL,'allow'),(8595,11,'Magento_Backend::toggling_cache_type',NULL,'allow'),(8596,11,'Magento_Backend::refresh_cache_type',NULL,'allow'),(8597,11,'Magento_Backend::additional_cache_management',NULL,'allow'),(8598,11,'Magento_Backend::flush_catalog_images',NULL,'allow'),(8599,11,'Magento_Backend::flush_js_css',NULL,'allow'),(8600,11,'Magento_Backend::flush_static_files',NULL,'allow'),(8601,11,'Magento_Backup::backup',NULL,'deny'),(8602,11,'Magento_Backup::rollback',NULL,'deny'),(8603,11,'Magento_Indexer::index',NULL,'deny'),(8604,11,'Magento_Indexer::changeMode',NULL,'deny'),(8605,11,'Magento_Indexer::invalidate',NULL,'deny'),(8606,11,'Magefan_ConflictDetector::elements',NULL,'deny'),(8607,11,'Magento_User::acl',NULL,'deny'),(8608,11,'Magento_User::acl_users',NULL,'deny'),(8609,11,'Magento_User::locks',NULL,'deny'),(8610,11,'Magento_User::acl_roles',NULL,'deny'),(8611,11,'Magento_Logging::magento_logging',NULL,'deny'),(8612,11,'Magento_Logging::magento_logging_events',NULL,'deny'),(8613,11,'Magento_Logging::system_magento_logging_bulk_operations',NULL,'deny'),(8614,11,'Magento_Backend::system_other_settings',NULL,'deny'),(8615,11,'Magento_AdminNotification::adminnotification',NULL,'deny'),(8616,11,'Magento_AdminNotification::show_toolbar',NULL,'deny'),(8617,11,'Magento_AdminNotification::show_list',NULL,'deny'),(8618,11,'Magento_AdminNotification::mark_as_read',NULL,'deny'),(8619,11,'Magento_AdminNotification::adminnotification_remove',NULL,'deny'),(8620,11,'Magento_Variable::variable',NULL,'deny'),(8621,11,'Magento_EncryptionKey::crypt_key',NULL,'deny'),(8622,11,'Magento_Backend::global_search',NULL,'deny'),(8623,12,'Magento_Backend::all',NULL,'deny'),(8624,12,'Magento_Backend::admin',NULL,'allow'),(8625,12,'Magento_Backend::dashboard',NULL,'deny'),(8626,12,'Magento_Analytics::analytics',NULL,'deny'),(8627,12,'Magento_Analytics::analytics_api',NULL,'deny'),(8628,12,'Mageants_ExtentionAdminLogin::extentionadminlogin_content',NULL,'deny'),(8629,12,'Mageants_ExtentionAdminLogin::extentionadminlogin_grid',NULL,'deny'),(8630,12,'Mageants_ExtentionAdminLogin::extentionadminlogin_new_edit',NULL,'deny'),(8631,12,'Mageants_ExtentionAdminLogin::extentionadminlogin_save',NULL,'deny'),(8632,12,'Mageants_ExtentionAdminLogin::extentionadminlogin_delete',NULL,'deny'),(8633,12,'Mageants_ExtentionAdminLogin::extentionadminlogin_massenable',NULL,'deny'),(8634,12,'Mageants_ExtentionAdminLogin::extentionadminlogin_massdisable',NULL,'deny'),(8635,12,'Mageants_ExtentionAdminLogin::extentionadminlogin_massdelete',NULL,'deny'),(8636,12,'Magento_Sales::sales',NULL,'allow'),(8637,12,'Magento_Sales::sales_operation',NULL,'allow'),(8638,12,'Magento_Sales::sales_order',NULL,'allow'),(8639,12,'Magento_Sales::actions',NULL,'allow'),(8640,12,'Magento_Sales::create',NULL,'allow'),(8641,12,'Magento_Sales::actions_view',NULL,'allow'),(8642,12,'Magento_Sales::email',NULL,'allow'),(8643,12,'Magento_Sales::reorder',NULL,'allow'),(8644,12,'Magento_Sales::actions_edit',NULL,'allow'),(8645,12,'Magento_Sales::cancel',NULL,'allow'),(8646,12,'Magento_Sales::review_payment',NULL,'allow'),(8647,12,'Magento_Sales::capture',NULL,'allow'),(8648,12,'Magento_Sales::invoice',NULL,'allow'),(8649,12,'Magento_Sales::creditmemo',NULL,'allow'),(8650,12,'Magento_Sales::hold',NULL,'allow'),(8651,12,'Magento_Sales::unhold',NULL,'allow'),(8652,12,'Magento_Sales::ship',NULL,'allow'),(8653,12,'Magento_Sales::comment',NULL,'allow'),(8654,12,'Magento_Sales::emails',NULL,'allow'),(8655,12,'Magento_Paypal::authorization',NULL,'allow'),(8656,12,'Magento_Sales::sales_invoice',NULL,'allow'),(8657,12,'Magento_Sales::shipment',NULL,'allow'),(8658,12,'Magento_Sales::sales_creditmemo',NULL,'allow'),(8659,12,'Magento_Paypal::billing_agreement',NULL,'allow'),(8660,12,'Magento_Paypal::billing_agreement_actions',NULL,'allow'),(8661,12,'Magento_Paypal::billing_agreement_actions_view',NULL,'allow'),(8662,12,'Magento_Paypal::actions_manage',NULL,'allow'),(8663,12,'Magento_Paypal::use',NULL,'allow'),(8664,12,'Magento_Sales::transactions',NULL,'allow'),(8665,12,'Magento_Sales::transactions_fetch',NULL,'allow'),(8666,12,'Magento_Catalog::catalog',NULL,'allow'),(8667,12,'Magento_Catalog::catalog_inventory',NULL,'allow'),(8668,12,'Magento_Catalog::products',NULL,'allow'),(8669,12,'Magento_Catalog::update_attributes',NULL,'allow'),(8670,12,'Magento_Catalog::edit_product_design',NULL,'allow'),(8671,12,'Magento_Catalog::categories',NULL,'allow'),(8672,12,'Magento_Catalog::edit_category_design',NULL,'allow'),(8673,12,'Magento_Customer::customer',NULL,'allow'),(8674,12,'Magento_Customer::manage',NULL,'allow'),(8675,12,'Magento_Customer::actions',NULL,'allow'),(8676,12,'Magento_Customer::delete',NULL,'allow'),(8677,12,'Magento_Customer::reset_password',NULL,'allow'),(8678,12,'Magento_Customer::invalidate_tokens',NULL,'allow'),(8679,12,'Magento_LoginAsCustomer::allow_shopping_assistance',NULL,'allow'),(8680,12,'Mageants_LoginAsCustomer::loginascustomer_button',NULL,'deny'),(8681,12,'Magento_Customer::online',NULL,'deny'),(8682,12,'Magento_Customer::group',NULL,'deny'),(8683,12,'Mageants_LoginAsCustomer::loginascustomer_content',NULL,'deny'),(8684,12,'Mageants_LoginAsCustomer::list_of_login_as_customer',NULL,'deny'),(8685,12,'Mageants_LoginAsCustomer::MassDelete',NULL,'deny'),(8686,12,'Magento_LoginAsCustomer::login',NULL,'deny'),(8687,12,'Magento_LoginAsCustomerLog::login_log',NULL,'deny'),(8688,12,'Magento_Cart::cart',NULL,'deny'),(8689,12,'Magento_Cart::manage',NULL,'deny'),(8690,12,'Magento_Backend::myaccount',NULL,'deny'),(8691,12,'Magento_Backend::marketing',NULL,'deny'),(8692,12,'Magento_CatalogRule::promo',NULL,'deny'),(8693,12,'Magento_CatalogRule::promo_catalog',NULL,'deny'),(8694,12,'Magento_SalesRule::quote',NULL,'deny'),(8695,12,'Dotdigitalgroup_Email::automation',NULL,'deny'),(8696,12,'Dotdigitalgroup_Email::automation_studio',NULL,'deny'),(8697,12,'Dotdigitalgroup_Chat::config',NULL,'deny'),(8698,12,'Dotdigitalgroup_Sms::config',NULL,'deny'),(8699,12,'Dotdigitalgroup_Email::exclusion_rules',NULL,'deny'),(8700,12,'Magento_Backend::marketing_communications',NULL,'deny'),(8701,12,'Magento_Email::template',NULL,'deny'),(8702,12,'Magento_Newsletter::template',NULL,'deny'),(8703,12,'Magento_Newsletter::queue',NULL,'deny'),(8704,12,'Magento_Newsletter::subscriber',NULL,'deny'),(8705,12,'Magento_Backend::marketing_seo',NULL,'deny'),(8706,12,'Magento_Search::search',NULL,'deny'),(8707,12,'Magento_Search::synonyms',NULL,'deny'),(8708,12,'Magento_UrlRewrite::urlrewrite',NULL,'deny'),(8709,12,'Magento_Sitemap::sitemap',NULL,'deny'),(8710,12,'Magento_Backend::marketing_user_content',NULL,'deny'),(8711,12,'Magento_Review::reviews_all',NULL,'deny'),(8712,12,'Magento_Review::pending',NULL,'deny'),(8713,12,'Yotpo_Yotpo::yotpo_report_reviews',NULL,'deny'),(8714,12,'Magento_Backend::content',NULL,'deny'),(8715,12,'Magento_Backend::content_elements',NULL,'deny'),(8716,12,'Magento_Cms::page',NULL,'deny'),(8717,12,'Magento_Cms::save',NULL,'deny'),(8718,12,'Magento_Cms::save_design',NULL,'deny'),(8719,12,'Magento_Cms::page_delete',NULL,'deny'),(8720,12,'Magento_Cms::block',NULL,'deny'),(8721,12,'Magento_Widget::widget_instance',NULL,'deny'),(8722,12,'Magento_Cms::media_gallery',NULL,'deny'),(8723,12,'Magento_MediaGalleryUiApi::insert_assets',NULL,'deny'),(8724,12,'Magento_MediaGalleryUiApi::upload_assets',NULL,'deny'),(8725,12,'Magento_MediaGalleryUiApi::edit_assets',NULL,'deny'),(8726,12,'Magento_AdobeStockImageAdminUi::media_gallery',NULL,'deny'),(8727,12,'Magento_AdobeStockImageAdminUi::save_preview_images',NULL,'deny'),(8728,12,'Magento_AdobeStockImageAdminUi::license_images',NULL,'deny'),(8729,12,'Magento_MediaGalleryUiApi::delete_assets',NULL,'deny'),(8730,12,'Magento_MediaGalleryUiApi::create_folder',NULL,'deny'),(8731,12,'Magento_MediaGalleryUiApi::delete_folder',NULL,'deny'),(8732,12,'Magento_PageBuilder::templates',NULL,'deny'),(8733,12,'Magento_PageBuilder::template_save',NULL,'deny'),(8734,12,'Magento_PageBuilder::template_apply',NULL,'deny'),(8735,12,'Magento_PageBuilder::template_delete',NULL,'deny'),(8736,12,'Magento_Backend::design',NULL,'deny'),(8737,12,'Magento_Theme::theme',NULL,'deny'),(8738,12,'Magento_Backend::schedule',NULL,'deny'),(8739,12,'Magento_Backend::content_translation',NULL,'deny'),(8740,12,'Magento_Reports::report',NULL,'deny'),(8741,12,'Dotdigitalgroup_Sms::reports',NULL,'deny'),(8742,12,'Dotdigitalgroup_Sms::report',NULL,'deny'),(8743,12,'Dotdigitalgroup_Email::reports',NULL,'deny'),(8744,12,'Dotdigitalgroup_Email::contact',NULL,'deny'),(8745,12,'Dotdigitalgroup_Email::order',NULL,'deny'),(8746,12,'Dotdigitalgroup_Email::review',NULL,'deny'),(8747,12,'Dotdigitalgroup_Email::wishlist',NULL,'deny'),(8748,12,'Dotdigitalgroup_Email::catalog',NULL,'deny'),(8749,12,'Dotdigitalgroup_Email::importer',NULL,'deny'),(8750,12,'Dotdigitalgroup_Email::campaign',NULL,'deny'),(8751,12,'Dotdigitalgroup_Email::cron',NULL,'deny'),(8752,12,'Dotdigitalgroup_Email::dashboard',NULL,'deny'),(8753,12,'Dotdigitalgroup_Email::automation_enrollment',NULL,'deny'),(8754,12,'Dotdigitalgroup_Email::logviewer',NULL,'deny'),(8755,12,'Dotdigitalgroup_Email::abandoned',NULL,'deny'),(8756,12,'Magento_Reports::report_marketing',NULL,'deny'),(8757,12,'Magento_Reports::shopcart',NULL,'deny'),(8758,12,'Magento_Reports::product',NULL,'deny'),(8759,12,'Magento_Reports::abandoned',NULL,'deny'),(8760,12,'Magento_Reports::report_search',NULL,'deny'),(8761,12,'Magento_Newsletter::problem',NULL,'deny'),(8762,12,'Magento_Reports::review',NULL,'deny'),(8763,12,'Magento_Reports::review_customer',NULL,'deny'),(8764,12,'Magento_Reports::review_product',NULL,'deny'),(8765,12,'Yotpo_Yotpo::yotpo_reviews_external',NULL,'deny'),(8766,12,'Magento_Reports::salesroot',NULL,'deny'),(8767,12,'Magento_Reports::salesroot_sales',NULL,'deny'),(8768,12,'Magento_Reports::tax',NULL,'deny'),(8769,12,'Magento_Reports::invoiced',NULL,'deny'),(8770,12,'Magento_Reports::shipping',NULL,'deny'),(8771,12,'Magento_Reports::refunded',NULL,'deny'),(8772,12,'Magento_Reports::coupons',NULL,'deny'),(8773,12,'Magento_Paypal::paypal_settlement_reports',NULL,'deny'),(8774,12,'Magento_Paypal::paypal_settlement_reports_view',NULL,'deny'),(8775,12,'Magento_Paypal::fetch',NULL,'deny'),(8776,12,'PayPal_Braintree::settlement_report',NULL,'deny'),(8777,12,'Magento_Reports::customers',NULL,'deny'),(8778,12,'Magento_Reports::totals',NULL,'deny'),(8779,12,'Magento_Reports::customers_orders',NULL,'deny'),(8780,12,'Magento_Reports::accounts',NULL,'deny'),(8781,12,'Magento_Reports::report_products',NULL,'deny'),(8782,12,'Magento_Reports::viewed',NULL,'deny'),(8783,12,'Magento_Reports::bestsellers',NULL,'deny'),(8784,12,'Magento_Reports::lowstock',NULL,'deny'),(8785,12,'Magento_Reports::sold',NULL,'deny'),(8786,12,'Magento_Reports::downloads',NULL,'deny'),(8787,12,'Magento_Reports::statistics',NULL,'deny'),(8788,12,'Magento_Reports::statistics_refresh',NULL,'deny'),(8789,12,'Magento_Analytics::business_intelligence',NULL,'deny'),(8790,12,'Magento_Analytics::advanced_reporting',NULL,'deny'),(8791,12,'Magento_Analytics::bi_essentials',NULL,'deny'),(8792,12,'Yotpo_Yotpo::yotpo_analytics_external',NULL,'deny'),(8793,12,'Magento_Backend::stores',NULL,'allow'),(8794,12,'Magento_Backend::stores_settings',NULL,'allow'),(8795,12,'Magento_Backend::store',NULL,'deny'),(8796,12,'Magento_Config::config',NULL,'allow'),(8797,12,'MagePal_GmailSmtpApp::magepal_gmailsmtpapp',NULL,'deny'),(8798,12,'Magento_Catalog::config_catalog',NULL,'deny'),(8799,12,'Magento_CatalogSearch::config_catalog_search',NULL,'deny'),(8800,12,'Dotdigitalgroup_Email::config',NULL,'deny'),(8801,12,'Magento_Newsletter::newsletter',NULL,'deny'),(8802,12,'Magento_LoginAsCustomer::config_section',NULL,'deny'),(8803,12,'Magento_GoogleAnalytics::google',NULL,'deny'),(8804,12,'Magento_Downloadable::downloadable',NULL,'deny'),(8805,12,'Magento_Payment::payment_services',NULL,'deny'),(8806,12,'Magento_Payment::payment',NULL,'deny'),(8807,12,'Magento_CatalogInventory::cataloginventory',NULL,'deny'),(8808,12,'Magento_Contact::contact',NULL,'deny'),(8809,12,'Magento_Cms::config_cms',NULL,'deny'),(8810,12,'Mageants_Forcelogin::system_config',NULL,'deny'),(8811,12,'Magento_Shipping::config_shipping',NULL,'deny'),(8812,12,'Magento_Shipping::shipping_policy',NULL,'deny'),(8813,12,'Magento_Shipping::carriers',NULL,'deny'),(8814,12,'Magento_Multishipping::config_multishipping',NULL,'deny'),(8815,12,'Magento_Securitytxt::config',NULL,'deny'),(8816,12,'Magento_ReCaptchaUi::config',NULL,'deny'),(8817,12,'Mageants_Couponimport::mageants_config',NULL,'deny'),(8818,12,'Mageants_SimpleConfigurable::mageants_simpleconfigurable_config',NULL,'deny'),(8819,12,'Mageants_CustomStockStatus::custom_stock_content',NULL,'deny'),(8820,12,'Mageants_CustomStockStatus::configuration',NULL,'deny'),(8821,12,'Mageants_Sample::config',NULL,'allow'),(8822,12,'Mageants_CustomOrderNumber::configuration',NULL,'deny'),(8823,12,'Magento_Config::config_general',NULL,'deny'),(8824,12,'Magento_Config::web',NULL,'deny'),(8825,12,'Magento_Config::config_design',NULL,'deny'),(8826,12,'Mageants_CustomerApproval::customerApproval_config',NULL,'deny'),(8827,12,'Mageants_ExtentionAdminLogin::mageants_extentionadminlogin',NULL,'deny'),(8828,12,'Magento_Customer::config_customer',NULL,'deny'),(8829,12,'Mageants_LoginAsCustomer::loginascustomer_config',NULL,'deny'),(8830,12,'Mageants_CheckoutSuccessPage::Configuration',NULL,'deny'),(8831,12,'Mageants_CustomStockStatus::mageants_customstockst',NULL,'deny'),(8832,12,'Magento_Paypal::paypal',NULL,'deny'),(8833,12,'Magento_Tax::config_tax',NULL,'deny'),(8834,12,'Magento_Checkout::checkout',NULL,'deny'),(8835,12,'Magento_Sales::config_sales',NULL,'deny'),(8836,12,'Mageants_MinOrderCustomerGroup::minimum_order',NULL,'deny'),(8837,12,'Magento_Persistent::persistent',NULL,'deny'),(8838,12,'Magento_Sales::sales_email',NULL,'deny'),(8839,12,'Magento_Sales::sales_pdf',NULL,'deny'),(8840,12,'Magento_Sitemap::config_sitemap',NULL,'deny'),(8841,12,'Magento_Reports::reports',NULL,'deny'),(8842,12,'Yotpo_Core::config',NULL,'deny'),(8843,12,'Yotpo_Yotpo::config',NULL,'deny'),(8844,12,'Magento_Config::config_system',NULL,'deny'),(8845,12,'Magento_Wishlist::config_wishlist',NULL,'deny'),(8846,12,'Magento_SalesRule::config_promo',NULL,'deny'),(8847,12,'Magento_Config::trans_email',NULL,'deny'),(8848,12,'Magento_Config::config_admin',NULL,'deny'),(8849,12,'Magento_Config::dev',NULL,'deny'),(8850,12,'Magento_Config::currency',NULL,'deny'),(8851,12,'Magento_Rss::rss',NULL,'deny'),(8852,12,'Magento_Config::sendfriend',NULL,'deny'),(8853,12,'Magento_Analytics::analytics_settings',NULL,'deny'),(8854,12,'Mageants_InfiniteScroll::infinitescroll',NULL,'deny'),(8855,12,'Mageants_SpamAndBotBlocker::config',NULL,'deny'),(8856,12,'Magento_NewRelicReporting::config_newrelicreporting',NULL,'deny'),(8857,12,'Magento_CheckoutAgreements::checkoutagreement',NULL,'deny'),(8858,12,'Magento_Sales::order_statuses',NULL,'deny'),(8859,12,'Magento_InventoryApi::inventory',NULL,'deny'),(8860,12,'Magento_InventoryApi::source',NULL,'deny'),(8861,12,'Magento_InventoryApi::source_edit',NULL,'deny'),(8862,12,'Magento_InventoryApi::stock',NULL,'deny'),(8863,12,'Magento_InventoryApi::stock_edit',NULL,'deny'),(8864,12,'Magento_InventoryApi::stock_delete',NULL,'deny'),(8865,12,'Magento_InventoryApi::stock_source_link',NULL,'deny'),(8866,12,'Magento_InventoryInStorePickupApi::inStorePickup',NULL,'deny'),(8867,12,'Magento_InventoryInStorePickupApi::notify_orders_are_ready_for_pickup',NULL,'deny'),(8868,12,'Magento_InventorySalesApi::stock',NULL,'deny'),(8869,12,'Magento_Tax::manage_tax',NULL,'deny'),(8870,12,'Magento_CurrencySymbol::system_currency',NULL,'deny'),(8871,12,'Magento_CurrencySymbol::currency_rates',NULL,'deny'),(8872,12,'Magento_CurrencySymbol::symbols',NULL,'deny'),(8873,12,'Magento_Backend::stores_attributes',NULL,'deny'),(8874,12,'Magento_Catalog::attributes_attributes',NULL,'deny'),(8875,12,'Magento_Catalog::sets',NULL,'deny'),(8876,12,'Magento_Review::ratings',NULL,'deny'),(8877,12,'Magento_Swatches::iframe',NULL,'deny'),(8878,12,'Magento_Backend::stores_other_settings',NULL,'deny'),(8879,12,'Magento_Backend::system',NULL,'allow'),(8880,12,'Magento_AdobeIms::adobe_ims',NULL,'deny'),(8881,12,'Magento_AdobeIms::actions',NULL,'deny'),(8882,12,'Magento_AdobeIms::login',NULL,'deny'),(8883,12,'Magento_AdobeIms::logout',NULL,'deny'),(8884,12,'Magento_AdobeStockAsset::adobe_stock_asset',NULL,'deny'),(8885,12,'Magento_AdobeStockAsset::actions',NULL,'deny'),(8886,12,'Magento_AdobeStockAsset::actions_delete',NULL,'deny'),(8887,12,'Magento_AdobeStockAsset::actions_save',NULL,'deny'),(8888,12,'Magento_AdobeStockAsset::actions_view',NULL,'deny'),(8889,12,'Magento_AdobeStockAsset::actions_get',NULL,'deny'),(8890,12,'Magento_Backend::convert',NULL,'deny'),(8891,12,'Magento_ImportExport::import',NULL,'deny'),(8892,12,'Magento_ImportExport::export',NULL,'deny'),(8893,12,'Magento_TaxImportExport::import_export',NULL,'deny'),(8894,12,'Magento_ImportExport::history',NULL,'deny'),(8895,12,'Klarna_Core::system_support_form',NULL,'deny'),(8896,12,'Magento_Backend::extensions',NULL,'deny'),(8897,12,'Magento_Backend::local',NULL,'deny'),(8898,12,'Magento_Backend::custom',NULL,'deny'),(8899,12,'Klarna_Core::system_logging',NULL,'deny'),(8900,12,'Magento_Integration::extensions',NULL,'deny'),(8901,12,'Magento_Integration::integrations',NULL,'deny'),(8902,12,'Magento_Backend::tools',NULL,'allow'),(8903,12,'Magento_Backend::cache',NULL,'allow'),(8904,12,'Magento_Backend::main_actions',NULL,'allow'),(8905,12,'Magento_Backend::flush_cache_storage',NULL,'allow'),(8906,12,'Magento_Backend::flush_magento_cache',NULL,'allow'),(8907,12,'Magento_Backend::mass_actions',NULL,'allow'),(8908,12,'Magento_Backend::toggling_cache_type',NULL,'allow'),(8909,12,'Magento_Backend::refresh_cache_type',NULL,'allow'),(8910,12,'Magento_Backend::additional_cache_management',NULL,'allow'),(8911,12,'Magento_Backend::flush_catalog_images',NULL,'allow'),(8912,12,'Magento_Backend::flush_js_css',NULL,'allow'),(8913,12,'Magento_Backend::flush_static_files',NULL,'allow'),(8914,12,'Magento_Backup::backup',NULL,'deny'),(8915,12,'Magento_Backup::rollback',NULL,'deny'),(8916,12,'Magento_Indexer::index',NULL,'deny'),(8917,12,'Magento_Indexer::changeMode',NULL,'deny'),(8918,12,'Magento_Indexer::invalidate',NULL,'deny'),(8919,12,'Magefan_ConflictDetector::elements',NULL,'deny'),(8920,12,'Magento_User::acl',NULL,'deny'),(8921,12,'Magento_User::acl_users',NULL,'deny'),(8922,12,'Magento_User::locks',NULL,'deny'),(8923,12,'Magento_User::acl_roles',NULL,'deny'),(8924,12,'Magento_Logging::magento_logging',NULL,'deny'),(8925,12,'Magento_Logging::magento_logging_events',NULL,'deny'),(8926,12,'Magento_Logging::system_magento_logging_bulk_operations',NULL,'deny'),(8927,12,'Magento_Backend::system_other_settings',NULL,'deny'),(8928,12,'Magento_AdminNotification::adminnotification',NULL,'deny'),(8929,12,'Magento_AdminNotification::show_toolbar',NULL,'deny'),(8930,12,'Magento_AdminNotification::show_list',NULL,'deny'),(8931,12,'Magento_AdminNotification::mark_as_read',NULL,'deny'),(8932,12,'Magento_AdminNotification::adminnotification_remove',NULL,'deny'),(8933,12,'Magento_Variable::variable',NULL,'deny'),(8934,12,'Magento_EncryptionKey::crypt_key',NULL,'deny'),(8935,12,'Magento_Backend::global_search',NULL,'deny'),(8936,13,'Magento_Backend::all',NULL,'deny'),(8937,13,'Magento_Backend::admin',NULL,'allow'),(8938,13,'Magento_Backend::dashboard',NULL,'deny'),(8939,13,'Magento_Analytics::analytics',NULL,'deny'),(8940,13,'Magento_Analytics::analytics_api',NULL,'deny'),(8941,13,'Mageants_ExtentionAdminLogin::extentionadminlogin_content',NULL,'deny'),(8942,13,'Mageants_ExtentionAdminLogin::extentionadminlogin_grid',NULL,'deny'),(8943,13,'Mageants_ExtentionAdminLogin::extentionadminlogin_new_edit',NULL,'deny'),(8944,13,'Mageants_ExtentionAdminLogin::extentionadminlogin_save',NULL,'deny'),(8945,13,'Mageants_ExtentionAdminLogin::extentionadminlogin_delete',NULL,'deny'),(8946,13,'Mageants_ExtentionAdminLogin::extentionadminlogin_massenable',NULL,'deny'),(8947,13,'Mageants_ExtentionAdminLogin::extentionadminlogin_massdisable',NULL,'deny'),(8948,13,'Mageants_ExtentionAdminLogin::extentionadminlogin_massdelete',NULL,'deny'),(8949,13,'Magento_Sales::sales',NULL,'allow'),(8950,13,'Magento_Sales::sales_operation',NULL,'allow'),(8951,13,'Magento_Sales::sales_order',NULL,'allow'),(8952,13,'Magento_Sales::actions',NULL,'allow'),(8953,13,'Magento_Sales::create',NULL,'allow'),(8954,13,'Magento_Sales::actions_view',NULL,'allow'),(8955,13,'Magento_Sales::email',NULL,'allow'),(8956,13,'Magento_Sales::reorder',NULL,'allow'),(8957,13,'Magento_Sales::actions_edit',NULL,'allow'),(8958,13,'Magento_Sales::cancel',NULL,'allow'),(8959,13,'Magento_Sales::review_payment',NULL,'allow'),(8960,13,'Magento_Sales::capture',NULL,'allow'),(8961,13,'Magento_Sales::invoice',NULL,'allow'),(8962,13,'Magento_Sales::creditmemo',NULL,'allow'),(8963,13,'Magento_Sales::hold',NULL,'allow'),(8964,13,'Magento_Sales::unhold',NULL,'allow'),(8965,13,'Magento_Sales::ship',NULL,'allow'),(8966,13,'Magento_Sales::comment',NULL,'allow'),(8967,13,'Magento_Sales::emails',NULL,'allow'),(8968,13,'Magento_Paypal::authorization',NULL,'allow'),(8969,13,'Magento_Sales::sales_invoice',NULL,'allow'),(8970,13,'Magento_Sales::shipment',NULL,'allow'),(8971,13,'Magento_Sales::sales_creditmemo',NULL,'allow'),(8972,13,'Magento_Paypal::billing_agreement',NULL,'allow'),(8973,13,'Magento_Paypal::billing_agreement_actions',NULL,'allow'),(8974,13,'Magento_Paypal::billing_agreement_actions_view',NULL,'allow'),(8975,13,'Magento_Paypal::actions_manage',NULL,'allow'),(8976,13,'Magento_Paypal::use',NULL,'allow'),(8977,13,'Magento_Sales::transactions',NULL,'allow'),(8978,13,'Magento_Sales::transactions_fetch',NULL,'allow'),(8979,13,'Magento_Catalog::catalog',NULL,'allow'),(8980,13,'Magento_Catalog::catalog_inventory',NULL,'allow'),(8981,13,'Magento_Catalog::products',NULL,'allow'),(8982,13,'Magento_Catalog::update_attributes',NULL,'allow'),(8983,13,'Magento_Catalog::edit_product_design',NULL,'allow'),(8984,13,'Magento_Catalog::categories',NULL,'deny'),(8985,13,'Magento_Catalog::edit_category_design',NULL,'deny'),(8986,13,'Magento_Customer::customer',NULL,'allow'),(8987,13,'Magento_Customer::manage',NULL,'allow'),(8988,13,'Magento_Customer::actions',NULL,'allow'),(8989,13,'Magento_Customer::delete',NULL,'allow'),(8990,13,'Magento_Customer::reset_password',NULL,'allow'),(8991,13,'Magento_Customer::invalidate_tokens',NULL,'allow'),(8992,13,'Magento_LoginAsCustomer::allow_shopping_assistance',NULL,'allow'),(8993,13,'Mageants_LoginAsCustomer::loginascustomer_button',NULL,'deny'),(8994,13,'Magento_Customer::online',NULL,'deny'),(8995,13,'Magento_Customer::group',NULL,'deny'),(8996,13,'Mageants_LoginAsCustomer::loginascustomer_content',NULL,'deny'),(8997,13,'Mageants_LoginAsCustomer::list_of_login_as_customer',NULL,'deny'),(8998,13,'Mageants_LoginAsCustomer::MassDelete',NULL,'deny'),(8999,13,'Magento_LoginAsCustomer::login',NULL,'deny'),(9000,13,'Magento_LoginAsCustomerLog::login_log',NULL,'deny'),(9001,13,'Magento_Cart::cart',NULL,'deny'),(9002,13,'Magento_Cart::manage',NULL,'deny'),(9003,13,'Magento_Backend::myaccount',NULL,'deny'),(9004,13,'Magento_Backend::marketing',NULL,'deny'),(9005,13,'Magento_CatalogRule::promo',NULL,'deny'),(9006,13,'Magento_CatalogRule::promo_catalog',NULL,'deny'),(9007,13,'Magento_SalesRule::quote',NULL,'deny'),(9008,13,'Dotdigitalgroup_Email::automation',NULL,'deny'),(9009,13,'Dotdigitalgroup_Email::automation_studio',NULL,'deny'),(9010,13,'Dotdigitalgroup_Chat::config',NULL,'deny'),(9011,13,'Dotdigitalgroup_Sms::config',NULL,'deny'),(9012,13,'Dotdigitalgroup_Email::exclusion_rules',NULL,'deny'),(9013,13,'Magento_Backend::marketing_communications',NULL,'deny'),(9014,13,'Magento_Email::template',NULL,'deny'),(9015,13,'Magento_Newsletter::template',NULL,'deny'),(9016,13,'Magento_Newsletter::queue',NULL,'deny'),(9017,13,'Magento_Newsletter::subscriber',NULL,'deny'),(9018,13,'Magento_Backend::marketing_seo',NULL,'deny'),(9019,13,'Magento_Search::search',NULL,'deny'),(9020,13,'Magento_Search::synonyms',NULL,'deny'),(9021,13,'Magento_UrlRewrite::urlrewrite',NULL,'deny'),(9022,13,'Magento_Sitemap::sitemap',NULL,'deny'),(9023,13,'Magento_Backend::marketing_user_content',NULL,'deny'),(9024,13,'Magento_Review::reviews_all',NULL,'deny'),(9025,13,'Magento_Review::pending',NULL,'deny'),(9026,13,'Yotpo_Yotpo::yotpo_report_reviews',NULL,'deny'),(9027,13,'Magento_Backend::content',NULL,'deny'),(9028,13,'Magento_Backend::content_elements',NULL,'deny'),(9029,13,'Magento_Cms::page',NULL,'deny'),(9030,13,'Magento_Cms::save',NULL,'deny'),(9031,13,'Magento_Cms::save_design',NULL,'deny'),(9032,13,'Magento_Cms::page_delete',NULL,'deny'),(9033,13,'Magento_Cms::block',NULL,'deny'),(9034,13,'Magento_Widget::widget_instance',NULL,'deny'),(9035,13,'Magento_Cms::media_gallery',NULL,'deny'),(9036,13,'Magento_MediaGalleryUiApi::insert_assets',NULL,'deny'),(9037,13,'Magento_MediaGalleryUiApi::upload_assets',NULL,'deny'),(9038,13,'Magento_MediaGalleryUiApi::edit_assets',NULL,'deny'),(9039,13,'Magento_AdobeStockImageAdminUi::media_gallery',NULL,'deny'),(9040,13,'Magento_AdobeStockImageAdminUi::save_preview_images',NULL,'deny'),(9041,13,'Magento_AdobeStockImageAdminUi::license_images',NULL,'deny'),(9042,13,'Magento_MediaGalleryUiApi::delete_assets',NULL,'deny'),(9043,13,'Magento_MediaGalleryUiApi::create_folder',NULL,'deny'),(9044,13,'Magento_MediaGalleryUiApi::delete_folder',NULL,'deny'),(9045,13,'Magento_PageBuilder::templates',NULL,'deny'),(9046,13,'Magento_PageBuilder::template_save',NULL,'deny'),(9047,13,'Magento_PageBuilder::template_apply',NULL,'deny'),(9048,13,'Magento_PageBuilder::template_delete',NULL,'deny'),(9049,13,'Magento_Backend::design',NULL,'deny'),(9050,13,'Magento_Theme::theme',NULL,'deny'),(9051,13,'Magento_Backend::schedule',NULL,'deny'),(9052,13,'Magento_Backend::content_translation',NULL,'deny'),(9053,13,'Magento_Reports::report',NULL,'deny'),(9054,13,'Dotdigitalgroup_Sms::reports',NULL,'deny'),(9055,13,'Dotdigitalgroup_Sms::report',NULL,'deny'),(9056,13,'Dotdigitalgroup_Email::reports',NULL,'deny'),(9057,13,'Dotdigitalgroup_Email::contact',NULL,'deny'),(9058,13,'Dotdigitalgroup_Email::order',NULL,'deny'),(9059,13,'Dotdigitalgroup_Email::review',NULL,'deny'),(9060,13,'Dotdigitalgroup_Email::wishlist',NULL,'deny'),(9061,13,'Dotdigitalgroup_Email::catalog',NULL,'deny'),(9062,13,'Dotdigitalgroup_Email::importer',NULL,'deny'),(9063,13,'Dotdigitalgroup_Email::campaign',NULL,'deny'),(9064,13,'Dotdigitalgroup_Email::cron',NULL,'deny'),(9065,13,'Dotdigitalgroup_Email::dashboard',NULL,'deny'),(9066,13,'Dotdigitalgroup_Email::automation_enrollment',NULL,'deny'),(9067,13,'Dotdigitalgroup_Email::logviewer',NULL,'deny'),(9068,13,'Dotdigitalgroup_Email::abandoned',NULL,'deny'),(9069,13,'Magento_Reports::report_marketing',NULL,'deny'),(9070,13,'Magento_Reports::shopcart',NULL,'deny'),(9071,13,'Magento_Reports::product',NULL,'deny'),(9072,13,'Magento_Reports::abandoned',NULL,'deny'),(9073,13,'Magento_Reports::report_search',NULL,'deny'),(9074,13,'Magento_Newsletter::problem',NULL,'deny'),(9075,13,'Magento_Reports::review',NULL,'deny'),(9076,13,'Magento_Reports::review_customer',NULL,'deny'),(9077,13,'Magento_Reports::review_product',NULL,'deny'),(9078,13,'Yotpo_Yotpo::yotpo_reviews_external',NULL,'deny'),(9079,13,'Magento_Reports::salesroot',NULL,'deny'),(9080,13,'Magento_Reports::salesroot_sales',NULL,'deny'),(9081,13,'Magento_Reports::tax',NULL,'deny'),(9082,13,'Magento_Reports::invoiced',NULL,'deny'),(9083,13,'Magento_Reports::shipping',NULL,'deny'),(9084,13,'Magento_Reports::refunded',NULL,'deny'),(9085,13,'Magento_Reports::coupons',NULL,'deny'),(9086,13,'Magento_Paypal::paypal_settlement_reports',NULL,'deny'),(9087,13,'Magento_Paypal::paypal_settlement_reports_view',NULL,'deny'),(9088,13,'Magento_Paypal::fetch',NULL,'deny'),(9089,13,'PayPal_Braintree::settlement_report',NULL,'deny'),(9090,13,'Magento_Reports::customers',NULL,'deny'),(9091,13,'Magento_Reports::totals',NULL,'deny'),(9092,13,'Magento_Reports::customers_orders',NULL,'deny'),(9093,13,'Magento_Reports::accounts',NULL,'deny'),(9094,13,'Magento_Reports::report_products',NULL,'deny'),(9095,13,'Magento_Reports::viewed',NULL,'deny'),(9096,13,'Magento_Reports::bestsellers',NULL,'deny'),(9097,13,'Magento_Reports::lowstock',NULL,'deny'),(9098,13,'Magento_Reports::sold',NULL,'deny'),(9099,13,'Magento_Reports::downloads',NULL,'deny'),(9100,13,'Magento_Reports::statistics',NULL,'deny'),(9101,13,'Magento_Reports::statistics_refresh',NULL,'deny'),(9102,13,'Magento_Analytics::business_intelligence',NULL,'deny'),(9103,13,'Magento_Analytics::advanced_reporting',NULL,'deny'),(9104,13,'Magento_Analytics::bi_essentials',NULL,'deny'),(9105,13,'Yotpo_Yotpo::yotpo_analytics_external',NULL,'deny'),(9106,13,'Magento_Backend::stores',NULL,'allow'),(9107,13,'Magento_Backend::stores_settings',NULL,'allow'),(9108,13,'Magento_Backend::store',NULL,'deny'),(9109,13,'Magento_Config::config',NULL,'allow'),(9110,13,'MagePal_GmailSmtpApp::magepal_gmailsmtpapp',NULL,'deny'),(9111,13,'Magento_Catalog::config_catalog',NULL,'deny'),(9112,13,'Magento_CatalogSearch::config_catalog_search',NULL,'deny'),(9113,13,'Dotdigitalgroup_Email::config',NULL,'deny'),(9114,13,'Magento_Newsletter::newsletter',NULL,'deny'),(9115,13,'Magento_LoginAsCustomer::config_section',NULL,'deny'),(9116,13,'Magento_GoogleAnalytics::google',NULL,'deny'),(9117,13,'Magento_Downloadable::downloadable',NULL,'deny'),(9118,13,'Magento_Payment::payment_services',NULL,'deny'),(9119,13,'Magento_Payment::payment',NULL,'deny'),(9120,13,'Magento_CatalogInventory::cataloginventory',NULL,'deny'),(9121,13,'Magento_Contact::contact',NULL,'deny'),(9122,13,'Magento_Cms::config_cms',NULL,'deny'),(9123,13,'Mageants_Forcelogin::system_config',NULL,'deny'),(9124,13,'Magento_Shipping::config_shipping',NULL,'deny'),(9125,13,'Magento_Shipping::shipping_policy',NULL,'deny'),(9126,13,'Magento_Shipping::carriers',NULL,'deny'),(9127,13,'Magento_Multishipping::config_multishipping',NULL,'deny'),(9128,13,'Magento_Securitytxt::config',NULL,'deny'),(9129,13,'Magento_ReCaptchaUi::config',NULL,'deny'),(9130,13,'Mageants_Couponimport::mageants_config',NULL,'deny'),(9131,13,'Mageants_SimpleConfigurable::mageants_simpleconfigurable_config',NULL,'allow'),(9132,13,'Mageants_CustomStockStatus::custom_stock_content',NULL,'deny'),(9133,13,'Mageants_CustomStockStatus::configuration',NULL,'deny'),(9134,13,'Mageants_Sample::config',NULL,'deny'),(9135,13,'Mageants_CustomOrderNumber::configuration',NULL,'deny'),(9136,13,'Magento_Config::config_general',NULL,'deny'),(9137,13,'Magento_Config::web',NULL,'deny'),(9138,13,'Magento_Config::config_design',NULL,'deny'),(9139,13,'Mageants_CustomerApproval::customerApproval_config',NULL,'deny'),(9140,13,'Mageants_ExtentionAdminLogin::mageants_extentionadminlogin',NULL,'deny'),(9141,13,'Magento_Customer::config_customer',NULL,'deny'),(9142,13,'Mageants_LoginAsCustomer::loginascustomer_config',NULL,'deny'),(9143,13,'Mageants_CheckoutSuccessPage::Configuration',NULL,'deny'),(9144,13,'Mageants_CustomStockStatus::mageants_customstockst',NULL,'deny'),(9145,13,'Magento_Paypal::paypal',NULL,'deny'),(9146,13,'Magento_Tax::config_tax',NULL,'deny'),(9147,13,'Magento_Checkout::checkout',NULL,'deny'),(9148,13,'Magento_Sales::config_sales',NULL,'deny'),(9149,13,'Mageants_MinOrderCustomerGroup::minimum_order',NULL,'deny'),(9150,13,'Magento_Persistent::persistent',NULL,'deny'),(9151,13,'Magento_Sales::sales_email',NULL,'deny'),(9152,13,'Magento_Sales::sales_pdf',NULL,'deny'),(9153,13,'Magento_Sitemap::config_sitemap',NULL,'deny'),(9154,13,'Magento_Reports::reports',NULL,'deny'),(9155,13,'Yotpo_Core::config',NULL,'deny'),(9156,13,'Yotpo_Yotpo::config',NULL,'deny'),(9157,13,'Magento_Config::config_system',NULL,'deny'),(9158,13,'Magento_Wishlist::config_wishlist',NULL,'deny'),(9159,13,'Magento_SalesRule::config_promo',NULL,'deny'),(9160,13,'Magento_Config::trans_email',NULL,'deny'),(9161,13,'Magento_Config::config_admin',NULL,'deny'),(9162,13,'Magento_Config::dev',NULL,'deny'),(9163,13,'Magento_Config::currency',NULL,'deny'),(9164,13,'Magento_Rss::rss',NULL,'deny'),(9165,13,'Magento_Config::sendfriend',NULL,'deny'),(9166,13,'Magento_Analytics::analytics_settings',NULL,'deny'),(9167,13,'Mageants_InfiniteScroll::infinitescroll',NULL,'deny'),(9168,13,'Mageants_SpamAndBotBlocker::config',NULL,'deny'),(9169,13,'Magento_NewRelicReporting::config_newrelicreporting',NULL,'deny'),(9170,13,'Magento_CheckoutAgreements::checkoutagreement',NULL,'deny'),(9171,13,'Magento_Sales::order_statuses',NULL,'deny'),(9172,13,'Magento_InventoryApi::inventory',NULL,'deny'),(9173,13,'Magento_InventoryApi::source',NULL,'deny'),(9174,13,'Magento_InventoryApi::source_edit',NULL,'deny'),(9175,13,'Magento_InventoryApi::stock',NULL,'deny'),(9176,13,'Magento_InventoryApi::stock_edit',NULL,'deny'),(9177,13,'Magento_InventoryApi::stock_delete',NULL,'deny'),(9178,13,'Magento_InventoryApi::stock_source_link',NULL,'deny'),(9179,13,'Magento_InventoryInStorePickupApi::inStorePickup',NULL,'deny'),(9180,13,'Magento_InventoryInStorePickupApi::notify_orders_are_ready_for_pickup',NULL,'deny'),(9181,13,'Magento_InventorySalesApi::stock',NULL,'deny'),(9182,13,'Magento_Tax::manage_tax',NULL,'deny'),(9183,13,'Magento_CurrencySymbol::system_currency',NULL,'deny'),(9184,13,'Magento_CurrencySymbol::currency_rates',NULL,'deny'),(9185,13,'Magento_CurrencySymbol::symbols',NULL,'deny'),(9186,13,'Magento_Backend::stores_attributes',NULL,'deny'),(9187,13,'Magento_Catalog::attributes_attributes',NULL,'deny'),(9188,13,'Magento_Catalog::sets',NULL,'deny'),(9189,13,'Magento_Review::ratings',NULL,'deny'),(9190,13,'Magento_Swatches::iframe',NULL,'deny'),(9191,13,'Magento_Backend::stores_other_settings',NULL,'deny'),(9192,13,'Magento_Backend::system',NULL,'allow'),(9193,13,'Magento_AdobeIms::adobe_ims',NULL,'deny'),(9194,13,'Magento_AdobeIms::actions',NULL,'deny'),(9195,13,'Magento_AdobeIms::login',NULL,'deny'),(9196,13,'Magento_AdobeIms::logout',NULL,'deny'),(9197,13,'Magento_AdobeStockAsset::adobe_stock_asset',NULL,'deny'),(9198,13,'Magento_AdobeStockAsset::actions',NULL,'deny'),(9199,13,'Magento_AdobeStockAsset::actions_delete',NULL,'deny'),(9200,13,'Magento_AdobeStockAsset::actions_save',NULL,'deny'),(9201,13,'Magento_AdobeStockAsset::actions_view',NULL,'deny'),(9202,13,'Magento_AdobeStockAsset::actions_get',NULL,'deny'),(9203,13,'Magento_Backend::convert',NULL,'deny'),(9204,13,'Magento_ImportExport::import',NULL,'deny'),(9205,13,'Magento_ImportExport::export',NULL,'deny'),(9206,13,'Magento_TaxImportExport::import_export',NULL,'deny'),(9207,13,'Magento_ImportExport::history',NULL,'deny'),(9208,13,'Klarna_Core::system_support_form',NULL,'deny'),(9209,13,'Magento_Backend::extensions',NULL,'deny'),(9210,13,'Magento_Backend::local',NULL,'deny'),(9211,13,'Magento_Backend::custom',NULL,'deny'),(9212,13,'Klarna_Core::system_logging',NULL,'deny'),(9213,13,'Magento_Integration::extensions',NULL,'deny'),(9214,13,'Magento_Integration::integrations',NULL,'deny'),(9215,13,'Magento_Backend::tools',NULL,'allow'),(9216,13,'Magento_Backend::cache',NULL,'allow'),(9217,13,'Magento_Backend::main_actions',NULL,'allow'),(9218,13,'Magento_Backend::flush_cache_storage',NULL,'allow'),(9219,13,'Magento_Backend::flush_magento_cache',NULL,'allow'),(9220,13,'Magento_Backend::mass_actions',NULL,'allow'),(9221,13,'Magento_Backend::toggling_cache_type',NULL,'allow'),(9222,13,'Magento_Backend::refresh_cache_type',NULL,'allow'),(9223,13,'Magento_Backend::additional_cache_management',NULL,'allow'),(9224,13,'Magento_Backend::flush_catalog_images',NULL,'allow'),(9225,13,'Magento_Backend::flush_js_css',NULL,'allow'),(9226,13,'Magento_Backend::flush_static_files',NULL,'allow'),(9227,13,'Magento_Backup::backup',NULL,'deny'),(9228,13,'Magento_Backup::rollback',NULL,'deny'),(9229,13,'Magento_Indexer::index',NULL,'deny'),(9230,13,'Magento_Indexer::changeMode',NULL,'deny'),(9231,13,'Magento_Indexer::invalidate',NULL,'deny'),(9232,13,'Magefan_ConflictDetector::elements',NULL,'deny'),(9233,13,'Magento_User::acl',NULL,'deny'),(9234,13,'Magento_User::acl_users',NULL,'deny'),(9235,13,'Magento_User::locks',NULL,'deny'),(9236,13,'Magento_User::acl_roles',NULL,'deny'),(9237,13,'Magento_Logging::magento_logging',NULL,'deny'),(9238,13,'Magento_Logging::magento_logging_events',NULL,'deny'),(9239,13,'Magento_Logging::system_magento_logging_bulk_operations',NULL,'deny'),(9240,13,'Magento_Backend::system_other_settings',NULL,'deny'),(9241,13,'Magento_AdminNotification::adminnotification',NULL,'deny'),(9242,13,'Magento_AdminNotification::show_toolbar',NULL,'deny'),(9243,13,'Magento_AdminNotification::show_list',NULL,'deny'),(9244,13,'Magento_AdminNotification::mark_as_read',NULL,'deny'),(9245,13,'Magento_AdminNotification::adminnotification_remove',NULL,'deny'),(9246,13,'Magento_Variable::variable',NULL,'deny'),(9247,13,'Magento_EncryptionKey::crypt_key',NULL,'deny'),(9248,13,'Magento_Backend::global_search',NULL,'deny'),(9249,14,'Magento_Backend::all',NULL,'deny'),(9250,14,'Magento_Backend::admin',NULL,'allow'),(9251,14,'Magento_Backend::dashboard',NULL,'deny'),(9252,14,'Magento_Analytics::analytics',NULL,'deny'),(9253,14,'Magento_Analytics::analytics_api',NULL,'deny'),(9254,14,'Mageants_ExtentionAdminLogin::extentionadminlogin_content',NULL,'deny'),(9255,14,'Mageants_ExtentionAdminLogin::extentionadminlogin_grid',NULL,'deny'),(9256,14,'Mageants_ExtentionAdminLogin::extentionadminlogin_new_edit',NULL,'deny'),(9257,14,'Mageants_ExtentionAdminLogin::extentionadminlogin_save',NULL,'deny'),(9258,14,'Mageants_ExtentionAdminLogin::extentionadminlogin_delete',NULL,'deny'),(9259,14,'Mageants_ExtentionAdminLogin::extentionadminlogin_massenable',NULL,'deny'),(9260,14,'Mageants_ExtentionAdminLogin::extentionadminlogin_massdisable',NULL,'deny'),(9261,14,'Mageants_ExtentionAdminLogin::extentionadminlogin_massdelete',NULL,'deny'),(9262,14,'Magento_Sales::sales',NULL,'allow'),(9263,14,'Magento_Sales::sales_operation',NULL,'allow'),(9264,14,'Magento_Sales::sales_order',NULL,'allow'),(9265,14,'Magento_Sales::actions',NULL,'allow'),(9266,14,'Magento_Sales::create',NULL,'allow'),(9267,14,'Magento_Sales::actions_view',NULL,'allow'),(9268,14,'Magento_Sales::email',NULL,'allow'),(9269,14,'Magento_Sales::reorder',NULL,'allow'),(9270,14,'Magento_Sales::actions_edit',NULL,'allow'),(9271,14,'Magento_Sales::cancel',NULL,'allow'),(9272,14,'Magento_Sales::review_payment',NULL,'allow'),(9273,14,'Magento_Sales::capture',NULL,'allow'),(9274,14,'Magento_Sales::invoice',NULL,'allow'),(9275,14,'Magento_Sales::creditmemo',NULL,'allow'),(9276,14,'Magento_Sales::hold',NULL,'allow'),(9277,14,'Magento_Sales::unhold',NULL,'allow'),(9278,14,'Magento_Sales::ship',NULL,'allow'),(9279,14,'Magento_Sales::comment',NULL,'allow'),(9280,14,'Magento_Sales::emails',NULL,'allow'),(9281,14,'Magento_Paypal::authorization',NULL,'allow'),(9282,14,'Magento_Sales::sales_invoice',NULL,'allow'),(9283,14,'Magento_Sales::shipment',NULL,'allow'),(9284,14,'Magento_Sales::sales_creditmemo',NULL,'allow'),(9285,14,'Magento_Paypal::billing_agreement',NULL,'allow'),(9286,14,'Magento_Paypal::billing_agreement_actions',NULL,'allow'),(9287,14,'Magento_Paypal::billing_agreement_actions_view',NULL,'allow'),(9288,14,'Magento_Paypal::actions_manage',NULL,'allow'),(9289,14,'Magento_Paypal::use',NULL,'allow'),(9290,14,'Magento_Sales::transactions',NULL,'allow'),(9291,14,'Magento_Sales::transactions_fetch',NULL,'allow'),(9292,14,'Magento_Catalog::catalog',NULL,'allow'),(9293,14,'Magento_Catalog::catalog_inventory',NULL,'allow'),(9294,14,'Magento_Catalog::products',NULL,'allow'),(9295,14,'Magento_Catalog::update_attributes',NULL,'allow'),(9296,14,'Magento_Catalog::edit_product_design',NULL,'allow'),(9297,14,'Magento_Catalog::categories',NULL,'deny'),(9298,14,'Magento_Catalog::edit_category_design',NULL,'deny'),(9299,14,'Magento_Customer::customer',NULL,'allow'),(9300,14,'Magento_Customer::manage',NULL,'allow'),(9301,14,'Magento_Customer::actions',NULL,'allow'),(9302,14,'Magento_Customer::delete',NULL,'allow'),(9303,14,'Magento_Customer::reset_password',NULL,'allow'),(9304,14,'Magento_Customer::invalidate_tokens',NULL,'allow'),(9305,14,'Magento_LoginAsCustomer::allow_shopping_assistance',NULL,'allow'),(9306,14,'Mageants_LoginAsCustomer::loginascustomer_button',NULL,'deny'),(9307,14,'Magento_Customer::online',NULL,'deny'),(9308,14,'Magento_Customer::group',NULL,'deny'),(9309,14,'Mageants_LoginAsCustomer::loginascustomer_content',NULL,'deny'),(9310,14,'Mageants_LoginAsCustomer::list_of_login_as_customer',NULL,'deny'),(9311,14,'Mageants_LoginAsCustomer::MassDelete',NULL,'deny'),(9312,14,'Magento_LoginAsCustomer::login',NULL,'deny'),(9313,14,'Magento_LoginAsCustomerLog::login_log',NULL,'deny'),(9314,14,'Magento_Cart::cart',NULL,'deny'),(9315,14,'Magento_Cart::manage',NULL,'deny'),(9316,14,'Magento_Backend::myaccount',NULL,'deny'),(9317,14,'Magento_Backend::marketing',NULL,'deny'),(9318,14,'Magento_CatalogRule::promo',NULL,'deny'),(9319,14,'Magento_CatalogRule::promo_catalog',NULL,'deny'),(9320,14,'Magento_SalesRule::quote',NULL,'deny'),(9321,14,'Dotdigitalgroup_Email::automation',NULL,'deny'),(9322,14,'Dotdigitalgroup_Email::automation_studio',NULL,'deny'),(9323,14,'Dotdigitalgroup_Chat::config',NULL,'deny'),(9324,14,'Dotdigitalgroup_Sms::config',NULL,'deny'),(9325,14,'Dotdigitalgroup_Email::exclusion_rules',NULL,'deny'),(9326,14,'Magento_Backend::marketing_communications',NULL,'deny'),(9327,14,'Magento_Email::template',NULL,'deny'),(9328,14,'Magento_Newsletter::template',NULL,'deny'),(9329,14,'Magento_Newsletter::queue',NULL,'deny'),(9330,14,'Magento_Newsletter::subscriber',NULL,'deny'),(9331,14,'Magento_Backend::marketing_seo',NULL,'deny'),(9332,14,'Magento_Search::search',NULL,'deny'),(9333,14,'Magento_Search::synonyms',NULL,'deny'),(9334,14,'Magento_UrlRewrite::urlrewrite',NULL,'deny'),(9335,14,'Magento_Sitemap::sitemap',NULL,'deny'),(9336,14,'Magento_Backend::marketing_user_content',NULL,'deny'),(9337,14,'Magento_Review::reviews_all',NULL,'deny'),(9338,14,'Magento_Review::pending',NULL,'deny'),(9339,14,'Yotpo_Yotpo::yotpo_report_reviews',NULL,'deny'),(9340,14,'Magento_Backend::content',NULL,'deny'),(9341,14,'Magento_Backend::content_elements',NULL,'deny'),(9342,14,'Magento_Cms::page',NULL,'deny'),(9343,14,'Magento_Cms::save',NULL,'deny'),(9344,14,'Magento_Cms::save_design',NULL,'deny'),(9345,14,'Magento_Cms::page_delete',NULL,'deny'),(9346,14,'Magento_Cms::block',NULL,'deny'),(9347,14,'Magento_Widget::widget_instance',NULL,'deny'),(9348,14,'Magento_Cms::media_gallery',NULL,'deny'),(9349,14,'Magento_MediaGalleryUiApi::insert_assets',NULL,'deny'),(9350,14,'Magento_MediaGalleryUiApi::upload_assets',NULL,'deny'),(9351,14,'Magento_MediaGalleryUiApi::edit_assets',NULL,'deny'),(9352,14,'Magento_AdobeStockImageAdminUi::media_gallery',NULL,'deny'),(9353,14,'Magento_AdobeStockImageAdminUi::save_preview_images',NULL,'deny'),(9354,14,'Magento_AdobeStockImageAdminUi::license_images',NULL,'deny'),(9355,14,'Magento_MediaGalleryUiApi::delete_assets',NULL,'deny'),(9356,14,'Magento_MediaGalleryUiApi::create_folder',NULL,'deny'),(9357,14,'Magento_MediaGalleryUiApi::delete_folder',NULL,'deny'),(9358,14,'Magento_PageBuilder::templates',NULL,'deny'),(9359,14,'Magento_PageBuilder::template_save',NULL,'deny'),(9360,14,'Magento_PageBuilder::template_apply',NULL,'deny'),(9361,14,'Magento_PageBuilder::template_delete',NULL,'deny'),(9362,14,'Magento_Backend::design',NULL,'deny'),(9363,14,'Magento_Theme::theme',NULL,'deny'),(9364,14,'Magento_Backend::schedule',NULL,'deny'),(9365,14,'Magento_Backend::content_translation',NULL,'deny'),(9366,14,'Magento_Reports::report',NULL,'deny'),(9367,14,'Dotdigitalgroup_Sms::reports',NULL,'deny'),(9368,14,'Dotdigitalgroup_Sms::report',NULL,'deny'),(9369,14,'Dotdigitalgroup_Email::reports',NULL,'deny'),(9370,14,'Dotdigitalgroup_Email::contact',NULL,'deny'),(9371,14,'Dotdigitalgroup_Email::order',NULL,'deny'),(9372,14,'Dotdigitalgroup_Email::review',NULL,'deny'),(9373,14,'Dotdigitalgroup_Email::wishlist',NULL,'deny'),(9374,14,'Dotdigitalgroup_Email::catalog',NULL,'deny'),(9375,14,'Dotdigitalgroup_Email::importer',NULL,'deny'),(9376,14,'Dotdigitalgroup_Email::campaign',NULL,'deny'),(9377,14,'Dotdigitalgroup_Email::cron',NULL,'deny'),(9378,14,'Dotdigitalgroup_Email::dashboard',NULL,'deny'),(9379,14,'Dotdigitalgroup_Email::automation_enrollment',NULL,'deny'),(9380,14,'Dotdigitalgroup_Email::logviewer',NULL,'deny'),(9381,14,'Dotdigitalgroup_Email::abandoned',NULL,'deny'),(9382,14,'Magento_Reports::report_marketing',NULL,'deny'),(9383,14,'Magento_Reports::shopcart',NULL,'deny'),(9384,14,'Magento_Reports::product',NULL,'deny'),(9385,14,'Magento_Reports::abandoned',NULL,'deny'),(9386,14,'Magento_Reports::report_search',NULL,'deny'),(9387,14,'Magento_Newsletter::problem',NULL,'deny'),(9388,14,'Magento_Reports::review',NULL,'deny'),(9389,14,'Magento_Reports::review_customer',NULL,'deny'),(9390,14,'Magento_Reports::review_product',NULL,'deny'),(9391,14,'Yotpo_Yotpo::yotpo_reviews_external',NULL,'deny'),(9392,14,'Magento_Reports::salesroot',NULL,'deny'),(9393,14,'Magento_Reports::salesroot_sales',NULL,'deny'),(9394,14,'Magento_Reports::tax',NULL,'deny'),(9395,14,'Magento_Reports::invoiced',NULL,'deny'),(9396,14,'Magento_Reports::shipping',NULL,'deny'),(9397,14,'Magento_Reports::refunded',NULL,'deny'),(9398,14,'Magento_Reports::coupons',NULL,'deny'),(9399,14,'Magento_Paypal::paypal_settlement_reports',NULL,'deny'),(9400,14,'Magento_Paypal::paypal_settlement_reports_view',NULL,'deny'),(9401,14,'Magento_Paypal::fetch',NULL,'deny'),(9402,14,'PayPal_Braintree::settlement_report',NULL,'deny'),(9403,14,'Magento_Reports::customers',NULL,'deny'),(9404,14,'Magento_Reports::totals',NULL,'deny'),(9405,14,'Magento_Reports::customers_orders',NULL,'deny'),(9406,14,'Magento_Reports::accounts',NULL,'deny'),(9407,14,'Magento_Reports::report_products',NULL,'deny'),(9408,14,'Magento_Reports::viewed',NULL,'deny'),(9409,14,'Magento_Reports::bestsellers',NULL,'deny'),(9410,14,'Magento_Reports::lowstock',NULL,'deny'),(9411,14,'Magento_Reports::sold',NULL,'deny'),(9412,14,'Magento_Reports::downloads',NULL,'deny'),(9413,14,'Magento_Reports::statistics',NULL,'deny'),(9414,14,'Magento_Reports::statistics_refresh',NULL,'deny'),(9415,14,'Magento_Analytics::business_intelligence',NULL,'deny'),(9416,14,'Magento_Analytics::advanced_reporting',NULL,'deny'),(9417,14,'Magento_Analytics::bi_essentials',NULL,'deny'),(9418,14,'Yotpo_Yotpo::yotpo_analytics_external',NULL,'deny'),(9419,14,'Magento_Backend::stores',NULL,'allow'),(9420,14,'Magento_Backend::stores_settings',NULL,'allow'),(9421,14,'Magento_Backend::store',NULL,'deny'),(9422,14,'Magento_Config::config',NULL,'allow'),(9423,14,'MagePal_GmailSmtpApp::magepal_gmailsmtpapp',NULL,'deny'),(9424,14,'Magento_Catalog::config_catalog',NULL,'deny'),(9425,14,'Magento_CatalogSearch::config_catalog_search',NULL,'deny'),(9426,14,'Dotdigitalgroup_Email::config',NULL,'deny'),(9427,14,'Magento_Newsletter::newsletter',NULL,'deny'),(9428,14,'Magento_LoginAsCustomer::config_section',NULL,'deny'),(9429,14,'Magento_GoogleAnalytics::google',NULL,'deny'),(9430,14,'Magento_Downloadable::downloadable',NULL,'deny'),(9431,14,'Magento_Payment::payment_services',NULL,'deny'),(9432,14,'Magento_Payment::payment',NULL,'deny'),(9433,14,'Magento_CatalogInventory::cataloginventory',NULL,'deny'),(9434,14,'Magento_Contact::contact',NULL,'deny'),(9435,14,'Magento_Cms::config_cms',NULL,'deny'),(9436,14,'Mageants_Forcelogin::system_config',NULL,'deny'),(9437,14,'Magento_Shipping::config_shipping',NULL,'deny'),(9438,14,'Magento_Shipping::shipping_policy',NULL,'deny'),(9439,14,'Magento_Shipping::carriers',NULL,'deny'),(9440,14,'Magento_Multishipping::config_multishipping',NULL,'deny'),(9441,14,'Magento_Securitytxt::config',NULL,'deny'),(9442,14,'Magento_ReCaptchaUi::config',NULL,'deny'),(9443,14,'Mageants_Couponimport::mageants_config',NULL,'deny'),(9444,14,'Mageants_SimpleConfigurable::mageants_simpleconfigurable_config',NULL,'deny'),(9445,14,'Mageants_CustomStockStatus::custom_stock_content',NULL,'deny'),(9446,14,'Mageants_CustomStockStatus::configuration',NULL,'deny'),(9447,14,'Mageants_Sample::config',NULL,'deny'),(9448,14,'Mageants_CustomOrderNumber::configuration',NULL,'deny'),(9449,14,'Magento_Config::config_general',NULL,'deny'),(9450,14,'Magento_Config::web',NULL,'deny'),(9451,14,'Magento_Config::config_design',NULL,'deny'),(9452,14,'Mageants_CustomerApproval::customerApproval_config',NULL,'deny'),(9453,14,'Mageants_ExtentionAdminLogin::mageants_extentionadminlogin',NULL,'deny'),(9454,14,'Magento_Customer::config_customer',NULL,'deny'),(9455,14,'Mageants_LoginAsCustomer::loginascustomer_config',NULL,'deny'),(9456,14,'Mageants_CheckoutSuccessPage::Configuration',NULL,'deny'),(9457,14,'Mageants_CustomStockStatus::mageants_customstockst',NULL,'deny'),(9458,14,'Magento_Paypal::paypal',NULL,'deny'),(9459,14,'Magento_Tax::config_tax',NULL,'deny'),(9460,14,'Magento_Checkout::checkout',NULL,'deny'),(9461,14,'Magento_Sales::config_sales',NULL,'deny'),(9462,14,'Mageants_MinOrderCustomerGroup::minimum_order',NULL,'deny'),(9463,14,'Magento_Persistent::persistent',NULL,'deny'),(9464,14,'Magento_Sales::sales_email',NULL,'deny'),(9465,14,'Magento_Sales::sales_pdf',NULL,'deny'),(9466,14,'Magento_Sitemap::config_sitemap',NULL,'deny'),(9467,14,'Magento_Reports::reports',NULL,'deny'),(9468,14,'Yotpo_Core::config',NULL,'deny'),(9469,14,'Yotpo_Yotpo::config',NULL,'deny'),(9470,14,'Magento_Config::config_system',NULL,'deny'),(9471,14,'Magento_Wishlist::config_wishlist',NULL,'deny'),(9472,14,'Magento_SalesRule::config_promo',NULL,'deny'),(9473,14,'Magento_Config::trans_email',NULL,'deny'),(9474,14,'Magento_Config::config_admin',NULL,'deny'),(9475,14,'Magento_Config::dev',NULL,'deny'),(9476,14,'Magento_Config::currency',NULL,'deny'),(9477,14,'Magento_Rss::rss',NULL,'deny'),(9478,14,'Magento_Config::sendfriend',NULL,'deny'),(9479,14,'Magento_Analytics::analytics_settings',NULL,'deny'),(9480,14,'Mageants_InfiniteScroll::infinitescroll',NULL,'deny'),(9481,14,'Mageants_SpamAndBotBlocker::config',NULL,'allow'),(9482,14,'Magento_NewRelicReporting::config_newrelicreporting',NULL,'deny'),(9483,14,'Magento_CheckoutAgreements::checkoutagreement',NULL,'deny'),(9484,14,'Magento_Sales::order_statuses',NULL,'deny'),(9485,14,'Magento_InventoryApi::inventory',NULL,'deny'),(9486,14,'Magento_InventoryApi::source',NULL,'deny'),(9487,14,'Magento_InventoryApi::source_edit',NULL,'deny'),(9488,14,'Magento_InventoryApi::stock',NULL,'deny'),(9489,14,'Magento_InventoryApi::stock_edit',NULL,'deny'),(9490,14,'Magento_InventoryApi::stock_delete',NULL,'deny'),(9491,14,'Magento_InventoryApi::stock_source_link',NULL,'deny'),(9492,14,'Magento_InventoryInStorePickupApi::inStorePickup',NULL,'deny'),(9493,14,'Magento_InventoryInStorePickupApi::notify_orders_are_ready_for_pickup',NULL,'deny'),(9494,14,'Magento_InventorySalesApi::stock',NULL,'deny'),(9495,14,'Magento_Tax::manage_tax',NULL,'deny'),(9496,14,'Magento_CurrencySymbol::system_currency',NULL,'deny'),(9497,14,'Magento_CurrencySymbol::currency_rates',NULL,'deny'),(9498,14,'Magento_CurrencySymbol::symbols',NULL,'deny'),(9499,14,'Magento_Backend::stores_attributes',NULL,'deny'),(9500,14,'Magento_Catalog::attributes_attributes',NULL,'deny'),(9501,14,'Magento_Catalog::sets',NULL,'deny'),(9502,14,'Magento_Review::ratings',NULL,'deny'),(9503,14,'Magento_Swatches::iframe',NULL,'deny'),(9504,14,'Magento_Backend::stores_other_settings',NULL,'deny'),(9505,14,'Magento_Backend::system',NULL,'allow'),(9506,14,'Magento_AdobeIms::adobe_ims',NULL,'deny'),(9507,14,'Magento_AdobeIms::actions',NULL,'deny'),(9508,14,'Magento_AdobeIms::login',NULL,'deny'),(9509,14,'Magento_AdobeIms::logout',NULL,'deny'),(9510,14,'Magento_AdobeStockAsset::adobe_stock_asset',NULL,'deny'),(9511,14,'Magento_AdobeStockAsset::actions',NULL,'deny'),(9512,14,'Magento_AdobeStockAsset::actions_delete',NULL,'deny'),(9513,14,'Magento_AdobeStockAsset::actions_save',NULL,'deny'),(9514,14,'Magento_AdobeStockAsset::actions_view',NULL,'deny'),(9515,14,'Magento_AdobeStockAsset::actions_get',NULL,'deny'),(9516,14,'Magento_Backend::convert',NULL,'deny'),(9517,14,'Magento_ImportExport::import',NULL,'deny'),(9518,14,'Magento_ImportExport::export',NULL,'deny'),(9519,14,'Magento_TaxImportExport::import_export',NULL,'deny'),(9520,14,'Magento_ImportExport::history',NULL,'deny'),(9521,14,'Klarna_Core::system_support_form',NULL,'deny'),(9522,14,'Magento_Backend::extensions',NULL,'deny'),(9523,14,'Magento_Backend::local',NULL,'deny'),(9524,14,'Magento_Backend::custom',NULL,'deny'),(9525,14,'Klarna_Core::system_logging',NULL,'deny'),(9526,14,'Magento_Integration::extensions',NULL,'deny'),(9527,14,'Magento_Integration::integrations',NULL,'deny'),(9528,14,'Magento_Backend::tools',NULL,'allow'),(9529,14,'Magento_Backend::cache',NULL,'allow'),(9530,14,'Magento_Backend::main_actions',NULL,'allow'),(9531,14,'Magento_Backend::flush_cache_storage',NULL,'allow'),(9532,14,'Magento_Backend::flush_magento_cache',NULL,'allow'),(9533,14,'Magento_Backend::mass_actions',NULL,'allow'),(9534,14,'Magento_Backend::toggling_cache_type',NULL,'allow'),(9535,14,'Magento_Backend::refresh_cache_type',NULL,'allow'),(9536,14,'Magento_Backend::additional_cache_management',NULL,'allow'),(9537,14,'Magento_Backend::flush_catalog_images',NULL,'allow'),(9538,14,'Magento_Backend::flush_js_css',NULL,'allow'),(9539,14,'Magento_Backend::flush_static_files',NULL,'allow'),(9540,14,'Magento_Backup::backup',NULL,'deny'),(9541,14,'Magento_Backup::rollback',NULL,'deny'),(9542,14,'Magento_Indexer::index',NULL,'deny'),(9543,14,'Magento_Indexer::changeMode',NULL,'deny'),(9544,14,'Magento_Indexer::invalidate',NULL,'deny'),(9545,14,'Magefan_ConflictDetector::elements',NULL,'deny'),(9546,14,'Magento_User::acl',NULL,'deny'),(9547,14,'Magento_User::acl_users',NULL,'deny'),(9548,14,'Magento_User::locks',NULL,'deny'),(9549,14,'Magento_User::acl_roles',NULL,'deny'),(9550,14,'Magento_Logging::magento_logging',NULL,'deny'),(9551,14,'Magento_Logging::magento_logging_events',NULL,'deny'),(9552,14,'Magento_Logging::system_magento_logging_bulk_operations',NULL,'deny'),(9553,14,'Magento_Backend::system_other_settings',NULL,'deny'),(9554,14,'Magento_AdminNotification::adminnotification',NULL,'deny'),(9555,14,'Magento_AdminNotification::show_toolbar',NULL,'deny'),(9556,14,'Magento_AdminNotification::show_list',NULL,'deny'),(9557,14,'Magento_AdminNotification::mark_as_read',NULL,'deny'),(9558,14,'Magento_AdminNotification::adminnotification_remove',NULL,'deny'),(9559,14,'Magento_Variable::variable',NULL,'deny'),(9560,14,'Magento_EncryptionKey::crypt_key',NULL,'deny'),(9561,14,'Magento_Backend::global_search',NULL,'deny'),(9562,3,'Magento_Backend::all',NULL,'deny'),(9563,3,'Magento_Backend::admin',NULL,'allow'),(9564,3,'Magento_Backend::dashboard',NULL,'deny'),(9565,3,'Magento_Analytics::analytics',NULL,'deny'),(9566,3,'Magento_Analytics::analytics_api',NULL,'deny'),(9567,3,'Mageants_ExtentionAdminLogin::extentionadminlogin_content',NULL,'deny'),(9568,3,'Mageants_ExtentionAdminLogin::extentionadminlogin_grid',NULL,'deny'),(9569,3,'Mageants_ExtentionAdminLogin::extentionadminlogin_new_edit',NULL,'deny'),(9570,3,'Mageants_ExtentionAdminLogin::extentionadminlogin_save',NULL,'deny'),(9571,3,'Mageants_ExtentionAdminLogin::extentionadminlogin_delete',NULL,'deny'),(9572,3,'Mageants_ExtentionAdminLogin::extentionadminlogin_massenable',NULL,'deny'),(9573,3,'Mageants_ExtentionAdminLogin::extentionadminlogin_massdisable',NULL,'deny'),(9574,3,'Mageants_ExtentionAdminLogin::extentionadminlogin_massdelete',NULL,'deny'),(9575,3,'Magento_Sales::sales',NULL,'allow'),(9576,3,'Magento_Sales::sales_operation',NULL,'allow'),(9577,3,'Magento_Sales::sales_order',NULL,'allow'),(9578,3,'Magento_Sales::actions',NULL,'allow'),(9579,3,'Magento_Sales::create',NULL,'allow'),(9580,3,'Magento_Sales::actions_view',NULL,'allow'),(9581,3,'Magento_Sales::email',NULL,'allow'),(9582,3,'Magento_Sales::reorder',NULL,'allow'),(9583,3,'Magento_Sales::actions_edit',NULL,'allow'),(9584,3,'Magento_Sales::cancel',NULL,'allow'),(9585,3,'Magento_Sales::review_payment',NULL,'allow'),(9586,3,'Magento_Sales::capture',NULL,'allow'),(9587,3,'Magento_Sales::invoice',NULL,'allow'),(9588,3,'Magento_Sales::creditmemo',NULL,'allow'),(9589,3,'Magento_Sales::hold',NULL,'allow'),(9590,3,'Magento_Sales::unhold',NULL,'allow'),(9591,3,'Magento_Sales::ship',NULL,'allow'),(9592,3,'Magento_Sales::comment',NULL,'allow'),(9593,3,'Magento_Sales::emails',NULL,'allow'),(9594,3,'Magento_Paypal::authorization',NULL,'allow'),(9595,3,'Magento_Sales::sales_invoice',NULL,'allow'),(9596,3,'Magento_Sales::shipment',NULL,'allow'),(9597,3,'Magento_Sales::sales_creditmemo',NULL,'allow'),(9598,3,'Magento_Paypal::billing_agreement',NULL,'allow'),(9599,3,'Magento_Paypal::billing_agreement_actions',NULL,'allow'),(9600,3,'Magento_Paypal::billing_agreement_actions_view',NULL,'allow'),(9601,3,'Magento_Paypal::actions_manage',NULL,'allow'),(9602,3,'Magento_Paypal::use',NULL,'allow'),(9603,3,'Magento_Sales::transactions',NULL,'deny'),(9604,3,'Magento_Sales::transactions_fetch',NULL,'deny'),(9605,3,'Magento_Catalog::catalog',NULL,'allow'),(9606,3,'Magento_Catalog::catalog_inventory',NULL,'allow'),(9607,3,'Magento_Catalog::products',NULL,'allow'),(9608,3,'Magento_Catalog::update_attributes',NULL,'allow'),(9609,3,'Magento_Catalog::edit_product_design',NULL,'allow'),(9610,3,'Magento_Catalog::categories',NULL,'deny'),(9611,3,'Magento_Catalog::edit_category_design',NULL,'deny'),(9612,3,'Magento_Customer::customer',NULL,'allow'),(9613,3,'Magento_Customer::manage',NULL,'allow'),(9614,3,'Magento_Customer::actions',NULL,'deny'),(9615,3,'Magento_Customer::delete',NULL,'deny'),(9616,3,'Magento_Customer::reset_password',NULL,'deny'),(9617,3,'Magento_Customer::invalidate_tokens',NULL,'deny'),(9618,3,'Magento_LoginAsCustomer::allow_shopping_assistance',NULL,'deny'),(9619,3,'Mageants_LoginAsCustomer::loginascustomer_button',NULL,'deny'),(9620,3,'Magento_Customer::online',NULL,'deny'),(9621,3,'Magento_Customer::group',NULL,'deny'),(9622,3,'Mageants_LoginAsCustomer::loginascustomer_content',NULL,'deny'),(9623,3,'Mageants_LoginAsCustomer::list_of_login_as_customer',NULL,'deny'),(9624,3,'Mageants_LoginAsCustomer::MassDelete',NULL,'deny'),(9625,3,'Magento_LoginAsCustomer::login',NULL,'deny'),(9626,3,'Magento_LoginAsCustomerLog::login_log',NULL,'deny'),(9627,3,'Magento_Cart::cart',NULL,'deny'),(9628,3,'Magento_Cart::manage',NULL,'deny'),(9629,3,'Magento_Backend::myaccount',NULL,'deny'),(9630,3,'Magento_Backend::marketing',NULL,'deny'),(9631,3,'Magento_CatalogRule::promo',NULL,'deny'),(9632,3,'Magento_CatalogRule::promo_catalog',NULL,'deny'),(9633,3,'Magento_SalesRule::quote',NULL,'deny'),(9634,3,'Dotdigitalgroup_Email::automation',NULL,'deny'),(9635,3,'Dotdigitalgroup_Email::automation_studio',NULL,'deny'),(9636,3,'Dotdigitalgroup_Chat::config',NULL,'deny'),(9637,3,'Dotdigitalgroup_Sms::config',NULL,'deny'),(9638,3,'Dotdigitalgroup_Email::exclusion_rules',NULL,'deny'),(9639,3,'Magento_Backend::marketing_communications',NULL,'deny'),(9640,3,'Magento_Email::template',NULL,'deny'),(9641,3,'Magento_Newsletter::template',NULL,'deny'),(9642,3,'Magento_Newsletter::queue',NULL,'deny'),(9643,3,'Magento_Newsletter::subscriber',NULL,'deny'),(9644,3,'Magento_Backend::marketing_seo',NULL,'deny'),(9645,3,'Magento_Search::search',NULL,'deny'),(9646,3,'Magento_Search::synonyms',NULL,'deny'),(9647,3,'Magento_UrlRewrite::urlrewrite',NULL,'deny'),(9648,3,'Magento_Sitemap::sitemap',NULL,'deny'),(9649,3,'Magento_Backend::marketing_user_content',NULL,'deny'),(9650,3,'Magento_Review::reviews_all',NULL,'deny'),(9651,3,'Magento_Review::pending',NULL,'deny'),(9652,3,'Yotpo_Yotpo::yotpo_report_reviews',NULL,'deny'),(9653,3,'Magento_Backend::content',NULL,'allow'),(9654,3,'Magento_Backend::content_elements',NULL,'allow'),(9655,3,'Magento_Cms::page',NULL,'allow'),(9656,3,'Magento_Cms::save',NULL,'allow'),(9657,3,'Magento_Cms::save_design',NULL,'allow'),(9658,3,'Magento_Cms::page_delete',NULL,'allow'),(9659,3,'Magento_Cms::block',NULL,'allow'),(9660,3,'Magento_Widget::widget_instance',NULL,'allow'),(9661,3,'Magento_Cms::media_gallery',NULL,'allow'),(9662,3,'Magento_MediaGalleryUiApi::insert_assets',NULL,'allow'),(9663,3,'Magento_MediaGalleryUiApi::upload_assets',NULL,'allow'),(9664,3,'Magento_MediaGalleryUiApi::edit_assets',NULL,'allow'),(9665,3,'Magento_AdobeStockImageAdminUi::media_gallery',NULL,'allow'),(9666,3,'Magento_AdobeStockImageAdminUi::save_preview_images',NULL,'allow'),(9667,3,'Magento_AdobeStockImageAdminUi::license_images',NULL,'allow'),(9668,3,'Magento_MediaGalleryUiApi::delete_assets',NULL,'allow'),(9669,3,'Magento_MediaGalleryUiApi::create_folder',NULL,'allow'),(9670,3,'Magento_MediaGalleryUiApi::delete_folder',NULL,'allow'),(9671,3,'Magento_PageBuilder::templates',NULL,'allow'),(9672,3,'Magento_PageBuilder::template_save',NULL,'allow'),(9673,3,'Magento_PageBuilder::template_apply',NULL,'allow'),(9674,3,'Magento_PageBuilder::template_delete',NULL,'allow'),(9675,3,'Magento_Backend::design',NULL,'allow'),(9676,3,'Magento_Theme::theme',NULL,'allow'),(9677,3,'Magento_Backend::schedule',NULL,'allow'),(9678,3,'Magento_Backend::content_translation',NULL,'deny'),(9679,3,'Magento_Reports::report',NULL,'deny'),(9680,3,'Dotdigitalgroup_Sms::reports',NULL,'deny'),(9681,3,'Dotdigitalgroup_Sms::report',NULL,'deny'),(9682,3,'Dotdigitalgroup_Email::reports',NULL,'deny'),(9683,3,'Dotdigitalgroup_Email::contact',NULL,'deny'),(9684,3,'Dotdigitalgroup_Email::order',NULL,'deny'),(9685,3,'Dotdigitalgroup_Email::review',NULL,'deny'),(9686,3,'Dotdigitalgroup_Email::wishlist',NULL,'deny'),(9687,3,'Dotdigitalgroup_Email::catalog',NULL,'deny'),(9688,3,'Dotdigitalgroup_Email::importer',NULL,'deny'),(9689,3,'Dotdigitalgroup_Email::campaign',NULL,'deny'),(9690,3,'Dotdigitalgroup_Email::cron',NULL,'deny'),(9691,3,'Dotdigitalgroup_Email::dashboard',NULL,'deny'),(9692,3,'Dotdigitalgroup_Email::automation_enrollment',NULL,'deny'),(9693,3,'Dotdigitalgroup_Email::logviewer',NULL,'deny'),(9694,3,'Dotdigitalgroup_Email::abandoned',NULL,'deny'),(9695,3,'Magento_Reports::report_marketing',NULL,'deny'),(9696,3,'Magento_Reports::shopcart',NULL,'deny'),(9697,3,'Magento_Reports::product',NULL,'deny'),(9698,3,'Magento_Reports::abandoned',NULL,'deny'),(9699,3,'Magento_Reports::report_search',NULL,'deny'),(9700,3,'Magento_Newsletter::problem',NULL,'deny'),(9701,3,'Magento_Reports::review',NULL,'deny'),(9702,3,'Magento_Reports::review_customer',NULL,'deny'),(9703,3,'Magento_Reports::review_product',NULL,'deny'),(9704,3,'Yotpo_Yotpo::yotpo_reviews_external',NULL,'deny'),(9705,3,'Magento_Reports::salesroot',NULL,'deny'),(9706,3,'Magento_Reports::salesroot_sales',NULL,'deny'),(9707,3,'Magento_Reports::tax',NULL,'deny'),(9708,3,'Magento_Reports::invoiced',NULL,'deny'),(9709,3,'Magento_Reports::shipping',NULL,'deny'),(9710,3,'Magento_Reports::refunded',NULL,'deny'),(9711,3,'Magento_Reports::coupons',NULL,'deny'),(9712,3,'Magento_Paypal::paypal_settlement_reports',NULL,'deny'),(9713,3,'Magento_Paypal::paypal_settlement_reports_view',NULL,'deny'),(9714,3,'Magento_Paypal::fetch',NULL,'deny'),(9715,3,'PayPal_Braintree::settlement_report',NULL,'deny'),(9716,3,'Magento_Reports::customers',NULL,'deny'),(9717,3,'Magento_Reports::totals',NULL,'deny'),(9718,3,'Magento_Reports::customers_orders',NULL,'deny'),(9719,3,'Magento_Reports::accounts',NULL,'deny'),(9720,3,'Magento_Reports::report_products',NULL,'deny'),(9721,3,'Magento_Reports::viewed',NULL,'deny'),(9722,3,'Magento_Reports::bestsellers',NULL,'deny'),(9723,3,'Magento_Reports::lowstock',NULL,'deny'),(9724,3,'Magento_Reports::sold',NULL,'deny'),(9725,3,'Magento_Reports::downloads',NULL,'deny'),(9726,3,'Magento_Reports::statistics',NULL,'deny'),(9727,3,'Magento_Reports::statistics_refresh',NULL,'deny'),(9728,3,'Magento_Analytics::business_intelligence',NULL,'deny'),(9729,3,'Magento_Analytics::advanced_reporting',NULL,'deny'),(9730,3,'Magento_Analytics::bi_essentials',NULL,'deny'),(9731,3,'Yotpo_Yotpo::yotpo_analytics_external',NULL,'deny'),(9732,3,'Magento_Backend::stores',NULL,'allow'),(9733,3,'Magento_Backend::stores_settings',NULL,'allow'),(9734,3,'Magento_Backend::store',NULL,'deny'),(9735,3,'Magento_Config::config',NULL,'allow'),(9736,3,'MagePal_GmailSmtpApp::magepal_gmailsmtpapp',NULL,'deny'),(9737,3,'Magento_Catalog::config_catalog',NULL,'deny'),(9738,3,'Magento_CatalogSearch::config_catalog_search',NULL,'deny'),(9739,3,'Dotdigitalgroup_Email::config',NULL,'deny'),(9740,3,'Magento_Newsletter::newsletter',NULL,'deny'),(9741,3,'Magento_LoginAsCustomer::config_section',NULL,'deny'),(9742,3,'Magento_GoogleAnalytics::google',NULL,'deny'),(9743,3,'Magento_Downloadable::downloadable',NULL,'deny'),(9744,3,'Magento_Payment::payment_services',NULL,'deny'),(9745,3,'Magento_Payment::payment',NULL,'deny'),(9746,3,'Magento_CatalogInventory::cataloginventory',NULL,'deny'),(9747,3,'Magento_Contact::contact',NULL,'deny'),(9748,3,'Magento_Cms::config_cms',NULL,'deny'),(9749,3,'Mageants_Forcelogin::system_config',NULL,'deny'),(9750,3,'Magento_Shipping::config_shipping',NULL,'deny'),(9751,3,'Magento_Shipping::shipping_policy',NULL,'deny'),(9752,3,'Magento_Shipping::carriers',NULL,'deny'),(9753,3,'Magento_Multishipping::config_multishipping',NULL,'deny'),(9754,3,'Magento_Securitytxt::config',NULL,'deny'),(9755,3,'Magento_ReCaptchaUi::config',NULL,'deny'),(9756,3,'Mageants_Couponimport::mageants_config',NULL,'deny'),(9757,3,'Mageants_Sample::config',NULL,'deny'),(9758,3,'Mageants_CustomStockStatus::custom_stock_content',NULL,'deny'),(9759,3,'Mageants_CustomStockStatus::configuration',NULL,'deny'),(9760,3,'Mageants_CustomOrderNumber::configuration',NULL,'deny'),(9761,3,'Mageants_SimpleConfigurable::mageants_simpleconfigurable_config',NULL,'deny'),(9762,3,'Magento_Config::config_general',NULL,'deny'),(9763,3,'Magento_Config::web',NULL,'deny'),(9764,3,'Magento_Config::config_design',NULL,'deny'),(9765,3,'Mageants_ExtentionAdminLogin::mageants_extentionadminlogin',NULL,'deny'),(9766,3,'Mageants_LoginAsCustomer::loginascustomer_config',NULL,'deny'),(9767,3,'Magento_Customer::config_customer',NULL,'deny'),(9768,3,'Mageants_CustomerApproval::customerApproval_config',NULL,'deny'),(9769,3,'Mageants_CheckoutSuccessPage::Configuration',NULL,'allow'),(9770,3,'Magento_Paypal::paypal',NULL,'deny'),(9771,3,'Mageants_CustomStockStatus::mageants_customstockst',NULL,'deny'),(9772,3,'Magento_Tax::config_tax',NULL,'deny'),(9773,3,'Magento_Checkout::checkout',NULL,'deny'),(9774,3,'Magento_Sales::config_sales',NULL,'deny'),(9775,3,'Mageants_MinOrderCustomerGroup::minimum_order',NULL,'deny'),(9776,3,'Magento_Persistent::persistent',NULL,'deny'),(9777,3,'Magento_Sales::sales_email',NULL,'deny'),(9778,3,'Magento_Sales::sales_pdf',NULL,'deny'),(9779,3,'Magento_Sitemap::config_sitemap',NULL,'deny'),(9780,3,'Magento_Reports::reports',NULL,'deny'),(9781,3,'Yotpo_Core::config',NULL,'deny'),(9782,3,'Yotpo_Yotpo::config',NULL,'deny'),(9783,3,'Magento_Config::config_system',NULL,'deny'),(9784,3,'Magento_Wishlist::config_wishlist',NULL,'deny'),(9785,3,'Magento_SalesRule::config_promo',NULL,'deny'),(9786,3,'Magento_Config::trans_email',NULL,'deny'),(9787,3,'Magento_Config::config_admin',NULL,'deny'),(9788,3,'Magento_Config::dev',NULL,'deny'),(9789,3,'Magento_Config::currency',NULL,'deny'),(9790,3,'Magento_Rss::rss',NULL,'deny'),(9791,3,'Magento_Config::sendfriend',NULL,'deny'),(9792,3,'Magento_Analytics::analytics_settings',NULL,'deny'),(9793,3,'Mageants_InfiniteScroll::infinitescroll',NULL,'deny'),(9794,3,'Mageants_SpamAndBotBlocker::config',NULL,'deny'),(9795,3,'Magento_NewRelicReporting::config_newrelicreporting',NULL,'deny'),(9796,3,'Magento_CheckoutAgreements::checkoutagreement',NULL,'deny'),(9797,3,'Magento_Sales::order_statuses',NULL,'deny'),(9798,3,'Magento_InventoryApi::inventory',NULL,'deny'),(9799,3,'Magento_InventoryApi::source',NULL,'deny'),(9800,3,'Magento_InventoryApi::source_edit',NULL,'deny'),(9801,3,'Magento_InventoryApi::stock',NULL,'deny'),(9802,3,'Magento_InventoryApi::stock_edit',NULL,'deny'),(9803,3,'Magento_InventoryApi::stock_delete',NULL,'deny'),(9804,3,'Magento_InventoryApi::stock_source_link',NULL,'deny'),(9805,3,'Magento_InventoryInStorePickupApi::inStorePickup',NULL,'deny'),(9806,3,'Magento_InventoryInStorePickupApi::notify_orders_are_ready_for_pickup',NULL,'deny'),(9807,3,'Magento_InventorySalesApi::stock',NULL,'deny'),(9808,3,'Magento_Tax::manage_tax',NULL,'deny'),(9809,3,'Magento_CurrencySymbol::system_currency',NULL,'deny'),(9810,3,'Magento_CurrencySymbol::currency_rates',NULL,'deny'),(9811,3,'Magento_CurrencySymbol::symbols',NULL,'deny'),(9812,3,'Magento_Backend::stores_attributes',NULL,'deny'),(9813,3,'Magento_Catalog::attributes_attributes',NULL,'deny'),(9814,3,'Magento_Catalog::sets',NULL,'deny'),(9815,3,'Magento_Review::ratings',NULL,'deny'),(9816,3,'Magento_Swatches::iframe',NULL,'deny'),(9817,3,'Magento_Backend::stores_other_settings',NULL,'deny'),(9818,3,'Magento_Backend::system',NULL,'allow'),(9819,3,'Magento_AdobeIms::adobe_ims',NULL,'deny'),(9820,3,'Magento_AdobeIms::actions',NULL,'deny'),(9821,3,'Magento_AdobeIms::login',NULL,'deny'),(9822,3,'Magento_AdobeIms::logout',NULL,'deny'),(9823,3,'Magento_AdobeStockAsset::adobe_stock_asset',NULL,'deny'),(9824,3,'Magento_AdobeStockAsset::actions',NULL,'deny'),(9825,3,'Magento_AdobeStockAsset::actions_delete',NULL,'deny'),(9826,3,'Magento_AdobeStockAsset::actions_save',NULL,'deny'),(9827,3,'Magento_AdobeStockAsset::actions_view',NULL,'deny'),(9828,3,'Magento_AdobeStockAsset::actions_get',NULL,'deny'),(9829,3,'Magento_Backend::convert',NULL,'deny'),(9830,3,'Magento_ImportExport::import',NULL,'deny'),(9831,3,'Magento_ImportExport::export',NULL,'deny'),(9832,3,'Magento_TaxImportExport::import_export',NULL,'deny'),(9833,3,'Magento_ImportExport::history',NULL,'deny'),(9834,3,'Klarna_Core::system_support_form',NULL,'deny'),(9835,3,'Magento_Backend::extensions',NULL,'deny'),(9836,3,'Magento_Backend::local',NULL,'deny'),(9837,3,'Magento_Backend::custom',NULL,'deny'),(9838,3,'Klarna_Core::system_logging',NULL,'deny'),(9839,3,'Magento_Integration::extensions',NULL,'deny'),(9840,3,'Magento_Integration::integrations',NULL,'deny'),(9841,3,'Magento_Backend::tools',NULL,'allow'),(9842,3,'Magento_Backend::cache',NULL,'allow'),(9843,3,'Magento_Backend::main_actions',NULL,'allow'),(9844,3,'Magento_Backend::flush_cache_storage',NULL,'allow'),(9845,3,'Magento_Backend::flush_magento_cache',NULL,'allow'),(9846,3,'Magento_Backend::mass_actions',NULL,'allow'),(9847,3,'Magento_Backend::toggling_cache_type',NULL,'allow'),(9848,3,'Magento_Backend::refresh_cache_type',NULL,'allow'),(9849,3,'Magento_Backend::additional_cache_management',NULL,'allow'),(9850,3,'Magento_Backend::flush_catalog_images',NULL,'allow'),(9851,3,'Magento_Backend::flush_js_css',NULL,'allow'),(9852,3,'Magento_Backend::flush_static_files',NULL,'allow'),(9853,3,'Magento_Backup::backup',NULL,'deny'),(9854,3,'Magento_Backup::rollback',NULL,'deny'),(9855,3,'Magento_Indexer::index',NULL,'deny'),(9856,3,'Magento_Indexer::changeMode',NULL,'deny'),(9857,3,'Magento_Indexer::invalidate',NULL,'deny'),(9858,3,'Magefan_ConflictDetector::elements',NULL,'deny'),(9859,3,'Magento_User::acl',NULL,'deny'),(9860,3,'Magento_User::acl_users',NULL,'deny'),(9861,3,'Magento_User::locks',NULL,'deny'),(9862,3,'Magento_User::acl_roles',NULL,'deny'),(9863,3,'Magento_Logging::magento_logging',NULL,'deny'),(9864,3,'Magento_Logging::magento_logging_events',NULL,'deny'),(9865,3,'Magento_Logging::system_magento_logging_bulk_operations',NULL,'deny'),(9866,3,'Magento_Backend::system_other_settings',NULL,'deny'),(9867,3,'Magento_AdminNotification::adminnotification',NULL,'deny'),(9868,3,'Magento_AdminNotification::show_toolbar',NULL,'deny'),(9869,3,'Magento_AdminNotification::show_list',NULL,'deny'),(9870,3,'Magento_AdminNotification::mark_as_read',NULL,'deny'),(9871,3,'Magento_AdminNotification::adminnotification_remove',NULL,'deny'),(9872,3,'Magento_Variable::variable',NULL,'deny'),(9873,3,'Magento_EncryptionKey::crypt_key',NULL,'deny'),(9874,3,'Magento_Backend::global_search',NULL,'deny'),(9875,10,'Magento_Backend::all',NULL,'deny'),(9876,10,'Magento_Backend::admin',NULL,'allow'),(9877,10,'Magento_Backend::dashboard',NULL,'deny'),(9878,10,'Magento_Analytics::analytics',NULL,'deny'),(9879,10,'Magento_Analytics::analytics_api',NULL,'deny'),(9880,10,'Mageants_ExtentionAdminLogin::extentionadminlogin_content',NULL,'deny'),(9881,10,'Mageants_ExtentionAdminLogin::extentionadminlogin_grid',NULL,'deny'),(9882,10,'Mageants_ExtentionAdminLogin::extentionadminlogin_new_edit',NULL,'deny'),(9883,10,'Mageants_ExtentionAdminLogin::extentionadminlogin_save',NULL,'deny'),(9884,10,'Mageants_ExtentionAdminLogin::extentionadminlogin_delete',NULL,'deny'),(9885,10,'Mageants_ExtentionAdminLogin::extentionadminlogin_massenable',NULL,'deny'),(9886,10,'Mageants_ExtentionAdminLogin::extentionadminlogin_massdisable',NULL,'deny'),(9887,10,'Mageants_ExtentionAdminLogin::extentionadminlogin_massdelete',NULL,'deny'),(9888,10,'Magento_Sales::sales',NULL,'allow'),(9889,10,'Magento_Sales::sales_operation',NULL,'allow'),(9890,10,'Magento_Sales::sales_order',NULL,'allow'),(9891,10,'Magento_Sales::actions',NULL,'allow'),(9892,10,'Magento_Sales::create',NULL,'allow'),(9893,10,'Magento_Sales::actions_view',NULL,'allow'),(9894,10,'Magento_Sales::email',NULL,'allow'),(9895,10,'Magento_Sales::reorder',NULL,'allow'),(9896,10,'Magento_Sales::actions_edit',NULL,'allow'),(9897,10,'Magento_Sales::cancel',NULL,'allow'),(9898,10,'Magento_Sales::review_payment',NULL,'allow'),(9899,10,'Magento_Sales::capture',NULL,'allow'),(9900,10,'Magento_Sales::invoice',NULL,'allow'),(9901,10,'Magento_Sales::creditmemo',NULL,'allow'),(9902,10,'Magento_Sales::hold',NULL,'allow'),(9903,10,'Magento_Sales::unhold',NULL,'allow'),(9904,10,'Magento_Sales::ship',NULL,'allow'),(9905,10,'Magento_Sales::comment',NULL,'allow'),(9906,10,'Magento_Sales::emails',NULL,'allow'),(9907,10,'Magento_Paypal::authorization',NULL,'allow'),(9908,10,'Magento_Sales::sales_invoice',NULL,'allow'),(9909,10,'Magento_Sales::shipment',NULL,'allow'),(9910,10,'Magento_Sales::sales_creditmemo',NULL,'allow'),(9911,10,'Magento_Paypal::billing_agreement',NULL,'allow'),(9912,10,'Magento_Paypal::billing_agreement_actions',NULL,'allow'),(9913,10,'Magento_Paypal::billing_agreement_actions_view',NULL,'allow'),(9914,10,'Magento_Paypal::actions_manage',NULL,'allow'),(9915,10,'Magento_Paypal::use',NULL,'allow'),(9916,10,'Magento_Sales::transactions',NULL,'allow'),(9917,10,'Magento_Sales::transactions_fetch',NULL,'allow'),(9918,10,'Magento_Catalog::catalog',NULL,'allow'),(9919,10,'Magento_Catalog::catalog_inventory',NULL,'allow'),(9920,10,'Magento_Catalog::products',NULL,'allow'),(9921,10,'Magento_Catalog::update_attributes',NULL,'allow'),(9922,10,'Magento_Catalog::edit_product_design',NULL,'allow'),(9923,10,'Magento_Catalog::categories',NULL,'deny'),(9924,10,'Magento_Catalog::edit_category_design',NULL,'deny'),(9925,10,'Magento_Customer::customer',NULL,'allow'),(9926,10,'Magento_Customer::manage',NULL,'allow'),(9927,10,'Magento_Customer::actions',NULL,'allow'),(9928,10,'Magento_Customer::delete',NULL,'allow'),(9929,10,'Magento_Customer::reset_password',NULL,'allow'),(9930,10,'Magento_Customer::invalidate_tokens',NULL,'allow'),(9931,10,'Magento_LoginAsCustomer::allow_shopping_assistance',NULL,'allow'),(9932,10,'Mageants_LoginAsCustomer::loginascustomer_button',NULL,'allow'),(9933,10,'Magento_Customer::online',NULL,'deny'),(9934,10,'Magento_Customer::group',NULL,'deny'),(9935,10,'Mageants_LoginAsCustomer::loginascustomer_content',NULL,'allow'),(9936,10,'Mageants_LoginAsCustomer::list_of_login_as_customer',NULL,'allow'),(9937,10,'Mageants_LoginAsCustomer::MassDelete',NULL,'allow'),(9938,10,'Magento_LoginAsCustomer::login',NULL,'deny'),(9939,10,'Magento_LoginAsCustomerLog::login_log',NULL,'deny'),(9940,10,'Magento_Cart::cart',NULL,'deny'),(9941,10,'Magento_Cart::manage',NULL,'deny'),(9942,10,'Magento_Backend::myaccount',NULL,'deny'),(9943,10,'Magento_Backend::marketing',NULL,'deny'),(9944,10,'Magento_CatalogRule::promo',NULL,'deny'),(9945,10,'Magento_CatalogRule::promo_catalog',NULL,'deny'),(9946,10,'Magento_SalesRule::quote',NULL,'deny'),(9947,10,'Dotdigitalgroup_Email::automation',NULL,'deny'),(9948,10,'Dotdigitalgroup_Email::automation_studio',NULL,'deny'),(9949,10,'Dotdigitalgroup_Chat::config',NULL,'deny'),(9950,10,'Dotdigitalgroup_Sms::config',NULL,'deny'),(9951,10,'Dotdigitalgroup_Email::exclusion_rules',NULL,'deny'),(9952,10,'Magento_Backend::marketing_communications',NULL,'deny'),(9953,10,'Magento_Email::template',NULL,'deny'),(9954,10,'Magento_Newsletter::template',NULL,'deny'),(9955,10,'Magento_Newsletter::queue',NULL,'deny'),(9956,10,'Magento_Newsletter::subscriber',NULL,'deny'),(9957,10,'Magento_Backend::marketing_seo',NULL,'deny'),(9958,10,'Magento_Search::search',NULL,'deny'),(9959,10,'Magento_Search::synonyms',NULL,'deny'),(9960,10,'Magento_UrlRewrite::urlrewrite',NULL,'deny'),(9961,10,'Magento_Sitemap::sitemap',NULL,'deny'),(9962,10,'Magento_Backend::marketing_user_content',NULL,'deny'),(9963,10,'Magento_Review::reviews_all',NULL,'deny'),(9964,10,'Magento_Review::pending',NULL,'deny'),(9965,10,'Yotpo_Yotpo::yotpo_report_reviews',NULL,'deny'),(9966,10,'Magento_Backend::content',NULL,'deny'),(9967,10,'Magento_Backend::content_elements',NULL,'deny'),(9968,10,'Magento_Cms::page',NULL,'deny'),(9969,10,'Magento_Cms::save',NULL,'deny'),(9970,10,'Magento_Cms::save_design',NULL,'deny'),(9971,10,'Magento_Cms::page_delete',NULL,'deny'),(9972,10,'Magento_Cms::block',NULL,'deny'),(9973,10,'Magento_Widget::widget_instance',NULL,'deny'),(9974,10,'Magento_Cms::media_gallery',NULL,'deny'),(9975,10,'Magento_MediaGalleryUiApi::insert_assets',NULL,'deny'),(9976,10,'Magento_MediaGalleryUiApi::upload_assets',NULL,'deny'),(9977,10,'Magento_MediaGalleryUiApi::edit_assets',NULL,'deny'),(9978,10,'Magento_AdobeStockImageAdminUi::media_gallery',NULL,'deny'),(9979,10,'Magento_AdobeStockImageAdminUi::save_preview_images',NULL,'deny'),(9980,10,'Magento_AdobeStockImageAdminUi::license_images',NULL,'deny'),(9981,10,'Magento_MediaGalleryUiApi::delete_assets',NULL,'deny'),(9982,10,'Magento_MediaGalleryUiApi::create_folder',NULL,'deny'),(9983,10,'Magento_MediaGalleryUiApi::delete_folder',NULL,'deny'),(9984,10,'Magento_PageBuilder::templates',NULL,'deny'),(9985,10,'Magento_PageBuilder::template_save',NULL,'deny'),(9986,10,'Magento_PageBuilder::template_apply',NULL,'deny'),(9987,10,'Magento_PageBuilder::template_delete',NULL,'deny'),(9988,10,'Magento_Backend::design',NULL,'deny'),(9989,10,'Magento_Theme::theme',NULL,'deny'),(9990,10,'Magento_Backend::schedule',NULL,'deny'),(9991,10,'Magento_Backend::content_translation',NULL,'deny'),(9992,10,'Magento_Reports::report',NULL,'deny'),(9993,10,'Dotdigitalgroup_Sms::reports',NULL,'deny'),(9994,10,'Dotdigitalgroup_Sms::report',NULL,'deny'),(9995,10,'Dotdigitalgroup_Email::reports',NULL,'deny'),(9996,10,'Dotdigitalgroup_Email::contact',NULL,'deny'),(9997,10,'Dotdigitalgroup_Email::order',NULL,'deny'),(9998,10,'Dotdigitalgroup_Email::review',NULL,'deny'),(9999,10,'Dotdigitalgroup_Email::wishlist',NULL,'deny'),(10000,10,'Dotdigitalgroup_Email::catalog',NULL,'deny'),(10001,10,'Dotdigitalgroup_Email::importer',NULL,'deny'),(10002,10,'Dotdigitalgroup_Email::campaign',NULL,'deny'),(10003,10,'Dotdigitalgroup_Email::cron',NULL,'deny'),(10004,10,'Dotdigitalgroup_Email::dashboard',NULL,'deny'),(10005,10,'Dotdigitalgroup_Email::automation_enrollment',NULL,'deny'),(10006,10,'Dotdigitalgroup_Email::logviewer',NULL,'deny'),(10007,10,'Dotdigitalgroup_Email::abandoned',NULL,'deny'),(10008,10,'Magento_Reports::report_marketing',NULL,'deny'),(10009,10,'Magento_Reports::shopcart',NULL,'deny'),(10010,10,'Magento_Reports::product',NULL,'deny'),(10011,10,'Magento_Reports::abandoned',NULL,'deny'),(10012,10,'Magento_Reports::report_search',NULL,'deny'),(10013,10,'Magento_Newsletter::problem',NULL,'deny'),(10014,10,'Magento_Reports::review',NULL,'deny'),(10015,10,'Magento_Reports::review_customer',NULL,'deny'),(10016,10,'Magento_Reports::review_product',NULL,'deny'),(10017,10,'Yotpo_Yotpo::yotpo_reviews_external',NULL,'deny'),(10018,10,'Magento_Reports::salesroot',NULL,'deny'),(10019,10,'Magento_Reports::salesroot_sales',NULL,'deny'),(10020,10,'Magento_Reports::tax',NULL,'deny'),(10021,10,'Magento_Reports::invoiced',NULL,'deny'),(10022,10,'Magento_Reports::shipping',NULL,'deny'),(10023,10,'Magento_Reports::refunded',NULL,'deny'),(10024,10,'Magento_Reports::coupons',NULL,'deny'),(10025,10,'Magento_Paypal::paypal_settlement_reports',NULL,'deny'),(10026,10,'Magento_Paypal::paypal_settlement_reports_view',NULL,'deny'),(10027,10,'Magento_Paypal::fetch',NULL,'deny'),(10028,10,'PayPal_Braintree::settlement_report',NULL,'deny'),(10029,10,'Magento_Reports::customers',NULL,'deny'),(10030,10,'Magento_Reports::totals',NULL,'deny'),(10031,10,'Magento_Reports::customers_orders',NULL,'deny'),(10032,10,'Magento_Reports::accounts',NULL,'deny'),(10033,10,'Magento_Reports::report_products',NULL,'deny'),(10034,10,'Magento_Reports::viewed',NULL,'deny'),(10035,10,'Magento_Reports::bestsellers',NULL,'deny'),(10036,10,'Magento_Reports::lowstock',NULL,'deny'),(10037,10,'Magento_Reports::sold',NULL,'deny'),(10038,10,'Magento_Reports::downloads',NULL,'deny'),(10039,10,'Magento_Reports::statistics',NULL,'deny'),(10040,10,'Magento_Reports::statistics_refresh',NULL,'deny'),(10041,10,'Magento_Analytics::business_intelligence',NULL,'deny'),(10042,10,'Magento_Analytics::advanced_reporting',NULL,'deny'),(10043,10,'Magento_Analytics::bi_essentials',NULL,'deny'),(10044,10,'Yotpo_Yotpo::yotpo_analytics_external',NULL,'deny'),(10045,10,'Magento_Backend::stores',NULL,'allow'),(10046,10,'Magento_Backend::stores_settings',NULL,'allow'),(10047,10,'Magento_Backend::store',NULL,'deny'),(10048,10,'Magento_Config::config',NULL,'allow'),(10049,10,'MagePal_GmailSmtpApp::magepal_gmailsmtpapp',NULL,'deny'),(10050,10,'Magento_Catalog::config_catalog',NULL,'deny'),(10051,10,'Magento_CatalogSearch::config_catalog_search',NULL,'deny'),(10052,10,'Dotdigitalgroup_Email::config',NULL,'deny'),(10053,10,'Magento_Newsletter::newsletter',NULL,'deny'),(10054,10,'Magento_LoginAsCustomer::config_section',NULL,'allow'),(10055,10,'Magento_GoogleAnalytics::google',NULL,'deny'),(10056,10,'Magento_Downloadable::downloadable',NULL,'deny'),(10057,10,'Magento_Payment::payment_services',NULL,'deny'),(10058,10,'Magento_Payment::payment',NULL,'deny'),(10059,10,'Magento_CatalogInventory::cataloginventory',NULL,'deny'),(10060,10,'Magento_Contact::contact',NULL,'deny'),(10061,10,'Magento_Cms::config_cms',NULL,'deny'),(10062,10,'Mageants_Forcelogin::system_config',NULL,'deny'),(10063,10,'Magento_Shipping::config_shipping',NULL,'deny'),(10064,10,'Magento_Shipping::shipping_policy',NULL,'deny'),(10065,10,'Magento_Shipping::carriers',NULL,'deny'),(10066,10,'Magento_Multishipping::config_multishipping',NULL,'deny'),(10067,10,'Magento_Securitytxt::config',NULL,'deny'),(10068,10,'Magento_ReCaptchaUi::config',NULL,'deny'),(10069,10,'Mageants_Couponimport::mageants_config',NULL,'deny'),(10070,10,'Mageants_Sample::config',NULL,'deny'),(10071,10,'Mageants_CustomStockStatus::custom_stock_content',NULL,'deny'),(10072,10,'Mageants_CustomStockStatus::configuration',NULL,'deny'),(10073,10,'Mageants_CustomOrderNumber::configuration',NULL,'deny'),(10074,10,'Mageants_SimpleConfigurable::mageants_simpleconfigurable_config',NULL,'deny'),(10075,10,'Magento_Config::config_general',NULL,'deny'),(10076,10,'Magento_Config::web',NULL,'deny'),(10077,10,'Magento_Config::config_design',NULL,'deny'),(10078,10,'Mageants_ExtentionAdminLogin::mageants_extentionadminlogin',NULL,'deny'),(10079,10,'Mageants_LoginAsCustomer::loginascustomer_config',NULL,'allow'),(10080,10,'Magento_Customer::config_customer',NULL,'deny'),(10081,10,'Mageants_CustomerApproval::customerApproval_config',NULL,'deny'),(10082,10,'Mageants_CheckoutSuccessPage::Configuration',NULL,'deny'),(10083,10,'Magento_Paypal::paypal',NULL,'deny'),(10084,10,'Mageants_CustomStockStatus::mageants_customstockst',NULL,'deny'),(10085,10,'Magento_Tax::config_tax',NULL,'deny'),(10086,10,'Magento_Checkout::checkout',NULL,'deny'),(10087,10,'Magento_Sales::config_sales',NULL,'deny'),(10088,10,'Mageants_MinOrderCustomerGroup::minimum_order',NULL,'deny'),(10089,10,'Magento_Persistent::persistent',NULL,'deny'),(10090,10,'Magento_Sales::sales_email',NULL,'deny'),(10091,10,'Magento_Sales::sales_pdf',NULL,'deny'),(10092,10,'Magento_Sitemap::config_sitemap',NULL,'deny'),(10093,10,'Magento_Reports::reports',NULL,'deny'),(10094,10,'Yotpo_Core::config',NULL,'deny'),(10095,10,'Yotpo_Yotpo::config',NULL,'deny'),(10096,10,'Magento_Config::config_system',NULL,'deny'),(10097,10,'Magento_Wishlist::config_wishlist',NULL,'deny'),(10098,10,'Magento_SalesRule::config_promo',NULL,'deny'),(10099,10,'Magento_Config::trans_email',NULL,'deny'),(10100,10,'Magento_Config::config_admin',NULL,'deny'),(10101,10,'Magento_Config::dev',NULL,'deny'),(10102,10,'Magento_Config::currency',NULL,'deny'),(10103,10,'Magento_Rss::rss',NULL,'deny'),(10104,10,'Magento_Config::sendfriend',NULL,'deny'),(10105,10,'Magento_Analytics::analytics_settings',NULL,'deny'),(10106,10,'Mageants_InfiniteScroll::infinitescroll',NULL,'deny'),(10107,10,'Mageants_SpamAndBotBlocker::config',NULL,'deny'),(10108,10,'Magento_NewRelicReporting::config_newrelicreporting',NULL,'deny'),(10109,10,'Magento_CheckoutAgreements::checkoutagreement',NULL,'deny'),(10110,10,'Magento_Sales::order_statuses',NULL,'deny'),(10111,10,'Magento_InventoryApi::inventory',NULL,'deny'),(10112,10,'Magento_InventoryApi::source',NULL,'deny'),(10113,10,'Magento_InventoryApi::source_edit',NULL,'deny'),(10114,10,'Magento_InventoryApi::stock',NULL,'deny'),(10115,10,'Magento_InventoryApi::stock_edit',NULL,'deny'),(10116,10,'Magento_InventoryApi::stock_delete',NULL,'deny'),(10117,10,'Magento_InventoryApi::stock_source_link',NULL,'deny'),(10118,10,'Magento_InventoryInStorePickupApi::inStorePickup',NULL,'deny'),(10119,10,'Magento_InventoryInStorePickupApi::notify_orders_are_ready_for_pickup',NULL,'deny'),(10120,10,'Magento_InventorySalesApi::stock',NULL,'deny'),(10121,10,'Magento_Tax::manage_tax',NULL,'deny'),(10122,10,'Magento_CurrencySymbol::system_currency',NULL,'deny'),(10123,10,'Magento_CurrencySymbol::currency_rates',NULL,'deny'),(10124,10,'Magento_CurrencySymbol::symbols',NULL,'deny'),(10125,10,'Magento_Backend::stores_attributes',NULL,'deny'),(10126,10,'Magento_Catalog::attributes_attributes',NULL,'deny'),(10127,10,'Magento_Catalog::sets',NULL,'deny'),(10128,10,'Magento_Review::ratings',NULL,'deny'),(10129,10,'Magento_Swatches::iframe',NULL,'deny'),(10130,10,'Magento_Backend::stores_other_settings',NULL,'deny'),(10131,10,'Magento_Backend::system',NULL,'allow'),(10132,10,'Magento_AdobeIms::adobe_ims',NULL,'deny'),(10133,10,'Magento_AdobeIms::actions',NULL,'deny'),(10134,10,'Magento_AdobeIms::login',NULL,'deny'),(10135,10,'Magento_AdobeIms::logout',NULL,'deny'),(10136,10,'Magento_AdobeStockAsset::adobe_stock_asset',NULL,'deny'),(10137,10,'Magento_AdobeStockAsset::actions',NULL,'deny'),(10138,10,'Magento_AdobeStockAsset::actions_delete',NULL,'deny'),(10139,10,'Magento_AdobeStockAsset::actions_save',NULL,'deny'),(10140,10,'Magento_AdobeStockAsset::actions_view',NULL,'deny'),(10141,10,'Magento_AdobeStockAsset::actions_get',NULL,'deny'),(10142,10,'Magento_Backend::convert',NULL,'deny'),(10143,10,'Magento_ImportExport::import',NULL,'deny'),(10144,10,'Magento_ImportExport::export',NULL,'deny'),(10145,10,'Magento_TaxImportExport::import_export',NULL,'deny'),(10146,10,'Magento_ImportExport::history',NULL,'deny'),(10147,10,'Klarna_Core::system_support_form',NULL,'deny'),(10148,10,'Magento_Backend::extensions',NULL,'deny'),(10149,10,'Magento_Backend::local',NULL,'deny'),(10150,10,'Magento_Backend::custom',NULL,'deny'),(10151,10,'Klarna_Core::system_logging',NULL,'deny'),(10152,10,'Magento_Integration::extensions',NULL,'deny'),(10153,10,'Magento_Integration::integrations',NULL,'deny'),(10154,10,'Magento_Backend::tools',NULL,'allow'),(10155,10,'Magento_Backend::cache',NULL,'allow'),(10156,10,'Magento_Backend::main_actions',NULL,'allow'),(10157,10,'Magento_Backend::flush_cache_storage',NULL,'allow'),(10158,10,'Magento_Backend::flush_magento_cache',NULL,'allow'),(10159,10,'Magento_Backend::mass_actions',NULL,'allow'),(10160,10,'Magento_Backend::toggling_cache_type',NULL,'allow'),(10161,10,'Magento_Backend::refresh_cache_type',NULL,'allow'),(10162,10,'Magento_Backend::additional_cache_management',NULL,'allow'),(10163,10,'Magento_Backend::flush_catalog_images',NULL,'allow'),(10164,10,'Magento_Backend::flush_js_css',NULL,'allow'),(10165,10,'Magento_Backend::flush_static_files',NULL,'allow'),(10166,10,'Magento_Backup::backup',NULL,'deny'),(10167,10,'Magento_Backup::rollback',NULL,'deny'),(10168,10,'Magento_Indexer::index',NULL,'deny'),(10169,10,'Magento_Indexer::changeMode',NULL,'deny'),(10170,10,'Magento_Indexer::invalidate',NULL,'deny'),(10171,10,'Magefan_ConflictDetector::elements',NULL,'deny'),(10172,10,'Magento_User::acl',NULL,'deny'),(10173,10,'Magento_User::acl_users',NULL,'deny'),(10174,10,'Magento_User::locks',NULL,'deny'),(10175,10,'Magento_User::acl_roles',NULL,'deny'),(10176,10,'Magento_Logging::magento_logging',NULL,'deny'),(10177,10,'Magento_Logging::magento_logging_events',NULL,'deny'),(10178,10,'Magento_Logging::system_magento_logging_bulk_operations',NULL,'deny'),(10179,10,'Magento_Backend::system_other_settings',NULL,'deny'),(10180,10,'Magento_AdminNotification::adminnotification',NULL,'deny'),(10181,10,'Magento_AdminNotification::show_toolbar',NULL,'deny'),(10182,10,'Magento_AdminNotification::show_list',NULL,'deny'),(10183,10,'Magento_AdminNotification::mark_as_read',NULL,'deny'),(10184,10,'Magento_AdminNotification::adminnotification_remove',NULL,'deny'),(10185,10,'Magento_Variable::variable',NULL,'deny'),(10186,10,'Magento_EncryptionKey::crypt_key',NULL,'deny'),(10187,10,'Magento_Backend::global_search',NULL,'deny'),(11130,8,'Magento_Backend::all',NULL,'deny'),(11131,8,'Magento_Backend::admin',NULL,'allow'),(11132,8,'Magento_Backend::dashboard',NULL,'deny'),(11133,8,'Magento_Analytics::analytics',NULL,'deny'),(11134,8,'Magento_Analytics::analytics_api',NULL,'deny'),(11135,8,'Mageants_ExtentionAdminLogin::extentionadminlogin_content',NULL,'deny'),(11136,8,'Mageants_ExtentionAdminLogin::extentionadminlogin_grid',NULL,'deny'),(11137,8,'Mageants_ExtentionAdminLogin::extentionadminlogin_new_edit',NULL,'deny'),(11138,8,'Mageants_ExtentionAdminLogin::extentionadminlogin_save',NULL,'deny'),(11139,8,'Mageants_ExtentionAdminLogin::extentionadminlogin_delete',NULL,'deny'),(11140,8,'Mageants_ExtentionAdminLogin::extentionadminlogin_massenable',NULL,'deny'),(11141,8,'Mageants_ExtentionAdminLogin::extentionadminlogin_massdisable',NULL,'deny'),(11142,8,'Mageants_ExtentionAdminLogin::extentionadminlogin_massdelete',NULL,'deny'),(11143,8,'Magento_Sales::sales',NULL,'allow'),(11144,8,'Magento_Sales::sales_operation',NULL,'allow'),(11145,8,'Magento_Sales::sales_order',NULL,'allow'),(11146,8,'Magento_Sales::actions',NULL,'allow'),(11147,8,'Magento_Sales::create',NULL,'allow'),(11148,8,'Magento_Sales::actions_view',NULL,'allow'),(11149,8,'Magento_Sales::email',NULL,'allow'),(11150,8,'Magento_Sales::reorder',NULL,'allow'),(11151,8,'Magento_Sales::actions_edit',NULL,'allow'),(11152,8,'Magento_Sales::cancel',NULL,'allow'),(11153,8,'Magento_Sales::review_payment',NULL,'allow'),(11154,8,'Magento_Sales::capture',NULL,'allow'),(11155,8,'Magento_Sales::invoice',NULL,'allow'),(11156,8,'Magento_Sales::creditmemo',NULL,'allow'),(11157,8,'Magento_Sales::hold',NULL,'allow'),(11158,8,'Magento_Sales::unhold',NULL,'allow'),(11159,8,'Magento_Sales::ship',NULL,'allow'),(11160,8,'Magento_Sales::comment',NULL,'allow'),(11161,8,'Magento_Sales::emails',NULL,'allow'),(11162,8,'Magento_Paypal::authorization',NULL,'allow'),(11163,8,'Magento_Sales::sales_invoice',NULL,'allow'),(11164,8,'Magento_Sales::shipment',NULL,'allow'),(11165,8,'Magento_Sales::sales_creditmemo',NULL,'allow'),(11166,8,'Magento_Paypal::billing_agreement',NULL,'allow'),(11167,8,'Magento_Paypal::billing_agreement_actions',NULL,'allow'),(11168,8,'Magento_Paypal::billing_agreement_actions_view',NULL,'allow'),(11169,8,'Magento_Paypal::actions_manage',NULL,'allow'),(11170,8,'Magento_Paypal::use',NULL,'allow'),(11171,8,'Magento_Sales::transactions',NULL,'allow'),(11172,8,'Magento_Sales::transactions_fetch',NULL,'allow'),(11173,8,'Magento_Catalog::catalog',NULL,'allow'),(11174,8,'Magento_Catalog::catalog_inventory',NULL,'allow'),(11175,8,'Magento_Catalog::products',NULL,'allow'),(11176,8,'Magento_Catalog::update_attributes',NULL,'allow'),(11177,8,'Magento_Catalog::edit_product_design',NULL,'allow'),(11178,8,'Magento_Catalog::categories',NULL,'deny'),(11179,8,'Magento_Catalog::edit_category_design',NULL,'deny'),(11180,8,'Magento_Customer::customer',NULL,'allow'),(11181,8,'Magento_Customer::manage',NULL,'allow'),(11182,8,'Magento_Customer::actions',NULL,'allow'),(11183,8,'Magento_Customer::delete',NULL,'allow'),(11184,8,'Magento_Customer::reset_password',NULL,'allow'),(11185,8,'Magento_Customer::invalidate_tokens',NULL,'allow'),(11186,8,'Magento_LoginAsCustomer::allow_shopping_assistance',NULL,'allow'),(11187,8,'Mageants_LoginAsCustomer::loginascustomer_button',NULL,'deny'),(11188,8,'Magento_Customer::online',NULL,'deny'),(11189,8,'Magento_Customer::group',NULL,'deny'),(11190,8,'Mageants_LoginAsCustomer::loginascustomer_content',NULL,'deny'),(11191,8,'Mageants_LoginAsCustomer::list_of_login_as_customer',NULL,'deny'),(11192,8,'Mageants_LoginAsCustomer::MassDelete',NULL,'deny'),(11193,8,'Magento_LoginAsCustomer::login',NULL,'deny'),(11194,8,'Magento_LoginAsCustomerLog::login_log',NULL,'deny'),(11195,8,'Magento_Cart::cart',NULL,'deny'),(11196,8,'Magento_Cart::manage',NULL,'deny'),(11197,8,'Magento_Backend::myaccount',NULL,'deny'),(11198,8,'Magento_Backend::marketing',NULL,'allow'),(11199,8,'Magento_CatalogRule::promo',NULL,'allow'),(11200,8,'Magento_CatalogRule::promo_catalog',NULL,'allow'),(11201,8,'Magento_SalesRule::quote',NULL,'allow'),(11202,8,'Mageants_Couponimport::coupon_usage',NULL,'allow'),(11203,8,'Dotdigitalgroup_Email::automation',NULL,'deny'),(11204,8,'Dotdigitalgroup_Email::automation_studio',NULL,'deny'),(11205,8,'Dotdigitalgroup_Chat::config',NULL,'deny'),(11206,8,'Dotdigitalgroup_Sms::config',NULL,'deny'),(11207,8,'Dotdigitalgroup_Email::exclusion_rules',NULL,'deny'),(11208,8,'Magento_Backend::marketing_communications',NULL,'deny'),(11209,8,'Magento_Email::template',NULL,'deny'),(11210,8,'Magento_Newsletter::template',NULL,'deny'),(11211,8,'Magento_Newsletter::queue',NULL,'deny'),(11212,8,'Magento_Newsletter::subscriber',NULL,'deny'),(11213,8,'Magento_Backend::marketing_seo',NULL,'deny'),(11214,8,'Magento_Search::search',NULL,'deny'),(11215,8,'Magento_Search::synonyms',NULL,'deny'),(11216,8,'Magento_UrlRewrite::urlrewrite',NULL,'deny'),(11217,8,'Magento_Sitemap::sitemap',NULL,'deny'),(11218,8,'Magento_Backend::marketing_user_content',NULL,'deny'),(11219,8,'Magento_Review::reviews_all',NULL,'deny'),(11220,8,'Magento_Review::pending',NULL,'deny'),(11221,8,'Yotpo_Yotpo::yotpo_report_reviews',NULL,'deny'),(11222,8,'Magento_Backend::content',NULL,'deny'),(11223,8,'Magento_Backend::content_elements',NULL,'deny'),(11224,8,'Magento_Cms::page',NULL,'deny'),(11225,8,'Magento_Cms::save',NULL,'deny'),(11226,8,'Magento_Cms::save_design',NULL,'deny'),(11227,8,'Magento_Cms::page_delete',NULL,'deny'),(11228,8,'Magento_Cms::block',NULL,'deny'),(11229,8,'Magento_Widget::widget_instance',NULL,'deny'),(11230,8,'Magento_Cms::media_gallery',NULL,'deny'),(11231,8,'Magento_MediaGalleryUiApi::insert_assets',NULL,'deny'),(11232,8,'Magento_MediaGalleryUiApi::upload_assets',NULL,'deny'),(11233,8,'Magento_MediaGalleryUiApi::edit_assets',NULL,'deny'),(11234,8,'Magento_AdobeStockImageAdminUi::media_gallery',NULL,'deny'),(11235,8,'Magento_AdobeStockImageAdminUi::save_preview_images',NULL,'deny'),(11236,8,'Magento_AdobeStockImageAdminUi::license_images',NULL,'deny'),(11237,8,'Magento_MediaGalleryUiApi::delete_assets',NULL,'deny'),(11238,8,'Magento_MediaGalleryUiApi::create_folder',NULL,'deny'),(11239,8,'Magento_MediaGalleryUiApi::delete_folder',NULL,'deny'),(11240,8,'Magento_PageBuilder::templates',NULL,'deny'),(11241,8,'Magento_PageBuilder::template_save',NULL,'deny'),(11242,8,'Magento_PageBuilder::template_apply',NULL,'deny'),(11243,8,'Magento_PageBuilder::template_delete',NULL,'deny'),(11244,8,'Magento_Backend::design',NULL,'deny'),(11245,8,'Magento_Theme::theme',NULL,'deny'),(11246,8,'Magento_Backend::schedule',NULL,'deny'),(11247,8,'Magento_Backend::content_translation',NULL,'deny'),(11248,8,'Magento_Reports::report',NULL,'deny'),(11249,8,'Dotdigitalgroup_Sms::reports',NULL,'deny'),(11250,8,'Dotdigitalgroup_Sms::report',NULL,'deny'),(11251,8,'Dotdigitalgroup_Email::reports',NULL,'deny'),(11252,8,'Dotdigitalgroup_Email::contact',NULL,'deny'),(11253,8,'Dotdigitalgroup_Email::order',NULL,'deny'),(11254,8,'Dotdigitalgroup_Email::review',NULL,'deny'),(11255,8,'Dotdigitalgroup_Email::wishlist',NULL,'deny'),(11256,8,'Dotdigitalgroup_Email::catalog',NULL,'deny'),(11257,8,'Dotdigitalgroup_Email::importer',NULL,'deny'),(11258,8,'Dotdigitalgroup_Email::campaign',NULL,'deny'),(11259,8,'Dotdigitalgroup_Email::cron',NULL,'deny'),(11260,8,'Dotdigitalgroup_Email::dashboard',NULL,'deny'),(11261,8,'Dotdigitalgroup_Email::automation_enrollment',NULL,'deny'),(11262,8,'Dotdigitalgroup_Email::logviewer',NULL,'deny'),(11263,8,'Dotdigitalgroup_Email::abandoned',NULL,'deny'),(11264,8,'Magento_Reports::report_marketing',NULL,'deny'),(11265,8,'Magento_Reports::shopcart',NULL,'deny'),(11266,8,'Magento_Reports::product',NULL,'deny'),(11267,8,'Magento_Reports::abandoned',NULL,'deny'),(11268,8,'Magento_Reports::report_search',NULL,'deny'),(11269,8,'Magento_Newsletter::problem',NULL,'deny'),(11270,8,'Magento_Reports::review',NULL,'deny'),(11271,8,'Magento_Reports::review_customer',NULL,'deny'),(11272,8,'Magento_Reports::review_product',NULL,'deny'),(11273,8,'Yotpo_Yotpo::yotpo_reviews_external',NULL,'deny'),(11274,8,'Magento_Reports::salesroot',NULL,'deny'),(11275,8,'Magento_Reports::salesroot_sales',NULL,'deny'),(11276,8,'Magento_Reports::tax',NULL,'deny'),(11277,8,'Magento_Reports::invoiced',NULL,'deny'),(11278,8,'Magento_Reports::shipping',NULL,'deny'),(11279,8,'Magento_Reports::refunded',NULL,'deny'),(11280,8,'Magento_Reports::coupons',NULL,'deny'),(11281,8,'Magento_Paypal::paypal_settlement_reports',NULL,'deny'),(11282,8,'Magento_Paypal::paypal_settlement_reports_view',NULL,'deny'),(11283,8,'Magento_Paypal::fetch',NULL,'deny'),(11284,8,'PayPal_Braintree::settlement_report',NULL,'deny'),(11285,8,'Magento_Reports::customers',NULL,'deny'),(11286,8,'Magento_Reports::totals',NULL,'deny'),(11287,8,'Magento_Reports::customers_orders',NULL,'deny'),(11288,8,'Magento_Reports::accounts',NULL,'deny'),(11289,8,'Magento_Reports::report_products',NULL,'deny'),(11290,8,'Magento_Reports::viewed',NULL,'deny'),(11291,8,'Magento_Reports::bestsellers',NULL,'deny'),(11292,8,'Magento_Reports::lowstock',NULL,'deny'),(11293,8,'Magento_Reports::sold',NULL,'deny'),(11294,8,'Magento_Reports::downloads',NULL,'deny'),(11295,8,'Magento_Reports::statistics',NULL,'deny'),(11296,8,'Magento_Reports::statistics_refresh',NULL,'deny'),(11297,8,'Magento_Analytics::business_intelligence',NULL,'deny'),(11298,8,'Magento_Analytics::advanced_reporting',NULL,'deny'),(11299,8,'Magento_Analytics::bi_essentials',NULL,'deny'),(11300,8,'Yotpo_Yotpo::yotpo_analytics_external',NULL,'deny'),(11301,8,'Magento_Backend::stores',NULL,'deny'),(11302,8,'Magento_Backend::stores_settings',NULL,'deny'),(11303,8,'Magento_Backend::store',NULL,'deny'),(11304,8,'Magento_Config::config',NULL,'deny'),(11305,8,'MagePal_GmailSmtpApp::magepal_gmailsmtpapp',NULL,'deny'),(11306,8,'Magento_Catalog::config_catalog',NULL,'deny'),(11307,8,'Magento_CatalogSearch::config_catalog_search',NULL,'deny'),(11308,8,'Dotdigitalgroup_Email::config',NULL,'deny'),(11309,8,'Magento_Newsletter::newsletter',NULL,'deny'),(11310,8,'Magento_LoginAsCustomer::config_section',NULL,'deny'),(11311,8,'Magento_GoogleAnalytics::google',NULL,'deny'),(11312,8,'Magento_Downloadable::downloadable',NULL,'deny'),(11313,8,'Magento_Payment::payment_services',NULL,'deny'),(11314,8,'Magento_Payment::payment',NULL,'deny'),(11315,8,'Magento_CatalogInventory::cataloginventory',NULL,'deny'),(11316,8,'Magento_Contact::contact',NULL,'deny'),(11317,8,'Magento_Cms::config_cms',NULL,'deny'),(11318,8,'Mageants_Forcelogin::system_config',NULL,'deny'),(11319,8,'Magento_Shipping::config_shipping',NULL,'deny'),(11320,8,'Magento_Shipping::shipping_policy',NULL,'deny'),(11321,8,'Magento_Shipping::carriers',NULL,'deny'),(11322,8,'Magento_Multishipping::config_multishipping',NULL,'deny'),(11323,8,'Magento_Securitytxt::config',NULL,'deny'),(11324,8,'Magento_ReCaptchaUi::config',NULL,'deny'),(11325,8,'Mageants_Couponimport::mageants_config',NULL,'deny'),(11326,8,'Mageants_Sample::config',NULL,'deny'),(11327,8,'Mageants_CustomStockStatus::custom_stock_content',NULL,'deny'),(11328,8,'Mageants_CustomStockStatus::configuration',NULL,'deny'),(11329,8,'Mageants_CustomOrderNumber::configuration',NULL,'deny'),(11330,8,'Mageants_SimpleConfigurable::mageants_simpleconfigurable_config',NULL,'deny'),(11331,8,'Magento_Config::config_general',NULL,'deny'),(11332,8,'Magento_Config::web',NULL,'deny'),(11333,8,'Magento_Config::config_design',NULL,'deny'),(11334,8,'Mageants_ExtentionAdminLogin::mageants_extentionadminlogin',NULL,'deny'),(11335,8,'Mageants_LoginAsCustomer::loginascustomer_config',NULL,'deny'),(11336,8,'Magento_Customer::config_customer',NULL,'deny'),(11337,8,'Mageants_CustomerApproval::customerApproval_config',NULL,'deny'),(11338,8,'Mageants_CheckoutSuccessPage::Configuration',NULL,'deny'),(11339,8,'Magento_Paypal::paypal',NULL,'deny'),(11340,8,'Mageants_CustomStockStatus::mageants_customstockst',NULL,'deny'),(11341,8,'Magento_Tax::config_tax',NULL,'deny'),(11342,8,'Magento_Checkout::checkout',NULL,'deny'),(11343,8,'Magento_Sales::config_sales',NULL,'deny'),(11344,8,'Mageants_MinOrderCustomerGroup::minimum_order',NULL,'deny'),(11345,8,'Magento_Persistent::persistent',NULL,'deny'),(11346,8,'Magento_Sales::sales_email',NULL,'deny'),(11347,8,'Magento_Sales::sales_pdf',NULL,'deny'),(11348,8,'Magento_Sitemap::config_sitemap',NULL,'deny'),(11349,8,'Magento_Reports::reports',NULL,'deny'),(11350,8,'Yotpo_Core::config',NULL,'deny'),(11351,8,'Yotpo_Yotpo::config',NULL,'deny'),(11352,8,'Magento_Config::config_system',NULL,'deny'),(11353,8,'Magento_Wishlist::config_wishlist',NULL,'deny'),(11354,8,'Magento_SalesRule::config_promo',NULL,'deny'),(11355,8,'Magento_Config::trans_email',NULL,'deny'),(11356,8,'Magento_Config::config_admin',NULL,'deny'),(11357,8,'Magento_Config::dev',NULL,'deny'),(11358,8,'Magento_Config::currency',NULL,'deny'),(11359,8,'Magento_Rss::rss',NULL,'deny'),(11360,8,'Magento_Config::sendfriend',NULL,'deny'),(11361,8,'Magento_Analytics::analytics_settings',NULL,'deny'),(11362,8,'Mageants_InfiniteScroll::infinitescroll',NULL,'deny'),(11363,8,'Mageants_SpamAndBotBlocker::config',NULL,'deny'),(11364,8,'Magento_NewRelicReporting::config_newrelicreporting',NULL,'deny'),(11365,8,'Magento_CheckoutAgreements::checkoutagreement',NULL,'deny'),(11366,8,'Magento_Sales::order_statuses',NULL,'deny'),(11367,8,'Magento_InventoryApi::inventory',NULL,'deny'),(11368,8,'Magento_InventoryApi::source',NULL,'deny'),(11369,8,'Magento_InventoryApi::source_edit',NULL,'deny'),(11370,8,'Magento_InventoryApi::stock',NULL,'deny'),(11371,8,'Magento_InventoryApi::stock_edit',NULL,'deny'),(11372,8,'Magento_InventoryApi::stock_delete',NULL,'deny'),(11373,8,'Magento_InventoryApi::stock_source_link',NULL,'deny'),(11374,8,'Magento_InventoryInStorePickupApi::inStorePickup',NULL,'deny'),(11375,8,'Magento_InventoryInStorePickupApi::notify_orders_are_ready_for_pickup',NULL,'deny'),(11376,8,'Magento_InventorySalesApi::stock',NULL,'deny'),(11377,8,'Magento_Tax::manage_tax',NULL,'deny'),(11378,8,'Magento_CurrencySymbol::system_currency',NULL,'deny'),(11379,8,'Magento_CurrencySymbol::currency_rates',NULL,'deny'),(11380,8,'Magento_CurrencySymbol::symbols',NULL,'deny'),(11381,8,'Magento_Backend::stores_attributes',NULL,'deny'),(11382,8,'Magento_Catalog::attributes_attributes',NULL,'deny'),(11383,8,'Magento_Catalog::sets',NULL,'deny'),(11384,8,'Magento_Review::ratings',NULL,'deny'),(11385,8,'Magento_Swatches::iframe',NULL,'deny'),(11386,8,'Magento_Backend::stores_other_settings',NULL,'deny'),(11387,8,'Magento_Backend::system',NULL,'allow'),(11388,8,'Magento_AdobeIms::adobe_ims',NULL,'deny'),(11389,8,'Magento_AdobeIms::actions',NULL,'deny'),(11390,8,'Magento_AdobeIms::login',NULL,'deny'),(11391,8,'Magento_AdobeIms::logout',NULL,'deny'),(11392,8,'Magento_AdobeStockAsset::adobe_stock_asset',NULL,'deny'),(11393,8,'Magento_AdobeStockAsset::actions',NULL,'deny'),(11394,8,'Magento_AdobeStockAsset::actions_delete',NULL,'deny'),(11395,8,'Magento_AdobeStockAsset::actions_save',NULL,'deny'),(11396,8,'Magento_AdobeStockAsset::actions_view',NULL,'deny'),(11397,8,'Magento_AdobeStockAsset::actions_get',NULL,'deny'),(11398,8,'Magento_Backend::convert',NULL,'deny'),(11399,8,'Magento_ImportExport::import',NULL,'deny'),(11400,8,'Magento_ImportExport::export',NULL,'deny'),(11401,8,'Magento_TaxImportExport::import_export',NULL,'deny'),(11402,8,'Magento_ImportExport::history',NULL,'deny'),(11403,8,'Klarna_Core::system_support_form',NULL,'deny'),(11404,8,'Magento_Backend::extensions',NULL,'deny'),(11405,8,'Magento_Backend::local',NULL,'deny'),(11406,8,'Magento_Backend::custom',NULL,'deny'),(11407,8,'Klarna_Core::system_logging',NULL,'deny'),(11408,8,'Magento_Integration::extensions',NULL,'deny'),(11409,8,'Magento_Integration::integrations',NULL,'deny'),(11410,8,'Magento_Backend::tools',NULL,'allow'),(11411,8,'Magento_Backend::cache',NULL,'allow'),(11412,8,'Magento_Backend::main_actions',NULL,'allow'),(11413,8,'Magento_Backend::flush_cache_storage',NULL,'allow'),(11414,8,'Magento_Backend::flush_magento_cache',NULL,'allow'),(11415,8,'Magento_Backend::mass_actions',NULL,'allow'),(11416,8,'Magento_Backend::toggling_cache_type',NULL,'allow'),(11417,8,'Magento_Backend::refresh_cache_type',NULL,'allow'),(11418,8,'Magento_Backend::additional_cache_management',NULL,'allow'),(11419,8,'Magento_Backend::flush_catalog_images',NULL,'allow'),(11420,8,'Magento_Backend::flush_js_css',NULL,'allow'),(11421,8,'Magento_Backend::flush_static_files',NULL,'allow'),(11422,8,'Magento_Backup::backup',NULL,'deny'),(11423,8,'Magento_Backup::rollback',NULL,'deny'),(11424,8,'Magento_Indexer::index',NULL,'deny'),(11425,8,'Magento_Indexer::changeMode',NULL,'deny'),(11426,8,'Magento_Indexer::invalidate',NULL,'deny'),(11427,8,'Magefan_ConflictDetector::elements',NULL,'deny'),(11428,8,'Magento_User::acl',NULL,'deny'),(11429,8,'Magento_User::acl_users',NULL,'deny'),(11430,8,'Magento_User::locks',NULL,'deny'),(11431,8,'Magento_User::acl_roles',NULL,'deny'),(11432,8,'Magento_Logging::magento_logging',NULL,'deny'),(11433,8,'Magento_Logging::magento_logging_events',NULL,'deny'),(11434,8,'Magento_Logging::system_magento_logging_bulk_operations',NULL,'deny'),(11435,8,'Magento_Backend::system_other_settings',NULL,'deny'),(11436,8,'Magento_AdminNotification::adminnotification',NULL,'deny'),(11437,8,'Magento_AdminNotification::show_toolbar',NULL,'deny'),(11438,8,'Magento_AdminNotification::show_list',NULL,'deny'),(11439,8,'Magento_AdminNotification::mark_as_read',NULL,'deny'),(11440,8,'Magento_AdminNotification::adminnotification_remove',NULL,'deny'),(11441,8,'Magento_Variable::variable',NULL,'deny'),(11442,8,'Magento_EncryptionKey::crypt_key',NULL,'deny'),(11443,8,'Magento_Backend::global_search',NULL,'deny');

--
